65.109.100.157 - - [25/Jun/2026:15:37:58 +0300] "GET / HTTP/1.1" 200 17232 "-" "Mozilla/5.0 (compatible; SERankingBacklinksBot/1.0; +https://seranking.com/backlinks-crawler)"
109.239.229.221 - - [25/Jun/2026:15:37:59 +0300] "GET /haberler HTTP/1.1" 200 10661 "-" "Mozilla/5.0 (Macintosh; Intel Mac OS X 10_9_2) AppleWebKit/537.36 (KHTML, like Gecko) Chrome/34.0.1847.131 Safari/537.36"
34.194.165.45 - - [25/Jun/2026:15:38:01 +0300] "GET /public/index.php/haber/coskun-sabah-eski-ortagi-tarafindan-dolandirildi-482255 HTTP/1.1" 200 14562 "-" "Mozilla/5.0 AppleWebKit/537.36 (KHTML, like Gecko; compatible; Amazonbot/0.1; +https://developer.amazon.com/support/amazonbot) Chrome/119.0.6045.214 Safari/537.36"
65.109.100.157 - - [25/Jun/2026:15:38:02 +0300] "GET /haber/meteoroloji-uyardi-carsamba-gununden-itibaren-sicakliklar-6-12-derece-dusecek-kar-geliyor-381552 HTTP/1.1" 302 219 "-" "Mozilla/5.0 (compatible; SERankingBacklinksBot/1.0; +https://seranking.com/backlinks-crawler)"
185.191.171.9 - - [25/Jun/2026:15:38:01 +0300] "GET /haber/msi-modern-md271qp-inceleme-481281 HTTP/1.1" 200 13858 "-" "Mozilla/5.0 (compatible; SemrushBot/7~bl; +http://www.semrush.com/bot.html)"
65.109.100.157 - - [25/Jun/2026:15:37:58 +0300] "GET /haberler/meteoroloji-uyardi-bunaltici-sicaklara-3-gun-ara-51929 HTTP/1.1" 301 795 "-" "Mozilla/5.0 (compatible; SERankingBacklinksBot/1.0; +https://seranking.com/backlinks-crawler)"
65.109.100.157 - - [25/Jun/2026:15:37:58 +0300] "GET /haber/meteoroloji-uyardi-bunaltici-sicaklara-3-gun-ara-51929 HTTP/1.1" 302 219 "-" "Mozilla/5.0 (compatible; SERankingBacklinksBot/1.0; +https://seranking.com/backlinks-crawler)"
65.109.100.157 - - [25/Jun/2026:15:37:58 +0300] "GET /haberler/meteoroloji-uyardi-bunaltici-sicaklara-3-gun-ara-51929 HTTP/1.1" 301 795 "-" "Mozilla/5.0 (compatible; SERankingBacklinksBot/1.0; +https://seranking.com/backlinks-crawler)"
54.86.59.155 - - [25/Jun/2026:15:37:57 +0300] "GET /public/index.php/haber/valinin-akp-ilce-baskanligini-ziyareti-parti-devleti-elestirilerinin-hedefi-oldu-491673 HTTP/1.1" 200 14138 "-" "Mozilla/5.0 AppleWebKit/537.36 (KHTML, like Gecko; compatible; Amazonbot/0.1; +https://developer.amazon.com/support/amazonbot) Chrome/119.0.6045.214 Safari/537.36"
65.109.100.157 - - [25/Jun/2026:15:37:58 +0300] "GET /404 HTTP/1.1" 302 215 "-" "Mozilla/5.0 (compatible; SERankingBacklinksBot/1.0; +https://seranking.com/backlinks-crawler)"
223.109.255.152 - - [25/Jun/2026:15:37:59 +0300] "GET /haber/8-mayis-2025-gokyuzu-bugun-ne-soyluyor-iste-burclarinizin-nabzi-551631 HTTP/1.1" 200 14310 "-" "Sogou web spider/4.0(+http://www.sogou.com/docs/help/webmasters.htm#07)"
65.109.100.157 - - [25/Jun/2026:15:38:02 +0300] "GET /haberler/meteoroloji-uyardi-carsamba-gununden-itibaren-sicakliklar-6-12-derece-dusecek-kar-geliyor-381552 HTTP/1.1" 301 795 "-" "Mozilla/5.0 (compatible; SERankingBacklinksBot/1.0; +https://seranking.com/backlinks-crawler)"
65.109.100.157 - - [25/Jun/2026:15:38:02 +0300] "GET /haberler/meteoroloji-uyardi-carsamba-gununden-itibaren-sicakliklar-6-12-derece-dusecek-kar-geliyor-381552 HTTP/1.1" 301 795 "-" "Mozilla/5.0 (compatible; SERankingBacklinksBot/1.0; +https://seranking.com/backlinks-crawler)"
65.109.100.157 - - [25/Jun/2026:15:38:06 +0300] "GET /haberler/meteoroloji-uyardi-cok-kuvvetli-geliyor-gunlerce-surecek-217989 HTTP/1.1" 301 795 "-" "Mozilla/5.0 (compatible; SERankingBacklinksBot/1.0; +https://seranking.com/backlinks-crawler)"
85.208.96.210 - - [25/Jun/2026:15:38:06 +0300] "GET /haber/israil-mahkemesinden-tepki-ceken-karar-515387 HTTP/1.1" 200 13920 "-" "Mozilla/5.0 (compatible; SemrushBot/7~bl; +http://www.semrush.com/bot.html)"
54.163.136.244 - - [25/Jun/2026:15:38:05 +0300] "GET /public/index.php/etiketler/jandarma-haberleri HTTP/1.1" 200 8166 "-" "Mozilla/5.0 AppleWebKit/537.36 (KHTML, like Gecko; compatible; Amazonbot/0.1; +https://developer.amazon.com/support/amazonbot) Chrome/119.0.6045.214 Safari/537.36"
65.109.100.157 - - [25/Jun/2026:15:38:06 +0300] "GET /404 HTTP/1.1" 302 215 "-" "Mozilla/5.0 (compatible; SERankingBacklinksBot/1.0; +https://seranking.com/backlinks-crawler)"
65.109.100.157 - - [25/Jun/2026:15:38:06 +0300] "GET / HTTP/1.1" 200 17230 "-" "Mozilla/5.0 (compatible; SERankingBacklinksBot/1.0; +https://seranking.com/backlinks-crawler)"
85.208.96.208 - - [25/Jun/2026:15:38:09 +0300] "GET /haber/ali-babacandan-akaryakit-fiyatlarina-tepki-fiyatlar-dunyadaki-gibi-artsaydi-mazot-9-10-liraydi-511100 HTTP/1.1" 200 14589 "-" "Mozilla/5.0 (compatible; SemrushBot/7~bl; +http://www.semrush.com/bot.html)"
65.109.100.157 - - [25/Jun/2026:15:38:10 +0300] "GET /haberler/meteoroloji-uyardi-cok-siddetli-yagis-geliyor-135714 HTTP/1.1" 301 795 "-" "Mozilla/5.0 (compatible; SERankingBacklinksBot/1.0; +https://seranking.com/backlinks-crawler)"
52.200.142.199 - - [25/Jun/2026:15:38:09 +0300] "GET /public/index.php/haber/kaldirimlara-yaratici-protesto-487187 HTTP/1.1" 200 13486 "-" "Mozilla/5.0 AppleWebKit/537.36 (KHTML, like Gecko; compatible; Amazonbot/0.1; +https://developer.amazon.com/support/amazonbot) Chrome/119.0.6045.214 Safari/537.36"
65.109.100.157 - - [25/Jun/2026:15:38:10 +0300] "GET / HTTP/1.1" 200 17234 "-" "Mozilla/5.0 (compatible; SERankingBacklinksBot/1.0; +https://seranking.com/backlinks-crawler)"
65.109.100.157 - - [25/Jun/2026:15:38:02 +0300] "GET /haber/meteoroloji-uyardi-carsamba-gununden-itibaren-sicakliklar-6-12-derece-dusecek-kar-geliyor-381552 HTTP/1.1" 302 219 "-" "Mozilla/5.0 (compatible; SERankingBacklinksBot/1.0; +https://seranking.com/backlinks-crawler)"
65.109.100.157 - - [25/Jun/2026:15:38:02 +0300] "GET /404 HTTP/1.1" 302 215 "-" "Mozilla/5.0 (compatible; SERankingBacklinksBot/1.0; +https://seranking.com/backlinks-crawler)"
65.109.100.157 - - [25/Jun/2026:15:38:02 +0300] "GET / HTTP/1.1" 200 17234 "-" "Mozilla/5.0 (compatible; SERankingBacklinksBot/1.0; +https://seranking.com/backlinks-crawler)"
65.109.100.157 - - [25/Jun/2026:15:38:06 +0300] "GET /haberler/meteoroloji-uyardi-cok-kuvvetli-geliyor-gunlerce-surecek-217989 HTTP/1.1" 301 795 "-" "Mozilla/5.0 (compatible; SERankingBacklinksBot/1.0; +https://seranking.com/backlinks-crawler)"
65.109.100.157 - - [25/Jun/2026:15:38:06 +0300] "GET /haber/meteoroloji-uyardi-cok-kuvvetli-geliyor-gunlerce-surecek-217989 HTTP/1.1" 302 219 "-" "Mozilla/5.0 (compatible; SERankingBacklinksBot/1.0; +https://seranking.com/backlinks-crawler)"
65.109.100.157 - - [25/Jun/2026:15:38:06 +0300] "GET /haber/meteoroloji-uyardi-cok-kuvvetli-geliyor-gunlerce-surecek-217989 HTTP/1.1" 302 219 "-" "Mozilla/5.0 (compatible; SERankingBacklinksBot/1.0; +https://seranking.com/backlinks-crawler)"
85.208.96.206 - - [25/Jun/2026:15:38:09 +0300] "GET /haber/6-liderin-mart-bulusmasinda-ev-sahibi-belli-oldu-498839 HTTP/1.1" 200 14034 "-" "Mozilla/5.0 (compatible; SemrushBot/7~bl; +http://www.semrush.com/bot.html)"
65.109.100.157 - - [25/Jun/2026:15:38:09 +0300] "GET /haberler/meteoroloji-uyardi-cok-siddetli-yagis-geliyor-135714 HTTP/1.1" 301 795 "-" "Mozilla/5.0 (compatible; SERankingBacklinksBot/1.0; +https://seranking.com/backlinks-crawler)"
65.109.100.157 - - [25/Jun/2026:15:38:10 +0300] "GET /haber/meteoroloji-uyardi-cok-siddetli-yagis-geliyor-135714 HTTP/1.1" 302 219 "-" "Mozilla/5.0 (compatible; SERankingBacklinksBot/1.0; +https://seranking.com/backlinks-crawler)"
65.109.100.157 - - [25/Jun/2026:15:38:10 +0300] "GET /404 HTTP/1.1" 302 215 "-" "Mozilla/5.0 (compatible; SERankingBacklinksBot/1.0; +https://seranking.com/backlinks-crawler)"
5.255.231.180 - - [25/Jun/2026:15:38:11 +0300] "GET /public/rss/genel-0 HTTP/1.1" 200 196873 "-" "Mozilla/5.0 (compatible; YandexBot/3.0; +http://yandex.com/bots)"
65.109.100.157 - - [25/Jun/2026:15:38:14 +0300] "GET /haberler/meteoroloji-uyardi-dogu-karadenizde-siddetli-yagislar-surecek-275428 HTTP/1.1" 301 795 "-" "Mozilla/5.0 (compatible; SERankingBacklinksBot/1.0; +https://seranking.com/backlinks-crawler)"
34.226.89.140 - - [25/Jun/2026:15:38:13 +0300] "GET /public/index.php/haber/bogazici-davasi-52-ogrenci-icin-karar-494397 HTTP/1.1" 200 14010 "-" "Mozilla/5.0 AppleWebKit/537.36 (KHTML, like Gecko; compatible; Amazonbot/0.1; +https://developer.amazon.com/support/amazonbot) Chrome/119.0.6045.214 Safari/537.36"
65.109.100.157 - - [25/Jun/2026:15:38:14 +0300] "GET /haberler/meteoroloji-uyardi-dogu-karadenizde-siddetli-yagislar-surecek-275428 HTTP/1.1" 301 795 "-" "Mozilla/5.0 (compatible; SERankingBacklinksBot/1.0; +https://seranking.com/backlinks-crawler)"
65.109.100.157 - - [25/Jun/2026:15:38:14 +0300] "GET /404 HTTP/1.1" 302 215 "-" "Mozilla/5.0 (compatible; SERankingBacklinksBot/1.0; +https://seranking.com/backlinks-crawler)"
65.109.100.157 - - [25/Jun/2026:15:38:18 +0300] "GET /haberler/meteoroloji-uyardi-hava-sicakliklari-azaliyor-381427 HTTP/1.1" 301 795 "-" "Mozilla/5.0 (compatible; SERankingBacklinksBot/1.0; +https://seranking.com/backlinks-crawler)"
65.109.100.157 - - [25/Jun/2026:15:38:18 +0300] "GET /haber/meteoroloji-uyardi-hava-sicakliklari-azaliyor-381427 HTTP/1.1" 302 219 "-" "Mozilla/5.0 (compatible; SERankingBacklinksBot/1.0; +https://seranking.com/backlinks-crawler)"
65.109.100.157 - - [25/Jun/2026:15:38:18 +0300] "GET / HTTP/1.1" 200 17234 "-" "Mozilla/5.0 (compatible; SERankingBacklinksBot/1.0; +https://seranking.com/backlinks-crawler)"
65.109.100.157 - - [25/Jun/2026:15:38:14 +0300] "GET /haber/meteoroloji-uyardi-dogu-karadenizde-siddetli-yagislar-surecek-275428 HTTP/1.1" 302 219 "-" "Mozilla/5.0 (compatible; SERankingBacklinksBot/1.0; +https://seranking.com/backlinks-crawler)"
65.109.100.157 - - [25/Jun/2026:15:38:14 +0300] "GET /haber/meteoroloji-uyardi-dogu-karadenizde-siddetli-yagislar-surecek-275428 HTTP/1.1" 302 219 "-" "Mozilla/5.0 (compatible; SERankingBacklinksBot/1.0; +https://seranking.com/backlinks-crawler)"
65.109.100.157 - - [25/Jun/2026:15:38:14 +0300] "GET / HTTP/1.1" 200 17231 "-" "Mozilla/5.0 (compatible; SERankingBacklinksBot/1.0; +https://seranking.com/backlinks-crawler)"
216.73.217.71 - - [25/Jun/2026:15:38:15 +0300] "GET /haber/the-simpsons-isine-baksin-efsane-dizi-kurtlar-vadisinde-koronavirus-detayi-meger-yillar-once-bilmisler-499274 HTTP/1.1" 200 14588 "-" "Mozilla/5.0 AppleWebKit/537.36 (KHTML, like Gecko; compatible; ClaudeBot/1.0; +claudebot@anthropic.com)"
34.233.114.237 - - [25/Jun/2026:15:38:17 +0300] "GET /public/index.php/haber/cumhurbaskani-erdogandan-bayram-mesaji-510779 HTTP/1.1" 200 14208 "-" "Mozilla/5.0 AppleWebKit/537.36 (KHTML, like Gecko; compatible; Amazonbot/0.1; +https://developer.amazon.com/support/amazonbot) Chrome/119.0.6045.214 Safari/537.36"
65.109.100.157 - - [25/Jun/2026:15:38:18 +0300] "GET /haberler/meteoroloji-uyardi-hava-sicakliklari-azaliyor-381427 HTTP/1.1" 301 795 "-" "Mozilla/5.0 (compatible; SERankingBacklinksBot/1.0; +https://seranking.com/backlinks-crawler)"
65.109.100.157 - - [25/Jun/2026:15:38:18 +0300] "GET /haber/meteoroloji-uyardi-hava-sicakliklari-azaliyor-381427 HTTP/1.1" 302 219 "-" "Mozilla/5.0 (compatible; SERankingBacklinksBot/1.0; +https://seranking.com/backlinks-crawler)"
65.109.100.157 - - [25/Jun/2026:15:38:18 +0300] "GET /404 HTTP/1.1" 302 215 "-" "Mozilla/5.0 (compatible; SERankingBacklinksBot/1.0; +https://seranking.com/backlinks-crawler)"
216.73.217.71 - - [25/Jun/2026:15:38:19 +0300] "GET /404 HTTP/1.1" 302 219 "https://www.yeniistiklal.com/images/haberler/2023/10/women-textile-turkey-kadin-giyimde-lider-imalatci-1697274584.png" "Mozilla/5.0 AppleWebKit/537.36 (KHTML, like Gecko; compatible; ClaudeBot/1.0; +claudebot@anthropic.com)"
114.119.155.44 - - [25/Jun/2026:15:38:20 +0300] "GET /haber/alkol-ve-sigara-zammina-isyan-etti-esnafi-bitirir-470816 HTTP/1.1" 200 13745 "https://yeniistiklal.com/haberler/istanbul-merkezli-6-ilde-feto-operasyonu-18-supheli-gozaltinda-2-23710" "Mozilla/5.0 (Linux; Android 7.0;) AppleWebKit/537.36 (HTML, like Gecko) Mobile Safari/537.36 (compatible; PetalBot;+https://webmaster.petalsearch.com/site/petalbot)"
65.109.100.157 - - [25/Jun/2026:15:38:22 +0300] "GET /haber/meteoroloji-uyardi-istanbul-icin-saat-verdi-274491 HTTP/1.1" 302 219 "-" "Mozilla/5.0 (compatible; SERankingBacklinksBot/1.0; +https://seranking.com/backlinks-crawler)"
65.109.100.157 - - [25/Jun/2026:15:38:22 +0300] "GET /haberler/meteoroloji-uyardi-istanbul-icin-saat-verdi-274491 HTTP/1.1" 301 795 "-" "Mozilla/5.0 (compatible; SERankingBacklinksBot/1.0; +https://seranking.com/backlinks-crawler)"
65.109.100.157 - - [25/Jun/2026:15:38:22 +0300] "GET /haber/meteoroloji-uyardi-istanbul-icin-saat-verdi-274491 HTTP/1.1" 302 219 "-" "Mozilla/5.0 (compatible; SERankingBacklinksBot/1.0; +https://seranking.com/backlinks-crawler)"
185.191.171.8 - - [25/Jun/2026:15:38:22 +0300] "GET /haber/hubble-teleskobu-bir-basariya-daha-imza-atti-iste-yukselen-isik-earendel-503669 HTTP/1.1" 200 14421 "-" "Mozilla/5.0 (compatible; SemrushBot/7~bl; +http://www.semrush.com/bot.html)"
65.109.100.157 - - [25/Jun/2026:15:38:22 +0300] "GET /404 HTTP/1.1" 302 215 "-" "Mozilla/5.0 (compatible; SERankingBacklinksBot/1.0; +https://seranking.com/backlinks-crawler)"
65.109.100.157 - - [25/Jun/2026:15:38:22 +0300] "GET / HTTP/1.1" 200 17236 "-" "Mozilla/5.0 (compatible; SERankingBacklinksBot/1.0; +https://seranking.com/backlinks-crawler)"
216.73.217.71 - - [25/Jun/2026:15:38:19 +0300] "GET /images/haberler/2023/10/women-textile-turkey-kadin-giyimde-lider-imalatci-1697274584.png HTTP/1.1" 302 224 "-" "Mozilla/5.0 AppleWebKit/537.36 (KHTML, like Gecko; compatible; ClaudeBot/1.0; +claudebot@anthropic.com)"
216.73.217.71 - - [25/Jun/2026:15:38:19 +0300] "GET /haber/ege-universitesinde-hayata-el-ver-etkinligi-duzenlenecek-550415 HTTP/1.1" 200 13452 "-" "Mozilla/5.0 AppleWebKit/537.36 (KHTML, like Gecko; compatible; ClaudeBot/1.0; +claudebot@anthropic.com)"
85.208.96.208 - - [25/Jun/2026:15:38:19 +0300] "GET /haber/derya-buyukuncu-hakkinda-gozalti-karari-485372 HTTP/1.1" 200 13692 "-" "Mozilla/5.0 (compatible; SemrushBot/7~bl; +http://www.semrush.com/bot.html)"
65.109.100.157 - - [25/Jun/2026:15:38:22 +0300] "GET /haberler/meteoroloji-uyardi-istanbul-icin-saat-verdi-274491 HTTP/1.1" 301 795 "-" "Mozilla/5.0 (compatible; SERankingBacklinksBot/1.0; +https://seranking.com/backlinks-crawler)"
18.211.148.239 - - [25/Jun/2026:15:38:22 +0300] "GET /public/index.php/haber/yerhov-turk-ortaklarimizin-gerilimi-dusurme-yonunde-caba-gosterme-arzusuna-buyuk-deger-veriyoruz-490282 HTTP/1.1" 200 15781 "-" "Mozilla/5.0 AppleWebKit/537.36 (KHTML, like Gecko; compatible; Amazonbot/0.1; +https://developer.amazon.com/support/amazonbot) Chrome/119.0.6045.214 Safari/537.36"
202.46.62.5 - - [25/Jun/2026:15:38:23 +0300] "GET /haber/bakan-soylunun-goc-videosuna-zaferden-resmi-sayili-yalanlama-546693 HTTP/1.1" 200 13741 "-" "Mozilla/5.0 (Windows NT 10.0; Win64; x64) AppleWebKit/537.36 (KHTML, like Gecko) Chrome/133.0.6943.141 Safari/537.36"
65.109.100.157 - - [25/Jun/2026:15:38:26 +0300] "GET /haberler/meteoroloji-uyardi-kar-geliyor-3-345749 HTTP/1.1" 301 795 "-" "Mozilla/5.0 (compatible; SERankingBacklinksBot/1.0; +https://seranking.com/backlinks-crawler)"
65.109.100.157 - - [25/Jun/2026:15:38:26 +0300] "GET /haberler/meteoroloji-uyardi-kar-geliyor-3-345749 HTTP/1.1" 301 795 "-" "Mozilla/5.0 (compatible; SERankingBacklinksBot/1.0; +https://seranking.com/backlinks-crawler)"
65.109.100.157 - - [25/Jun/2026:15:38:26 +0300] "GET /404 HTTP/1.1" 302 215 "-" "Mozilla/5.0 (compatible; SERankingBacklinksBot/1.0; +https://seranking.com/backlinks-crawler)"
65.109.100.157 - - [25/Jun/2026:15:38:26 +0300] "GET / HTTP/1.1" 200 17233 "-" "Mozilla/5.0 (compatible; SERankingBacklinksBot/1.0; +https://seranking.com/backlinks-crawler)"
85.208.96.197 - - [25/Jun/2026:15:38:26 +0300] "GET /haber/kocaeli-izmitte-aronyalar-hasada-hazirlaniyor-500-kilogram-urun-bekleniyor-530586 HTTP/1.1" 200 14350 "-" "Mozilla/5.0 (compatible; SemrushBot/7~bl; +http://www.semrush.com/bot.html)"
43.173.174.68 - - [25/Jun/2026:15:38:28 +0300] "GET /public/haber/google-eylul-ayi-guncellemelerini-paylasti-536098 HTTP/1.1" 200 14151 "-" "Mozilla/5.0 (Windows NT 10.0; Win64; x64) AppleWebKit/537.36 (KHTML, like Gecko) Chrome/109.0.0.0 Safari/537.36"
43.173.180.129 - - [25/Jun/2026:15:38:28 +0300] "GET /public/etiketler/yedlin-haberleri HTTP/1.1" 200 5571 "-" "Mozilla/5.0 (Windows NT 10.0; Win64; x64) AppleWebKit/537.36 (KHTML, like Gecko) Chrome/133.0.0.0 Safari/537.36"
185.191.171.9 - - [25/Jun/2026:15:38:28 +0300] "GET /haber/cocuk-pisman-keske-soylemeseydim-dedi-483091 HTTP/1.1" 200 13969 "-" "Mozilla/5.0 (compatible; SemrushBot/7~bl; +http://www.semrush.com/bot.html)"
43.173.174.10 - - [25/Jun/2026:15:38:29 +0300] "GET /public/haber/hatay-iskenderunda-yagmur-suyu-hatti-calismasi-538263 HTTP/1.1" 200 13591 "-" "Mozilla/5.0 (Windows NT 10.0; Win64; x64) AppleWebKit/537.36 (KHTML, like Gecko) Chrome/107.0.0.0 Safari/537.36"
43.172.197.38 - - [25/Jun/2026:15:38:29 +0300] "GET /hava-durumu/ajax?sehir_isim=6 HTTP/1.1" 200 77 "https://yeniistiklal.com/public/etiketler/yedlin-haberleri" "Mozilla/5.0 (Windows NT 10.0; Win64; x64) AppleWebKit/537.36 (KHTML, like Gecko) Chrome/133.0.0.0 Safari/537.36"
35.169.119.108 - - [25/Jun/2026:15:38:25 +0300] "GET /public/index.php/haber/arinctan-feto-tutuklusu-nusret-muglanin-olumu-sonrasi-mesaj-nusret-agabey-hakkini-helal-et-491442 HTTP/1.1" 200 16716 "-" "Mozilla/5.0 AppleWebKit/537.36 (KHTML, like Gecko; compatible; Amazonbot/0.1; +https://developer.amazon.com/support/amazonbot) Chrome/119.0.6045.214 Safari/537.36"
65.109.100.157 - - [25/Jun/2026:15:38:26 +0300] "GET /haber/meteoroloji-uyardi-kar-geliyor-3-345749 HTTP/1.1" 302 219 "-" "Mozilla/5.0 (compatible; SERankingBacklinksBot/1.0; +https://seranking.com/backlinks-crawler)"
65.109.100.157 - - [25/Jun/2026:15:38:26 +0300] "GET /haber/meteoroloji-uyardi-kar-geliyor-3-345749 HTTP/1.1" 302 219 "-" "Mozilla/5.0 (compatible; SERankingBacklinksBot/1.0; +https://seranking.com/backlinks-crawler)"
43.172.195.11 - - [25/Jun/2026:15:38:28 +0300] "GET /public/haber/canik-belediye-baskani-ibrahim-sandikci-belediye-personeli-ile-bayramlasti-526218 HTTP/1.1" 200 13650 "-" "Mozilla/5.0 (Windows NT 10.0; Win64; x64) AppleWebKit/537.36 (KHTML, like Gecko) Chrome/112.0.0.0 Safari/537.36"
43.173.179.208 - - [25/Jun/2026:15:38:28 +0300] "GET /public/haber/ankara-merkezli-6-ildeki-feto-sorusturmasina-21-gozalti-karari-486439 HTTP/1.1" 200 13722 "-" "Mozilla/5.0 (Windows NT 10.0; Win64; x64) AppleWebKit/537.36 (KHTML, like Gecko) Chrome/133.0.0.0 Safari/537.36"
43.173.174.24 - - [25/Jun/2026:15:38:28 +0300] "GET /public/etiketler/sordu-haberleri HTTP/1.1" 200 5591 "-" "Mozilla/5.0 (Windows NT 10.0; Win64; x64) AppleWebKit/537.36 (KHTML, like Gecko) Chrome/108.0.0.0 Safari/537.36"
43.173.173.192 - - [25/Jun/2026:15:38:29 +0300] "GET /hava-durumu/ajax?sehir_isim=6 HTTP/1.1" 200 77 "https://yeniistiklal.com/public/etiketler/sordu-haberleri" "Mozilla/5.0 (Windows NT 10.0; Win64; x64) AppleWebKit/537.36 (KHTML, like Gecko) Chrome/108.0.0.0 Safari/537.36"
65.109.100.157 - - [25/Jun/2026:15:38:29 +0300] "GET /haber/meteoroloji-uyardi-kar-geliyor-300160 HTTP/1.1" 302 219 "-" "Mozilla/5.0 (compatible; SERankingBacklinksBot/1.0; +https://seranking.com/backlinks-crawler)"
185.191.171.9 - - [25/Jun/2026:15:38:29 +0300] "GET /haber/tkpden-ravza-kavakci-kan-fatma-betul-sayan-kaya-ve-rabia-ilhan-kalender-aciklamasi-yargilayin-491630 HTTP/1.1" 200 15554 "-" "Mozilla/5.0 (compatible; SemrushBot/7~bl; +http://www.semrush.com/bot.html)"
65.109.100.157 - - [25/Jun/2026:15:38:30 +0300] "GET /haber/meteoroloji-uyardi-kar-geliyor-300160 HTTP/1.1" 302 219 "-" "Mozilla/5.0 (compatible; SERankingBacklinksBot/1.0; +https://seranking.com/backlinks-crawler)"
43.173.174.120 - - [25/Jun/2026:15:38:30 +0300] "GET /hava-durumu/ajax?sehir_isim=6 HTTP/1.1" 200 77 "https://yeniistiklal.com/public/haber/google-eylul-ayi-guncellemelerini-paylasti-536098" "Mozilla/5.0 (Windows NT 10.0; Win64; x64) AppleWebKit/537.36 (KHTML, like Gecko) Chrome/109.0.0.0 Safari/537.36"
23.21.225.190 - - [25/Jun/2026:15:38:30 +0300] "GET /public/index.php/haber/kesif-kampusu-teknofeste-yetisecek-524935 HTTP/1.1" 200 14095 "-" "Mozilla/5.0 AppleWebKit/537.36 (KHTML, like Gecko; compatible; Amazonbot/0.1; +https://developer.amazon.com/support/amazonbot) Chrome/119.0.6045.214 Safari/537.36"
43.173.175.226 - - [25/Jun/2026:15:38:30 +0300] "GET /hava-durumu/ajax?sehir_isim=6 HTTP/1.1" 200 77 "https://yeniistiklal.com/public/haber/canik-belediye-baskani-ibrahim-sandikci-belediye-personeli-ile-bayramlasti-526218" "Mozilla/5.0 (Windows NT 10.0; Win64; x64) AppleWebKit/537.36 (KHTML, like Gecko) Chrome/112.0.0.0 Safari/537.36"
65.109.100.157 - - [25/Jun/2026:15:38:33 +0300] "GET /haberler/meteoroloji-uyardi-saganak-yagis-geliyor-2-410281 HTTP/1.1" 301 795 "-" "Mozilla/5.0 (compatible; SERankingBacklinksBot/1.0; +https://seranking.com/backlinks-crawler)"
65.109.100.157 - - [25/Jun/2026:15:38:33 +0300] "GET /haberler/meteoroloji-uyardi-saganak-yagis-geliyor-2-410281 HTTP/1.1" 301 795 "-" "Mozilla/5.0 (compatible; SERankingBacklinksBot/1.0; +https://seranking.com/backlinks-crawler)"
43.173.181.100 - - [25/Jun/2026:15:38:29 +0300] "GET /hava-durumu/ajax?sehir_isim=6 HTTP/1.1" 200 77 "https://yeniistiklal.com/public/haber/ankara-merkezli-6-ildeki-feto-sorusturmasina-21-gozalti-karari-486439" "Mozilla/5.0 (Windows NT 10.0; Win64; x64) AppleWebKit/537.36 (KHTML, like Gecko) Chrome/133.0.0.0 Safari/537.36"
65.109.100.157 - - [25/Jun/2026:15:38:29 +0300] "GET /haberler/meteoroloji-uyardi-kar-geliyor-300160 HTTP/1.1" 301 795 "-" "Mozilla/5.0 (compatible; SERankingBacklinksBot/1.0; +https://seranking.com/backlinks-crawler)"
65.109.100.157 - - [25/Jun/2026:15:38:30 +0300] "GET /haberler/meteoroloji-uyardi-kar-geliyor-300160 HTTP/1.1" 301 795 "-" "Mozilla/5.0 (compatible; SERankingBacklinksBot/1.0; +https://seranking.com/backlinks-crawler)"
65.109.100.157 - - [25/Jun/2026:15:38:30 +0300] "GET /404 HTTP/1.1" 302 215 "-" "Mozilla/5.0 (compatible; SERankingBacklinksBot/1.0; +https://seranking.com/backlinks-crawler)"
5.255.231.110 - - [25/Jun/2026:15:38:30 +0300] "GET /public/rss/genel-0 HTTP/1.1" 200 196873 "-" "Mozilla/5.0 (compatible; YandexBot/3.0; +http://yandex.com/bots)"
65.109.100.157 - - [25/Jun/2026:15:38:30 +0300] "GET / HTTP/1.1" 200 17243 "-" "Mozilla/5.0 (compatible; SERankingBacklinksBot/1.0; +https://seranking.com/backlinks-crawler)"
43.172.196.208 - - [25/Jun/2026:15:38:30 +0300] "GET /hava-durumu/ajax?sehir_isim=6 HTTP/1.1" 200 77 "https://yeniistiklal.com/public/haber/hatay-iskenderunda-yagmur-suyu-hatti-calismasi-538263" "Mozilla/5.0 (Windows NT 10.0; Win64; x64) AppleWebKit/537.36 (KHTML, like Gecko) Chrome/107.0.0.0 Safari/537.36"
65.109.100.157 - - [25/Jun/2026:15:38:33 +0300] "GET /haber/meteoroloji-uyardi-saganak-yagis-geliyor-2-410281 HTTP/1.1" 302 219 "-" "Mozilla/5.0 (compatible; SERankingBacklinksBot/1.0; +https://seranking.com/backlinks-crawler)"
65.109.100.157 - - [25/Jun/2026:15:38:34 +0300] "GET /haber/meteoroloji-uyardi-saganak-yagis-geliyor-2-410281 HTTP/1.1" 302 219 "-" "Mozilla/5.0 (compatible; SERankingBacklinksBot/1.0; +https://seranking.com/backlinks-crawler)"
65.109.100.157 - - [25/Jun/2026:15:38:34 +0300] "GET /404 HTTP/1.1" 302 215 "-" "Mozilla/5.0 (compatible; SERankingBacklinksBot/1.0; +https://seranking.com/backlinks-crawler)"
65.109.100.157 - - [25/Jun/2026:15:38:34 +0300] "GET / HTTP/1.1" 200 17237 "-" "Mozilla/5.0 (compatible; SERankingBacklinksBot/1.0; +https://seranking.com/backlinks-crawler)"
43.173.178.65 - - [25/Jun/2026:15:38:34 +0300] "GET /public/haber/canik-belediye-baskani-ibrahim-sandikci-belediye-personeli-ile-bayramlasti-526218 HTTP/1.1" 200 13645 "-" "Mozilla/5.0 (Windows NT 10.0; Win64; x64) AppleWebKit/537.36 (KHTML, like Gecko) Chrome/105.0.0.0 Safari/537.3"
202.46.62.40 - - [25/Jun/2026:15:38:36 +0300] "GET /public/index.php/etiketler/demokrasi-haberleri HTTP/1.1" 200 8776 "-" "Mozilla/5.0 (Windows NT 10.0; Win64; x64) AppleWebKit/537.36 (KHTML, like Gecko) Chrome/133.0.6943.141 Safari/537.36"
65.109.100.157 - - [25/Jun/2026:15:38:37 +0300] "GET /haberler/meteoroloji-uyardi-saganak-yagis-geliyor-295676 HTTP/1.1" 301 795 "-" "Mozilla/5.0 (compatible; SERankingBacklinksBot/1.0; +https://seranking.com/backlinks-crawler)"
65.109.100.157 - - [25/Jun/2026:15:38:37 +0300] "GET /haber/meteoroloji-uyardi-saganak-yagis-geliyor-295676 HTTP/1.1" 302 219 "-" "Mozilla/5.0 (compatible; SERankingBacklinksBot/1.0; +https://seranking.com/backlinks-crawler)"
65.109.100.157 - - [25/Jun/2026:15:38:38 +0300] "GET /404 HTTP/1.1" 302 215 "-" "Mozilla/5.0 (compatible; SERankingBacklinksBot/1.0; +https://seranking.com/backlinks-crawler)"
65.109.100.157 - - [25/Jun/2026:15:38:38 +0300] "GET / HTTP/1.1" 200 17244 "-" "Mozilla/5.0 (compatible; SERankingBacklinksBot/1.0; +https://seranking.com/backlinks-crawler)"
23.21.250.48 - - [25/Jun/2026:15:38:38 +0300] "GET /public/index.php/haber/bursa-inegolde-baskan-tabanin-19-mayis-mesaji-514517 HTTP/1.1" 200 15132 "-" "Mozilla/5.0 AppleWebKit/537.36 (KHTML, like Gecko; compatible; Amazonbot/0.1; +https://developer.amazon.com/support/amazonbot) Chrome/119.0.6045.214 Safari/537.36"
3.208.156.9 - - [25/Jun/2026:15:38:33 +0300] "GET /public/index.php/haber/ozel-insanlar-nevsehir-jakemi-gezdi-520051 HTTP/1.1" 200 13770 "-" "Mozilla/5.0 AppleWebKit/537.36 (KHTML, like Gecko; compatible; Amazonbot/0.1; +https://developer.amazon.com/support/amazonbot) Chrome/119.0.6045.214 Safari/537.36"
65.109.100.157 - - [25/Jun/2026:15:38:37 +0300] "GET /haberler/meteoroloji-uyardi-saganak-yagis-geliyor-295676 HTTP/1.1" 301 795 "-" "Mozilla/5.0 (compatible; SERankingBacklinksBot/1.0; +https://seranking.com/backlinks-crawler)"
65.109.100.157 - - [25/Jun/2026:15:38:41 +0300] "GET /haberler/meteoroloji-uyardi-sicak-hava-dalgasi-geliyor-195984 HTTP/1.1" 301 795 "-" "Mozilla/5.0 (compatible; SERankingBacklinksBot/1.0; +https://seranking.com/backlinks-crawler)"
65.109.100.157 - - [25/Jun/2026:15:38:41 +0300] "GET /haberler/meteoroloji-uyardi-sicak-hava-dalgasi-geliyor-195984 HTTP/1.1" 301 795 "-" "Mozilla/5.0 (compatible; SERankingBacklinksBot/1.0; +https://seranking.com/backlinks-crawler)"
3.94.40.182 - - [25/Jun/2026:15:38:42 +0300] "GET /public/index.php/haber/maski-su-baskinlarina-mudahale-ediyor-511319 HTTP/1.1" 200 13810 "-" "Mozilla/5.0 AppleWebKit/537.36 (KHTML, like Gecko; compatible; Amazonbot/0.1; +https://developer.amazon.com/support/amazonbot) Chrome/119.0.6045.214 Safari/537.36"
66.249.66.194 - - [25/Jun/2026:15:38:43 +0300] "GET /images/haberler/2022/07/mudanya-guzelyalida-bir-kivilcim-ciftligi-kule-cevirdi-qRQfj7Jz.jpg HTTP/1.1" 302 219 "-" "Googlebot-Image/1.0"
185.191.171.11 - - [25/Jun/2026:15:38:43 +0300] "GET /haber/ucuncu-kusak-tarim-girisimcileriyle-turkiye-tarimda-lider-konuma-gelecek-509213 HTTP/1.1" 200 15553 "-" "Mozilla/5.0 (compatible; SemrushBot/7~bl; +http://www.semrush.com/bot.html)"
65.109.100.157 - - [25/Jun/2026:15:38:45 +0300] "GET /haber/meteoroloji-uyardi-sicakliklar-12-derece-dusecek-381092 HTTP/1.1" 302 219 "-" "Mozilla/5.0 (compatible; SERankingBacklinksBot/1.0; +https://seranking.com/backlinks-crawler)"
65.109.100.157 - - [25/Jun/2026:15:38:45 +0300] "GET /haber/meteoroloji-uyardi-sicakliklar-12-derece-dusecek-381092 HTTP/1.1" 302 219 "-" "Mozilla/5.0 (compatible; SERankingBacklinksBot/1.0; +https://seranking.com/backlinks-crawler)"
65.109.100.157 - - [25/Jun/2026:15:38:46 +0300] "GET /404 HTTP/1.1" 302 215 "-" "Mozilla/5.0 (compatible; SERankingBacklinksBot/1.0; +https://seranking.com/backlinks-crawler)"
65.109.100.157 - - [25/Jun/2026:15:38:49 +0300] "GET /haberler/meteoroloji-uyardi-sicakliklar-dusuyor-278410 HTTP/1.1" 301 795 "-" "Mozilla/5.0 (compatible; SERankingBacklinksBot/1.0; +https://seranking.com/backlinks-crawler)"
65.109.100.157 - - [25/Jun/2026:15:38:49 +0300] "GET /haber/meteoroloji-uyardi-sicakliklar-dusuyor-278410 HTTP/1.1" 302 219 "-" "Mozilla/5.0 (compatible; SERankingBacklinksBot/1.0; +https://seranking.com/backlinks-crawler)"
34.239.85.139 - - [25/Jun/2026:15:38:50 +0300] "GET /public/index.php/etiketler/turkiyenin-haberleri HTTP/1.1" 200 5421 "-" "Mozilla/5.0 AppleWebKit/537.36 (KHTML, like Gecko; compatible; Amazonbot/0.1; +https://developer.amazon.com/support/amazonbot) Chrome/119.0.6045.214 Safari/537.36"
144.31.35.250 - - [25/Jun/2026:15:38:52 +0300] "GET /public/images/haberler/2022/02/son-dakika-putinden-erdogana-gecmis-olsun-mesaji-mKkW4k6h.jpg HTTP/1.1" 302 225 "https://yeniistiklal.com/" "Mozilla/5.0 (Windows NT 10.0; Win64; x64) AppleWebKit/537.36 (KHTML, like Gecko) Chrome/110.0.0.0 Safari/537.36"
65.109.100.157 - - [25/Jun/2026:15:38:53 +0300] "GET /haberler/meteoroloji-uyardi-sicakliklar-hizla-dusuyor-269995 HTTP/1.1" 301 795 "-" "Mozilla/5.0 (compatible; SERankingBacklinksBot/1.0; +https://seranking.com/backlinks-crawler)"
65.109.100.157 - - [25/Jun/2026:15:38:53 +0300] "GET /haber/meteoroloji-uyardi-sicakliklar-hizla-dusuyor-269995 HTTP/1.1" 302 219 "-" "Mozilla/5.0 (compatible; SERankingBacklinksBot/1.0; +https://seranking.com/backlinks-crawler)"
85.208.96.197 - - [25/Jun/2026:15:38:39 +0300] "GET /haber/istihdam-endeksi-yillik-yuzde-54-artti-534379 HTTP/1.1" 200 13954 "-" "Mozilla/5.0 (compatible; SemrushBot/7~bl; +http://www.semrush.com/bot.html)"
65.109.100.157 - - [25/Jun/2026:15:38:41 +0300] "GET /haber/meteoroloji-uyardi-sicak-hava-dalgasi-geliyor-195984 HTTP/1.1" 302 219 "-" "Mozilla/5.0 (compatible; SERankingBacklinksBot/1.0; +https://seranking.com/backlinks-crawler)"
65.109.100.157 - - [25/Jun/2026:15:38:42 +0300] "GET /404 HTTP/1.1" 302 215 "-" "Mozilla/5.0 (compatible; SERankingBacklinksBot/1.0; +https://seranking.com/backlinks-crawler)"
65.109.100.157 - - [25/Jun/2026:15:38:42 +0300] "GET / HTTP/1.1" 200 17243 "-" "Mozilla/5.0 (compatible; SERankingBacklinksBot/1.0; +https://seranking.com/backlinks-crawler)"
65.109.100.157 - - [25/Jun/2026:15:38:45 +0300] "GET /haberler/meteoroloji-uyardi-sicakliklar-12-derece-dusecek-381092 HTTP/1.1" 301 795 "-" "Mozilla/5.0 (compatible; SERankingBacklinksBot/1.0; +https://seranking.com/backlinks-crawler)"
65.109.100.157 - - [25/Jun/2026:15:38:45 +0300] "GET /haberler/meteoroloji-uyardi-sicakliklar-12-derece-dusecek-381092 HTTP/1.1" 301 795 "-" "Mozilla/5.0 (compatible; SERankingBacklinksBot/1.0; +https://seranking.com/backlinks-crawler)"
18.215.24.66 - - [25/Jun/2026:15:38:46 +0300] "GET /public/index.php/haber/pohler-sanal-taktikle-gercek-operasyonlara-hazirlaniyor-522693 HTTP/1.1" 200 14007 "-" "Mozilla/5.0 AppleWebKit/537.36 (KHTML, like Gecko; compatible; Amazonbot/0.1; +https://developer.amazon.com/support/amazonbot) Chrome/119.0.6045.214 Safari/537.36"
65.109.100.157 - - [25/Jun/2026:15:38:46 +0300] "GET / HTTP/1.1" 200 17226 "-" "Mozilla/5.0 (compatible; SERankingBacklinksBot/1.0; +https://seranking.com/backlinks-crawler)"
185.191.171.15 - - [25/Jun/2026:15:38:46 +0300] "GET /haber/kaspersky-endpoint-detection-and-response-expert-se-labs-testinde-en-yuksek-puani-aldi-536273 HTTP/1.1" 200 15103 "-" "Mozilla/5.0 (compatible; SemrushBot/7~bl; +http://www.semrush.com/bot.html)"
65.109.100.157 - - [25/Jun/2026:15:38:49 +0300] "GET /haberler/meteoroloji-uyardi-sicakliklar-dusuyor-278410 HTTP/1.1" 301 795 "-" "Mozilla/5.0 (compatible; SERankingBacklinksBot/1.0; +https://seranking.com/backlinks-crawler)"
65.109.100.157 - - [25/Jun/2026:15:38:50 +0300] "GET /404 HTTP/1.1" 302 215 "-" "Mozilla/5.0 (compatible; SERankingBacklinksBot/1.0; +https://seranking.com/backlinks-crawler)"
65.109.100.157 - - [25/Jun/2026:15:38:50 +0300] "GET / HTTP/1.1" 200 17237 "-" "Mozilla/5.0 (compatible; SERankingBacklinksBot/1.0; +https://seranking.com/backlinks-crawler)"
85.208.96.200 - - [25/Jun/2026:15:38:50 +0300] "GET /haber/baskan-sahin-gazianteplilerle-iftarda-bulustu-504305 HTTP/1.1" 200 13883 "-" "Mozilla/5.0 (compatible; SemrushBot/7~bl; +http://www.semrush.com/bot.html)"
65.109.100.157 - - [25/Jun/2026:15:38:53 +0300] "GET /haberler/meteoroloji-uyardi-sicakliklar-hizla-dusuyor-269995 HTTP/1.1" 301 795 "-" "Mozilla/5.0 (compatible; SERankingBacklinksBot/1.0; +https://seranking.com/backlinks-crawler)"
65.109.100.157 - - [25/Jun/2026:15:38:53 +0300] "GET /haber/meteoroloji-uyardi-sicakliklar-hizla-dusuyor-269995 HTTP/1.1" 302 219 "-" "Mozilla/5.0 (compatible; SERankingBacklinksBot/1.0; +https://seranking.com/backlinks-crawler)"
52.207.47.227 - - [25/Jun/2026:15:38:54 +0300] "GET /public/index.php/haber/malatyada-cevre-etkinligi-518668 HTTP/1.1" 200 14304 "-" "Mozilla/5.0 AppleWebKit/537.36 (KHTML, like Gecko; compatible; Amazonbot/0.1; +https://developer.amazon.com/support/amazonbot) Chrome/119.0.6045.214 Safari/537.36"
65.109.100.157 - - [25/Jun/2026:15:38:54 +0300] "GET / HTTP/1.1" 200 17232 "-" "Mozilla/5.0 (compatible; SERankingBacklinksBot/1.0; +https://seranking.com/backlinks-crawler)"
144.31.35.250 - - [25/Jun/2026:15:38:55 +0300] "GET /public HTTP/1.1" 301 795 "https://yeniistiklal.com/" "Mozilla/5.0 (Windows NT 10.0; Win64; x64) AppleWebKit/537.36 (KHTML, like Gecko) Chrome/110.0.0.0 Safari/537.36"
82.153.215.199 - - [25/Jun/2026:15:38:55 +0300] "GET /wp-content/uploads/2021/07/masterchef-te-mide-bulandiran-goruntu-5wcBUO9n.jpg HTTP/1.1" 302 219 "-" "Mozilla/5.0 (compatible; crawler)"
82.153.215.199 - - [25/Jun/2026:15:38:56 +0300] "GET /404 HTTP/1.1" 302 215 "-" "Mozilla/5.0 (compatible; crawler)"
65.109.100.157 - - [25/Jun/2026:15:38:57 +0300] "GET /haber/meteoroloji-uyarmisti-antalyayi-firtina-vurdu-442578 HTTP/1.1" 302 219 "-" "Mozilla/5.0 (compatible; SERankingBacklinksBot/1.0; +https://seranking.com/backlinks-crawler)"
65.109.100.157 - - [25/Jun/2026:15:38:58 +0300] "GET / HTTP/1.1" 200 17247 "-" "Mozilla/5.0 (compatible; SERankingBacklinksBot/1.0; +https://seranking.com/backlinks-crawler)"
44.223.116.149 - - [25/Jun/2026:15:38:58 +0300] "GET /public/index.php/haber/osym-20224-kpss-tercih-kilavuzu-yayimlandi-499540 HTTP/1.1" 200 14638 "-" "Mozilla/5.0 AppleWebKit/537.36 (KHTML, like Gecko; compatible; Amazonbot/0.1; +https://developer.amazon.com/support/amazonbot) Chrome/119.0.6045.214 Safari/537.36"
65.109.100.157 - - [25/Jun/2026:15:39:01 +0300] "GET /haberler/meteoroloji-uzmani-orhan-sen-saat-verdi-istanbul-icin-dolu-uyarisi-224706 HTTP/1.1" 301 795 "-" "Mozilla/5.0 (compatible; SERankingBacklinksBot/1.0; +https://seranking.com/backlinks-crawler)"
65.109.100.157 - - [25/Jun/2026:15:39:01 +0300] "GET /haberler/meteoroloji-uzmani-orhan-sen-saat-verdi-istanbul-icin-dolu-uyarisi-224706 HTTP/1.1" 301 795 "-" "Mozilla/5.0 (compatible; SERankingBacklinksBot/1.0; +https://seranking.com/backlinks-crawler)"
65.109.100.157 - - [25/Jun/2026:15:39:01 +0300] "GET /haber/meteoroloji-uzmani-orhan-sen-saat-verdi-istanbul-icin-dolu-uyarisi-224706 HTTP/1.1" 302 219 "-" "Mozilla/5.0 (compatible; SERankingBacklinksBot/1.0; +https://seranking.com/backlinks-crawler)"
65.109.100.157 - - [25/Jun/2026:15:39:05 +0300] "GET /haberler/meteoroloji-uzmani-yusuf-ziya-yavuz-turkiyeye-agir-hasarlar-veren-firtina-ile-ilgili-aciklamalarda-bulundu-430326 HTTP/1.1" 301 795 "-" "Mozilla/5.0 (compatible; SERankingBacklinksBot/1.0; +https://seranking.com/backlinks-crawler)"
65.109.100.157 - - [25/Jun/2026:15:39:05 +0300] "GET /haber/meteoroloji-uzmani-yusuf-ziya-yavuz-turkiyeye-agir-hasarlar-veren-firtina-ile-ilgili-aciklamalarda-bulundu-430326 HTTP/1.1" 302 219 "-" "Mozilla/5.0 (compatible; SERankingBacklinksBot/1.0; +https://seranking.com/backlinks-crawler)"
65.109.100.157 - - [25/Jun/2026:15:39:05 +0300] "GET /haberler/meteoroloji-uzmani-yusuf-ziya-yavuz-turkiyeye-agir-hasarlar-veren-firtina-ile-ilgili-aciklamalarda-bulundu-430326 HTTP/1.1" 301 795 "-" "Mozilla/5.0 (compatible; SERankingBacklinksBot/1.0; +https://seranking.com/backlinks-crawler)"
35.172.125.172 - - [25/Jun/2026:15:39:05 +0300] "GET /public/index.php/haber/sporda-cita-yukseliyor-526798 HTTP/1.1" 200 14419 "-" "Mozilla/5.0 AppleWebKit/537.36 (KHTML, like Gecko; compatible; Amazonbot/0.1; +https://developer.amazon.com/support/amazonbot) Chrome/119.0.6045.214 Safari/537.36"
65.109.100.157 - - [25/Jun/2026:15:39:06 +0300] "GET / HTTP/1.1" 200 17236 "-" "Mozilla/5.0 (compatible; SERankingBacklinksBot/1.0; +https://seranking.com/backlinks-crawler)"
185.191.171.17 - - [25/Jun/2026:15:39:08 +0300] "GET /haber/kayseride-cocuk-treni-eglendirdi-508802 HTTP/1.1" 200 13621 "-" "Mozilla/5.0 (compatible; SemrushBot/7~bl; +http://www.semrush.com/bot.html)"
65.109.100.157 - - [25/Jun/2026:15:39:09 +0300] "GET /haberler/meteoroloji-uzmanindan-istanbula-mont-karadenize-sel-uyarisi-272262 HTTP/1.1" 301 795 "-" "Mozilla/5.0 (compatible; SERankingBacklinksBot/1.0; +https://seranking.com/backlinks-crawler)"
65.109.100.157 - - [25/Jun/2026:15:39:09 +0300] "GET /haberler/meteoroloji-uzmanindan-istanbula-mont-karadenize-sel-uyarisi-272262 HTTP/1.1" 301 795 "-" "Mozilla/5.0 (compatible; SERankingBacklinksBot/1.0; +https://seranking.com/backlinks-crawler)"
65.109.100.157 - - [25/Jun/2026:15:39:09 +0300] "GET /haber/meteoroloji-uzmanindan-istanbula-mont-karadenize-sel-uyarisi-272262 HTTP/1.1" 302 219 "-" "Mozilla/5.0 (compatible; SERankingBacklinksBot/1.0; +https://seranking.com/backlinks-crawler)"
144.31.35.250 - - [25/Jun/2026:15:38:53 +0300] "GET /public/404 HTTP/1.1" 302 220 "https://yeniistiklal.com/" "Mozilla/5.0 (Windows NT 10.0; Win64; x64) AppleWebKit/537.36 (KHTML, like Gecko) Chrome/110.0.0.0 Safari/537.36"
65.109.100.157 - - [25/Jun/2026:15:38:54 +0300] "GET /404 HTTP/1.1" 302 215 "-" "Mozilla/5.0 (compatible; SERankingBacklinksBot/1.0; +https://seranking.com/backlinks-crawler)"
144.31.35.250 - - [25/Jun/2026:15:38:56 +0300] "GET /public/ HTTP/1.1" 200 17356 "https://yeniistiklal.com/" "Mozilla/5.0 (Windows NT 10.0; Win64; x64) AppleWebKit/537.36 (KHTML, like Gecko) Chrome/110.0.0.0 Safari/537.36"
82.153.215.199 - - [25/Jun/2026:15:38:57 +0300] "GET / HTTP/1.1" 200 17228 "-" "Mozilla/5.0 (compatible; crawler)"
65.109.100.157 - - [25/Jun/2026:15:38:57 +0300] "GET /haberler/meteoroloji-uyarmisti-antalyayi-firtina-vurdu-442578 HTTP/1.1" 301 795 "-" "Mozilla/5.0 (compatible; SERankingBacklinksBot/1.0; +https://seranking.com/backlinks-crawler)"
65.109.100.157 - - [25/Jun/2026:15:38:57 +0300] "GET /haberler/meteoroloji-uyarmisti-antalyayi-firtina-vurdu-442578 HTTP/1.1" 301 795 "-" "Mozilla/5.0 (compatible; SERankingBacklinksBot/1.0; +https://seranking.com/backlinks-crawler)"
65.109.100.157 - - [25/Jun/2026:15:38:57 +0300] "GET /404 HTTP/1.1" 302 215 "-" "Mozilla/5.0 (compatible; SERankingBacklinksBot/1.0; +https://seranking.com/backlinks-crawler)"
185.191.171.9 - - [25/Jun/2026:15:38:58 +0300] "GET /haber/oyun-mekanikleri-ogrenme-ve-calismaya-nasil-yardimci-olur-551941 HTTP/1.1" 200 14593 "-" "Mozilla/5.0 (compatible; SemrushBot/7~bl; +http://www.semrush.com/bot.html)"
85.208.96.206 - - [25/Jun/2026:15:38:58 +0300] "GET /haber/calisma-ve-sosyal-guvenlik-bakani-prof-dr-vedat-bilgin-ng-grubu-fabrikalarini-ziyaret-etti-528374 HTTP/1.1" 200 13885 "-" "Mozilla/5.0 (compatible; SemrushBot/7~bl; +http://www.semrush.com/bot.html)"
65.109.100.157 - - [25/Jun/2026:15:39:01 +0300] "GET /haber/meteoroloji-uzmani-orhan-sen-saat-verdi-istanbul-icin-dolu-uyarisi-224706 HTTP/1.1" 302 219 "-" "Mozilla/5.0 (compatible; SERankingBacklinksBot/1.0; +https://seranking.com/backlinks-crawler)"
65.109.100.157 - - [25/Jun/2026:15:39:01 +0300] "GET /404 HTTP/1.1" 302 215 "-" "Mozilla/5.0 (compatible; SERankingBacklinksBot/1.0; +https://seranking.com/backlinks-crawler)"
65.109.100.157 - - [25/Jun/2026:15:39:02 +0300] "GET / HTTP/1.1" 200 17237 "-" "Mozilla/5.0 (compatible; SERankingBacklinksBot/1.0; +https://seranking.com/backlinks-crawler)"
23.23.99.55 - - [25/Jun/2026:15:39:02 +0300] "GET /public/index.php/haber/unlu-yonetmen-tony-gatlifden-ibrahim-tatlisese-ovgu-521728 HTTP/1.1" 200 14534 "-" "Mozilla/5.0 AppleWebKit/537.36 (KHTML, like Gecko; compatible; Amazonbot/0.1; +https://developer.amazon.com/support/amazonbot) Chrome/119.0.6045.214 Safari/537.36"
65.109.100.157 - - [25/Jun/2026:15:39:05 +0300] "GET /haber/meteoroloji-uzmani-yusuf-ziya-yavuz-turkiyeye-agir-hasarlar-veren-firtina-ile-ilgili-aciklamalarda-bulundu-430326 HTTP/1.1" 302 219 "-" "Mozilla/5.0 (compatible; SERankingBacklinksBot/1.0; +https://seranking.com/backlinks-crawler)"
65.109.100.157 - - [25/Jun/2026:15:39:05 +0300] "GET /404 HTTP/1.1" 302 215 "-" "Mozilla/5.0 (compatible; SERankingBacklinksBot/1.0; +https://seranking.com/backlinks-crawler)"
65.109.100.157 - - [25/Jun/2026:15:39:09 +0300] "GET /haber/meteoroloji-uzmanindan-istanbula-mont-karadenize-sel-uyarisi-272262 HTTP/1.1" 302 219 "-" "Mozilla/5.0 (compatible; SERankingBacklinksBot/1.0; +https://seranking.com/backlinks-crawler)"
65.109.100.157 - - [25/Jun/2026:15:39:09 +0300] "GET /404 HTTP/1.1" 302 215 "-" "Mozilla/5.0 (compatible; SERankingBacklinksBot/1.0; +https://seranking.com/backlinks-crawler)"
34.236.41.241 - - [25/Jun/2026:15:39:10 +0300] "GET /public/index.php/etiketler/meydan-haberleri HTTP/1.1" 200 8408 "-" "Mozilla/5.0 AppleWebKit/537.36 (KHTML, like Gecko; compatible; Amazonbot/0.1; +https://developer.amazon.com/support/amazonbot) Chrome/119.0.6045.214 Safari/537.36"
65.109.100.157 - - [25/Jun/2026:15:39:13 +0300] "GET /haberler/meteoroloji-uzmanindan-turkiye-icin-endiselendiren-uyari-52587 HTTP/1.1" 301 795 "-" "Mozilla/5.0 (compatible; SERankingBacklinksBot/1.0; +https://seranking.com/backlinks-crawler)"
18.209.201.119 - - [25/Jun/2026:15:39:13 +0300] "GET /public/index.php/haber/expo21-hatayda-sanat-dolu-gece-506726 HTTP/1.1" 200 14197 "-" "Mozilla/5.0 AppleWebKit/537.36 (KHTML, like Gecko; compatible; Amazonbot/0.1; +https://developer.amazon.com/support/amazonbot) Chrome/119.0.6045.214 Safari/537.36"
66.249.66.194 - - [25/Jun/2026:15:39:16 +0300] "GET / HTTP/1.1" 200 17231 "-" "Mozilla/5.0 (compatible; Googlebot/2.1; +http://www.google.com/bot.html)"
65.109.100.157 - - [25/Jun/2026:15:39:17 +0300] "GET /haberler/meteoroloji-yarin-kar-geliyor-442233 HTTP/1.1" 301 795 "-" "Mozilla/5.0 (compatible; SERankingBacklinksBot/1.0; +https://seranking.com/backlinks-crawler)"
65.109.100.157 - - [25/Jun/2026:15:39:17 +0300] "GET /404 HTTP/1.1" 302 215 "-" "Mozilla/5.0 (compatible; SERankingBacklinksBot/1.0; +https://seranking.com/backlinks-crawler)"
3.220.148.166 - - [25/Jun/2026:15:39:18 +0300] "GET /public/index.php/haber/iletisimden-romada-bm-paneli-509605 HTTP/1.1" 200 14291 "-" "Mozilla/5.0 AppleWebKit/537.36 (KHTML, like Gecko; compatible; Amazonbot/0.1; +https://developer.amazon.com/support/amazonbot) Chrome/119.0.6045.214 Safari/537.36"
65.109.100.157 - - [25/Jun/2026:15:39:18 +0300] "GET / HTTP/1.1" 200 17235 "-" "Mozilla/5.0 (compatible; SERankingBacklinksBot/1.0; +https://seranking.com/backlinks-crawler)"
66.249.66.193 - - [25/Jun/2026:15:39:18 +0300] "GET /hava-durumu/ajax?sehir_isim=6 HTTP/1.1" 200 77 "https://yeniistiklal.com/" "Mozilla/5.0 AppleWebKit/537.36 (KHTML, like Gecko; compatible; Googlebot/2.1; +http://www.google.com/bot.html) Chrome/148.0.7778.96 Safari/537.36"
185.191.171.10 - - [25/Jun/2026:15:39:19 +0300] "GET /haber/turkiye-pist-sampiyonasinda-30-yil-sonra-ilk-ve-tek-kadin-pilot-522860 HTTP/1.1" 200 14080 "-" "Mozilla/5.0 (compatible; SemrushBot/7~bl; +http://www.semrush.com/bot.html)"
31.40.198.2 - - [25/Jun/2026:15:39:19 +0300] "GET /rss/tanitim-21 HTTP/1.1" 200 95214 "-" "Mozilla/5.0 (X11; Linux x86_64) AppleWebKit/537.36 (KHTML, like Gecko) Chrome/65.0.3325.109 Safari/537.36"
85.208.96.207 - - [25/Jun/2026:15:39:19 +0300] "GET /haber/vali-dr-ozan-balci-buyuksehir-belediyesinin-yatirimlariyla-ilgili-toplanti-yapti-516934 HTTP/1.1" 200 13631 "-" "Mozilla/5.0 (compatible; SemrushBot/7~bl; +http://www.semrush.com/bot.html)"
65.109.100.157 - - [25/Jun/2026:15:39:21 +0300] "GET /haberler/meteorolojiden-12-il-icin-kuvvetli-saganak-uyarisi-118394 HTTP/1.1" 301 795 "-" "Mozilla/5.0 (compatible; SERankingBacklinksBot/1.0; +https://seranking.com/backlinks-crawler)"
65.109.100.157 - - [25/Jun/2026:15:39:21 +0300] "GET /haber/meteorolojiden-12-il-icin-kuvvetli-saganak-uyarisi-118394 HTTP/1.1" 302 219 "-" "Mozilla/5.0 (compatible; SERankingBacklinksBot/1.0; +https://seranking.com/backlinks-crawler)"
65.109.100.157 - - [25/Jun/2026:15:39:21 +0300] "GET /haberler/meteorolojiden-12-il-icin-kuvvetli-saganak-uyarisi-118394 HTTP/1.1" 301 795 "-" "Mozilla/5.0 (compatible; SERankingBacklinksBot/1.0; +https://seranking.com/backlinks-crawler)"
65.109.100.157 - - [25/Jun/2026:15:39:21 +0300] "GET /haber/meteorolojiden-12-il-icin-kuvvetli-saganak-uyarisi-118394 HTTP/1.1" 302 219 "-" "Mozilla/5.0 (compatible; SERankingBacklinksBot/1.0; +https://seranking.com/backlinks-crawler)"
65.109.100.157 - - [25/Jun/2026:15:39:21 +0300] "GET / HTTP/1.1" 200 17231 "-" "Mozilla/5.0 (compatible; SERankingBacklinksBot/1.0; +https://seranking.com/backlinks-crawler)"
184.73.195.18 - - [25/Jun/2026:15:39:21 +0300] "GET /public/index.php/haber/ilk-hac-kafilesi-dualarla-ugurlandi-518973 HTTP/1.1" 200 13909 "-" "Mozilla/5.0 AppleWebKit/537.36 (KHTML, like Gecko; compatible; Amazonbot/0.1; +https://developer.amazon.com/support/amazonbot) Chrome/119.0.6045.214 Safari/537.36"
65.109.100.157 - - [25/Jun/2026:15:39:10 +0300] "GET / HTTP/1.1" 200 17217 "-" "Mozilla/5.0 (compatible; SERankingBacklinksBot/1.0; +https://seranking.com/backlinks-crawler)"
65.109.100.157 - - [25/Jun/2026:15:39:13 +0300] "GET /haberler/meteoroloji-uzmanindan-turkiye-icin-endiselendiren-uyari-52587 HTTP/1.1" 301 795 "-" "Mozilla/5.0 (compatible; SERankingBacklinksBot/1.0; +https://seranking.com/backlinks-crawler)"
65.109.100.157 - - [25/Jun/2026:15:39:13 +0300] "GET /haber/meteoroloji-uzmanindan-turkiye-icin-endiselendiren-uyari-52587 HTTP/1.1" 302 219 "-" "Mozilla/5.0 (compatible; SERankingBacklinksBot/1.0; +https://seranking.com/backlinks-crawler)"
65.109.100.157 - - [25/Jun/2026:15:39:13 +0300] "GET /haber/meteoroloji-uzmanindan-turkiye-icin-endiselendiren-uyari-52587 HTTP/1.1" 302 219 "-" "Mozilla/5.0 (compatible; SERankingBacklinksBot/1.0; +https://seranking.com/backlinks-crawler)"
154.201.74.75 - - [25/Jun/2026:15:39:13 +0300] "GET /haber/milyonlarca-kez-izlenen-video-corabindan-cikani-ciglik-atarak-gosteren-tiktoker-2915 HTTP/1.1" 302 219 "https://yeniistiklal.com/" "Mozilla/5.0 (Windows NT 10.0; Win64; x64) AppleWebKit/537.36 (KHTML, like Gecko) Chrome/142.0.0.0 YaBrowser/25.12.0.0 Safari/537.36"
65.109.100.157 - - [25/Jun/2026:15:39:13 +0300] "GET /404 HTTP/1.1" 302 215 "-" "Mozilla/5.0 (compatible; SERankingBacklinksBot/1.0; +https://seranking.com/backlinks-crawler)"
65.109.100.157 - - [25/Jun/2026:15:39:14 +0300] "GET / HTTP/1.1" 200 17236 "-" "Mozilla/5.0 (compatible; SERankingBacklinksBot/1.0; +https://seranking.com/backlinks-crawler)"
154.201.74.75 - - [25/Jun/2026:15:39:15 +0300] "GET /404 HTTP/1.1" 302 215 "https://yeniistiklal.com/haber/milyonlarca-kez-izlenen-video-corabindan-cikani-ciglik-atarak-gosteren-tiktoker-2915" "Mozilla/5.0 (Windows NT 10.0; Win64; x64) AppleWebKit/537.36 (KHTML, like Gecko) Chrome/142.0.0.0 YaBrowser/25.12.0.0 Safari/537.36"
154.201.74.75 - - [25/Jun/2026:15:39:17 +0300] "GET / HTTP/1.1" 200 17216 "https://yeniistiklal.com/haber/milyonlarca-kez-izlenen-video-corabindan-cikani-ciglik-atarak-gosteren-tiktoker-2915" "Mozilla/5.0 (Windows NT 10.0; Win64; x64) AppleWebKit/537.36 (KHTML, like Gecko) Chrome/142.0.0.0 YaBrowser/25.12.0.0 Safari/537.36"
65.109.100.157 - - [25/Jun/2026:15:39:17 +0300] "GET /haberler/meteoroloji-yarin-kar-geliyor-442233 HTTP/1.1" 301 795 "-" "Mozilla/5.0 (compatible; SERankingBacklinksBot/1.0; +https://seranking.com/backlinks-crawler)"
65.109.100.157 - - [25/Jun/2026:15:39:17 +0300] "GET /haber/meteoroloji-yarin-kar-geliyor-442233 HTTP/1.1" 302 219 "-" "Mozilla/5.0 (compatible; SERankingBacklinksBot/1.0; +https://seranking.com/backlinks-crawler)"
65.109.100.157 - - [25/Jun/2026:15:39:17 +0300] "GET /haber/meteoroloji-yarin-kar-geliyor-442233 HTTP/1.1" 302 219 "-" "Mozilla/5.0 (compatible; SERankingBacklinksBot/1.0; +https://seranking.com/backlinks-crawler)"
154.201.74.75 - - [25/Jun/2026:15:39:18 +0300] "GET / HTTP/1.1" 200 17236 "-" "Mozilla/5.0 (Windows NT 10.0; Win64; x64) AppleWebKit/537.36 (KHTML, like Gecko) Chrome/142.0.0.0 YaBrowser/25.12.0.0 Safari/537.36"
154.201.74.75 - - [25/Jun/2026:15:39:19 +0300] "GET / HTTP/1.1" 200 17226 "-" "Mozilla/5.0 (Windows NT 10.0; Win64; x64) AppleWebKit/537.36 (KHTML, like Gecko) Chrome/142.0.0.0 YaBrowser/25.12.0.0 Safari/537.36"
65.109.100.157 - - [25/Jun/2026:15:39:21 +0300] "GET /404 HTTP/1.1" 302 215 "-" "Mozilla/5.0 (compatible; SERankingBacklinksBot/1.0; +https://seranking.com/backlinks-crawler)"
85.208.96.195 - - [25/Jun/2026:15:39:23 +0300] "GET /haber/anadolu-leopari-tekrardan-goruntulendi-549101 HTTP/1.1" 200 14177 "-" "Mozilla/5.0 (compatible; SemrushBot/7~bl; +http://www.semrush.com/bot.html)"
66.249.92.194 - - [25/Jun/2026:15:39:23 +0300] "GET /public/haber/dilovasinda-mustafa-ceceli-ruzg-ri-esti-531669 HTTP/1.1" 200 14163 "-" "Mediapartners-Google"
66.249.92.194 - - [25/Jun/2026:15:39:24 +0300] "GET /public/haber/hatay-iskenderunda-yagmur-suyu-hatti-calismasi-538263 HTTP/1.1" 200 13586 "-" "Mediapartners-Google"
66.249.92.194 - - [25/Jun/2026:15:39:23 +0300] "GET /public/haber/gunumuzde-her-8-erkekten-1i-prostat-kanserine-yakalaniyor-535986 HTTP/1.1" 200 15411 "-" "Mediapartners-Google"
66.249.92.194 - - [25/Jun/2026:15:39:23 +0300] "GET /public/haber/ankara-merkezli-6-ildeki-feto-sorusturmasina-21-gozalti-karari-486439 HTTP/1.1" 200 13727 "-" "Mediapartners-Google"
66.249.92.194 - - [25/Jun/2026:15:39:24 +0300] "GET /public/haber/canik-belediye-baskani-ibrahim-sandikci-belediye-personeli-ile-bayramlasti-526218 HTTP/1.1" 200 13644 "-" "Mediapartners-Google"
65.109.100.157 - - [25/Jun/2026:15:39:25 +0300] "GET /haberler/meteorolojiden-12-il-icin-sari-kodlu-uyari-80-km-hizla-geliyor-242216 HTTP/1.1" 301 795 "-" "Mozilla/5.0 (compatible; SERankingBacklinksBot/1.0; +https://seranking.com/backlinks-crawler)"
65.109.100.157 - - [25/Jun/2026:15:39:25 +0300] "GET /haber/meteorolojiden-12-il-icin-sari-kodlu-uyari-80-km-hizla-geliyor-242216 HTTP/1.1" 302 219 "-" "Mozilla/5.0 (compatible; SERankingBacklinksBot/1.0; +https://seranking.com/backlinks-crawler)"
