65.109.100.157 - - [25/Jun/2026:15:11:49 +0300] "GET /404 HTTP/1.1" 302 215 "-" "Mozilla/5.0 (compatible; SERankingBacklinksBot/1.0; +https://seranking.com/backlinks-crawler)"
185.191.171.9 - - [25/Jun/2026:15:11:50 +0300] "GET /haber/meghan-marklein-prenses-kate-paylasimi-ortaya-cikti-486054 HTTP/1.1" 200 14060 "-" "Mozilla/5.0 (compatible; SemrushBot/7~bl; +http://www.semrush.com/bot.html)"
114.119.150.65 - - [25/Jun/2026:15:11:52 +0300] "GET /haber/arjantin-ayakta-binlerce-kisi-yargi-reformu-talebiyle-protesto-duzenledi-482444 HTTP/1.1" 200 14722 "https://yeniistiklal.com/dunya/ab-dsonun-onayladigi-asilari-olanlarin-seyahatine-yeni-kurallar-dahilinde-izin-verecek-419279" "Mozilla/5.0 (Linux; Android 8.0.0; SM-G955U Build/R16NW) AppleWebKit/537.36 (KHTML, like Gecko) Chrome/148.0.0.0 Mobile Safari/537.36"
65.109.100.157 - - [25/Jun/2026:15:11:52 +0300] "GET /haberler/mehmet-y-yilmaz-mubarek-cuma-sorulari-3-20-agustos-2021-sesli-kose-yazisi-dinle-174515 HTTP/1.1" 301 795 "-" "Mozilla/5.0 (compatible; SERankingBacklinksBot/1.0; +https://seranking.com/backlinks-crawler)"
65.109.100.157 - - [25/Jun/2026:15:11:52 +0300] "GET /haber/mehmet-y-yilmaz-mubarek-cuma-sorulari-3-20-agustos-2021-sesli-kose-yazisi-dinle-174515 HTTP/1.1" 302 219 "-" "Mozilla/5.0 (compatible; SERankingBacklinksBot/1.0; +https://seranking.com/backlinks-crawler)"
65.109.100.157 - - [25/Jun/2026:15:11:53 +0300] "GET /404 HTTP/1.1" 302 215 "-" "Mozilla/5.0 (compatible; SERankingBacklinksBot/1.0; +https://seranking.com/backlinks-crawler)"
65.109.100.157 - - [25/Jun/2026:15:11:53 +0300] "GET / HTTP/1.1" 200 17244 "-" "Mozilla/5.0 (compatible; SERankingBacklinksBot/1.0; +https://seranking.com/backlinks-crawler)"
65.109.100.157 - - [25/Jun/2026:15:11:45 +0300] "GET /404 HTTP/1.1" 302 215 "-" "Mozilla/5.0 (compatible; SERankingBacklinksBot/1.0; +https://seranking.com/backlinks-crawler)"
65.109.100.157 - - [25/Jun/2026:15:11:45 +0300] "GET / HTTP/1.1" 200 17243 "-" "Mozilla/5.0 (compatible; SERankingBacklinksBot/1.0; +https://seranking.com/backlinks-crawler)"
65.109.100.157 - - [25/Jun/2026:15:11:48 +0300] "GET /haberler/mehmet-y-yilmaz-kuzey-kore-turk-cumhuriyeti-sesli-kose-yazisi-14-aralik-2021-sali-makale-456385 HTTP/1.1" 301 795 "-" "Mozilla/5.0 (compatible; SERankingBacklinksBot/1.0; +https://seranking.com/backlinks-crawler)"
65.109.100.157 - - [25/Jun/2026:15:11:48 +0300] "GET /haberler/mehmet-y-yilmaz-kuzey-kore-turk-cumhuriyeti-sesli-kose-yazisi-14-aralik-2021-sali-makale-456385 HTTP/1.1" 301 795 "-" "Mozilla/5.0 (compatible; SERankingBacklinksBot/1.0; +https://seranking.com/backlinks-crawler)"
65.109.100.157 - - [25/Jun/2026:15:11:48 +0300] "GET /haber/mehmet-y-yilmaz-kuzey-kore-turk-cumhuriyeti-sesli-kose-yazisi-14-aralik-2021-sali-makale-456385 HTTP/1.1" 302 219 "-" "Mozilla/5.0 (compatible; SERankingBacklinksBot/1.0; +https://seranking.com/backlinks-crawler)"
65.109.100.157 - - [25/Jun/2026:15:11:49 +0300] "GET / HTTP/1.1" 200 17229 "-" "Mozilla/5.0 (compatible; SERankingBacklinksBot/1.0; +https://seranking.com/backlinks-crawler)"
65.109.100.157 - - [25/Jun/2026:15:11:52 +0300] "GET /haberler/mehmet-y-yilmaz-mubarek-cuma-sorulari-3-20-agustos-2021-sesli-kose-yazisi-dinle-174515 HTTP/1.1" 301 795 "-" "Mozilla/5.0 (compatible; SERankingBacklinksBot/1.0; +https://seranking.com/backlinks-crawler)"
121.229.156.62 - - [25/Jun/2026:15:11:53 +0300] "GET /haber/estetik-ve-guvenlik-icin-panjur-cit-sistemleri-551203 HTTP/1.1" 200 13910 "-" "Sogou web spider/4.0(+http://www.sogou.com/docs/help/webmasters.htm#07)"
103.126.20.146 - - [25/Jun/2026:15:11:56 +0300] "GET /public/haber/dunya-cocuk-haklari-gununde-cocuklar-haklarini-ogrendi-552014 HTTP/1.1" 200 13767 "https://yeniistiklal.com" "Mozilla/5.0 (Windows NT 10.0; Win64; x64) AppleWebKit/537.36 (KHTML, like Gecko) Chrome/142.0.0.0 Safari/537.36"
65.109.100.157 - - [25/Jun/2026:15:11:56 +0300] "GET /haber/mehmet-y-yilmaz-mubarek-cuma-sorulari-4-27-agustos-2021-sesli-kose-yazisi-dinle-203059 HTTP/1.1" 302 219 "-" "Mozilla/5.0 (compatible; SERankingBacklinksBot/1.0; +https://seranking.com/backlinks-crawler)"
198.244.226.122 - - [25/Jun/2026:15:11:59 +0300] "GET /public/haber/nuuwears-ile-tesettur-trenckot-elbise-ve-takim-modellerinde-yeni-sezon-551897 HTTP/1.1" 200 15552 "-" "Mozilla/5.0 (compatible; AhrefsBot/7.0; +http://ahrefs.com/robot/)"
87.250.224.35 - - [25/Jun/2026:15:12:00 +0300] "GET /rss/genel-0 HTTP/1.1" 200 196772 "-" "Mozilla/5.0 (compatible; YandexBot/3.0; +http://yandex.com/bots)"
65.109.100.157 - - [25/Jun/2026:15:12:01 +0300] "GET /haber/mehmet-y-yilmaz-mubarek-cuma-sorulari-7-24-eylul-2021-sesli-kose-yazisi-dinle-278376 HTTP/1.1" 302 219 "-" "Mozilla/5.0 (compatible; SERankingBacklinksBot/1.0; +https://seranking.com/backlinks-crawler)"
85.208.96.211 - - [25/Jun/2026:15:12:01 +0300] "GET /haber/cindeki-baraj-tedarik-zincirinden-sele-neden-olabilir-516319 HTTP/1.1" 200 14489 "-" "Mozilla/5.0 (compatible; SemrushBot/7~bl; +http://www.semrush.com/bot.html)"
65.109.100.157 - - [25/Jun/2026:15:12:01 +0300] "GET /404 HTTP/1.1" 302 215 "-" "Mozilla/5.0 (compatible; SERankingBacklinksBot/1.0; +https://seranking.com/backlinks-crawler)"
185.191.171.10 - - [25/Jun/2026:15:12:01 +0300] "GET /haber/limontepeli-cocuklara-23-nisan-hediyesi-508400 HTTP/1.1" 200 14378 "-" "Mozilla/5.0 (compatible; SemrushBot/7~bl; +http://www.semrush.com/bot.html)"
65.109.100.157 - - [25/Jun/2026:15:12:04 +0300] "GET /haber/mehmet-y-yilmaz-orgut-kanuni-duzenlemeleri-siyasi-otoriteye-20-eylul-2021-sesli-kose-yazisi-269952 HTTP/1.1" 302 219 "-" "Mozilla/5.0 (compatible; SERankingBacklinksBot/1.0; +https://seranking.com/backlinks-crawler)"
65.109.100.157 - - [25/Jun/2026:15:11:56 +0300] "GET /haberler/mehmet-y-yilmaz-mubarek-cuma-sorulari-4-27-agustos-2021-sesli-kose-yazisi-dinle-203059 HTTP/1.1" 301 795 "-" "Mozilla/5.0 (compatible; SERankingBacklinksBot/1.0; +https://seranking.com/backlinks-crawler)"
65.109.100.157 - - [25/Jun/2026:15:11:56 +0300] "GET /haberler/mehmet-y-yilmaz-mubarek-cuma-sorulari-4-27-agustos-2021-sesli-kose-yazisi-dinle-203059 HTTP/1.1" 301 795 "-" "Mozilla/5.0 (compatible; SERankingBacklinksBot/1.0; +https://seranking.com/backlinks-crawler)"
65.109.100.157 - - [25/Jun/2026:15:11:57 +0300] "GET /404 HTTP/1.1" 302 215 "-" "Mozilla/5.0 (compatible; SERankingBacklinksBot/1.0; +https://seranking.com/backlinks-crawler)"
85.208.96.209 - - [25/Jun/2026:15:11:57 +0300] "GET /haber/nevsehir-itfaiyesi-gonullulere-yonelik-egitim-programlarini-surduruyor-513519 HTTP/1.1" 200 13770 "-" "Mozilla/5.0 (compatible; SemrushBot/7~bl; +http://www.semrush.com/bot.html)"
65.109.100.157 - - [25/Jun/2026:15:11:57 +0300] "GET / HTTP/1.1" 200 17221 "-" "Mozilla/5.0 (compatible; SERankingBacklinksBot/1.0; +https://seranking.com/backlinks-crawler)"
185.191.171.7 - - [25/Jun/2026:15:11:59 +0300] "GET /haber/putin-disisleri-bakanligi-yeni-rusya-dis-politika-konseptinin-taslagini-hazirladi-479989 HTTP/1.1" 200 13933 "-" "Mozilla/5.0 (compatible; SemrushBot/7~bl; +http://www.semrush.com/bot.html)"
65.109.100.157 - - [25/Jun/2026:15:12:00 +0300] "GET /haberler/mehmet-y-yilmaz-mubarek-cuma-sorulari-7-24-eylul-2021-sesli-kose-yazisi-dinle-278376 HTTP/1.1" 301 795 "-" "Mozilla/5.0 (compatible; SERankingBacklinksBot/1.0; +https://seranking.com/backlinks-crawler)"
65.109.100.157 - - [25/Jun/2026:15:12:00 +0300] "GET /haber/mehmet-y-yilmaz-mubarek-cuma-sorulari-7-24-eylul-2021-sesli-kose-yazisi-dinle-278376 HTTP/1.1" 302 219 "-" "Mozilla/5.0 (compatible; SERankingBacklinksBot/1.0; +https://seranking.com/backlinks-crawler)"
65.109.100.157 - - [25/Jun/2026:15:12:00 +0300] "GET /haberler/mehmet-y-yilmaz-mubarek-cuma-sorulari-7-24-eylul-2021-sesli-kose-yazisi-dinle-278376 HTTP/1.1" 301 795 "-" "Mozilla/5.0 (compatible; SERankingBacklinksBot/1.0; +https://seranking.com/backlinks-crawler)"
65.109.100.157 - - [25/Jun/2026:15:12:01 +0300] "GET / HTTP/1.1" 200 17226 "-" "Mozilla/5.0 (compatible; SERankingBacklinksBot/1.0; +https://seranking.com/backlinks-crawler)"
65.109.100.157 - - [25/Jun/2026:15:12:04 +0300] "GET /haberler/mehmet-y-yilmaz-orgut-kanuni-duzenlemeleri-siyasi-otoriteye-20-eylul-2021-sesli-kose-yazisi-269952 HTTP/1.1" 301 795 "-" "Mozilla/5.0 (compatible; SERankingBacklinksBot/1.0; +https://seranking.com/backlinks-crawler)"
65.109.100.157 - - [25/Jun/2026:15:12:04 +0300] "GET /haberler/mehmet-y-yilmaz-orgut-kanuni-duzenlemeleri-siyasi-otoriteye-20-eylul-2021-sesli-kose-yazisi-269952 HTTP/1.1" 301 795 "-" "Mozilla/5.0 (compatible; SERankingBacklinksBot/1.0; +https://seranking.com/backlinks-crawler)"
65.109.100.157 - - [25/Jun/2026:15:12:05 +0300] "GET /404 HTTP/1.1" 302 215 "-" "Mozilla/5.0 (compatible; SERankingBacklinksBot/1.0; +https://seranking.com/backlinks-crawler)"
65.109.100.157 - - [25/Jun/2026:15:12:05 +0300] "GET / HTTP/1.1" 200 17238 "-" "Mozilla/5.0 (compatible; SERankingBacklinksBot/1.0; +https://seranking.com/backlinks-crawler)"
52.204.253.129 - - [25/Jun/2026:15:12:05 +0300] "GET /public/haber/kurulus-osman-83-bolum-fragmani-bitirin-bardak-tasti-493330 HTTP/1.1" 200 13192 "-" "Mozilla/5.0 AppleWebKit/537.36 (KHTML, like Gecko; compatible; Amazonbot/0.1; +https://developer.amazon.com/support/amazonbot) Chrome/119.0.6045.214 Safari/537.36"
65.109.100.157 - - [25/Jun/2026:15:12:08 +0300] "GET /haberler/mehmet-y-yilmaz-pakdemirlinin-yanitlamasi-gereken-sorular-4-agustos-2021-sesli-kose-yazisi-99516 HTTP/1.1" 301 795 "-" "Mozilla/5.0 (compatible; SERankingBacklinksBot/1.0; +https://seranking.com/backlinks-crawler)"
65.109.100.157 - - [25/Jun/2026:15:12:08 +0300] "GET /404 HTTP/1.1" 302 215 "-" "Mozilla/5.0 (compatible; SERankingBacklinksBot/1.0; +https://seranking.com/backlinks-crawler)"
65.109.100.157 - - [25/Jun/2026:15:12:04 +0300] "GET /haber/mehmet-y-yilmaz-orgut-kanuni-duzenlemeleri-siyasi-otoriteye-20-eylul-2021-sesli-kose-yazisi-269952 HTTP/1.1" 302 219 "-" "Mozilla/5.0 (compatible; SERankingBacklinksBot/1.0; +https://seranking.com/backlinks-crawler)"
85.208.96.204 - - [25/Jun/2026:15:12:07 +0300] "GET /haber/monitor-kac-hz-monitor-yenileme-hizi-ogrenme-2022-511289 HTTP/1.1" 200 14848 "-" "Mozilla/5.0 (compatible; SemrushBot/7~bl; +http://www.semrush.com/bot.html)"
65.109.100.157 - - [25/Jun/2026:15:12:08 +0300] "GET /haberler/mehmet-y-yilmaz-pakdemirlinin-yanitlamasi-gereken-sorular-4-agustos-2021-sesli-kose-yazisi-99516 HTTP/1.1" 301 795 "-" "Mozilla/5.0 (compatible; SERankingBacklinksBot/1.0; +https://seranking.com/backlinks-crawler)"
65.109.100.157 - - [25/Jun/2026:15:12:08 +0300] "GET /haber/mehmet-y-yilmaz-pakdemirlinin-yanitlamasi-gereken-sorular-4-agustos-2021-sesli-kose-yazisi-99516 HTTP/1.1" 302 219 "-" "Mozilla/5.0 (compatible; SERankingBacklinksBot/1.0; +https://seranking.com/backlinks-crawler)"
85.208.96.201 - - [25/Jun/2026:15:12:09 +0300] "GET /haber/cankirida-yolcu-otobusu-devrildi-olu-ve-yaralilar-var-493428 HTTP/1.1" 200 13236 "-" "Mozilla/5.0 (compatible; SemrushBot/7~bl; +http://www.semrush.com/bot.html)"
65.109.100.157 - - [25/Jun/2026:15:12:12 +0300] "GET /haberler/mehmet-y-yilmaz-ruzgar-nereye-erdogan-oraya-17-agustos-2021-sesli-kose-yazisi-dinle-159058 HTTP/1.1" 301 795 "-" "Mozilla/5.0 (compatible; SERankingBacklinksBot/1.0; +https://seranking.com/backlinks-crawler)"
65.109.100.157 - - [25/Jun/2026:15:12:12 +0300] "GET /haber/mehmet-y-yilmaz-ruzgar-nereye-erdogan-oraya-17-agustos-2021-sesli-kose-yazisi-dinle-159058 HTTP/1.1" 302 219 "-" "Mozilla/5.0 (compatible; SERankingBacklinksBot/1.0; +https://seranking.com/backlinks-crawler)"
65.109.100.157 - - [25/Jun/2026:15:12:12 +0300] "GET /404 HTTP/1.1" 302 215 "-" "Mozilla/5.0 (compatible; SERankingBacklinksBot/1.0; +https://seranking.com/backlinks-crawler)"
65.109.100.157 - - [25/Jun/2026:15:12:12 +0300] "GET / HTTP/1.1" 200 17229 "-" "Mozilla/5.0 (compatible; SERankingBacklinksBot/1.0; +https://seranking.com/backlinks-crawler)"
142.147.143.179 - - [25/Jun/2026:15:12:13 +0300] "GET /images/haberler/2022/01/esini-oldurdu-helallik-istedi-F7mmceGU.jpg HTTP/1.1" 302 219 "-" "Mozilla/5.0 (compatible; crawler)"
142.147.143.179 - - [25/Jun/2026:15:12:13 +0300] "GET /404 HTTP/1.1" 302 215 "-" "Mozilla/5.0 (compatible; crawler)"
65.109.100.157 - - [25/Jun/2026:15:12:16 +0300] "GET /haberler/mehmet-y-yilmaz-sacmalamaya-doymuyor-23-eylul-2021-sesli-kose-yazisi-dinle-276430 HTTP/1.1" 301 795 "-" "Mozilla/5.0 (compatible; SERankingBacklinksBot/1.0; +https://seranking.com/backlinks-crawler)"
65.109.100.157 - - [25/Jun/2026:15:12:16 +0300] "GET /404 HTTP/1.1" 302 215 "-" "Mozilla/5.0 (compatible; SERankingBacklinksBot/1.0; +https://seranking.com/backlinks-crawler)"
65.109.100.157 - - [25/Jun/2026:15:12:16 +0300] "GET / HTTP/1.1" 200 17232 "-" "Mozilla/5.0 (compatible; SERankingBacklinksBot/1.0; +https://seranking.com/backlinks-crawler)"
95.108.213.111 - - [25/Jun/2026:15:12:19 +0300] "GET /rss/genel-0 HTTP/1.1" 200 196772 "-" "Mozilla/5.0 (compatible; YandexBot/3.0; +http://yandex.com/bots)"
65.109.100.157 - - [25/Jun/2026:15:12:20 +0300] "GET /haberler/mehmet-y-yilmaz-siyaset-sadece-politikacilarin-isi-degil-13-agustos-2021-sesli-kose-yazisi-dinle-140635 HTTP/1.1" 301 795 "-" "Mozilla/5.0 (compatible; SERankingBacklinksBot/1.0; +https://seranking.com/backlinks-crawler)"
185.191.171.12 - - [25/Jun/2026:15:12:19 +0300] "GET /haber/cuneyt-arkin-recep-ivedik-filmiyle-ilgili-ne-dedi-480771 HTTP/1.1" 200 14258 "-" "Mozilla/5.0 (compatible; SemrushBot/7~bl; +http://www.semrush.com/bot.html)"
65.109.100.157 - - [25/Jun/2026:15:12:20 +0300] "GET / HTTP/1.1" 200 17241 "-" "Mozilla/5.0 (compatible; SERankingBacklinksBot/1.0; +https://seranking.com/backlinks-crawler)"
65.109.100.157 - - [25/Jun/2026:15:12:09 +0300] "GET / HTTP/1.1" 200 17238 "-" "Mozilla/5.0 (compatible; SERankingBacklinksBot/1.0; +https://seranking.com/backlinks-crawler)"
65.109.100.157 - - [25/Jun/2026:15:12:12 +0300] "GET /haber/mehmet-y-yilmaz-ruzgar-nereye-erdogan-oraya-17-agustos-2021-sesli-kose-yazisi-dinle-159058 HTTP/1.1" 302 219 "-" "Mozilla/5.0 (compatible; SERankingBacklinksBot/1.0; +https://seranking.com/backlinks-crawler)"
65.109.100.157 - - [25/Jun/2026:15:12:12 +0300] "GET /haberler/mehmet-y-yilmaz-ruzgar-nereye-erdogan-oraya-17-agustos-2021-sesli-kose-yazisi-dinle-159058 HTTP/1.1" 301 795 "-" "Mozilla/5.0 (compatible; SERankingBacklinksBot/1.0; +https://seranking.com/backlinks-crawler)"
185.191.171.13 - - [25/Jun/2026:15:12:14 +0300] "GET /haber/kadikoy-belediyesi-zehirsiz-kent-olma-sozu-verdi-537753 HTTP/1.1" 200 15159 "-" "Mozilla/5.0 (compatible; SemrushBot/7~bl; +http://www.semrush.com/bot.html)"
142.147.143.179 - - [25/Jun/2026:15:12:14 +0300] "GET / HTTP/1.1" 200 17236 "-" "Mozilla/5.0 (compatible; crawler)"
65.109.100.157 - - [25/Jun/2026:15:12:16 +0300] "GET /haberler/mehmet-y-yilmaz-sacmalamaya-doymuyor-23-eylul-2021-sesli-kose-yazisi-dinle-276430 HTTP/1.1" 301 795 "-" "Mozilla/5.0 (compatible; SERankingBacklinksBot/1.0; +https://seranking.com/backlinks-crawler)"
65.109.100.157 - - [25/Jun/2026:15:12:16 +0300] "GET /haber/mehmet-y-yilmaz-sacmalamaya-doymuyor-23-eylul-2021-sesli-kose-yazisi-dinle-276430 HTTP/1.1" 302 219 "-" "Mozilla/5.0 (compatible; SERankingBacklinksBot/1.0; +https://seranking.com/backlinks-crawler)"
65.109.100.157 - - [25/Jun/2026:15:12:16 +0300] "GET /haber/mehmet-y-yilmaz-sacmalamaya-doymuyor-23-eylul-2021-sesli-kose-yazisi-dinle-276430 HTTP/1.1" 302 219 "-" "Mozilla/5.0 (compatible; SERankingBacklinksBot/1.0; +https://seranking.com/backlinks-crawler)"
45.134.151.117 - - [25/Jun/2026:15:12:17 +0300] "GET / HTTP/1.1" 200 17238 "-" "Mozilla/5.0 (Windows NT 10.0; Win64; x64) AppleWebKit/537.36 (KHTML, like Gecko) Chrome/140.0.0.0 Safari/537.36"
65.109.100.157 - - [25/Jun/2026:15:12:20 +0300] "GET /haber/mehmet-y-yilmaz-siyaset-sadece-politikacilarin-isi-degil-13-agustos-2021-sesli-kose-yazisi-dinle-140635 HTTP/1.1" 302 219 "-" "Mozilla/5.0 (compatible; SERankingBacklinksBot/1.0; +https://seranking.com/backlinks-crawler)"
65.109.100.157 - - [25/Jun/2026:15:12:20 +0300] "GET /haberler/mehmet-y-yilmaz-siyaset-sadece-politikacilarin-isi-degil-13-agustos-2021-sesli-kose-yazisi-dinle-140635 HTTP/1.1" 301 795 "-" "Mozilla/5.0 (compatible; SERankingBacklinksBot/1.0; +https://seranking.com/backlinks-crawler)"
65.109.100.157 - - [25/Jun/2026:15:12:20 +0300] "GET /haber/mehmet-y-yilmaz-siyaset-sadece-politikacilarin-isi-degil-13-agustos-2021-sesli-kose-yazisi-dinle-140635 HTTP/1.1" 302 219 "-" "Mozilla/5.0 (compatible; SERankingBacklinksBot/1.0; +https://seranking.com/backlinks-crawler)"
65.109.100.157 - - [25/Jun/2026:15:12:20 +0300] "GET /404 HTTP/1.1" 302 215 "-" "Mozilla/5.0 (compatible; SERankingBacklinksBot/1.0; +https://seranking.com/backlinks-crawler)"
3.209.174.110 - - [25/Jun/2026:15:12:23 +0300] "GET /haber/donbass-operasyonu-zaporizhzhya-nukleer-santralinde-yangin-499266 HTTP/1.1" 200 13872 "-" "Mozilla/5.0 AppleWebKit/537.36 (KHTML, like Gecko; compatible; Amazonbot/0.1; +https://developer.amazon.com/support/amazonbot) Chrome/119.0.6045.214 Safari/537.36"
65.109.100.157 - - [25/Jun/2026:15:12:23 +0300] "GET /haberler/mehmet-y-yilmaz-toplumsal-dayanismadan-odu-kopuyor-9-agustos-2021-sesli-kose-yazisi-dinle-121909 HTTP/1.1" 301 795 "-" "Mozilla/5.0 (compatible; SERankingBacklinksBot/1.0; +https://seranking.com/backlinks-crawler)"
65.109.100.157 - - [25/Jun/2026:15:12:24 +0300] "GET /haberler/mehmet-y-yilmaz-toplumsal-dayanismadan-odu-kopuyor-9-agustos-2021-sesli-kose-yazisi-dinle-121909 HTTP/1.1" 301 795 "-" "Mozilla/5.0 (compatible; SERankingBacklinksBot/1.0; +https://seranking.com/backlinks-crawler)"
65.109.100.157 - - [25/Jun/2026:15:12:24 +0300] "GET / HTTP/1.1" 200 17226 "-" "Mozilla/5.0 (compatible; SERankingBacklinksBot/1.0; +https://seranking.com/backlinks-crawler)"
62.244.225.226 - - [25/Jun/2026:15:12:27 +0300] "GET /rss/haber-feed.xml HTTP/1.1" 200 196772 "https://yeniistiklal.com/rss/haber-feed.xml" "Mozilla/5.0 (Windows NT 10.0; WOW64) AppleWebKit/537.36 (KHTML, like Gecko) Chrome/45.0.2454.85 Safari/537.36"
65.109.100.157 - - [25/Jun/2026:15:12:27 +0300] "GET /haberler/mehmet-y-yilmaz-trolleri-evlerine-yollayarak-baslayin-2-eylul-2021-sesli-kose-yazisi-dinle-225762 HTTP/1.1" 301 795 "-" "Mozilla/5.0 (compatible; SERankingBacklinksBot/1.0; +https://seranking.com/backlinks-crawler)"
65.109.100.157 - - [25/Jun/2026:15:12:27 +0300] "GET /haberler/mehmet-y-yilmaz-trolleri-evlerine-yollayarak-baslayin-2-eylul-2021-sesli-kose-yazisi-dinle-225762 HTTP/1.1" 301 795 "-" "Mozilla/5.0 (compatible; SERankingBacklinksBot/1.0; +https://seranking.com/backlinks-crawler)"
65.109.100.157 - - [25/Jun/2026:15:12:28 +0300] "GET /haber/mehmet-y-yilmaz-trolleri-evlerine-yollayarak-baslayin-2-eylul-2021-sesli-kose-yazisi-dinle-225762 HTTP/1.1" 302 219 "-" "Mozilla/5.0 (compatible; SERankingBacklinksBot/1.0; +https://seranking.com/backlinks-crawler)"
66.249.66.195 - - [25/Jun/2026:15:12:28 +0300] "GET /tag/yanginda HTTP/1.1" 302 219 "-" "Mozilla/5.0 (Linux; Android 6.0.1; Nexus 5X Build/MMB29P) AppleWebKit/537.36 (KHTML, like Gecko) Chrome/148.0.7778.96 Mobile Safari/537.36 (compatible; Googlebot/2.1; +http://www.google.com/bot.html)"
52.204.37.237 - - [25/Jun/2026:15:12:31 +0300] "GET /public/haber/eutfde-yeni-donem-mezunlari-saglik-sektorune-ugurlandi-526076 HTTP/1.1" 200 15173 "-" "Mozilla/5.0 AppleWebKit/537.36 (KHTML, like Gecko; compatible; Amazonbot/0.1; +https://developer.amazon.com/support/amazonbot) Chrome/119.0.6045.214 Safari/537.36"
44.221.180.179 - - [25/Jun/2026:15:12:32 +0300] "GET /public/index.php/images/haberler/2022/10/azerbaycandan-igf-genel-baskani-mesut-demire-zafer-medya-madalyasi-BNrZ9Gas.jpg) HTTP/1.1" 302 238 "-" "Mozilla/5.0 AppleWebKit/537.36 (KHTML, like Gecko; compatible; Amazonbot/0.1; +https://developer.amazon.com/support/amazonbot) Chrome/119.0.6045.214 Safari/537.36"
185.191.171.19 - - [25/Jun/2026:15:12:32 +0300] "GET /public/index.php/haber/kktc-ercan-havalimani-hizmete-giriyor-550015 HTTP/1.1" 200 13300 "-" "Mozilla/5.0 (compatible; SemrushBot/7~bl; +http://www.semrush.com/bot.html)"
65.109.100.157 - - [25/Jun/2026:15:12:32 +0300] "GET /haber/mehmet-y-yilmaz-turkiyede-iyi-seyler-de-oluyor-18-agustos-2021-sesli-kose-yazisi-dinle-163474 HTTP/1.1" 302 219 "-" "Mozilla/5.0 (compatible; SERankingBacklinksBot/1.0; +https://seranking.com/backlinks-crawler)"
65.109.100.157 - - [25/Jun/2026:15:12:32 +0300] "GET /404 HTTP/1.1" 302 215 "-" "Mozilla/5.0 (compatible; SERankingBacklinksBot/1.0; +https://seranking.com/backlinks-crawler)"
65.109.100.157 - - [25/Jun/2026:15:12:32 +0300] "GET / HTTP/1.1" 200 17235 "-" "Mozilla/5.0 (compatible; SERankingBacklinksBot/1.0; +https://seranking.com/backlinks-crawler)"
85.208.96.206 - - [25/Jun/2026:15:12:32 +0300] "GET /haber/erhan-aksayda-final-belli-oldu-528564 HTTP/1.1" 200 13668 "-" "Mozilla/5.0 (compatible; SemrushBot/7~bl; +http://www.semrush.com/bot.html)"
54.38.147.234 - - [25/Jun/2026:15:12:33 +0300] "GET /public/haber/3d-yazici-filament-cesitlerinin-yeni-adresi-filamentsancom-551891 HTTP/1.1" 200 13658 "-" "Mozilla/5.0 (compatible; AhrefsBot/7.0; +http://ahrefs.com/robot/)"
85.208.96.201 - - [25/Jun/2026:15:12:35 +0300] "GET /haber/gul-ucucu-yagi-faydalari-ve-kullanimi-551996 HTTP/1.1" 200 16617 "-" "Mozilla/5.0 (compatible; SemrushBot/7~bl; +http://www.semrush.com/bot.html)"
47.128.123.87 - - [25/Jun/2026:15:12:36 +0300] "GET /haber/bolusinopbilecik-turkiyenin-en-mutlu-sehrileri-550703 HTTP/1.1" 200 13176 "-" "Mozilla/5.0 (compatible; Bytespider; spider-feedback@bytedance.com) AppleWebKit/537.36 (KHTML, like Gecko) Chrome/70.0.0.0 Safari/537.36"
62.244.225.226 - - [25/Jun/2026:15:12:22 +0300] "GET /googlenews.xml HTTP/1.1" 200 938069 "https://yeniistiklal.com/googlenews.xml" "Mozilla/5.0 (Windows NT 6.3; WOW64) AppleWebKit/537.36 (KHTML, like Gecko) Chrome/45.0.2454.85 Safari/537.36"
65.109.100.157 - - [25/Jun/2026:15:12:24 +0300] "GET /haber/mehmet-y-yilmaz-toplumsal-dayanismadan-odu-kopuyor-9-agustos-2021-sesli-kose-yazisi-dinle-121909 HTTP/1.1" 302 219 "-" "Mozilla/5.0 (compatible; SERankingBacklinksBot/1.0; +https://seranking.com/backlinks-crawler)"
65.109.100.157 - - [25/Jun/2026:15:12:24 +0300] "GET /404 HTTP/1.1" 302 215 "-" "Mozilla/5.0 (compatible; SERankingBacklinksBot/1.0; +https://seranking.com/backlinks-crawler)"
143.14.151.236 - - [25/Jun/2026:15:12:26 +0300] "GET /images/haberler/2022/07/kurban-bayraminda-en-sik-yapilan-7-hata-F3CReieA.jpg HTTP/1.1" 302 219 "https://yeniistiklal.com/" "Mozilla/5.0 (Windows NT 10.0; Win64; x64) AppleWebKit/537.36 (KHTML, like Gecko) Chrome/104.0.5112.81 Safari/537.36"
143.14.151.236 - - [25/Jun/2026:15:12:26 +0300] "GET /404 HTTP/1.1" 302 215 "https://yeniistiklal.com/" "Mozilla/5.0 (Windows NT 10.0; Win64; x64) AppleWebKit/537.36 (KHTML, like Gecko) Chrome/104.0.5112.81 Safari/537.36"
143.14.151.236 - - [25/Jun/2026:15:12:27 +0300] "GET / HTTP/1.1" 200 17241 "https://yeniistiklal.com/" "Mozilla/5.0 (Windows NT 10.0; Win64; x64) AppleWebKit/537.36 (KHTML, like Gecko) Chrome/104.0.5112.81 Safari/537.36"
65.109.100.157 - - [25/Jun/2026:15:12:27 +0300] "GET /haber/mehmet-y-yilmaz-trolleri-evlerine-yollayarak-baslayin-2-eylul-2021-sesli-kose-yazisi-dinle-225762 HTTP/1.1" 302 219 "-" "Mozilla/5.0 (compatible; SERankingBacklinksBot/1.0; +https://seranking.com/backlinks-crawler)"
65.109.100.157 - - [25/Jun/2026:15:12:28 +0300] "GET /404 HTTP/1.1" 302 215 "-" "Mozilla/5.0 (compatible; SERankingBacklinksBot/1.0; +https://seranking.com/backlinks-crawler)"
65.109.100.157 - - [25/Jun/2026:15:12:28 +0300] "GET / HTTP/1.1" 200 17241 "-" "Mozilla/5.0 (compatible; SERankingBacklinksBot/1.0; +https://seranking.com/backlinks-crawler)"
185.191.171.10 - - [25/Jun/2026:15:12:30 +0300] "GET /haber/son-dakika-bakan-donmezden-kademeli-elektrik-tarifesi-aciklamasi-477816 HTTP/1.1" 200 13408 "-" "Mozilla/5.0 (compatible; SemrushBot/7~bl; +http://www.semrush.com/bot.html)"
107.20.255.194 - - [25/Jun/2026:15:12:31 +0300] "GET /images/haberler/2022/03/donbass-operasyonu-zaporizhzhya-nukleer-santralinde-yangin-8P43guqQ.jpg HTTP/1.1" 302 224 "-" "Mozilla/5.0 AppleWebKit/537.36 (KHTML, like Gecko; compatible; Amazonbot/0.1; +https://developer.amazon.com/support/amazonbot) Chrome/119.0.6045.214 Safari/537.36"
65.109.100.157 - - [25/Jun/2026:15:12:31 +0300] "GET /haberler/mehmet-y-yilmaz-turkiyede-iyi-seyler-de-oluyor-18-agustos-2021-sesli-kose-yazisi-dinle-163474 HTTP/1.1" 301 795 "-" "Mozilla/5.0 (compatible; SERankingBacklinksBot/1.0; +https://seranking.com/backlinks-crawler)"
65.109.100.157 - - [25/Jun/2026:15:12:32 +0300] "GET /haber/mehmet-y-yilmaz-turkiyede-iyi-seyler-de-oluyor-18-agustos-2021-sesli-kose-yazisi-dinle-163474 HTTP/1.1" 302 219 "-" "Mozilla/5.0 (compatible; SERankingBacklinksBot/1.0; +https://seranking.com/backlinks-crawler)"
65.109.100.157 - - [25/Jun/2026:15:12:32 +0300] "GET /haberler/mehmet-y-yilmaz-turkiyede-iyi-seyler-de-oluyor-18-agustos-2021-sesli-kose-yazisi-dinle-163474 HTTP/1.1" 301 795 "-" "Mozilla/5.0 (compatible; SERankingBacklinksBot/1.0; +https://seranking.com/backlinks-crawler)"
65.109.100.157 - - [25/Jun/2026:15:12:35 +0300] "GET /haberler/mehmetcik-afganistanda-700-aileye-kurban-eti-dagitti-48320 HTTP/1.1" 301 795 "-" "Mozilla/5.0 (compatible; SERankingBacklinksBot/1.0; +https://seranking.com/backlinks-crawler)"
65.109.100.157 - - [25/Jun/2026:15:12:36 +0300] "GET /haberler/mehmetcik-afganistanda-700-aileye-kurban-eti-dagitti-48320 HTTP/1.1" 301 795 "-" "Mozilla/5.0 (compatible; SERankingBacklinksBot/1.0; +https://seranking.com/backlinks-crawler)"
65.109.100.157 - - [25/Jun/2026:15:12:36 +0300] "GET /haber/mehmetcik-afganistanda-700-aileye-kurban-eti-dagitti-48320 HTTP/1.1" 302 219 "-" "Mozilla/5.0 (compatible; SERankingBacklinksBot/1.0; +https://seranking.com/backlinks-crawler)"
65.109.100.157 - - [25/Jun/2026:15:12:36 +0300] "GET /404 HTTP/1.1" 302 215 "-" "Mozilla/5.0 (compatible; SERankingBacklinksBot/1.0; +https://seranking.com/backlinks-crawler)"
47.128.123.87 - - [25/Jun/2026:15:12:37 +0300] "GET /images/haberler/2024/01/bolusinopbilecik-turkiyenin-en-mutlu-sehrileri-1706098426.png HTTP/1.1" 302 219 "https://yeniistiklal.com/haber/bolusinopbilecik-turkiyenin-en-mutlu-sehrileri-550703" "Mozilla/5.0 (compatible; Bytespider; spider-feedback@bytedance.com) AppleWebKit/537.36 (KHTML, like Gecko) Chrome/70.0.0.0 Safari/537.36"
47.128.123.87 - - [25/Jun/2026:15:12:37 +0300] "GET /hava-durumu/ajax?sehir_isim=6 HTTP/1.1" 200 77 "https://yeniistiklal.com/haber/bolusinopbilecik-turkiyenin-en-mutlu-sehrileri-550703" "Mozilla/5.0 (compatible; Bytespider; spider-feedback@bytedance.com) AppleWebKit/537.36 (KHTML, like Gecko) Chrome/70.0.0.0 Safari/537.36"
47.128.123.87 - - [25/Jun/2026:15:12:37 +0300] "GET /404 HTTP/1.1" 302 215 "https://yeniistiklal.com/haber/bolusinopbilecik-turkiyenin-en-mutlu-sehrileri-550703" "Mozilla/5.0 (compatible; Bytespider; spider-feedback@bytedance.com) AppleWebKit/537.36 (KHTML, like Gecko) Chrome/70.0.0.0 Safari/537.36"
47.128.123.87 - - [25/Jun/2026:15:12:38 +0300] "GET / HTTP/1.1" 200 17229 "https://yeniistiklal.com/haber/bolusinopbilecik-turkiyenin-en-mutlu-sehrileri-550703" "Mozilla/5.0 (compatible; Bytespider; spider-feedback@bytedance.com) AppleWebKit/537.36 (KHTML, like Gecko) Chrome/70.0.0.0 Safari/537.36"
31.40.198.2 - - [25/Jun/2026:15:12:38 +0300] "GET /rss/magazin-5 HTTP/1.1" 200 76787 "-" "Mozilla/5.0 (iPhone; CPU iPhone OS 11_0 like Mac OS X) AppleWebKit/537.36 (KHTML, like Gecko) Chrome/56.0.7090.120 Mobile Safari/537.36"
65.109.100.157 - - [25/Jun/2026:15:12:39 +0300] "GET /haberler/mehmetcik-afganistandan-donuyor-198671 HTTP/1.1" 301 795 "-" "Mozilla/5.0 (compatible; SERankingBacklinksBot/1.0; +https://seranking.com/backlinks-crawler)"
65.109.100.157 - - [25/Jun/2026:15:12:39 +0300] "GET /haber/mehmetcik-afganistandan-donuyor-198671 HTTP/1.1" 302 219 "-" "Mozilla/5.0 (compatible; SERankingBacklinksBot/1.0; +https://seranking.com/backlinks-crawler)"
65.109.100.157 - - [25/Jun/2026:15:12:40 +0300] "GET /404 HTTP/1.1" 302 215 "-" "Mozilla/5.0 (compatible; SERankingBacklinksBot/1.0; +https://seranking.com/backlinks-crawler)"
65.109.100.157 - - [25/Jun/2026:15:12:40 +0300] "GET / HTTP/1.1" 200 17236 "-" "Mozilla/5.0 (compatible; SERankingBacklinksBot/1.0; +https://seranking.com/backlinks-crawler)"
63.35.115.255 - - [25/Jun/2026:15:12:43 +0300] "GET /category/saglik/feed HTTP/1.1" 301 795 "-" "Mozilla/5.0 (compatible; Squidbot/1.0)"
62.244.225.226 - - [25/Jun/2026:15:12:43 +0300] "GET /sitemap.xml?type=news HTTP/1.1" 200 201 "https://yeniistiklal.com/sitemap.xml?type=news" "Mozilla/5.0 (Windows NT 10.0; WOW64) AppleWebKit/537.36 (KHTML, like Gecko) Chrome/45.0.2454.85 Safari/537.36"
65.109.100.157 - - [25/Jun/2026:15:12:43 +0300] "GET /haberler/mehmetcik-bozkurtta-kopru-kuruyor-151319 HTTP/1.1" 301 795 "-" "Mozilla/5.0 (compatible; SERankingBacklinksBot/1.0; +https://seranking.com/backlinks-crawler)"
65.109.100.157 - - [25/Jun/2026:15:12:43 +0300] "GET /haberler/mehmetcik-bozkurtta-kopru-kuruyor-151319 HTTP/1.1" 301 795 "-" "Mozilla/5.0 (compatible; SERankingBacklinksBot/1.0; +https://seranking.com/backlinks-crawler)"
185.191.171.18 - - [25/Jun/2026:15:12:44 +0300] "GET /haber/burhaniye-belediyespor-transferlere-basladi-522956 HTTP/1.1" 200 14170 "-" "Mozilla/5.0 (compatible; SemrushBot/7~bl; +http://www.semrush.com/bot.html)"
65.109.100.157 - - [25/Jun/2026:15:12:44 +0300] "GET / HTTP/1.1" 200 17236 "-" "Mozilla/5.0 (compatible; SERankingBacklinksBot/1.0; +https://seranking.com/backlinks-crawler)"
157.55.39.52 - - [25/Jun/2026:15:12:36 +0300] "GET /images/haberler/2022/02/kubra-ecenin-son-goruntuleri-ortaya-cikti-balkona-kosuyor-ve-M3aYzjOv.jpg HTTP/1.1" 302 219 "-" "Mozilla/5.0 AppleWebKit/537.36 (KHTML, like Gecko; compatible; bingbot/2.0; +http://www.bing.com/bingbot.htm) Chrome/116.0.1938.76 Safari/537.36"
65.109.100.157 - - [25/Jun/2026:15:12:36 +0300] "GET / HTTP/1.1" 200 17242 "-" "Mozilla/5.0 (compatible; SERankingBacklinksBot/1.0; +https://seranking.com/backlinks-crawler)"
157.55.39.52 - - [25/Jun/2026:15:12:37 +0300] "GET /404 HTTP/1.1" 302 215 "-" "Mozilla/5.0 AppleWebKit/537.36 (KHTML, like Gecko; compatible; bingbot/2.0; +http://www.bing.com/bingbot.htm) Chrome/116.0.1938.76 Safari/537.36"
62.244.225.226 - - [25/Jun/2026:15:12:37 +0300] "GET /sitemap.xml HTTP/1.1" 200 201 "https://yeniistiklal.com/sitemap.xml" "Mozilla/5.0 (Windows NT 6.1; WOW64) AppleWebKit/537.36 (KHTML, like Gecko) Chrome/45.0.2454.85 Safari/537.36"
157.55.39.52 - - [25/Jun/2026:15:12:38 +0300] "GET / HTTP/1.1" 200 17239 "-" "Mozilla/5.0 AppleWebKit/537.36 (KHTML, like Gecko; compatible; bingbot/2.0; +http://www.bing.com/bingbot.htm) Chrome/116.0.1938.76 Safari/537.36"
65.109.100.157 - - [25/Jun/2026:15:12:39 +0300] "GET /haberler/mehmetcik-afganistandan-donuyor-198671 HTTP/1.1" 301 795 "-" "Mozilla/5.0 (compatible; SERankingBacklinksBot/1.0; +https://seranking.com/backlinks-crawler)"
65.109.100.157 - - [25/Jun/2026:15:12:40 +0300] "GET /haber/mehmetcik-afganistandan-donuyor-198671 HTTP/1.1" 302 219 "-" "Mozilla/5.0 (compatible; SERankingBacklinksBot/1.0; +https://seranking.com/backlinks-crawler)"
213.180.203.244 - - [25/Jun/2026:15:12:39 +0300] "GET /rss/genel-0 HTTP/1.1" 200 196772 "-" "Mozilla/5.0 (compatible; YandexBot/3.0; +http://yandex.com/bots)"
65.109.100.157 - - [25/Jun/2026:15:12:43 +0300] "GET /haber/mehmetcik-bozkurtta-kopru-kuruyor-151319 HTTP/1.1" 302 219 "-" "Mozilla/5.0 (compatible; SERankingBacklinksBot/1.0; +https://seranking.com/backlinks-crawler)"
65.109.100.157 - - [25/Jun/2026:15:12:44 +0300] "GET /haber/mehmetcik-bozkurtta-kopru-kuruyor-151319 HTTP/1.1" 302 219 "-" "Mozilla/5.0 (compatible; SERankingBacklinksBot/1.0; +https://seranking.com/backlinks-crawler)"
65.109.100.157 - - [25/Jun/2026:15:12:44 +0300] "GET /404 HTTP/1.1" 302 215 "-" "Mozilla/5.0 (compatible; SERankingBacklinksBot/1.0; +https://seranking.com/backlinks-crawler)"
202.46.62.52 - - [25/Jun/2026:15:12:47 +0300] "GET /public/images/haberler/2026/05/bobin-fiyat-rehberi-r8-bobin-nedir-hangi-araciniz-icin-uygundur-1778685514.jpeg HTTP/1.1" 200 29312 "-" "Mozilla/5.0 (Windows NT 10.0; Win64; x64) AppleWebKit/537.36 (KHTML, like Gecko) Chrome/133.0.6943.141 Safari/537.36"
65.109.100.157 - - [25/Jun/2026:15:12:47 +0300] "GET /haberler/mehmetcik-sel-bolgesinde-bayrak-sevgisini-bir-kez-daha-gosterdi-179704 HTTP/1.1" 301 795 "-" "Mozilla/5.0 (compatible; SERankingBacklinksBot/1.0; +https://seranking.com/backlinks-crawler)"
65.109.100.157 - - [25/Jun/2026:15:12:47 +0300] "GET /haber/mehmetcik-sel-bolgesinde-bayrak-sevgisini-bir-kez-daha-gosterdi-179704 HTTP/1.1" 302 219 "-" "Mozilla/5.0 (compatible; SERankingBacklinksBot/1.0; +https://seranking.com/backlinks-crawler)"
65.109.100.157 - - [25/Jun/2026:15:12:48 +0300] "GET /404 HTTP/1.1" 302 215 "-" "Mozilla/5.0 (compatible; SERankingBacklinksBot/1.0; +https://seranking.com/backlinks-crawler)"
65.109.100.157 - - [25/Jun/2026:15:12:48 +0300] "GET / HTTP/1.1" 200 17228 "-" "Mozilla/5.0 (compatible; SERankingBacklinksBot/1.0; +https://seranking.com/backlinks-crawler)"
154.217.202.109 - - [25/Jun/2026:15:12:49 +0300] "GET /images/haberler/2022/07/tgdden-24-temmuz-basin-bayrami-aciklamasi-QWAV3IxQ.jpg HTTP/1.1" 302 219 "-" "Mozilla/5.0 (compatible; crawler)"
154.217.202.109 - - [25/Jun/2026:15:12:49 +0300] "GET /404 HTTP/1.1" 302 215 "-" "Mozilla/5.0 (compatible; crawler)"
65.109.100.157 - - [25/Jun/2026:15:12:51 +0300] "GET /haberler/mehtap-bayri-ormanlari-yakanlari-unutmayalim-110789 HTTP/1.1" 301 795 "-" "Mozilla/5.0 (compatible; SERankingBacklinksBot/1.0; +https://seranking.com/backlinks-crawler)"
65.109.100.157 - - [25/Jun/2026:15:12:48 +0300] "GET /haberler/mehmetcik-sel-bolgesinde-bayrak-sevgisini-bir-kez-daha-gosterdi-179704 HTTP/1.1" 301 795 "-" "Mozilla/5.0 (compatible; SERankingBacklinksBot/1.0; +https://seranking.com/backlinks-crawler)"
65.109.100.157 - - [25/Jun/2026:15:12:48 +0300] "GET /haber/mehmetcik-sel-bolgesinde-bayrak-sevgisini-bir-kez-daha-gosterdi-179704 HTTP/1.1" 302 219 "-" "Mozilla/5.0 (compatible; SERankingBacklinksBot/1.0; +https://seranking.com/backlinks-crawler)"
63.35.115.255 - - [25/Jun/2026:15:12:48 +0300] "GET /rss/saglik-13 HTTP/1.1" 200 161576 "-" "Mozilla/5.0 (compatible; Squidbot/1.0)"
154.217.202.109 - - [25/Jun/2026:15:12:50 +0300] "GET / HTTP/1.1" 200 17235 "-" "Mozilla/5.0 (compatible; crawler)"
65.109.100.157 - - [25/Jun/2026:15:12:52 +0300] "GET /haber/mehtap-bayri-ormanlari-yakanlari-unutmayalim-110789 HTTP/1.1" 302 219 "-" "Mozilla/5.0 (compatible; SERankingBacklinksBot/1.0; +https://seranking.com/backlinks-crawler)"
65.109.100.157 - - [25/Jun/2026:15:12:52 +0300] "GET /haber/mehtap-bayri-ormanlari-yakanlari-unutmayalim-110789 HTTP/1.1" 302 219 "-" "Mozilla/5.0 (compatible; SERankingBacklinksBot/1.0; +https://seranking.com/backlinks-crawler)"
65.109.100.157 - - [25/Jun/2026:15:12:52 +0300] "GET / HTTP/1.1" 200 17237 "-" "Mozilla/5.0 (compatible; SERankingBacklinksBot/1.0; +https://seranking.com/backlinks-crawler)"
47.128.16.126 - - [25/Jun/2026:15:12:55 +0300] "GET /haber/bolusinopbilecik-turkiyenin-en-mutlu-sehrileri-550703 HTTP/1.1" 200 13173 "-" "Mozilla/5.0 (Linux; Android 5.0) AppleWebKit/537.36 (KHTML, like Gecko) Mobile Safari/537.36 (compatible; TikTokSpider; ttspider-feedback@tiktok.com)"
65.109.100.157 - - [25/Jun/2026:15:12:55 +0300] "GET /haberler/meksika-aciklarinda-5-6-buyuklugunde-deprem-277949 HTTP/1.1" 301 795 "-" "Mozilla/5.0 (compatible; SERankingBacklinksBot/1.0; +https://seranking.com/backlinks-crawler)"
65.109.100.157 - - [25/Jun/2026:15:12:56 +0300] "GET /haberler/meksika-aciklarinda-5-6-buyuklugunde-deprem-277949 HTTP/1.1" 301 795 "-" "Mozilla/5.0 (compatible; SERankingBacklinksBot/1.0; +https://seranking.com/backlinks-crawler)"
65.109.100.157 - - [25/Jun/2026:15:12:56 +0300] "GET /haber/meksika-aciklarinda-5-6-buyuklugunde-deprem-277949 HTTP/1.1" 302 219 "-" "Mozilla/5.0 (compatible; SERankingBacklinksBot/1.0; +https://seranking.com/backlinks-crawler)"
47.128.16.126 - - [25/Jun/2026:15:12:56 +0300] "GET /404 HTTP/1.1" 302 215 "https://yeniistiklal.com/haber/bolusinopbilecik-turkiyenin-en-mutlu-sehrileri-550703" "Mozilla/5.0 (Linux; Android 5.0) AppleWebKit/537.36 (KHTML, like Gecko) Mobile Safari/537.36 (compatible; TikTokSpider; ttspider-feedback@tiktok.com)"
47.128.16.126 - - [25/Jun/2026:15:12:56 +0300] "GET / HTTP/1.1" 200 17234 "https://yeniistiklal.com/haber/bolusinopbilecik-turkiyenin-en-mutlu-sehrileri-550703" "Mozilla/5.0 (Linux; Android 5.0) AppleWebKit/537.36 (KHTML, like Gecko) Mobile Safari/537.36 (compatible; TikTokSpider; ttspider-feedback@tiktok.com)"
65.109.100.157 - - [25/Jun/2026:15:13:00 +0300] "GET /haberler/meksika-devlet-baskani-obradordan-kubaya-destek-aciklamasi-asi-ilac-gida-saglanmasini-destekleyebiliriz-24099 HTTP/1.1" 301 795 "-" "Mozilla/5.0 (compatible; SERankingBacklinksBot/1.0; +https://seranking.com/backlinks-crawler)"
65.109.100.157 - - [25/Jun/2026:15:13:00 +0300] "GET /haber/meksika-devlet-baskani-obradordan-kubaya-destek-aciklamasi-asi-ilac-gida-saglanmasini-destekleyebiliriz-24099 HTTP/1.1" 302 219 "-" "Mozilla/5.0 (compatible; SERankingBacklinksBot/1.0; +https://seranking.com/backlinks-crawler)"
65.109.100.157 - - [25/Jun/2026:15:13:00 +0300] "GET /haberler/meksika-devlet-baskani-obradordan-kubaya-destek-aciklamasi-asi-ilac-gida-saglanmasini-destekleyebiliriz-24099 HTTP/1.1" 301 795 "-" "Mozilla/5.0 (compatible; SERankingBacklinksBot/1.0; +https://seranking.com/backlinks-crawler)"
95.108.213.188 - - [25/Jun/2026:15:13:01 +0300] "GET /rss/genel-0 HTTP/1.1" 200 196772 "-" "Mozilla/5.0 (compatible; YandexBot/3.0; +http://yandex.com/bots)"
65.109.100.157 - - [25/Jun/2026:15:12:52 +0300] "GET /haberler/mehtap-bayri-ormanlari-yakanlari-unutmayalim-110789 HTTP/1.1" 301 795 "-" "Mozilla/5.0 (compatible; SERankingBacklinksBot/1.0; +https://seranking.com/backlinks-crawler)"
65.109.100.157 - - [25/Jun/2026:15:12:52 +0300] "GET /404 HTTP/1.1" 302 215 "-" "Mozilla/5.0 (compatible; SERankingBacklinksBot/1.0; +https://seranking.com/backlinks-crawler)"
65.109.100.157 - - [25/Jun/2026:15:12:55 +0300] "GET /haber/meksika-aciklarinda-5-6-buyuklugunde-deprem-277949 HTTP/1.1" 302 219 "-" "Mozilla/5.0 (compatible; SERankingBacklinksBot/1.0; +https://seranking.com/backlinks-crawler)"
47.128.16.126 - - [25/Jun/2026:15:12:56 +0300] "GET /images/haberler/2024/01/bolusinopbilecik-turkiyenin-en-mutlu-sehrileri-1706098426.png HTTP/1.1" 302 219 "https://yeniistiklal.com/haber/bolusinopbilecik-turkiyenin-en-mutlu-sehrileri-550703" "Mozilla/5.0 (Linux; Android 5.0) AppleWebKit/537.36 (KHTML, like Gecko) Mobile Safari/537.36 (compatible; TikTokSpider; ttspider-feedback@tiktok.com)"
65.109.100.157 - - [25/Jun/2026:15:12:56 +0300] "GET /404 HTTP/1.1" 302 215 "-" "Mozilla/5.0 (compatible; SERankingBacklinksBot/1.0; +https://seranking.com/backlinks-crawler)"
65.109.100.157 - - [25/Jun/2026:15:12:56 +0300] "GET / HTTP/1.1" 200 17236 "-" "Mozilla/5.0 (compatible; SERankingBacklinksBot/1.0; +https://seranking.com/backlinks-crawler)"
65.109.100.157 - - [25/Jun/2026:15:13:00 +0300] "GET /haber/meksika-devlet-baskani-obradordan-kubaya-destek-aciklamasi-asi-ilac-gida-saglanmasini-destekleyebiliriz-24099 HTTP/1.1" 302 219 "-" "Mozilla/5.0 (compatible; SERankingBacklinksBot/1.0; +https://seranking.com/backlinks-crawler)"
65.109.100.157 - - [25/Jun/2026:15:13:00 +0300] "GET /404 HTTP/1.1" 302 215 "-" "Mozilla/5.0 (compatible; SERankingBacklinksBot/1.0; +https://seranking.com/backlinks-crawler)"
65.109.100.157 - - [25/Jun/2026:15:13:00 +0300] "GET / HTTP/1.1" 200 17235 "-" "Mozilla/5.0 (compatible; SERankingBacklinksBot/1.0; +https://seranking.com/backlinks-crawler)"
65.109.100.157 - - [25/Jun/2026:15:13:04 +0300] "GET /haberler/meksika-hava-durumu-354789 HTTP/1.1" 301 795 "-" "Mozilla/5.0 (compatible; SERankingBacklinksBot/1.0; +https://seranking.com/backlinks-crawler)"
65.109.100.157 - - [25/Jun/2026:15:13:04 +0300] "GET /haber/meksika-hava-durumu-354789 HTTP/1.1" 302 219 "-" "Mozilla/5.0 (compatible; SERankingBacklinksBot/1.0; +https://seranking.com/backlinks-crawler)"
185.191.171.9 - - [25/Jun/2026:15:13:04 +0300] "GET /haber/bmw-bmwi-sahiplerine-otomobillerinin-garantisini-yuzde-40-indirimle-3-yil-uzatma-firsati-509635 HTTP/1.1" 200 13969 "-" "Mozilla/5.0 (compatible; SemrushBot/7~bl; +http://www.semrush.com/bot.html)"
202.46.62.58 - - [25/Jun/2026:15:13:07 +0300] "GET /public/index.php/assets/frontend/tema9/images/print.png HTTP/1.1" 302 238 "https://www.yeniistiklal.com/public/index.php/haber/bursa-orhangazide-zeytinde-verimi-artiracak-budama-etkinligi-510080" "Mozilla/5.0 (Windows NT 10.0; Win64; x64) AppleWebKit/537.36 (KHTML, like Gecko) Chrome/133.0.6943.141 Safari/537.36"
202.46.62.2 - - [25/Jun/2026:15:13:07 +0300] "GET /public/index.php/assets/frontend/tema9/images/a-decrease.png HTTP/1.1" 302 238 "https://www.yeniistiklal.com/public/index.php/haber/bursa-orhangazide-zeytinde-verimi-artiracak-budama-etkinligi-510080" "Mozilla/5.0 (Windows NT 10.0; Win64; x64) AppleWebKit/537.36 (KHTML, like Gecko) Chrome/133.0.6943.141 Safari/537.36"
202.46.62.59 - - [25/Jun/2026:15:13:07 +0300] "GET /public/index.php/images/tn/2026/06/azerbaycan-tip-yok-denklik-sartlari-2026-turkiyede-gecerlilik-rehberi-1782368718.jpeg HTTP/1.1" 302 238 "https://www.yeniistiklal.com/public/index.php/haber/bursa-orhangazide-zeytinde-verimi-artiracak-budama-etkinligi-510080" "Mozilla/5.0 (Windows NT 10.0; Win64; x64) AppleWebKit/537.36 (KHTML, like Gecko) Chrome/133.0.6943.141 Safari/537.36"
65.109.100.157 - - [25/Jun/2026:15:13:04 +0300] "GET /haberler/meksika-hava-durumu-354789 HTTP/1.1" 301 795 "-" "Mozilla/5.0 (compatible; SERankingBacklinksBot/1.0; +https://seranking.com/backlinks-crawler)"
65.109.100.157 - - [25/Jun/2026:15:13:04 +0300] "GET /haber/meksika-hava-durumu-354789 HTTP/1.1" 302 219 "-" "Mozilla/5.0 (compatible; SERankingBacklinksBot/1.0; +https://seranking.com/backlinks-crawler)"
65.109.100.157 - - [25/Jun/2026:15:13:04 +0300] "GET /404 HTTP/1.1" 302 215 "-" "Mozilla/5.0 (compatible; SERankingBacklinksBot/1.0; +https://seranking.com/backlinks-crawler)"
65.109.100.157 - - [25/Jun/2026:15:13:04 +0300] "GET / HTTP/1.1" 200 17228 "-" "Mozilla/5.0 (compatible; SERankingBacklinksBot/1.0; +https://seranking.com/backlinks-crawler)"
202.46.62.72 - - [25/Jun/2026:15:13:04 +0300] "GET /public/index.php/haber/bursa-orhangazide-zeytinde-verimi-artiracak-budama-etkinligi-510080 HTTP/1.1" 200 13979 "-" "Mozilla/5.0 (Windows NT 10.0; Win64; x64) AppleWebKit/537.36 (KHTML, like Gecko) Chrome/133.0.6943.141 Safari/537.36"
142.44.228.218 - - [25/Jun/2026:15:13:04 +0300] "GET /public/haber/erken-cocukluk-doneminde-cocuk-kitaplari-seciminin-onemi-551884 HTTP/1.1" 200 15009 "-" "Mozilla/5.0 (compatible; AhrefsBot/7.0; +http://ahrefs.com/robot/)"
85.208.96.205 - - [25/Jun/2026:15:13:06 +0300] "GET /haber/antalya-valiligi-intihar-haberlerini-dogruladi-520355 HTTP/1.1" 200 13924 "-" "Mozilla/5.0 (compatible; SemrushBot/7~bl; +http://www.semrush.com/bot.html)"
202.46.62.6 - - [25/Jun/2026:15:13:07 +0300] "GET /public/index.php/assets/frontend/tema9/images/speech-bubble-with-dots.png HTTP/1.1" 302 238 "https://www.yeniistiklal.com/public/index.php/haber/bursa-orhangazide-zeytinde-verimi-artiracak-budama-etkinligi-510080" "Mozilla/5.0 (Windows NT 10.0; Win64; x64) AppleWebKit/537.36 (KHTML, like Gecko) Chrome/133.0.6943.141 Safari/537.36"
202.46.62.67 - - [25/Jun/2026:15:13:07 +0300] "GET /public/index.php/images/tn/2026/06/brow-lift-ve-kas-kaldirma-tedavilerinde-dogal-gorunum-1782279698.jpeg HTTP/1.1" 302 238 "https://www.yeniistiklal.com/public/index.php/haber/bursa-orhangazide-zeytinde-verimi-artiracak-budama-etkinligi-510080" "Mozilla/5.0 (Windows NT 10.0; Win64; x64) AppleWebKit/537.36 (KHTML, like Gecko) Chrome/133.0.6943.141 Safari/537.36"
202.46.62.35 - - [25/Jun/2026:15:13:07 +0300] "OPTIONS /hava-durumu/ajax?sehir_isim=6 HTTP/1.1" 200 20 "https://www.yeniistiklal.com/" "Mozilla/5.0 (Windows NT 10.0; Win64; x64) AppleWebKit/537.36 (KHTML, like Gecko) Chrome/133.0.6943.141 Safari/537.36"
185.191.171.8 - - [25/Jun/2026:15:13:07 +0300] "GET /haber/han-gelmeden-evlenmek-istemiyor-masumlar-apartmani-54-bolum-476425 HTTP/1.1" 200 13708 "-" "Mozilla/5.0 (compatible; SemrushBot/7~bl; +http://www.semrush.com/bot.html)"
65.109.100.157 - - [25/Jun/2026:15:13:07 +0300] "GET /haberler/meksika-kozmetik-urunlerin-hayvanlar-uzerinde-test-edilmesini-yasakliyor-202204 HTTP/1.1" 301 795 "-" "Mozilla/5.0 (compatible; SERankingBacklinksBot/1.0; +https://seranking.com/backlinks-crawler)"
65.109.100.157 - - [25/Jun/2026:15:13:08 +0300] "GET /haber/meksika-kozmetik-urunlerin-hayvanlar-uzerinde-test-edilmesini-yasakliyor-202204 HTTP/1.1" 302 219 "-" "Mozilla/5.0 (compatible; SERankingBacklinksBot/1.0; +https://seranking.com/backlinks-crawler)"
202.46.62.87 - - [25/Jun/2026:15:13:08 +0300] "GET /public/index.php/images/haberler/2022/04/bursa-orhangazide-zeytinde-verimi-artiracak-budama-etkinligi-xU8Ems19.jpg HTTP/1.1" 302 238 "https://www.yeniistiklal.com/public/index.php/haber/bursa-orhangazide-zeytinde-verimi-artiracak-budama-etkinligi-510080" "Mozilla/5.0 (Windows NT 10.0; Win64; x64) AppleWebKit/537.36 (KHTML, like Gecko) Chrome/133.0.6943.141 Safari/537.36"
202.46.62.114 - - [25/Jun/2026:15:13:08 +0300] "GET /public/index.php/assets/frontend/tema9/images/a-increase.png HTTP/1.1" 302 238 "https://www.yeniistiklal.com/public/index.php/haber/bursa-orhangazide-zeytinde-verimi-artiracak-budama-etkinligi-510080" "Mozilla/5.0 (Windows NT 10.0; Win64; x64) AppleWebKit/537.36 (KHTML, like Gecko) Chrome/133.0.6943.141 Safari/537.36"
202.46.62.41 - - [25/Jun/2026:15:13:07 +0300] "GET /public/index.php/images/tn/2026/06/ankarada-buz-lazer-epilasyon-kimler-icin-uygundur-1782368772.jpeg HTTP/1.1" 302 238 "https://www.yeniistiklal.com/public/index.php/haber/bursa-orhangazide-zeytinde-verimi-artiracak-budama-etkinligi-510080" "Mozilla/5.0 (Windows NT 10.0; Win64; x64) AppleWebKit/537.36 (KHTML, like Gecko) Chrome/133.0.6943.141 Safari/537.36"
65.109.100.157 - - [25/Jun/2026:15:13:08 +0300] "GET /haber/meksika-kozmetik-urunlerin-hayvanlar-uzerinde-test-edilmesini-yasakliyor-202204 HTTP/1.1" 302 219 "-" "Mozilla/5.0 (compatible; SERankingBacklinksBot/1.0; +https://seranking.com/backlinks-crawler)"
65.109.100.157 - - [25/Jun/2026:15:13:08 +0300] "GET /haberler/meksika-kozmetik-urunlerin-hayvanlar-uzerinde-test-edilmesini-yasakliyor-202204 HTTP/1.1" 301 795 "-" "Mozilla/5.0 (compatible; SERankingBacklinksBot/1.0; +https://seranking.com/backlinks-crawler)"
65.109.100.157 - - [25/Jun/2026:15:13:08 +0300] "GET /404 HTTP/1.1" 302 215 "-" "Mozilla/5.0 (compatible; SERankingBacklinksBot/1.0; +https://seranking.com/backlinks-crawler)"
202.46.62.119 - - [25/Jun/2026:15:13:08 +0300] "GET /public/index.php/images/tn/2026/06/sialendoskopi-tukuruk-bezi-hastaliklarinda-ameliyatsiz-cozum-1782285429.jpg HTTP/1.1" 302 238 "https://www.yeniistiklal.com/public/index.php/haber/bursa-orhangazide-zeytinde-verimi-artiracak-budama-etkinligi-510080" "Mozilla/5.0 (Windows NT 10.0; Win64; x64) AppleWebKit/537.36 (KHTML, like Gecko) Chrome/133.0.6943.141 Safari/537.36"
95.108.213.186 - - [25/Jun/2026:15:13:09 +0300] "GET /public/rss/genel-0 HTTP/1.1" 200 196873 "-" "Mozilla/5.0 (compatible; YandexBot/3.0; +http://yandex.com/bots)"
185.191.171.18 - - [25/Jun/2026:15:13:10 +0300] "GET /haber/tatil-donusu-saglikli-beslenme-tuyolari-536292 HTTP/1.1" 200 15140 "-" "Mozilla/5.0 (compatible; SemrushBot/7~bl; +http://www.semrush.com/bot.html)"
65.109.100.157 - - [25/Jun/2026:15:13:11 +0300] "GET /haberler/meksikada-69-buyuklugunde-deprem-meydana-geldi-242969 HTTP/1.1" 301 795 "-" "Mozilla/5.0 (compatible; SERankingBacklinksBot/1.0; +https://seranking.com/backlinks-crawler)"
65.109.100.157 - - [25/Jun/2026:15:13:11 +0300] "GET /haber/meksikada-69-buyuklugunde-deprem-meydana-geldi-242969 HTTP/1.1" 302 219 "-" "Mozilla/5.0 (compatible; SERankingBacklinksBot/1.0; +https://seranking.com/backlinks-crawler)"
65.109.100.157 - - [25/Jun/2026:15:13:12 +0300] "GET /haberler/meksikada-69-buyuklugunde-deprem-meydana-geldi-242969 HTTP/1.1" 301 795 "-" "Mozilla/5.0 (compatible; SERankingBacklinksBot/1.0; +https://seranking.com/backlinks-crawler)"
65.109.100.157 - - [25/Jun/2026:15:13:12 +0300] "GET /404 HTTP/1.1" 302 215 "-" "Mozilla/5.0 (compatible; SERankingBacklinksBot/1.0; +https://seranking.com/backlinks-crawler)"
85.208.96.206 - - [25/Jun/2026:15:13:12 +0300] "GET /haber/asus-rt-axe7800-tanitildi-wi-fi-6e-ve-7800-mbps-hiz-546009 HTTP/1.1" 200 14524 "-" "Mozilla/5.0 (compatible; SemrushBot/7~bl; +http://www.semrush.com/bot.html)"
65.109.100.157 - - [25/Jun/2026:15:13:12 +0300] "GET / HTTP/1.1" 200 17240 "-" "Mozilla/5.0 (compatible; SERankingBacklinksBot/1.0; +https://seranking.com/backlinks-crawler)"
65.109.100.157 - - [25/Jun/2026:15:13:15 +0300] "GET /haberler/meksikada-95-milyon-yil-oncenin-balik-fosili-kesfedildi-26668 HTTP/1.1" 301 795 "-" "Mozilla/5.0 (compatible; SERankingBacklinksBot/1.0; +https://seranking.com/backlinks-crawler)"
65.109.100.157 - - [25/Jun/2026:15:13:16 +0300] "GET /404 HTTP/1.1" 302 215 "-" "Mozilla/5.0 (compatible; SERankingBacklinksBot/1.0; +https://seranking.com/backlinks-crawler)"
54.223.181.71 - - [25/Jun/2026:15:13:16 +0300] "GET /images/haberler/uploads/2021/07/kocaelinde-fatura-dolandiriciligi-bir-ilcenin-parasini-toplayip-gittiler-iugzivHj.jpg HTTP/1.1" 302 219 "-" "Mozilla/5.0 (compatible; crawler)"
65.109.100.157 - - [25/Jun/2026:15:13:08 +0300] "GET / HTTP/1.1" 200 17228 "-" "Mozilla/5.0 (compatible; SERankingBacklinksBot/1.0; +https://seranking.com/backlinks-crawler)"
87.250.224.251 - - [25/Jun/2026:15:13:09 +0300] "GET /rss/genel-0 HTTP/1.1" 200 196772 "-" "Mozilla/5.0 (compatible; YandexBot/3.0; +http://yandex.com/bots)"
65.109.100.157 - - [25/Jun/2026:15:13:12 +0300] "GET /haber/meksikada-69-buyuklugunde-deprem-meydana-geldi-242969 HTTP/1.1" 302 219 "-" "Mozilla/5.0 (compatible; SERankingBacklinksBot/1.0; +https://seranking.com/backlinks-crawler)"
