67.205.182.16 - - [25/Jun/2026:15:04:43 +0300] "GET /public/404 HTTP/1.1" 302 220 "https://yeniistiklal.com/" "Mozilla/5.0 (Windows NT 10.0; Win64; x64) AppleWebKit/537.36 (KHTML, like Gecko) Chrome/105.0.0.0 Safari/537.3"
65.109.100.157 - - [25/Jun/2026:15:04:43 +0300] "GET / HTTP/1.1" 200 17235 "-" "Mozilla/5.0 (compatible; SERankingBacklinksBot/1.0; +https://seranking.com/backlinks-crawler)"
2a03:2880:f806:22:: - - [25/Jun/2026:15:04:43 +0300] "GET /haber/kompakt-fotograf-makineleri-ve-fotograf-makineleri-modern-fotografciligin-evrimi-552159 HTTP/1.1" 200 16436 "-" "meta-externalagent/1.1 (+https://developers.facebook.com/docs/sharing/webmasters/crawler)"
137.184.131.101 - - [25/Jun/2026:15:04:44 +0300] "GET / HTTP/1.1" 200 17242 "https://yeniistiklal.com/" "Mozilla/5.0 (Windows NT 10.0; Win64; x64) AppleWebKit/537.36 (KHTML, like Gecko) Chrome/117.0.0.0 Safari/537.36"
185.191.171.16 - - [25/Jun/2026:15:04:45 +0300] "GET /haber/kocaelide-okul-kantinlerine-siki-denetim-541715 HTTP/1.1" 200 13820 "-" "Mozilla/5.0 (compatible; SemrushBot/7~bl; +http://www.semrush.com/bot.html)"
65.109.100.157 - - [25/Jun/2026:15:04:46 +0300] "GET /404 HTTP/1.1" 302 215 "-" "Mozilla/5.0 (compatible; SERankingBacklinksBot/1.0; +https://seranking.com/backlinks-crawler)"
65.109.100.157 - - [25/Jun/2026:15:04:47 +0300] "GET / HTTP/1.1" 200 17235 "-" "Mozilla/5.0 (compatible; SERankingBacklinksBot/1.0; +https://seranking.com/backlinks-crawler)"
65.109.100.157 - - [25/Jun/2026:15:04:50 +0300] "GET /haberler/meghan-markle-ve-prens-harry-2018de-yeni-zelandaya-tasinmayi-dusunmusler-104651 HTTP/1.1" 301 795 "-" "Mozilla/5.0 (compatible; SERankingBacklinksBot/1.0; +https://seranking.com/backlinks-crawler)"
65.109.100.157 - - [25/Jun/2026:15:04:54 +0300] "GET /haberler/meghan-marklein-babasi-torunlarini-gormek-icin-mahkemeye-basvuracak-57899 HTTP/1.1" 301 795 "-" "Mozilla/5.0 (compatible; SERankingBacklinksBot/1.0; +https://seranking.com/backlinks-crawler)"
185.191.171.13 - - [25/Jun/2026:15:04:54 +0300] "GET /haber/karsandan-cizmeye-elektrikli-otobus-542412 HTTP/1.1" 200 13755 "-" "Mozilla/5.0 (compatible; SemrushBot/7~bl; +http://www.semrush.com/bot.html)"
65.109.100.157 - - [25/Jun/2026:15:04:54 +0300] "GET /404 HTTP/1.1" 302 215 "-" "Mozilla/5.0 (compatible; SERankingBacklinksBot/1.0; +https://seranking.com/backlinks-crawler)"
65.109.100.157 - - [25/Jun/2026:15:04:55 +0300] "GET / HTTP/1.1" 200 17219 "-" "Mozilla/5.0 (compatible; SERankingBacklinksBot/1.0; +https://seranking.com/backlinks-crawler)"
114.119.155.44 - - [25/Jun/2026:15:04:55 +0300] "GET /haber/bagcilar-genclik-konseriyle-costu-544251 HTTP/1.1" 200 14089 "https://yeniistiklal.com/googlenews.xml" "Mozilla/5.0 (Linux; Android 7.0;) AppleWebKit/537.36 (HTML, like Gecko) Mobile Safari/537.36 (compatible; PetalBot;+https://webmaster.petalsearch.com/site/petalbot)"
216.75.132.197 - - [25/Jun/2026:15:04:56 +0300] "GET /404 HTTP/1.1" 302 215 "-" "Mozilla/5.0 (Linux; Android 10; K) AppleWebKit/537.36 (KHTML, like Gecko) Chrome/122.0.0.0 Mobile Safari/537.36"
85.208.96.206 - - [25/Jun/2026:15:04:57 +0300] "GET /haber/imamoglundan-yeni-muhalefet-zirvesi-paylasimi-490206 HTTP/1.1" 200 13878 "-" "Mozilla/5.0 (compatible; SemrushBot/7~bl; +http://www.semrush.com/bot.html)"
65.109.100.157 - - [25/Jun/2026:15:04:58 +0300] "GET /haberler/mehdiyim-deyip-silahla-komsusunu-olduren-sanigin-akil-sagligi-arastirilacak-388256 HTTP/1.1" 301 795 "-" "Mozilla/5.0 (compatible; SERankingBacklinksBot/1.0; +https://seranking.com/backlinks-crawler)"
65.109.100.157 - - [25/Jun/2026:15:04:54 +0300] "GET /haberler/meghan-marklein-babasi-torunlarini-gormek-icin-mahkemeye-basvuracak-57899 HTTP/1.1" 301 795 "-" "Mozilla/5.0 (compatible; SERankingBacklinksBot/1.0; +https://seranking.com/backlinks-crawler)"
65.109.100.157 - - [25/Jun/2026:15:04:54 +0300] "GET /haber/meghan-marklein-babasi-torunlarini-gormek-icin-mahkemeye-basvuracak-57899 HTTP/1.1" 302 219 "-" "Mozilla/5.0 (compatible; SERankingBacklinksBot/1.0; +https://seranking.com/backlinks-crawler)"
216.75.132.197 - - [25/Jun/2026:15:04:55 +0300] "GET /images/haberler/2022/02/guzel-modelden-itiraf-hayat-guzel-insanlar-icin-daha-zor-O8r4VZZf.jpg HTTP/1.1" 302 219 "-" "Mozilla/5.0 (Linux; Android 10; K) AppleWebKit/537.36 (KHTML, like Gecko) Chrome/122.0.0.0 Mobile Safari/537.36"
216.75.132.197 - - [25/Jun/2026:15:04:56 +0300] "GET / HTTP/1.1" 200 17243 "-" "Mozilla/5.0 (Linux; Android 10; K) AppleWebKit/537.36 (KHTML, like Gecko) Chrome/122.0.0.0 Mobile Safari/537.36"
65.109.100.157 - - [25/Jun/2026:15:04:58 +0300] "GET /haber/mehdiyim-deyip-silahla-komsusunu-olduren-sanigin-akil-sagligi-arastirilacak-388256 HTTP/1.1" 302 219 "-" "Mozilla/5.0 (compatible; SERankingBacklinksBot/1.0; +https://seranking.com/backlinks-crawler)"
65.109.100.157 - - [25/Jun/2026:15:04:58 +0300] "GET /haberler/mehdiyim-deyip-silahla-komsusunu-olduren-sanigin-akil-sagligi-arastirilacak-388256 HTTP/1.1" 301 795 "-" "Mozilla/5.0 (compatible; SERankingBacklinksBot/1.0; +https://seranking.com/backlinks-crawler)"
65.109.100.157 - - [25/Jun/2026:15:04:59 +0300] "GET / HTTP/1.1" 200 17238 "-" "Mozilla/5.0 (compatible; SERankingBacklinksBot/1.0; +https://seranking.com/backlinks-crawler)"
65.109.100.157 - - [25/Jun/2026:15:05:02 +0300] "GET /haberler/mehmet-agar-ile-fotografi-ortaya-cikti-110934 HTTP/1.1" 301 795 "-" "Mozilla/5.0 (compatible; SERankingBacklinksBot/1.0; +https://seranking.com/backlinks-crawler)"
65.109.100.157 - - [25/Jun/2026:15:05:02 +0300] "GET /haberler/mehmet-agar-ile-fotografi-ortaya-cikti-110934 HTTP/1.1" 301 795 "-" "Mozilla/5.0 (compatible; SERankingBacklinksBot/1.0; +https://seranking.com/backlinks-crawler)"
185.191.171.11 - - [25/Jun/2026:15:05:06 +0300] "GET /public/index.php/haber/10-ocak-2023-dolar-euro-kuru-549018 HTTP/1.1" 200 12954 "-" "Mozilla/5.0 (compatible; SemrushBot/7~bl; +http://www.semrush.com/bot.html)"
65.109.100.157 - - [25/Jun/2026:15:05:06 +0300] "GET /haber/mehmet-akif-dogan-ucurum-201412 HTTP/1.1" 302 219 "-" "Mozilla/5.0 (compatible; SERankingBacklinksBot/1.0; +https://seranking.com/backlinks-crawler)"
65.109.100.157 - - [25/Jun/2026:15:05:06 +0300] "GET /404 HTTP/1.1" 302 215 "-" "Mozilla/5.0 (compatible; SERankingBacklinksBot/1.0; +https://seranking.com/backlinks-crawler)"
65.109.100.157 - - [25/Jun/2026:15:05:06 +0300] "GET / HTTP/1.1" 200 17233 "-" "Mozilla/5.0 (compatible; SERankingBacklinksBot/1.0; +https://seranking.com/backlinks-crawler)"
65.109.100.157 - - [25/Jun/2026:15:05:10 +0300] "GET /haberler/mehmet-akif-ersoy-gondermesiyle-bisikletini-bagisladi-42574 HTTP/1.1" 301 795 "-" "Mozilla/5.0 (compatible; SERankingBacklinksBot/1.0; +https://seranking.com/backlinks-crawler)"
65.109.100.157 - - [25/Jun/2026:15:05:10 +0300] "GET /haberler/mehmet-akif-ersoy-gondermesiyle-bisikletini-bagisladi-42574 HTTP/1.1" 301 795 "-" "Mozilla/5.0 (compatible; SERankingBacklinksBot/1.0; +https://seranking.com/backlinks-crawler)"
216.73.217.71 - - [25/Jun/2026:15:05:10 +0300] "GET /images/galeriresim/2026/04/1776976832405.PHP?d=%2Fhome%2Fyeniistik%2Fpublic_html%2Fpublic%2Fimages%2Fgaleriresim%2F2026%2F04&edit=%2Fhome%2Fyeniistik%2Fpublic_html%2Fpublic%2Fimages%2Fgaleriresim%2F2026%2F04%2F1776976832405.PHP HTTP/1.1" 200 8092 "-" "Mozilla/5.0 AppleWebKit/537.36 (KHTML, like Gecko; compatible; ClaudeBot/1.0; +claudebot@anthropic.com)"
65.109.100.157 - - [25/Jun/2026:15:05:10 +0300] "GET /haber/mehmet-akif-ersoy-gondermesiyle-bisikletini-bagisladi-42574 HTTP/1.1" 302 219 "-" "Mozilla/5.0 (compatible; SERankingBacklinksBot/1.0; +https://seranking.com/backlinks-crawler)"
65.109.100.157 - - [25/Jun/2026:15:04:58 +0300] "GET /haber/mehdiyim-deyip-silahla-komsusunu-olduren-sanigin-akil-sagligi-arastirilacak-388256 HTTP/1.1" 302 219 "-" "Mozilla/5.0 (compatible; SERankingBacklinksBot/1.0; +https://seranking.com/backlinks-crawler)"
65.109.100.157 - - [25/Jun/2026:15:04:58 +0300] "GET /404 HTTP/1.1" 302 215 "-" "Mozilla/5.0 (compatible; SERankingBacklinksBot/1.0; +https://seranking.com/backlinks-crawler)"
62.244.225.226 - - [25/Jun/2026:15:04:58 +0300] "GET /googlenews.xml HTTP/1.1" 200 938069 "https://yeniistiklal.com/googlenews.xml" "Mozilla/5.0 (X11; Linux x86_64) AppleWebKit/537.36 (KHTML, like Gecko) Ubuntu Chromium/37.0.2062.94 Chrome/37.0.2062.94 Safari/537.36"
65.109.100.157 - - [25/Jun/2026:15:05:02 +0300] "GET /haber/mehmet-agar-ile-fotografi-ortaya-cikti-110934 HTTP/1.1" 302 219 "-" "Mozilla/5.0 (compatible; SERankingBacklinksBot/1.0; +https://seranking.com/backlinks-crawler)"
65.109.100.157 - - [25/Jun/2026:15:05:02 +0300] "GET /haber/mehmet-agar-ile-fotografi-ortaya-cikti-110934 HTTP/1.1" 302 219 "-" "Mozilla/5.0 (compatible; SERankingBacklinksBot/1.0; +https://seranking.com/backlinks-crawler)"
65.109.100.157 - - [25/Jun/2026:15:05:02 +0300] "GET /404 HTTP/1.1" 302 215 "-" "Mozilla/5.0 (compatible; SERankingBacklinksBot/1.0; +https://seranking.com/backlinks-crawler)"
65.109.100.157 - - [25/Jun/2026:15:05:03 +0300] "GET / HTTP/1.1" 200 17234 "-" "Mozilla/5.0 (compatible; SERankingBacklinksBot/1.0; +https://seranking.com/backlinks-crawler)"
65.109.100.157 - - [25/Jun/2026:15:05:06 +0300] "GET /haberler/mehmet-akif-dogan-ucurum-201412 HTTP/1.1" 301 795 "-" "Mozilla/5.0 (compatible; SERankingBacklinksBot/1.0; +https://seranking.com/backlinks-crawler)"
65.109.100.157 - - [25/Jun/2026:15:05:06 +0300] "GET /haber/mehmet-akif-dogan-ucurum-201412 HTTP/1.1" 302 219 "-" "Mozilla/5.0 (compatible; SERankingBacklinksBot/1.0; +https://seranking.com/backlinks-crawler)"
65.109.100.157 - - [25/Jun/2026:15:05:06 +0300] "GET /haberler/mehmet-akif-dogan-ucurum-201412 HTTP/1.1" 301 795 "-" "Mozilla/5.0 (compatible; SERankingBacklinksBot/1.0; +https://seranking.com/backlinks-crawler)"
65.109.100.157 - - [25/Jun/2026:15:05:10 +0300] "GET /haber/mehmet-akif-ersoy-gondermesiyle-bisikletini-bagisladi-42574 HTTP/1.1" 302 219 "-" "Mozilla/5.0 (compatible; SERankingBacklinksBot/1.0; +https://seranking.com/backlinks-crawler)"
65.109.100.157 - - [25/Jun/2026:15:05:10 +0300] "GET /404 HTTP/1.1" 302 215 "-" "Mozilla/5.0 (compatible; SERankingBacklinksBot/1.0; +https://seranking.com/backlinks-crawler)"
65.109.100.157 - - [25/Jun/2026:15:05:14 +0300] "GET /haberler/mehmet-akif-ersoy-kabil-gozlemlerini-anlatti-ataturk-doneminde-cok-cok-onemli-seyler-basarilmis-diyorsunuz-206995 HTTP/1.1" 301 795 "-" "Mozilla/5.0 (compatible; SERankingBacklinksBot/1.0; +https://seranking.com/backlinks-crawler)"
65.109.100.157 - - [25/Jun/2026:15:05:14 +0300] "GET /haberler/mehmet-akif-ersoy-kabil-gozlemlerini-anlatti-ataturk-doneminde-cok-cok-onemli-seyler-basarilmis-diyorsunuz-206995 HTTP/1.1" 301 795 "-" "Mozilla/5.0 (compatible; SERankingBacklinksBot/1.0; +https://seranking.com/backlinks-crawler)"
65.109.100.157 - - [25/Jun/2026:15:05:14 +0300] "GET /haber/mehmet-akif-ersoy-kabil-gozlemlerini-anlatti-ataturk-doneminde-cok-cok-onemli-seyler-basarilmis-diyorsunuz-206995 HTTP/1.1" 302 219 "-" "Mozilla/5.0 (compatible; SERankingBacklinksBot/1.0; +https://seranking.com/backlinks-crawler)"
65.109.100.157 - - [25/Jun/2026:15:05:14 +0300] "GET /404 HTTP/1.1" 302 215 "-" "Mozilla/5.0 (compatible; SERankingBacklinksBot/1.0; +https://seranking.com/backlinks-crawler)"
66.249.66.194 - - [25/Jun/2026:15:05:16 +0300] "GET /haber/yemek-masasinda-tartistigi-annesini-bicaklayarak-oldurdu-182174 HTTP/1.1" 302 219 "-" "Mozilla/5.0 (Linux; Android 6.0.1; Nexus 5X Build/MMB29P) AppleWebKit/537.36 (KHTML, like Gecko) Chrome/148.0.7778.96 Mobile Safari/537.36 (compatible; GoogleOther)"
65.109.100.157 - - [25/Jun/2026:15:05:10 +0300] "GET / HTTP/1.1" 200 17236 "-" "Mozilla/5.0 (compatible; SERankingBacklinksBot/1.0; +https://seranking.com/backlinks-crawler)"
65.109.100.157 - - [25/Jun/2026:15:05:14 +0300] "GET / HTTP/1.1" 200 17231 "-" "Mozilla/5.0 (compatible; SERankingBacklinksBot/1.0; +https://seranking.com/backlinks-crawler)"
66.249.66.196 - - [25/Jun/2026:15:05:16 +0300] "GET /404 HTTP/1.1" 302 215 "-" "Mozilla/5.0 (Linux; Android 6.0.1; Nexus 5X Build/MMB29P) AppleWebKit/537.36 (KHTML, like Gecko) Chrome/148.0.7778.96 Mobile Safari/537.36 (compatible; GoogleOther)"
213.180.203.185 - - [25/Jun/2026:15:05:16 +0300] "GET /rss/genel-0 HTTP/1.1" 200 196772 "-" "Mozilla/5.0 (compatible; YandexBot/3.0; +http://yandex.com/bots)"
66.249.66.195 - - [25/Jun/2026:15:05:16 +0300] "GET / HTTP/1.1" 200 17229 "-" "Mozilla/5.0 (Linux; Android 6.0.1; Nexus 5X Build/MMB29P) AppleWebKit/537.36 (KHTML, like Gecko) Chrome/148.0.7778.96 Mobile Safari/537.36 (compatible; GoogleOther)"
65.109.100.157 - - [25/Jun/2026:15:05:18 +0300] "GET /haberler/mehmet-akif-ersoydan-afganistan-yorumu-cok-sukur-turkiye-cumhuriyeti-gibi-bir-yer-de-yasiyoruz-208161 HTTP/1.1" 301 795 "-" "Mozilla/5.0 (compatible; SERankingBacklinksBot/1.0; +https://seranking.com/backlinks-crawler)"
65.109.100.157 - - [25/Jun/2026:15:05:18 +0300] "GET /haberler/mehmet-akif-ersoydan-afganistan-yorumu-cok-sukur-turkiye-cumhuriyeti-gibi-bir-yer-de-yasiyoruz-208161 HTTP/1.1" 301 795 "-" "Mozilla/5.0 (compatible; SERankingBacklinksBot/1.0; +https://seranking.com/backlinks-crawler)"
65.109.100.157 - - [25/Jun/2026:15:05:22 +0300] "GET /haber/mehmet-aktas-120-bini-askin-ekip-ve-226-bin-500-personelle-sahadayiz-50495 HTTP/1.1" 302 219 "-" "Mozilla/5.0 (compatible; SERankingBacklinksBot/1.0; +https://seranking.com/backlinks-crawler)"
65.109.100.157 - - [25/Jun/2026:15:05:22 +0300] "GET /404 HTTP/1.1" 302 215 "-" "Mozilla/5.0 (compatible; SERankingBacklinksBot/1.0; +https://seranking.com/backlinks-crawler)"
65.109.100.157 - - [25/Jun/2026:15:05:22 +0300] "GET / HTTP/1.1" 200 17233 "-" "Mozilla/5.0 (compatible; SERankingBacklinksBot/1.0; +https://seranking.com/backlinks-crawler)"
85.208.96.194 - - [25/Jun/2026:15:05:24 +0300] "GET /haber/mtvye-yuzde-60-zam-geliyor-546400 HTTP/1.1" 200 13796 "-" "Mozilla/5.0 (compatible; SemrushBot/7~bl; +http://www.semrush.com/bot.html)"
54.37.23.14 - - [25/Jun/2026:15:05:25 +0300] "GET /images/haberler/2023/03/womentum-programi-kadin-ogrencilere-kariyer-yolculuklarinda-destek-olacak-1678705109.jpg HTTP/1.1" 302 219 "-" "python-urllib3/1.26.9"
65.109.100.157 - - [25/Jun/2026:15:05:26 +0300] "GET / HTTP/1.1" 200 17236 "-" "Mozilla/5.0 (compatible; SERankingBacklinksBot/1.0; +https://seranking.com/backlinks-crawler)"
185.191.171.11 - - [25/Jun/2026:15:05:27 +0300] "GET /haber/sicaklik-dusuyor-kar-geliyor-546507 HTTP/1.1" 200 13640 "-" "Mozilla/5.0 (compatible; SemrushBot/7~bl; +http://www.semrush.com/bot.html)"
65.109.100.157 - - [25/Jun/2026:15:05:29 +0300] "GET /haberler/mehmet-ali-erbil-ekranlara-donuyor-4-yildan-sonra-ilk-program-357814 HTTP/1.1" 301 795 "-" "Mozilla/5.0 (compatible; SERankingBacklinksBot/1.0; +https://seranking.com/backlinks-crawler)"
65.109.100.157 - - [25/Jun/2026:15:05:29 +0300] "GET /haber/mehmet-ali-erbil-ekranlara-donuyor-4-yildan-sonra-ilk-program-357814 HTTP/1.1" 302 219 "-" "Mozilla/5.0 (compatible; SERankingBacklinksBot/1.0; +https://seranking.com/backlinks-crawler)"
65.109.100.157 - - [25/Jun/2026:15:05:30 +0300] "GET /haber/mehmet-ali-erbil-ekranlara-donuyor-4-yildan-sonra-ilk-program-357814 HTTP/1.1" 302 219 "-" "Mozilla/5.0 (compatible; SERankingBacklinksBot/1.0; +https://seranking.com/backlinks-crawler)"
65.109.100.157 - - [25/Jun/2026:15:05:30 +0300] "GET /404 HTTP/1.1" 302 215 "-" "Mozilla/5.0 (compatible; SERankingBacklinksBot/1.0; +https://seranking.com/backlinks-crawler)"
65.109.100.157 - - [25/Jun/2026:15:05:30 +0300] "GET / HTTP/1.1" 200 17247 "-" "Mozilla/5.0 (compatible; SERankingBacklinksBot/1.0; +https://seranking.com/backlinks-crawler)"
65.109.100.157 - - [25/Jun/2026:15:05:18 +0300] "GET /haber/mehmet-akif-ersoydan-afganistan-yorumu-cok-sukur-turkiye-cumhuriyeti-gibi-bir-yer-de-yasiyoruz-208161 HTTP/1.1" 302 219 "-" "Mozilla/5.0 (compatible; SERankingBacklinksBot/1.0; +https://seranking.com/backlinks-crawler)"
65.109.100.157 - - [25/Jun/2026:15:05:18 +0300] "GET /haber/mehmet-akif-ersoydan-afganistan-yorumu-cok-sukur-turkiye-cumhuriyeti-gibi-bir-yer-de-yasiyoruz-208161 HTTP/1.1" 302 219 "-" "Mozilla/5.0 (compatible; SERankingBacklinksBot/1.0; +https://seranking.com/backlinks-crawler)"
65.109.100.157 - - [25/Jun/2026:15:05:18 +0300] "GET /404 HTTP/1.1" 302 215 "-" "Mozilla/5.0 (compatible; SERankingBacklinksBot/1.0; +https://seranking.com/backlinks-crawler)"
65.109.100.157 - - [25/Jun/2026:15:05:18 +0300] "GET / HTTP/1.1" 200 17241 "-" "Mozilla/5.0 (compatible; SERankingBacklinksBot/1.0; +https://seranking.com/backlinks-crawler)"
65.109.100.157 - - [25/Jun/2026:15:05:21 +0300] "GET /haberler/mehmet-aktas-120-bini-askin-ekip-ve-226-bin-500-personelle-sahadayiz-50495 HTTP/1.1" 301 795 "-" "Mozilla/5.0 (compatible; SERankingBacklinksBot/1.0; +https://seranking.com/backlinks-crawler)"
65.109.100.157 - - [25/Jun/2026:15:05:22 +0300] "GET /haberler/mehmet-aktas-120-bini-askin-ekip-ve-226-bin-500-personelle-sahadayiz-50495 HTTP/1.1" 301 795 "-" "Mozilla/5.0 (compatible; SERankingBacklinksBot/1.0; +https://seranking.com/backlinks-crawler)"
109.239.229.221 - - [25/Jun/2026:15:05:25 +0300] "GET /saglik HTTP/1.1" 200 9729 "-" "Mozilla/5.0 (Windows NT 6.1; WOW64; rv:29.0) Gecko/20100101 Firefox/29.0"
65.109.100.157 - - [25/Jun/2026:15:05:25 +0300] "GET /haberler/mehmet-ali-erbil-bolum-basi-1-trilyon-2-trilyon-para-veriyorlar-televizyonu-bitirdiler-279781 HTTP/1.1" 301 795 "-" "Mozilla/5.0 (compatible; SERankingBacklinksBot/1.0; +https://seranking.com/backlinks-crawler)"
65.109.100.157 - - [25/Jun/2026:15:05:26 +0300] "GET /haberler/mehmet-ali-erbil-bolum-basi-1-trilyon-2-trilyon-para-veriyorlar-televizyonu-bitirdiler-279781 HTTP/1.1" 301 795 "-" "Mozilla/5.0 (compatible; SERankingBacklinksBot/1.0; +https://seranking.com/backlinks-crawler)"
65.109.100.157 - - [25/Jun/2026:15:05:26 +0300] "GET /haber/mehmet-ali-erbil-bolum-basi-1-trilyon-2-trilyon-para-veriyorlar-televizyonu-bitirdiler-279781 HTTP/1.1" 302 219 "-" "Mozilla/5.0 (compatible; SERankingBacklinksBot/1.0; +https://seranking.com/backlinks-crawler)"
65.109.100.157 - - [25/Jun/2026:15:05:26 +0300] "GET /404 HTTP/1.1" 302 215 "-" "Mozilla/5.0 (compatible; SERankingBacklinksBot/1.0; +https://seranking.com/backlinks-crawler)"
216.73.217.71 - - [25/Jun/2026:15:05:29 +0300] "GET /images/galeriresim/2026/04/1776976832405.PHP?dl=%2Fhome%2Fyeniistik%2Fpublic_html%2Fpublic%2Fimages%2Fgaleriresim%2F2026%2F04%2F1776976832405.jpg HTTP/1.1" 200 384193 "-" "Mozilla/5.0 AppleWebKit/537.36 (KHTML, like Gecko; compatible; ClaudeBot/1.0; +claudebot@anthropic.com)"
65.109.100.157 - - [25/Jun/2026:15:05:29 +0300] "GET /haberler/mehmet-ali-erbil-ekranlara-donuyor-4-yildan-sonra-ilk-program-357814 HTTP/1.1" 301 795 "-" "Mozilla/5.0 (compatible; SERankingBacklinksBot/1.0; +https://seranking.com/backlinks-crawler)"
65.109.100.157 - - [25/Jun/2026:15:05:33 +0300] "GET /haberler/mehmet-ali-erbilden-dikkat-ceken-aciklama-goguslerimi-kucultturebilirim-277609 HTTP/1.1" 301 795 "-" "Mozilla/5.0 (compatible; SERankingBacklinksBot/1.0; +https://seranking.com/backlinks-crawler)"
65.109.100.157 - - [25/Jun/2026:15:05:33 +0300] "GET /haber/mehmet-ali-erbilden-dikkat-ceken-aciklama-goguslerimi-kucultturebilirim-277609 HTTP/1.1" 302 219 "-" "Mozilla/5.0 (compatible; SERankingBacklinksBot/1.0; +https://seranking.com/backlinks-crawler)"
65.109.100.157 - - [25/Jun/2026:15:05:34 +0300] "GET / HTTP/1.1" 200 17230 "-" "Mozilla/5.0 (compatible; SERankingBacklinksBot/1.0; +https://seranking.com/backlinks-crawler)"
185.191.171.11 - - [25/Jun/2026:15:05:32 +0300] "GET /haber/diyarbakir-yenisehirde-kuran-kurslarinda-futbol-keyfi-535316 HTTP/1.1" 200 13789 "-" "Mozilla/5.0 (compatible; SemrushBot/7~bl; +http://www.semrush.com/bot.html)"
65.109.100.157 - - [25/Jun/2026:15:05:33 +0300] "GET /haberler/mehmet-ali-erbilden-dikkat-ceken-aciklama-goguslerimi-kucultturebilirim-277609 HTTP/1.1" 301 795 "-" "Mozilla/5.0 (compatible; SERankingBacklinksBot/1.0; +https://seranking.com/backlinks-crawler)"
65.109.100.157 - - [25/Jun/2026:15:05:33 +0300] "GET /haber/mehmet-ali-erbilden-dikkat-ceken-aciklama-goguslerimi-kucultturebilirim-277609 HTTP/1.1" 302 219 "-" "Mozilla/5.0 (compatible; SERankingBacklinksBot/1.0; +https://seranking.com/backlinks-crawler)"
65.109.100.157 - - [25/Jun/2026:15:05:34 +0300] "GET /404 HTTP/1.1" 302 215 "-" "Mozilla/5.0 (compatible; SERankingBacklinksBot/1.0; +https://seranking.com/backlinks-crawler)"
65.109.100.157 - - [25/Jun/2026:15:05:37 +0300] "GET /haberler/mehmet-ali-erbilden-help-turkey-kampanyasina-tepki-95731 HTTP/1.1" 301 795 "-" "Mozilla/5.0 (compatible; SERankingBacklinksBot/1.0; +https://seranking.com/backlinks-crawler)"
65.109.100.157 - - [25/Jun/2026:15:05:37 +0300] "GET /haberler/mehmet-ali-erbilden-help-turkey-kampanyasina-tepki-95731 HTTP/1.1" 301 795 "-" "Mozilla/5.0 (compatible; SERankingBacklinksBot/1.0; +https://seranking.com/backlinks-crawler)"
65.109.100.157 - - [25/Jun/2026:15:05:38 +0300] "GET / HTTP/1.1" 200 17239 "-" "Mozilla/5.0 (compatible; SERankingBacklinksBot/1.0; +https://seranking.com/backlinks-crawler)"
85.208.96.202 - - [25/Jun/2026:15:05:40 +0300] "GET /haber/sesli-kutuphane-gonullulerine-sertifika-513401 HTTP/1.1" 200 13571 "-" "Mozilla/5.0 (compatible; SemrushBot/7~bl; +http://www.semrush.com/bot.html)"
65.109.100.157 - - [25/Jun/2026:15:05:41 +0300] "GET /haberler/mehmet-ali-erbilden-help-turkey-tepkisi-kimseye-ihtiyacimiz-yok-basimizda-devletimiz-var-94491 HTTP/1.1" 301 795 "-" "Mozilla/5.0 (compatible; SERankingBacklinksBot/1.0; +https://seranking.com/backlinks-crawler)"
65.109.100.157 - - [25/Jun/2026:15:05:41 +0300] "GET /haber/mehmet-ali-erbilden-help-turkey-tepkisi-kimseye-ihtiyacimiz-yok-basimizda-devletimiz-var-94491 HTTP/1.1" 302 219 "-" "Mozilla/5.0 (compatible; SERankingBacklinksBot/1.0; +https://seranking.com/backlinks-crawler)"
65.109.100.157 - - [25/Jun/2026:15:05:41 +0300] "GET /haberler/mehmet-ali-erbilden-help-turkey-tepkisi-kimseye-ihtiyacimiz-yok-basimizda-devletimiz-var-94491 HTTP/1.1" 301 795 "-" "Mozilla/5.0 (compatible; SERankingBacklinksBot/1.0; +https://seranking.com/backlinks-crawler)"
65.109.100.157 - - [25/Jun/2026:15:05:41 +0300] "GET /haber/mehmet-ali-erbilden-help-turkey-tepkisi-kimseye-ihtiyacimiz-yok-basimizda-devletimiz-var-94491 HTTP/1.1" 302 219 "-" "Mozilla/5.0 (compatible; SERankingBacklinksBot/1.0; +https://seranking.com/backlinks-crawler)"
65.109.100.157 - - [25/Jun/2026:15:05:42 +0300] "GET / HTTP/1.1" 200 17233 "-" "Mozilla/5.0 (compatible; SERankingBacklinksBot/1.0; +https://seranking.com/backlinks-crawler)"
85.208.96.196 - - [25/Jun/2026:15:05:43 +0300] "GET /haber/begenilen-tasarim-yeni-man-lions-intercity-le-if-design-award-2022yi-kazandi-517322 HTTP/1.1" 200 16342 "-" "Mozilla/5.0 (compatible; SemrushBot/7~bl; +http://www.semrush.com/bot.html)"
65.109.100.157 - - [25/Jun/2026:15:05:45 +0300] "GET /haberler/mehmet-ali-guller-bizim-liberaller-araplari-turk-topraklarinda-seviyor-238507 HTTP/1.1" 301 795 "-" "Mozilla/5.0 (compatible; SERankingBacklinksBot/1.0; +https://seranking.com/backlinks-crawler)"
65.109.100.157 - - [25/Jun/2026:15:05:45 +0300] "GET /haberler/mehmet-ali-guller-bizim-liberaller-araplari-turk-topraklarinda-seviyor-238507 HTTP/1.1" 301 795 "-" "Mozilla/5.0 (compatible; SERankingBacklinksBot/1.0; +https://seranking.com/backlinks-crawler)"
65.109.100.157 - - [25/Jun/2026:15:05:46 +0300] "GET /404 HTTP/1.1" 302 215 "-" "Mozilla/5.0 (compatible; SERankingBacklinksBot/1.0; +https://seranking.com/backlinks-crawler)"
85.208.96.197 - - [25/Jun/2026:15:05:35 +0300] "GET /haber/akaryakit-zamlari-oto-yikama-esnafini-da-vurdu-siftahsiz-dukkan-kapatiyorum-485224 HTTP/1.1" 200 13723 "-" "Mozilla/5.0 (compatible; SemrushBot/7~bl; +http://www.semrush.com/bot.html)"
65.109.100.157 - - [25/Jun/2026:15:05:37 +0300] "GET /haber/mehmet-ali-erbilden-help-turkey-kampanyasina-tepki-95731 HTTP/1.1" 302 219 "-" "Mozilla/5.0 (compatible; SERankingBacklinksBot/1.0; +https://seranking.com/backlinks-crawler)"
65.109.100.157 - - [25/Jun/2026:15:05:38 +0300] "GET /404 HTTP/1.1" 302 215 "-" "Mozilla/5.0 (compatible; SERankingBacklinksBot/1.0; +https://seranking.com/backlinks-crawler)"
65.109.100.157 - - [25/Jun/2026:15:05:42 +0300] "GET /404 HTTP/1.1" 302 215 "-" "Mozilla/5.0 (compatible; SERankingBacklinksBot/1.0; +https://seranking.com/backlinks-crawler)"
65.109.100.157 - - [25/Jun/2026:15:05:45 +0300] "GET /haber/mehmet-ali-guller-bizim-liberaller-araplari-turk-topraklarinda-seviyor-238507 HTTP/1.1" 302 219 "-" "Mozilla/5.0 (compatible; SERankingBacklinksBot/1.0; +https://seranking.com/backlinks-crawler)"
47.128.124.112 - - [25/Jun/2026:15:05:47 +0300] "GET / HTTP/1.1" 200 17303 "-" "Mozilla/5.0 (Linux; Android 5.0) AppleWebKit/537.36 (KHTML, like Gecko) Mobile Safari/537.36 (compatible; Bytespider; spider-feedback@bytedance.com)"
5.255.231.20 - - [25/Jun/2026:15:05:48 +0300] "GET /public/rss/ekonomi-2 HTTP/1.1" 200 33529 "-" "Mozilla/5.0 (compatible; YandexBot/3.0; +http://yandex.com/bots)"
65.109.100.157 - - [25/Jun/2026:15:05:49 +0300] "GET /haberler/mehmet-ali-guller-erdogan-in-secim-rehinesi-olarak-kavala-13-aralik-2021-sesli-kose-yazisi-dinle-454057 HTTP/1.1" 301 795 "-" "Mozilla/5.0 (compatible; SERankingBacklinksBot/1.0; +https://seranking.com/backlinks-crawler)"
65.109.100.157 - - [25/Jun/2026:15:05:49 +0300] "GET /haberler/mehmet-ali-guller-erdogan-in-secim-rehinesi-olarak-kavala-13-aralik-2021-sesli-kose-yazisi-dinle-454057 HTTP/1.1" 301 795 "-" "Mozilla/5.0 (compatible; SERankingBacklinksBot/1.0; +https://seranking.com/backlinks-crawler)"
65.109.100.157 - - [25/Jun/2026:15:05:50 +0300] "GET /404 HTTP/1.1" 302 215 "-" "Mozilla/5.0 (compatible; SERankingBacklinksBot/1.0; +https://seranking.com/backlinks-crawler)"
47.128.124.112 - - [25/Jun/2026:15:05:50 +0300] "GET /public/images/firmalar/ HTTP/1.1" 403 787 "https://www.yeniistiklal.com/" "Mozilla/5.0 (Linux; Android 5.0) AppleWebKit/537.36 (KHTML, like Gecko) Mobile Safari/537.36 (compatible; Bytespider; spider-feedback@bytedance.com)"
47.128.124.112 - - [25/Jun/2026:15:05:50 +0300] "GET /images/haberler/2023/07/filenin-sultanlari-milletler-liginde-sampiyon-oldu-1689595616.png HTTP/1.1" 302 224 "https://www.yeniistiklal.com/" "Mozilla/5.0 (Linux; Android 5.0) AppleWebKit/537.36 (KHTML, like Gecko) Mobile Safari/537.36 (compatible; Bytespider; spider-feedback@bytedance.com)"
65.109.100.157 - - [25/Jun/2026:15:05:50 +0300] "GET / HTTP/1.1" 200 17236 "-" "Mozilla/5.0 (compatible; SERankingBacklinksBot/1.0; +https://seranking.com/backlinks-crawler)"
47.128.124.112 - - [25/Jun/2026:15:05:50 +0300] "OPTIONS /hava-durumu/ajax?sehir_isim=6 HTTP/1.1" 200 20 "https://www.yeniistiklal.com/" "Mozilla/5.0 (Linux; Android 5.0) AppleWebKit/537.36 (KHTML, like Gecko) Mobile Safari/537.36 (compatible; Bytespider; spider-feedback@bytedance.com)"
47.128.124.112 - - [25/Jun/2026:15:05:51 +0300] "GET /404 HTTP/1.1" 302 219 "https://www.yeniistiklal.com/" "Mozilla/5.0 (Linux; Android 5.0) AppleWebKit/537.36 (KHTML, like Gecko) Mobile Safari/537.36 (compatible; Bytespider; spider-feedback@bytedance.com)"
47.128.124.112 - - [25/Jun/2026:15:05:51 +0300] "GET /404 HTTP/1.1" 302 219 "https://www.yeniistiklal.com/" "Mozilla/5.0 (Linux; Android 5.0) AppleWebKit/537.36 (KHTML, like Gecko) Mobile Safari/537.36 (compatible; Bytespider; spider-feedback@bytedance.com)"
47.128.124.112 - - [25/Jun/2026:15:05:51 +0300] "GET / HTTP/1.1" 200 17301 "https://www.yeniistiklal.com/" "Mozilla/5.0 (Linux; Android 5.0) AppleWebKit/537.36 (KHTML, like Gecko) Mobile Safari/537.36 (compatible; Bytespider; spider-feedback@bytedance.com)"
65.109.100.157 - - [25/Jun/2026:15:05:46 +0300] "GET / HTTP/1.1" 200 17236 "-" "Mozilla/5.0 (compatible; SERankingBacklinksBot/1.0; +https://seranking.com/backlinks-crawler)"
216.73.217.71 - - [25/Jun/2026:15:05:46 +0300] "GET /images/galeriresim/2026/04/1776976832405.PHP?d=%2Fhome%2Fyeniistik%2Fpublic_html%2Fpublic%2Fimages%2Fgaleriresim%2F2026%2F04&edit=%2Fhome%2Fyeniistik%2Fpublic_html%2Fpublic%2Fimages%2Fgaleriresim%2F2026%2F04%2F1776976832405.jpg HTTP/1.1" 200 1167 "-" "Mozilla/5.0 AppleWebKit/537.36 (KHTML, like Gecko; compatible; ClaudeBot/1.0; +claudebot@anthropic.com)"
87.250.224.214 - - [25/Jun/2026:15:05:46 +0300] "GET / HTTP/1.1" 200 17223 "-" "Mozilla/5.0 (compatible; YandexBot/3.0; +http://yandex.com/bots) AppleWebKit/537.36 (KHTML, like Gecko) Chrome/108.0.0.0"
213.180.203.11 - - [25/Jun/2026:15:05:47 +0300] "GET /haber/topraktan-sofraya-kilis-gastronomi-turizmi-paneli-yapildi-502553 HTTP/1.1" 200 14407 "-" "Mozilla/5.0 (compatible; YandexBot/3.0; +http://yandex.com/bots)"
65.109.100.157 - - [25/Jun/2026:15:05:49 +0300] "GET /haber/mehmet-ali-guller-erdogan-in-secim-rehinesi-olarak-kavala-13-aralik-2021-sesli-kose-yazisi-dinle-454057 HTTP/1.1" 302 219 "-" "Mozilla/5.0 (compatible; SERankingBacklinksBot/1.0; +https://seranking.com/backlinks-crawler)"
47.128.124.112 - - [25/Jun/2026:15:05:49 +0300] "GET /images/firmalar HTTP/1.1" 301 795 "https://www.yeniistiklal.com/" "Mozilla/5.0 (Linux; Android 5.0) AppleWebKit/537.36 (KHTML, like Gecko) Mobile Safari/537.36 (compatible; Bytespider; spider-feedback@bytedance.com)"
65.109.100.157 - - [25/Jun/2026:15:05:49 +0300] "GET /haber/mehmet-ali-guller-erdogan-in-secim-rehinesi-olarak-kavala-13-aralik-2021-sesli-kose-yazisi-dinle-454057 HTTP/1.1" 302 219 "-" "Mozilla/5.0 (compatible; SERankingBacklinksBot/1.0; +https://seranking.com/backlinks-crawler)"
47.128.124.112 - - [25/Jun/2026:15:05:50 +0300] "GET /images/haberler/2024/01/iddaa-analizi-nasil-yapilir-1706624003.png HTTP/1.1" 302 224 "https://www.yeniistiklal.com/" "Mozilla/5.0 (Linux; Android 5.0) AppleWebKit/537.36 (KHTML, like Gecko) Mobile Safari/537.36 (compatible; Bytespider; spider-feedback@bytedance.com)"
47.128.124.112 - - [25/Jun/2026:15:05:50 +0300] "GET /images/haberler/2022/11/2022-dunya-kupasi-belcika-0-2-fas-1669566817.png HTTP/1.1" 302 224 "https://www.yeniistiklal.com/" "Mozilla/5.0 (Linux; Android 5.0) AppleWebKit/537.36 (KHTML, like Gecko) Mobile Safari/537.36 (compatible; Bytespider; spider-feedback@bytedance.com)"
47.128.124.112 - - [25/Jun/2026:15:05:50 +0300] "GET /404 HTTP/1.1" 302 219 "https://www.yeniistiklal.com/" "Mozilla/5.0 (Linux; Android 5.0) AppleWebKit/537.36 (KHTML, like Gecko) Mobile Safari/537.36 (compatible; Bytespider; spider-feedback@bytedance.com)"
47.128.124.112 - - [25/Jun/2026:15:05:51 +0300] "GET / HTTP/1.1" 200 17318 "https://www.yeniistiklal.com/" "Mozilla/5.0 (Linux; Android 5.0) AppleWebKit/537.36 (KHTML, like Gecko) Mobile Safari/537.36 (compatible; Bytespider; spider-feedback@bytedance.com)"
47.128.124.112 - - [25/Jun/2026:15:05:51 +0300] "GET / HTTP/1.1" 200 17300 "https://www.yeniistiklal.com/" "Mozilla/5.0 (Linux; Android 5.0) AppleWebKit/537.36 (KHTML, like Gecko) Mobile Safari/537.36 (compatible; Bytespider; spider-feedback@bytedance.com)"
65.109.100.157 - - [25/Jun/2026:15:05:53 +0300] "GET /haberler/mehmet-ali-kulat-cumhur-ittifaki-nasil-toplarsak-toplayalim-yuzde-501-etmiyor-21607 HTTP/1.1" 301 795 "-" "Mozilla/5.0 (compatible; SERankingBacklinksBot/1.0; +https://seranking.com/backlinks-crawler)"
65.109.100.157 - - [25/Jun/2026:15:05:53 +0300] "GET /haber/mehmet-ali-kulat-cumhur-ittifaki-nasil-toplarsak-toplayalim-yuzde-501-etmiyor-21607 HTTP/1.1" 302 219 "-" "Mozilla/5.0 (compatible; SERankingBacklinksBot/1.0; +https://seranking.com/backlinks-crawler)"
65.109.100.157 - - [25/Jun/2026:15:05:53 +0300] "GET /haber/mehmet-ali-kulat-cumhur-ittifaki-nasil-toplarsak-toplayalim-yuzde-501-etmiyor-21607 HTTP/1.1" 302 219 "-" "Mozilla/5.0 (compatible; SERankingBacklinksBot/1.0; +https://seranking.com/backlinks-crawler)"
65.109.100.157 - - [25/Jun/2026:15:05:53 +0300] "GET /haberler/mehmet-ali-kulat-cumhur-ittifaki-nasil-toplarsak-toplayalim-yuzde-501-etmiyor-21607 HTTP/1.1" 301 795 "-" "Mozilla/5.0 (compatible; SERankingBacklinksBot/1.0; +https://seranking.com/backlinks-crawler)"
65.109.100.157 - - [25/Jun/2026:15:05:54 +0300] "GET /404 HTTP/1.1" 302 215 "-" "Mozilla/5.0 (compatible; SERankingBacklinksBot/1.0; +https://seranking.com/backlinks-crawler)"
65.109.100.157 - - [25/Jun/2026:15:05:57 +0300] "GET /haber/mehmet-ali-kulat-ile-gundem-ozel-152637 HTTP/1.1" 302 219 "-" "Mozilla/5.0 (compatible; SERankingBacklinksBot/1.0; +https://seranking.com/backlinks-crawler)"
65.109.100.157 - - [25/Jun/2026:15:05:58 +0300] "GET /404 HTTP/1.1" 302 215 "-" "Mozilla/5.0 (compatible; SERankingBacklinksBot/1.0; +https://seranking.com/backlinks-crawler)"
209.101.53.34 - - [25/Jun/2026:15:05:58 +0300] "GET /wp-content/uploads/2021/08/pakistanda-yolcu-minibusu-kazanin-ardindan-alev-topuna-dondu-10-olu-7-yarali-JmbFsZJC-370x185.jpg HTTP/1.1" 302 219 "-" "Mozilla/5.0 (compatible; crawler)"
209.101.53.34 - - [25/Jun/2026:15:06:00 +0300] "GET / HTTP/1.1" 200 17224 "-" "Mozilla/5.0 (compatible; crawler)"
65.109.100.157 - - [25/Jun/2026:15:06:01 +0300] "GET /haberler/mehmet-ali-ozpolat-son-yolculuguna-ugurlandi-84046 HTTP/1.1" 301 795 "-" "Mozilla/5.0 (compatible; SERankingBacklinksBot/1.0; +https://seranking.com/backlinks-crawler)"
65.109.100.157 - - [25/Jun/2026:15:06:01 +0300] "GET /haber/mehmet-ali-ozpolat-son-yolculuguna-ugurlandi-84046 HTTP/1.1" 302 219 "-" "Mozilla/5.0 (compatible; SERankingBacklinksBot/1.0; +https://seranking.com/backlinks-crawler)"
65.109.100.157 - - [25/Jun/2026:15:06:01 +0300] "GET /haberler/mehmet-ali-ozpolat-son-yolculuguna-ugurlandi-84046 HTTP/1.1" 301 795 "-" "Mozilla/5.0 (compatible; SERankingBacklinksBot/1.0; +https://seranking.com/backlinks-crawler)"
65.109.100.157 - - [25/Jun/2026:15:06:02 +0300] "GET /404 HTTP/1.1" 302 215 "-" "Mozilla/5.0 (compatible; SERankingBacklinksBot/1.0; +https://seranking.com/backlinks-crawler)"
65.109.100.157 - - [25/Jun/2026:15:06:02 +0300] "GET / HTTP/1.1" 200 17239 "-" "Mozilla/5.0 (compatible; SERankingBacklinksBot/1.0; +https://seranking.com/backlinks-crawler)"
47.128.16.160 - - [25/Jun/2026:15:06:02 +0300] "GET /public/images/firmalar/ HTTP/1.1" 403 787 "https://www.yeniistiklal.com/" "Mozilla/5.0 (Linux; Android 5.0) AppleWebKit/537.36 (KHTML, like Gecko) Mobile Safari/537.36 (compatible; TikTokSpider; ttspider-feedback@tiktok.com)"
47.128.16.160 - - [25/Jun/2026:15:06:02 +0300] "GET /images/haberler/2024/01/iddaa-analizi-nasil-yapilir-1706624003.png HTTP/1.1" 302 224 "https://www.yeniistiklal.com/" "Mozilla/5.0 (Linux; Android 5.0) AppleWebKit/537.36 (KHTML, like Gecko) Mobile Safari/537.36 (compatible; TikTokSpider; ttspider-feedback@tiktok.com)"
47.128.16.160 - - [25/Jun/2026:15:06:02 +0300] "GET /images/haberler/2022/11/2022-dunya-kupasi-belcika-0-2-fas-1669566817.png HTTP/1.1" 302 224 "https://www.yeniistiklal.com/" "Mozilla/5.0 (Linux; Android 5.0) AppleWebKit/537.36 (KHTML, like Gecko) Mobile Safari/537.36 (compatible; TikTokSpider; ttspider-feedback@tiktok.com)"
47.128.16.160 - - [25/Jun/2026:15:06:03 +0300] "GET /404 HTTP/1.1" 302 219 "https://www.yeniistiklal.com/" "Mozilla/5.0 (Linux; Android 5.0) AppleWebKit/537.36 (KHTML, like Gecko) Mobile Safari/537.36 (compatible; TikTokSpider; ttspider-feedback@tiktok.com)"
143.14.151.79 - - [25/Jun/2026:15:06:03 +0300] "GET /images/haberler/2022/01/cin-ekonomisi-2021de-yuzde-81-buyudu-1AmHAWWX.jpg HTTP/1.1" 302 219 "https://yeniistiklal.com/" "Mozilla/5.0 (Windows NT 10.0; Win64; x64) AppleWebKit/537.36 (KHTML, like Gecko) Chrome/108.0.0.0 Safari/537.36"
47.128.16.160 - - [25/Jun/2026:15:06:03 +0300] "GET / HTTP/1.1" 200 17297 "https://www.yeniistiklal.com/" "Mozilla/5.0 (Linux; Android 5.0) AppleWebKit/537.36 (KHTML, like Gecko) Mobile Safari/537.36 (compatible; TikTokSpider; ttspider-feedback@tiktok.com)"
65.109.100.157 - - [25/Jun/2026:15:05:54 +0300] "GET / HTTP/1.1" 200 17219 "-" "Mozilla/5.0 (compatible; SERankingBacklinksBot/1.0; +https://seranking.com/backlinks-crawler)"
65.109.100.157 - - [25/Jun/2026:15:05:57 +0300] "GET /haberler/mehmet-ali-kulat-ile-gundem-ozel-152637 HTTP/1.1" 301 795 "-" "Mozilla/5.0 (compatible; SERankingBacklinksBot/1.0; +https://seranking.com/backlinks-crawler)"
65.109.100.157 - - [25/Jun/2026:15:05:57 +0300] "GET /haber/mehmet-ali-kulat-ile-gundem-ozel-152637 HTTP/1.1" 302 219 "-" "Mozilla/5.0 (compatible; SERankingBacklinksBot/1.0; +https://seranking.com/backlinks-crawler)"
65.109.100.157 - - [25/Jun/2026:15:05:57 +0300] "GET /haberler/mehmet-ali-kulat-ile-gundem-ozel-152637 HTTP/1.1" 301 795 "-" "Mozilla/5.0 (compatible; SERankingBacklinksBot/1.0; +https://seranking.com/backlinks-crawler)"
65.109.100.157 - - [25/Jun/2026:15:05:58 +0300] "GET / HTTP/1.1" 200 17228 "-" "Mozilla/5.0 (compatible; SERankingBacklinksBot/1.0; +https://seranking.com/backlinks-crawler)"
209.101.53.34 - - [25/Jun/2026:15:05:59 +0300] "GET /404 HTTP/1.1" 302 215 "-" "Mozilla/5.0 (compatible; crawler)"
65.109.100.157 - - [25/Jun/2026:15:06:01 +0300] "GET /haber/mehmet-ali-ozpolat-son-yolculuguna-ugurlandi-84046 HTTP/1.1" 302 219 "-" "Mozilla/5.0 (compatible; SERankingBacklinksBot/1.0; +https://seranking.com/backlinks-crawler)"
47.128.16.160 - - [25/Jun/2026:15:06:02 +0300] "GET / HTTP/1.1" 200 17303 "-" "Mozilla/5.0 (Linux; Android 5.0) AppleWebKit/537.36 (KHTML, like Gecko) Mobile Safari/537.36 (compatible; TikTokSpider; ttspider-feedback@tiktok.com)"
47.128.16.160 - - [25/Jun/2026:15:06:02 +0300] "GET /images/firmalar HTTP/1.1" 301 795 "https://www.yeniistiklal.com/" "Mozilla/5.0 (Linux; Android 5.0) AppleWebKit/537.36 (KHTML, like Gecko) Mobile Safari/537.36 (compatible; TikTokSpider; ttspider-feedback@tiktok.com)"
47.128.16.160 - - [25/Jun/2026:15:06:02 +0300] "GET /images/haberler/2023/07/filenin-sultanlari-milletler-liginde-sampiyon-oldu-1689595616.png HTTP/1.1" 302 224 "https://www.yeniistiklal.com/" "Mozilla/5.0 (Linux; Android 5.0) AppleWebKit/537.36 (KHTML, like Gecko) Mobile Safari/537.36 (compatible; TikTokSpider; ttspider-feedback@tiktok.com)"
47.128.16.160 - - [25/Jun/2026:15:06:02 +0300] "GET /404 HTTP/1.1" 302 219 "https://www.yeniistiklal.com/" "Mozilla/5.0 (Linux; Android 5.0) AppleWebKit/537.36 (KHTML, like Gecko) Mobile Safari/537.36 (compatible; TikTokSpider; ttspider-feedback@tiktok.com)"
47.128.16.160 - - [25/Jun/2026:15:06:03 +0300] "GET /404 HTTP/1.1" 302 219 "https://www.yeniistiklal.com/" "Mozilla/5.0 (Linux; Android 5.0) AppleWebKit/537.36 (KHTML, like Gecko) Mobile Safari/537.36 (compatible; TikTokSpider; ttspider-feedback@tiktok.com)"
47.128.16.160 - - [25/Jun/2026:15:06:03 +0300] "GET / HTTP/1.1" 200 17308 "https://www.yeniistiklal.com/" "Mozilla/5.0 (Linux; Android 5.0) AppleWebKit/537.36 (KHTML, like Gecko) Mobile Safari/537.36 (compatible; TikTokSpider; ttspider-feedback@tiktok.com)"
159.223.177.64 - - [25/Jun/2026:15:06:04 +0300] "GET /public/images/haberler/2022/03/a-maber-tadinda-ekonomi-iyi-diyen-akp-li-gurbetcinin-agzinin-payini-verdiler.jpg HTTP/1.1" 302 225 "https://yeniistiklal.com/" "Mozilla/5.0 (Windows NT 10.0; Win64; x64) AppleWebKit/537.36 (KHTML, like Gecko) Chrome/120.0.0.0 Safari/537.36"
159.223.177.64 - - [25/Jun/2026:15:06:04 +0300] "GET /public/index.php/images/haberler/2022/10/h2k-racing-team-izmire-lider-donmek-istiyor-OlL7mt2k.jpg HTTP/1.1" 302 234 "https://yeniistiklal.com/" "Mozilla/5.0 (Windows NT 10.0; Win64; x64) AppleWebKit/537.36 (KHTML, like Gecko) Chrome/106.0.5249.119 Safari/537.36"
143.14.151.79 - - [25/Jun/2026:15:06:04 +0300] "GET /404 HTTP/1.1" 302 215 "https://yeniistiklal.com/" "Mozilla/5.0 (Windows NT 10.0; Win64; x64) AppleWebKit/537.36 (KHTML, like Gecko) Chrome/108.0.0.0 Safari/537.36"
143.14.151.79 - - [25/Jun/2026:15:06:05 +0300] "GET / HTTP/1.1" 200 17233 "https://yeniistiklal.com/" "Mozilla/5.0 (Windows NT 10.0; Win64; x64) AppleWebKit/537.36 (KHTML, like Gecko) Chrome/108.0.0.0 Safari/537.36"
65.109.100.157 - - [25/Jun/2026:15:06:05 +0300] "GET /haberler/mehmet-aslantugdan-yangin-paylasimi-hesap-soran-bilinc-neden-agiriniza-gidiyor-100371 HTTP/1.1" 301 795 "-" "Mozilla/5.0 (compatible; SERankingBacklinksBot/1.0; +https://seranking.com/backlinks-crawler)"
65.109.100.157 - - [25/Jun/2026:15:06:05 +0300] "GET /haberler/mehmet-aslantugdan-yangin-paylasimi-hesap-soran-bilinc-neden-agiriniza-gidiyor-100371 HTTP/1.1" 301 795 "-" "Mozilla/5.0 (compatible; SERankingBacklinksBot/1.0; +https://seranking.com/backlinks-crawler)"
159.223.177.64 - - [25/Jun/2026:15:06:05 +0300] "GET /public/index.php/404 HTTP/1.1" 302 229 "https://yeniistiklal.com/" "Mozilla/5.0 (Windows NT 10.0; Win64; x64) AppleWebKit/537.36 (KHTML, like Gecko) Chrome/106.0.5249.119 Safari/537.36"
65.109.100.157 - - [25/Jun/2026:15:06:05 +0300] "GET /404 HTTP/1.1" 302 215 "-" "Mozilla/5.0 (compatible; SERankingBacklinksBot/1.0; +https://seranking.com/backlinks-crawler)"
65.109.100.157 - - [25/Jun/2026:15:06:06 +0300] "GET / HTTP/1.1" 200 17233 "-" "Mozilla/5.0 (compatible; SERankingBacklinksBot/1.0; +https://seranking.com/backlinks-crawler)"
159.223.177.64 - - [25/Jun/2026:15:06:06 +0300] "GET /public HTTP/1.1" 301 795 "https://yeniistiklal.com/" "Mozilla/5.0 (Windows NT 10.0; Win64; x64) AppleWebKit/537.36 (KHTML, like Gecko) Chrome/120.0.0.0 Safari/537.36"
185.191.171.18 - - [25/Jun/2026:15:06:07 +0300] "GET /haber/elon-musk-twitteri-satin-alma-yolunda-hizla-ilerliyor-511335 HTTP/1.1" 200 14173 "-" "Mozilla/5.0 (compatible; SemrushBot/7~bl; +http://www.semrush.com/bot.html)"
138.99.38.1 - - [25/Jun/2026:15:06:08 +0300] "GET /404 HTTP/1.1" 302 215 "-" "Mozilla/5.0 (compatible; crawler)"
159.223.177.64 - - [25/Jun/2026:15:06:08 +0300] "GET /public/ HTTP/1.1" 200 17372 "https://yeniistiklal.com/" "Mozilla/5.0 (Windows NT 10.0; Win64; x64) AppleWebKit/537.36 (KHTML, like Gecko) Chrome/120.0.0.0 Safari/537.36"
138.99.38.1 - - [25/Jun/2026:15:06:08 +0300] "GET / HTTP/1.1" 200 17241 "-" "Mozilla/5.0 (compatible; crawler)"
65.109.100.157 - - [25/Jun/2026:15:06:09 +0300] "GET /haberler/mehmet-aydinin-ifadesinden-yeni-ayrintilar-1-5-milyar-topladim-bitcoinde-10a-katladim-18917 HTTP/1.1" 301 795 "-" "Mozilla/5.0 (compatible; SERankingBacklinksBot/1.0; +https://seranking.com/backlinks-crawler)"
65.109.100.157 - - [25/Jun/2026:15:06:09 +0300] "GET /haberler/mehmet-aydinin-ifadesinden-yeni-ayrintilar-1-5-milyar-topladim-bitcoinde-10a-katladim-18917 HTTP/1.1" 301 795 "-" "Mozilla/5.0 (compatible; SERankingBacklinksBot/1.0; +https://seranking.com/backlinks-crawler)"
65.109.100.157 - - [25/Jun/2026:15:06:09 +0300] "GET /haber/mehmet-aydinin-ifadesinden-yeni-ayrintilar-1-5-milyar-topladim-bitcoinde-10a-katladim-18917 HTTP/1.1" 302 219 "-" "Mozilla/5.0 (compatible; SERankingBacklinksBot/1.0; +https://seranking.com/backlinks-crawler)"
65.109.100.157 - - [25/Jun/2026:15:06:09 +0300] "GET /404 HTTP/1.1" 302 215 "-" "Mozilla/5.0 (compatible; SERankingBacklinksBot/1.0; +https://seranking.com/backlinks-crawler)"
65.109.100.157 - - [25/Jun/2026:15:06:09 +0300] "GET / HTTP/1.1" 200 17237 "-" "Mozilla/5.0 (compatible; SERankingBacklinksBot/1.0; +https://seranking.com/backlinks-crawler)"
87.250.224.223 - - [25/Jun/2026:15:06:10 +0300] "GET /public/rss/genel-0 HTTP/1.1" 200 196873 "-" "Mozilla/5.0 (compatible; YandexBot/3.0; +http://yandex.com/bots)"
51.195.244.163 - - [25/Jun/2026:15:06:10 +0300] "GET /public/haber/plastiklerin-olasi-tehlikelerinden-korunmanin-7-yolu-551566 HTTP/1.1" 200 14969 "-" "Mozilla/5.0 (compatible; AhrefsBot/7.0; +http://ahrefs.com/robot/)"
52.167.144.166 - - [25/Jun/2026:15:06:11 +0300] "GET /images/haberler/2022/07/deprem-master-plani-hazirliklari-suruyor-WRAE84nq.jpg HTTP/1.1" 302 219 "-" "Mozilla/5.0 AppleWebKit/537.36 (KHTML, like Gecko; compatible; bingbot/2.0; +http://www.bing.com/bingbot.htm) Chrome/116.0.1938.76 Safari/537.36"
85.208.96.208 - - [25/Jun/2026:15:06:13 +0300] "GET /haber/kis-spor-okullari-gencleri-bekliyor-547362 HTTP/1.1" 200 13981 "-" "Mozilla/5.0 (compatible; SemrushBot/7~bl; +http://www.semrush.com/bot.html)"
47.128.16.160 - - [25/Jun/2026:15:06:04 +0300] "GET / HTTP/1.1" 200 17304 "https://www.yeniistiklal.com/" "Mozilla/5.0 (Linux; Android 5.0) AppleWebKit/537.36 (KHTML, like Gecko) Mobile Safari/537.36 (compatible; TikTokSpider; ttspider-feedback@tiktok.com)"
185.191.171.16 - - [25/Jun/2026:15:06:05 +0300] "GET /haber/kocaeli-buyuksehir-tsm-korosundan-yaz-konseri-523334 HTTP/1.1" 200 14857 "-" "Mozilla/5.0 (compatible; SemrushBot/7~bl; +http://www.semrush.com/bot.html)"
65.109.100.157 - - [25/Jun/2026:15:06:05 +0300] "GET /haber/mehmet-aslantugdan-yangin-paylasimi-hesap-soran-bilinc-neden-agiriniza-gidiyor-100371 HTTP/1.1" 302 219 "-" "Mozilla/5.0 (compatible; SERankingBacklinksBot/1.0; +https://seranking.com/backlinks-crawler)"
159.223.177.64 - - [25/Jun/2026:15:06:05 +0300] "GET /public/404 HTTP/1.1" 302 220 "https://yeniistiklal.com/" "Mozilla/5.0 (Windows NT 10.0; Win64; x64) AppleWebKit/537.36 (KHTML, like Gecko) Chrome/120.0.0.0 Safari/537.36"
65.109.100.157 - - [25/Jun/2026:15:06:05 +0300] "GET /haber/mehmet-aslantugdan-yangin-paylasimi-hesap-soran-bilinc-neden-agiriniza-gidiyor-100371 HTTP/1.1" 302 219 "-" "Mozilla/5.0 (compatible; SERankingBacklinksBot/1.0; +https://seranking.com/backlinks-crawler)"
159.223.177.64 - - [25/Jun/2026:15:06:06 +0300] "GET /public/index.php HTTP/1.1" 200 17482 "https://yeniistiklal.com/" "Mozilla/5.0 (Windows NT 10.0; Win64; x64) AppleWebKit/537.36 (KHTML, like Gecko) Chrome/106.0.5249.119 Safari/537.36"
138.99.38.1 - - [25/Jun/2026:15:06:07 +0300] "GET /images/haberler/2022/10/steam-oyun-fiyatlarina-zam-90-katina-cikti-8WcTIAcm.jpg HTTP/1.1" 302 219 "-" "Mozilla/5.0 (compatible; crawler)"
78.135.112.144 - - [25/Jun/2026:15:06:07 +0300] "GET /spor HTTP/1.1" 200 10022 "-" "Mozilla/5.0 (Windows NT 10.0; Win64; x64) AppleWebKit/537.36 (KHTML, like Gecko) Chrome/108.0.0.0 Safari/537.36"
202.46.62.30 - - [25/Jun/2026:15:06:07 +0300] "GET /haber/mario-levi-ile-yaratici-yazarlik-atolyesi-2-kasimda-basliyor-548000 HTTP/1.1" 200 13798 "-" "Mozilla/5.0 (Windows NT 10.0; Win64; x64) AppleWebKit/537.36 (KHTML, like Gecko) Chrome/133.0.6943.141 Safari/537.36"
65.109.100.157 - - [25/Jun/2026:15:06:09 +0300] "GET /haber/mehmet-aydinin-ifadesinden-yeni-ayrintilar-1-5-milyar-topladim-bitcoinde-10a-katladim-18917 HTTP/1.1" 302 219 "-" "Mozilla/5.0 (compatible; SERankingBacklinksBot/1.0; +https://seranking.com/backlinks-crawler)"
82.24.247.177 - - [25/Jun/2026:15:06:11 +0300] "GET / HTTP/1.1" 200 17232 "-" "Mozilla/5.0 (Macintosh; iPhone; CPU iPhone OS 14_6 like Mac OS X) AppleWebKit/605.1.15 (KHTML, like Gecko) Version/14.0.3 Safari/605.1.15"
84.37.178.114 - - [25/Jun/2026:15:06:12 +0300] "GET /haber/gardrops-iade-talebi-nasil-yapilir-551447 HTTP/1.1" 200 13456 "-" "Mozilla/5.0 (Macintosh; Intel Mac OS X 10_15_7) AppleWebKit/537.36 (KHTML, like Gecko) Chrome/142.0.0.0 Safari/537.36"
52.167.144.166 - - [25/Jun/2026:15:06:12 +0300] "GET /404 HTTP/1.1" 302 215 "-" "Mozilla/5.0 AppleWebKit/537.36 (KHTML, like Gecko; compatible; bingbot/2.0; +http://www.bing.com/bingbot.htm) Chrome/116.0.1938.76 Safari/537.36"
65.109.100.157 - - [25/Jun/2026:15:06:13 +0300] "GET /haberler/mehmet-barlas-aksener-icin-dogru-olan-cumhurbaskani-erdoganin-elini-opmektir-252991 HTTP/1.1" 301 795 "-" "Mozilla/5.0 (compatible; SERankingBacklinksBot/1.0; +https://seranking.com/backlinks-crawler)"
43.173.173.46 - - [25/Jun/2026:15:06:13 +0300] "GET /public/index.php/haber/manisa-demircide-aatde-betonerme-imalat-suruyor-546125 HTTP/1.1" 200 13913 "-" "Mozilla/5.0 (Windows NT 10.0; Win64; x64) AppleWebKit/537.36 (KHTML, like Gecko) Chrome/131.0.0.0 Safari/537.36"
65.109.100.157 - - [25/Jun/2026:15:06:13 +0300] "GET /haber/mehmet-barlas-aksener-icin-dogru-olan-cumhurbaskani-erdoganin-elini-opmektir-252991 HTTP/1.1" 302 219 "-" "Mozilla/5.0 (compatible; SERankingBacklinksBot/1.0; +https://seranking.com/backlinks-crawler)"
65.109.100.157 - - [25/Jun/2026:15:06:13 +0300] "GET /404 HTTP/1.1" 302 215 "-" "Mozilla/5.0 (compatible; SERankingBacklinksBot/1.0; +https://seranking.com/backlinks-crawler)"
204.93.187.216 - - [25/Jun/2026:15:06:15 +0300] "GET /haber/aksa-kimin-aksa-enerjinin-sahibi-kimdir-551970 HTTP/1.1" 200 13871 "https://yeniistiklal.com" "Mozilla/5.0 (Macintosh; Intel Mac OS X 11_2_3; rv:116.0) Gecko/20100101 Firefox/116.0"
204.93.187.216 - - [25/Jun/2026:15:06:16 +0300] "GET /haber/survivor-2026-yarismacilari-tam-liste-552081 HTTP/1.1" 200 14774 "https://yeniistiklal.com" "Mozilla/5.0 (Macintosh; Windows NT 10.0; Win64; x64) AppleWebKit/605.1.15 (KHTML, like Gecko) Version/15.0.3 Safari/605.1.15"
193.176.99.210 - - [25/Jun/2026:15:06:16 +0300] "GET /haber/dunyanin-en-buyuk-dagi-hangisidir-everest-mi-mauna-kea-mi-551973 HTTP/1.1" 200 14762 "https://yeniistiklal.com" "Mozilla/5.0 (iPad; CPU OS 14_6 like Mac OS X) AppleWebKit/537.36 (KHTML, like Gecko) Chrome/138.0.5291.57 Safari/537.36 OPR/92.0.3519.58"
43.172.195.50 - - [25/Jun/2026:15:06:16 +0300] "GET /hava-durumu/ajax?sehir_isim=6 HTTP/1.1" 200 77 "https://yeniistiklal.com/public/index.php/haber/manisa-demircide-aatde-betonerme-imalat-suruyor-546125" "Mozilla/5.0 (Windows NT 10.0; Win64; x64) AppleWebKit/537.36 (KHTML, like Gecko) Chrome/131.0.0.0 Safari/537.36"
82.21.231.95 - - [25/Jun/2026:15:06:16 +0300] "GET /haberler HTTP/1.1" 200 10655 "https://yeniistiklal.com" "Mozilla/5.0 (Macintosh; Intel Mac OS X 11_2_3) AppleWebKit/537.36 (KHTML, like Gecko) Chrome/129.0.5158.35 Safari/537.36 Edg/98.0.1683.75"
65.109.100.157 - - [25/Jun/2026:15:06:17 +0300] "GET /haberler/mehmet-barlas-chp-yuzunden-demokrasimiz-topallamaya-basladi-174486 HTTP/1.1" 301 795 "-" "Mozilla/5.0 (compatible; SERankingBacklinksBot/1.0; +https://seranking.com/backlinks-crawler)"
65.109.100.157 - - [25/Jun/2026:15:06:17 +0300] "GET /haber/mehmet-barlas-chp-yuzunden-demokrasimiz-topallamaya-basladi-174486 HTTP/1.1" 302 219 "-" "Mozilla/5.0 (compatible; SERankingBacklinksBot/1.0; +https://seranking.com/backlinks-crawler)"
82.24.247.177 - - [25/Jun/2026:15:06:17 +0300] "GET /saglik HTTP/1.1" 200 9730 "https://yeniistiklal.com" "Mozilla/5.0 (iPhone; CPU iPhone OS 14_6 like Mac OS X) AppleWebKit/537.36 (KHTML, like Gecko) Chrome/115.0.6267.90 Safari/537.36"
