95.108.213.191 - - [25/Jun/2026:15:32:14 +0300] "GET /rss/spor-9 HTTP/1.1" 200 78277 "-" "Mozilla/5.0 (compatible; YandexBot/3.0; +http://yandex.com/bots)"
51.222.168.13 - - [25/Jun/2026:15:32:15 +0300] "GET /public/haber/sehirler-arasi-nakliyatta-musteri-memnuniyetini-belirleyen-unsurlar-nelerdir-551898 HTTP/1.1" 200 15921 "-" "Mozilla/5.0 (compatible; AhrefsBot/7.0; +http://ahrefs.com/robot/)"
65.109.100.157 - - [25/Jun/2026:15:32:15 +0300] "GET /haberler/mert-kiyak-en-islek-sokagim-ol-231567 HTTP/1.1" 301 795 "-" "Mozilla/5.0 (compatible; SERankingBacklinksBot/1.0; +https://seranking.com/backlinks-crawler)"
47.128.123.91 - - [25/Jun/2026:15:32:15 +0300] "GET / HTTP/1.1" 200 17227 "https://yeniistiklal.com/" "Mozilla/5.0 (Linux; Android 5.0) AppleWebKit/537.36 (KHTML, like Gecko) Mobile Safari/537.36 (compatible; Bytespider; spider-feedback@bytedance.com)"
65.109.100.157 - - [25/Jun/2026:15:32:16 +0300] "GET /haber/mert-kiyak-en-islek-sokagim-ol-231567 HTTP/1.1" 302 219 "-" "Mozilla/5.0 (compatible; SERankingBacklinksBot/1.0; +https://seranking.com/backlinks-crawler)"
65.109.100.157 - - [25/Jun/2026:15:32:16 +0300] "GET /haber/mert-kiyak-en-islek-sokagim-ol-231567 HTTP/1.1" 302 219 "-" "Mozilla/5.0 (compatible; SERankingBacklinksBot/1.0; +https://seranking.com/backlinks-crawler)"
43.172.197.47 - - [25/Jun/2026:15:32:16 +0300] "GET /public/haber/sosyal-yardim-modelleri-kapsamindaki-odemelerde-artisa-gidildi-480245 HTTP/1.1" 200 14159 "-" "Mozilla/5.0 (Windows NT 10.0; Win64; x64) AppleWebKit/537.36 (KHTML, like Gecko) Chrome/109.0.0.0 Safari/537.36"
65.109.100.157 - - [25/Jun/2026:15:32:16 +0300] "GET /404 HTTP/1.1" 302 215 "-" "Mozilla/5.0 (compatible; SERankingBacklinksBot/1.0; +https://seranking.com/backlinks-crawler)"
65.109.100.157 - - [25/Jun/2026:15:32:16 +0300] "GET / HTTP/1.1" 200 17243 "-" "Mozilla/5.0 (compatible; SERankingBacklinksBot/1.0; +https://seranking.com/backlinks-crawler)"
43.173.181.15 - - [25/Jun/2026:15:32:17 +0300] "GET /hava-durumu/ajax?sehir_isim=6 HTTP/1.1" 200 77 "https://yeniistiklal.com/public/haber/sosyal-yardim-modelleri-kapsamindaki-odemelerde-artisa-gidildi-480245" "Mozilla/5.0 (Windows NT 10.0; Win64; x64) AppleWebKit/537.36 (KHTML, like Gecko) Chrome/109.0.0.0 Safari/537.36"
213.180.203.244 - - [25/Jun/2026:15:32:18 +0300] "GET /rss/genel-0 HTTP/1.1" 200 196772 "-" "Mozilla/5.0 (compatible; YandexBot/3.0; +http://yandex.com/bots)"
185.191.171.15 - - [25/Jun/2026:15:32:19 +0300] "GET /haber/baskan-savran-sanayi-esnafini-ziyaret-etti-524625 HTTP/1.1" 200 13814 "-" "Mozilla/5.0 (compatible; SemrushBot/7~bl; +http://www.semrush.com/bot.html)"
185.191.171.8 - - [25/Jun/2026:15:32:20 +0300] "GET /haber/ataturkun-bandosu-100-yili-kutladi-535778 HTTP/1.1" 200 14155 "-" "Mozilla/5.0 (compatible; SemrushBot/7~bl; +http://www.semrush.com/bot.html)"
65.109.100.157 - - [25/Jun/2026:15:32:20 +0300] "GET /haber/mert-kiyak-yalanlarinla-kal-229102 HTTP/1.1" 302 219 "-" "Mozilla/5.0 (compatible; SERankingBacklinksBot/1.0; +https://seranking.com/backlinks-crawler)"
65.109.100.157 - - [25/Jun/2026:15:32:20 +0300] "GET / HTTP/1.1" 200 17235 "-" "Mozilla/5.0 (compatible; SERankingBacklinksBot/1.0; +https://seranking.com/backlinks-crawler)"
52.2.58.41 - - [25/Jun/2026:15:32:22 +0300] "GET /public/index.php/haber/yazin-ayran-icmek-icin-yedi-sebep-525023 HTTP/1.1" 200 14786 "-" "Mozilla/5.0 AppleWebKit/537.36 (KHTML, like Gecko; compatible; Amazonbot/0.1; +https://developer.amazon.com/support/amazonbot) Chrome/119.0.6045.214 Safari/537.36"
40.77.167.7 - - [25/Jun/2026:15:32:23 +0300] "GET /images/haberler/2022/02/baskurdistan-turk-mu-hangi-irk-kim-kurdu-baskurdistan-hangi-dili-konusuyor-pOAlRMXv.jpg HTTP/1.1" 302 219 "-" "Mozilla/5.0 AppleWebKit/537.36 (KHTML, like Gecko; compatible; bingbot/2.0; +http://www.bing.com/bingbot.htm) Chrome/116.0.1938.76 Safari/537.36"
85.208.96.211 - - [25/Jun/2026:15:32:23 +0300] "GET /haber/hdp-eski-baskan-mustafa-akkulu-ihrac-talebiyle-disipline-sevk-etti-469132 HTTP/1.1" 200 13632 "-" "Mozilla/5.0 (compatible; SemrushBot/7~bl; +http://www.semrush.com/bot.html)"
65.109.100.157 - - [25/Jun/2026:15:32:24 +0300] "GET /haberler/merterde-esnafla-nakliyeciler-arasinda-satirli-kavga-218130 HTTP/1.1" 301 795 "-" "Mozilla/5.0 (compatible; SERankingBacklinksBot/1.0; +https://seranking.com/backlinks-crawler)"
65.109.100.157 - - [25/Jun/2026:15:32:24 +0300] "GET /haber/merterde-esnafla-nakliyeciler-arasinda-satirli-kavga-218130 HTTP/1.1" 302 219 "-" "Mozilla/5.0 (compatible; SERankingBacklinksBot/1.0; +https://seranking.com/backlinks-crawler)"
65.109.100.157 - - [25/Jun/2026:15:32:16 +0300] "GET /haberler/mert-kiyak-en-islek-sokagim-ol-231567 HTTP/1.1" 301 795 "-" "Mozilla/5.0 (compatible; SERankingBacklinksBot/1.0; +https://seranking.com/backlinks-crawler)"
43.173.174.6 - - [25/Jun/2026:15:32:16 +0300] "GET /public/index.php/haber/dunya-ucunculeri-kocaeli-buyuksehirde-misafir-edildi-509015 HTTP/1.1" 200 14552 "-" "Mozilla/5.0 (Windows NT 10.0; Win64; x64) AppleWebKit/537.36 (KHTML, like Gecko) Chrome/131.0.0.0 Safari/537.36"
44.214.19.8 - - [25/Jun/2026:15:32:18 +0300] "GET /public/index.php/haber/genclik-ve-spor-bakan-yardimcisi-duzcede-530143 HTTP/1.1" 200 13706 "-" "Mozilla/5.0 AppleWebKit/537.36 (KHTML, like Gecko; compatible; Amazonbot/0.1; +https://developer.amazon.com/support/amazonbot) Chrome/119.0.6045.214 Safari/537.36"
112.86.225.80 - - [25/Jun/2026:15:32:18 +0300] "GET /haber/son-dakika-en-dusuk-faiz-sunan-bankalar-551562 HTTP/1.1" 200 13492 "-" "Sogou web spider/4.0(+http://www.sogou.com/docs/help/webmasters.htm#07)"
43.173.179.137 - - [25/Jun/2026:15:32:18 +0300] "GET /hava-durumu/ajax?sehir_isim=6 HTTP/1.1" 200 77 "https://yeniistiklal.com/public/index.php/haber/dunya-ucunculeri-kocaeli-buyuksehirde-misafir-edildi-509015" "Mozilla/5.0 (Windows NT 10.0; Win64; x64) AppleWebKit/537.36 (KHTML, like Gecko) Chrome/131.0.0.0 Safari/537.36"
65.109.100.157 - - [25/Jun/2026:15:32:20 +0300] "GET /haberler/mert-kiyak-yalanlarinla-kal-229102 HTTP/1.1" 301 795 "-" "Mozilla/5.0 (compatible; SERankingBacklinksBot/1.0; +https://seranking.com/backlinks-crawler)"
65.109.100.157 - - [25/Jun/2026:15:32:20 +0300] "GET /haber/mert-kiyak-yalanlarinla-kal-229102 HTTP/1.1" 302 219 "-" "Mozilla/5.0 (compatible; SERankingBacklinksBot/1.0; +https://seranking.com/backlinks-crawler)"
65.109.100.157 - - [25/Jun/2026:15:32:20 +0300] "GET /haberler/mert-kiyak-yalanlarinla-kal-229102 HTTP/1.1" 301 795 "-" "Mozilla/5.0 (compatible; SERankingBacklinksBot/1.0; +https://seranking.com/backlinks-crawler)"
65.109.100.157 - - [25/Jun/2026:15:32:20 +0300] "GET /404 HTTP/1.1" 302 215 "-" "Mozilla/5.0 (compatible; SERankingBacklinksBot/1.0; +https://seranking.com/backlinks-crawler)"
65.109.100.157 - - [25/Jun/2026:15:32:24 +0300] "GET /haberler/merterde-esnafla-nakliyeciler-arasinda-satirli-kavga-218130 HTTP/1.1" 301 795 "-" "Mozilla/5.0 (compatible; SERankingBacklinksBot/1.0; +https://seranking.com/backlinks-crawler)"
65.109.100.157 - - [25/Jun/2026:15:32:24 +0300] "GET /haber/merterde-esnafla-nakliyeciler-arasinda-satirli-kavga-218130 HTTP/1.1" 302 219 "-" "Mozilla/5.0 (compatible; SERankingBacklinksBot/1.0; +https://seranking.com/backlinks-crawler)"
40.77.167.7 - - [25/Jun/2026:15:32:24 +0300] "GET /404 HTTP/1.1" 302 215 "-" "Mozilla/5.0 AppleWebKit/537.36 (KHTML, like Gecko; compatible; bingbot/2.0; +http://www.bing.com/bingbot.htm) Chrome/116.0.1938.76 Safari/537.36"
65.109.100.157 - - [25/Jun/2026:15:32:24 +0300] "GET /404 HTTP/1.1" 302 215 "-" "Mozilla/5.0 (compatible; SERankingBacklinksBot/1.0; +https://seranking.com/backlinks-crawler)"
65.109.100.157 - - [25/Jun/2026:15:32:24 +0300] "GET / HTTP/1.1" 200 17227 "-" "Mozilla/5.0 (compatible; SERankingBacklinksBot/1.0; +https://seranking.com/backlinks-crawler)"
40.77.167.7 - - [25/Jun/2026:15:32:25 +0300] "GET / HTTP/1.1" 200 17233 "-" "Mozilla/5.0 AppleWebKit/537.36 (KHTML, like Gecko; compatible; bingbot/2.0; +http://www.bing.com/bingbot.htm) Chrome/116.0.1938.76 Safari/537.36"
44.212.145.46 - - [25/Jun/2026:15:32:26 +0300] "GET /public/index.php/haber/sakarya-geyvede-asfaltlama-calismalari-suruyor-533754 HTTP/1.1" 200 13886 "-" "Mozilla/5.0 AppleWebKit/537.36 (KHTML, like Gecko; compatible; Amazonbot/0.1; +https://developer.amazon.com/support/amazonbot) Chrome/119.0.6045.214 Safari/537.36"
65.109.100.157 - - [25/Jun/2026:15:32:28 +0300] "GET /haberler/merve-arikin-olumune-neden-olan-kazada-karaismailogluna-soru-250725 HTTP/1.1" 301 795 "-" "Mozilla/5.0 (compatible; SERankingBacklinksBot/1.0; +https://seranking.com/backlinks-crawler)"
95.108.213.188 - - [25/Jun/2026:15:32:26 +0300] "GET /public/rss/genel-0 HTTP/1.1" 200 196873 "-" "Mozilla/5.0 (compatible; YandexBot/3.0; +http://yandex.com/bots)"
65.109.100.157 - - [25/Jun/2026:15:32:28 +0300] "GET /haber/merve-arikin-olumune-neden-olan-kazada-karaismailogluna-soru-250725 HTTP/1.1" 302 219 "-" "Mozilla/5.0 (compatible; SERankingBacklinksBot/1.0; +https://seranking.com/backlinks-crawler)"
65.109.100.157 - - [25/Jun/2026:15:32:28 +0300] "GET /haberler/merve-arikin-olumune-neden-olan-kazada-karaismailogluna-soru-250725 HTTP/1.1" 301 795 "-" "Mozilla/5.0 (compatible; SERankingBacklinksBot/1.0; +https://seranking.com/backlinks-crawler)"
65.109.100.157 - - [25/Jun/2026:15:32:28 +0300] "GET /haber/merve-arikin-olumune-neden-olan-kazada-karaismailogluna-soru-250725 HTTP/1.1" 302 219 "-" "Mozilla/5.0 (compatible; SERankingBacklinksBot/1.0; +https://seranking.com/backlinks-crawler)"
52.8.24.185 - - [25/Jun/2026:15:32:30 +0300] "GET /rss/oyun.xml HTTP/1.1" 302 205 "-" "Mozilla/5.0 RSS reader"
52.8.24.185 - - [25/Jun/2026:15:32:30 +0300] "GET /rss/oyun HTTP/1.1" 302 205 "-" "Mozilla/5.0 RSS reader"
52.8.24.185 - - [25/Jun/2026:15:32:30 +0300] "GET /oyun/rss HTTP/1.1" 302 224 "-" "Mozilla/5.0 RSS reader"
52.8.24.185 - - [25/Jun/2026:15:32:30 +0300] "GET /404 HTTP/1.1" 302 219 "-" "Mozilla/5.0 RSS reader"
52.8.24.185 - - [25/Jun/2026:15:32:30 +0300] "GET /404 HTTP/1.1" 302 219 "-" "Mozilla/5.0 RSS reader"
52.8.24.185 - - [25/Jun/2026:15:32:30 +0300] "GET /404 HTTP/1.1" 302 219 "-" "Mozilla/5.0 RSS reader"
52.8.24.185 - - [25/Jun/2026:15:32:30 +0300] "GET / HTTP/1.1" 200 17302 "-" "Mozilla/5.0 RSS reader"
52.8.24.185 - - [25/Jun/2026:15:32:30 +0300] "GET / HTTP/1.1" 200 17303 "-" "Mozilla/5.0 RSS reader"
52.8.24.185 - - [25/Jun/2026:15:32:30 +0300] "GET / HTTP/1.1" 200 17313 "-" "Mozilla/5.0 RSS reader"
65.109.100.157 - - [25/Jun/2026:15:32:31 +0300] "GET /haberler/merve-aydin-aci-haberi-duyurdu-229753 HTTP/1.1" 301 795 "-" "Mozilla/5.0 (compatible; SERankingBacklinksBot/1.0; +https://seranking.com/backlinks-crawler)"
65.109.100.157 - - [25/Jun/2026:15:32:32 +0300] "GET /haber/merve-aydin-aci-haberi-duyurdu-229753 HTTP/1.1" 302 219 "-" "Mozilla/5.0 (compatible; SERankingBacklinksBot/1.0; +https://seranking.com/backlinks-crawler)"
65.109.100.157 - - [25/Jun/2026:15:32:32 +0300] "GET /haberler/merve-aydin-aci-haberi-duyurdu-229753 HTTP/1.1" 301 795 "-" "Mozilla/5.0 (compatible; SERankingBacklinksBot/1.0; +https://seranking.com/backlinks-crawler)"
185.191.171.4 - - [25/Jun/2026:15:32:32 +0300] "GET /public/index.php/haber/2023-ales1-basvuru-kilavuzu-549219 HTTP/1.1" 200 13341 "-" "Mozilla/5.0 (compatible; SemrushBot/7~bl; +http://www.semrush.com/bot.html)"
95.108.213.149 - - [25/Jun/2026:15:32:33 +0300] "GET /rss/spor-9 HTTP/1.1" 200 78277 "-" "Mozilla/5.0 (compatible; YandexBot/3.0; +http://yandex.com/bots)"
52.6.5.24 - - [25/Jun/2026:15:32:33 +0300] "GET /public/index.php/haber/aile-ve-sosyal-hizmetlerin-eylem-planlari-yayginlastiriliyor-519111 HTTP/1.1" 200 14632 "-" "Mozilla/5.0 AppleWebKit/537.36 (KHTML, like Gecko; compatible; Amazonbot/0.1; +https://developer.amazon.com/support/amazonbot) Chrome/119.0.6045.214 Safari/537.36"
65.109.100.157 - - [25/Jun/2026:15:32:35 +0300] "GET /haberler/merve-aydinin-survivor-all-star-paylasimi-gundem-oldu-281700 HTTP/1.1" 301 795 "-" "Mozilla/5.0 (compatible; SERankingBacklinksBot/1.0; +https://seranking.com/backlinks-crawler)"
65.109.100.157 - - [25/Jun/2026:15:32:35 +0300] "GET /haberler/merve-aydinin-survivor-all-star-paylasimi-gundem-oldu-281700 HTTP/1.1" 301 795 "-" "Mozilla/5.0 (compatible; SERankingBacklinksBot/1.0; +https://seranking.com/backlinks-crawler)"
65.109.100.157 - - [25/Jun/2026:15:32:36 +0300] "GET /404 HTTP/1.1" 302 215 "-" "Mozilla/5.0 (compatible; SERankingBacklinksBot/1.0; +https://seranking.com/backlinks-crawler)"
65.109.100.157 - - [25/Jun/2026:15:32:36 +0300] "GET / HTTP/1.1" 200 17244 "-" "Mozilla/5.0 (compatible; SERankingBacklinksBot/1.0; +https://seranking.com/backlinks-crawler)"
65.109.100.157 - - [25/Jun/2026:15:32:28 +0300] "GET /404 HTTP/1.1" 302 215 "-" "Mozilla/5.0 (compatible; SERankingBacklinksBot/1.0; +https://seranking.com/backlinks-crawler)"
65.109.100.157 - - [25/Jun/2026:15:32:28 +0300] "GET / HTTP/1.1" 200 17231 "-" "Mozilla/5.0 (compatible; SERankingBacklinksBot/1.0; +https://seranking.com/backlinks-crawler)"
31.40.198.2 - - [25/Jun/2026:15:32:29 +0300] "GET /feed HTTP/1.1" 301 795 "-" "Mozilla/5.0 (Linux; Android 7.1.2; Redmi Note 5A Build/N2G47H) AppleWebKit/537.36 (KHTML, like Gecko) Chrome/68.0.3440.91 Mobile Safari/537.36"
31.40.198.2 - - [25/Jun/2026:15:32:29 +0300] "GET /rss/genel-0 HTTP/1.1" 200 196772 "-" "Mozilla/5.0 (Linux; Android 7.1.2; Redmi Note 5A Build/N2G47H) AppleWebKit/537.36 (KHTML, like Gecko) Chrome/68.0.3440.91 Mobile Safari/537.36"
17.246.23.130 - - [25/Jun/2026:15:32:29 +0300] "OPTIONS /hava-durumu/ajax?sehir_isim=6 HTTP/1.1" 200 20 "https://www.yeniistiklal.com/" "Mozilla/5.0 (Macintosh; Intel Mac OS X 10_15_7) AppleWebKit/605.1.15 (KHTML, like Gecko) Version/17.4 Safari/605.1.15 (Applebot/0.1; +http://www.apple.com/go/applebot)"
98.83.10.183 - - [25/Jun/2026:15:32:29 +0300] "GET /public/index.php/haber/temadan-daha-yanmadan-farkindaligi-532026 HTTP/1.1" 200 14189 "-" "Mozilla/5.0 AppleWebKit/537.36 (KHTML, like Gecko; compatible; Amazonbot/0.1; +https://developer.amazon.com/support/amazonbot) Chrome/119.0.6045.214 Safari/537.36"
52.8.24.185 - - [25/Jun/2026:15:32:30 +0300] "GET /feed/oyun HTTP/1.1" 301 795 "-" "Mozilla/5.0 RSS reader"
52.8.24.185 - - [25/Jun/2026:15:32:30 +0300] "GET /rss/espor.xml HTTP/1.1" 302 205 "-" "Mozilla/5.0 RSS reader"
52.8.24.185 - - [25/Jun/2026:15:32:30 +0300] "GET /404 HTTP/1.1" 302 219 "-" "Mozilla/5.0 RSS reader"
52.8.24.185 - - [25/Jun/2026:15:32:30 +0300] "GET /rss/genel-0 HTTP/1.1" 200 196810 "-" "Mozilla/5.0 RSS reader"
52.8.24.185 - - [25/Jun/2026:15:32:30 +0300] "GET / HTTP/1.1" 200 17294 "-" "Mozilla/5.0 RSS reader"
65.109.100.157 - - [25/Jun/2026:15:32:32 +0300] "GET /haber/merve-aydin-aci-haberi-duyurdu-229753 HTTP/1.1" 302 219 "-" "Mozilla/5.0 (compatible; SERankingBacklinksBot/1.0; +https://seranking.com/backlinks-crawler)"
31.40.198.2 - - [25/Jun/2026:15:32:32 +0300] "GET /rss/news-16 HTTP/1.1" 200 7398 "-" "Mozilla/5.0 (iPhone; CPU iPhone OS 11_0 like Mac OS X) AppleWebKit/537.36 (KHTML, like Gecko) Chrome/52.0.3018.705 Mobile Safari/537.36"
65.109.100.157 - - [25/Jun/2026:15:32:32 +0300] "GET /404 HTTP/1.1" 302 215 "-" "Mozilla/5.0 (compatible; SERankingBacklinksBot/1.0; +https://seranking.com/backlinks-crawler)"
65.109.100.157 - - [25/Jun/2026:15:32:32 +0300] "GET / HTTP/1.1" 200 17249 "-" "Mozilla/5.0 (compatible; SERankingBacklinksBot/1.0; +https://seranking.com/backlinks-crawler)"
95.108.213.192 - - [25/Jun/2026:15:32:35 +0300] "GET /rss/genel-0 HTTP/1.1" 200 196772 "-" "Mozilla/5.0 (compatible; YandexBot/3.0; +http://yandex.com/bots)"
65.109.100.157 - - [25/Jun/2026:15:32:35 +0300] "GET /haber/merve-aydinin-survivor-all-star-paylasimi-gundem-oldu-281700 HTTP/1.1" 302 219 "-" "Mozilla/5.0 (compatible; SERankingBacklinksBot/1.0; +https://seranking.com/backlinks-crawler)"
65.109.100.157 - - [25/Jun/2026:15:32:36 +0300] "GET /haber/merve-aydinin-survivor-all-star-paylasimi-gundem-oldu-281700 HTTP/1.1" 302 219 "-" "Mozilla/5.0 (compatible; SERankingBacklinksBot/1.0; +https://seranking.com/backlinks-crawler)"
47.128.16.150 - - [25/Jun/2026:15:32:38 +0300] "GET /images/firmalar HTTP/1.1" 301 795 "https://yeniistiklal.com/" "Mozilla/5.0 (Linux; Android 5.0) AppleWebKit/537.36 (KHTML, like Gecko) Mobile Safari/537.36 (compatible; TikTokSpider; ttspider-feedback@tiktok.com)"
44.223.115.10 - - [25/Jun/2026:15:32:37 +0300] "GET /public/index.php/haber/kilicdaroglu-izmirden-seslendi-hedef-iktidar-491093 HTTP/1.1" 200 19209 "-" "Mozilla/5.0 AppleWebKit/537.36 (KHTML, like Gecko; compatible; Amazonbot/0.1; +https://developer.amazon.com/support/amazonbot) Chrome/119.0.6045.214 Safari/537.36"
47.128.16.150 - - [25/Jun/2026:15:32:38 +0300] "GET /images/haberler/2024/01/iddaa-analizi-nasil-yapilir-1706624003.png HTTP/1.1" 302 219 "https://yeniistiklal.com/" "Mozilla/5.0 (Linux; Android 5.0) AppleWebKit/537.36 (KHTML, like Gecko) Mobile Safari/537.36 (compatible; TikTokSpider; ttspider-feedback@tiktok.com)"
47.128.16.150 - - [25/Jun/2026:15:32:38 +0300] "GET /images/haberler/2023/07/filenin-sultanlari-milletler-liginde-sampiyon-oldu-1689595616.png HTTP/1.1" 302 219 "https://yeniistiklal.com/" "Mozilla/5.0 (Linux; Android 5.0) AppleWebKit/537.36 (KHTML, like Gecko) Mobile Safari/537.36 (compatible; TikTokSpider; ttspider-feedback@tiktok.com)"
47.128.16.150 - - [25/Jun/2026:15:32:39 +0300] "GET /404 HTTP/1.1" 302 215 "https://yeniistiklal.com/" "Mozilla/5.0 (Linux; Android 5.0) AppleWebKit/537.36 (KHTML, like Gecko) Mobile Safari/537.36 (compatible; TikTokSpider; ttspider-feedback@tiktok.com)"
185.191.171.11 - - [25/Jun/2026:15:32:39 +0300] "GET /haber/bahcesehir-koleji-28-muzik-gecesinde-tum-sarkilar-iklim-icin-soylendi-517128 HTTP/1.1" 200 14745 "-" "Mozilla/5.0 (compatible; SemrushBot/7~bl; +http://www.semrush.com/bot.html)"
47.128.16.150 - - [25/Jun/2026:15:32:39 +0300] "GET / HTTP/1.1" 200 17242 "https://yeniistiklal.com/" "Mozilla/5.0 (Linux; Android 5.0) AppleWebKit/537.36 (KHTML, like Gecko) Mobile Safari/537.36 (compatible; TikTokSpider; ttspider-feedback@tiktok.com)"
65.109.100.157 - - [25/Jun/2026:15:32:39 +0300] "GET /haberler/mesaide-gazete-okuyan-isci-tazminatsiz-kovuldu-408887 HTTP/1.1" 301 795 "-" "Mozilla/5.0 (compatible; SERankingBacklinksBot/1.0; +https://seranking.com/backlinks-crawler)"
65.109.100.157 - - [25/Jun/2026:15:32:40 +0300] "GET / HTTP/1.1" 200 17223 "-" "Mozilla/5.0 (compatible; SERankingBacklinksBot/1.0; +https://seranking.com/backlinks-crawler)"
185.191.171.7 - - [25/Jun/2026:15:32:41 +0300] "GET /haber/koc-universitesi-turkiyenin-equis-akreditasyonlu-tek-universitesi-olmayi-surduruyor-541378 HTTP/1.1" 200 14607 "-" "Mozilla/5.0 (compatible; SemrushBot/7~bl; +http://www.semrush.com/bot.html)"
18.213.240.226 - - [25/Jun/2026:15:32:41 +0300] "GET /public/index.php/haber/mavi-bayrakli-plajlar-artiyor-506251 HTTP/1.1" 200 13608 "-" "Mozilla/5.0 AppleWebKit/537.36 (KHTML, like Gecko; compatible; Amazonbot/0.1; +https://developer.amazon.com/support/amazonbot) Chrome/119.0.6045.214 Safari/537.36"
65.109.100.157 - - [25/Jun/2026:15:32:43 +0300] "GET /haber/mesamin-genel-kurulda-hile-davasinda-karar-285940 HTTP/1.1" 302 219 "-" "Mozilla/5.0 (compatible; SERankingBacklinksBot/1.0; +https://seranking.com/backlinks-crawler)"
65.109.100.157 - - [25/Jun/2026:15:32:43 +0300] "GET /haberler/mesamin-genel-kurulda-hile-davasinda-karar-285940 HTTP/1.1" 301 795 "-" "Mozilla/5.0 (compatible; SERankingBacklinksBot/1.0; +https://seranking.com/backlinks-crawler)"
65.109.100.157 - - [25/Jun/2026:15:32:44 +0300] "GET /404 HTTP/1.1" 302 215 "-" "Mozilla/5.0 (compatible; SERankingBacklinksBot/1.0; +https://seranking.com/backlinks-crawler)"
87.250.224.212 - - [25/Jun/2026:15:32:44 +0300] "GET /public/rss/genel-0 HTTP/1.1" 200 196873 "-" "Mozilla/5.0 (compatible; YandexBot/3.0; +http://yandex.com/bots)"
65.109.100.157 - - [25/Jun/2026:15:32:44 +0300] "GET / HTTP/1.1" 200 17231 "-" "Mozilla/5.0 (compatible; SERankingBacklinksBot/1.0; +https://seranking.com/backlinks-crawler)"
198.244.183.121 - - [25/Jun/2026:15:32:44 +0300] "GET /public/haber/yildiz-oyunculari-ilk-kez-bulusturan-mevlana-mest-i-ask-geliyor-551873 HTTP/1.1" 200 13517 "-" "Mozilla/5.0 (compatible; AhrefsBot/7.0; +http://ahrefs.com/robot/)"
95.108.213.155 - - [25/Jun/2026:15:32:45 +0300] "GET /public/rss/tanitim-21 HTTP/1.1" 200 95277 "-" "Mozilla/5.0 (compatible; YandexBot/3.0; +http://yandex.com/bots)"
114.119.157.111 - - [25/Jun/2026:15:32:46 +0300] "GET /haber/alpaslanin-tedavisi-icin-cok-az-kaldi-514603 HTTP/1.1" 200 14178 "https://yeniistiklal.com/category/haberler" "Mozilla/5.0 (Linux; Android 7.0;) AppleWebKit/537.36 (HTML, like Gecko) Mobile Safari/537.36 (compatible; PetalBot;+https://webmaster.petalsearch.com/site/petalbot)"
47.128.16.150 - - [25/Jun/2026:15:32:37 +0300] "GET / HTTP/1.1" 200 17245 "-" "Mozilla/5.0 (Linux; Android 5.0) AppleWebKit/537.36 (KHTML, like Gecko) Mobile Safari/537.36 (compatible; TikTokSpider; ttspider-feedback@tiktok.com)"
47.128.16.150 - - [25/Jun/2026:15:32:38 +0300] "GET /public/images/firmalar/ HTTP/1.1" 403 787 "https://yeniistiklal.com/" "Mozilla/5.0 (Linux; Android 5.0) AppleWebKit/537.36 (KHTML, like Gecko) Mobile Safari/537.36 (compatible; TikTokSpider; ttspider-feedback@tiktok.com)"
47.128.16.150 - - [25/Jun/2026:15:32:38 +0300] "GET /images/haberler/2022/11/2022-dunya-kupasi-belcika-0-2-fas-1669566817.png HTTP/1.1" 302 219 "https://yeniistiklal.com/" "Mozilla/5.0 (Linux; Android 5.0) AppleWebKit/537.36 (KHTML, like Gecko) Mobile Safari/537.36 (compatible; TikTokSpider; ttspider-feedback@tiktok.com)"
47.128.16.150 - - [25/Jun/2026:15:32:38 +0300] "GET /404 HTTP/1.1" 302 215 "https://yeniistiklal.com/" "Mozilla/5.0 (Linux; Android 5.0) AppleWebKit/537.36 (KHTML, like Gecko) Mobile Safari/537.36 (compatible; TikTokSpider; ttspider-feedback@tiktok.com)"
47.128.16.150 - - [25/Jun/2026:15:32:38 +0300] "GET /404 HTTP/1.1" 302 215 "https://yeniistiklal.com/" "Mozilla/5.0 (Linux; Android 5.0) AppleWebKit/537.36 (KHTML, like Gecko) Mobile Safari/537.36 (compatible; TikTokSpider; ttspider-feedback@tiktok.com)"
47.128.16.150 - - [25/Jun/2026:15:32:39 +0300] "GET / HTTP/1.1" 200 17244 "https://yeniistiklal.com/" "Mozilla/5.0 (Linux; Android 5.0) AppleWebKit/537.36 (KHTML, like Gecko) Mobile Safari/537.36 (compatible; TikTokSpider; ttspider-feedback@tiktok.com)"
47.128.16.150 - - [25/Jun/2026:15:32:39 +0300] "GET / HTTP/1.1" 200 17237 "https://yeniistiklal.com/" "Mozilla/5.0 (Linux; Android 5.0) AppleWebKit/537.36 (KHTML, like Gecko) Mobile Safari/537.36 (compatible; TikTokSpider; ttspider-feedback@tiktok.com)"
65.109.100.157 - - [25/Jun/2026:15:32:39 +0300] "GET /haber/mesaide-gazete-okuyan-isci-tazminatsiz-kovuldu-408887 HTTP/1.1" 302 219 "-" "Mozilla/5.0 (compatible; SERankingBacklinksBot/1.0; +https://seranking.com/backlinks-crawler)"
65.109.100.157 - - [25/Jun/2026:15:32:39 +0300] "GET /haberler/mesaide-gazete-okuyan-isci-tazminatsiz-kovuldu-408887 HTTP/1.1" 301 795 "-" "Mozilla/5.0 (compatible; SERankingBacklinksBot/1.0; +https://seranking.com/backlinks-crawler)"
65.109.100.157 - - [25/Jun/2026:15:32:40 +0300] "GET /haber/mesaide-gazete-okuyan-isci-tazminatsiz-kovuldu-408887 HTTP/1.1" 302 219 "-" "Mozilla/5.0 (compatible; SERankingBacklinksBot/1.0; +https://seranking.com/backlinks-crawler)"
65.109.100.157 - - [25/Jun/2026:15:32:40 +0300] "GET /404 HTTP/1.1" 302 215 "-" "Mozilla/5.0 (compatible; SERankingBacklinksBot/1.0; +https://seranking.com/backlinks-crawler)"
185.191.171.14 - - [25/Jun/2026:15:32:41 +0300] "GET /haber/mikdat-karaalioglu-putin-kendisine-yeni-ve-guclu-bir-rakip-yaratti-497269 HTTP/1.1" 200 15439 "-" "Mozilla/5.0 (compatible; SemrushBot/7~bl; +http://www.semrush.com/bot.html)"
65.109.100.157 - - [25/Jun/2026:15:32:43 +0300] "GET /haberler/mesamin-genel-kurulda-hile-davasinda-karar-285940 HTTP/1.1" 301 795 "-" "Mozilla/5.0 (compatible; SERankingBacklinksBot/1.0; +https://seranking.com/backlinks-crawler)"
65.109.100.157 - - [25/Jun/2026:15:32:44 +0300] "GET /haber/mesamin-genel-kurulda-hile-davasinda-karar-285940 HTTP/1.1" 302 219 "-" "Mozilla/5.0 (compatible; SERankingBacklinksBot/1.0; +https://seranking.com/backlinks-crawler)"
147.182.135.16 - - [25/Jun/2026:15:32:46 +0300] "GET /public/index.php/images/haberler/2022/07/erdogandan-kabine-sonrasi-millete-seslenis-uZuqap4Y.jpg HTTP/1.1" 302 234 "https://yeniistiklal.com/" "Mozilla/5.0 (Windows NT 10.0; Win64; x64) AppleWebKit/537.36 (KHTML, like Gecko) Chrome/112.0.0.0 Safari/537.36"
65.109.100.157 - - [25/Jun/2026:15:32:47 +0300] "GET /haberler/meshur-fotograftaki-gazeteci-cocuk-yasamini-yitirdi-39201 HTTP/1.1" 301 795 "-" "Mozilla/5.0 (compatible; SERankingBacklinksBot/1.0; +https://seranking.com/backlinks-crawler)"
18.214.124.6 - - [25/Jun/2026:15:32:46 +0300] "GET /public/index.php/haber/promosyon-sektorune-yon-verecek-fuar-8-11-eylulde-istanbulda-525242 HTTP/1.1" 200 13919 "-" "Mozilla/5.0 AppleWebKit/537.36 (KHTML, like Gecko; compatible; Amazonbot/0.1; +https://developer.amazon.com/support/amazonbot) Chrome/119.0.6045.214 Safari/537.36"
68.183.98.2 - - [25/Jun/2026:15:32:46 +0300] "GET /public/images/haberler/2022/08/menemen-uluslararasi-comlek-festivaline-hazirlaniyor-U3I5YDNV.jpg HTTP/1.1" 302 225 "https://yeniistiklal.com/" "Mozilla/5.0 (Windows NT 10.0; Win64; x64) AppleWebKit/537.36 (KHTML, like Gecko) Chrome/106.0.5249.119 Safari/537.36"
95.108.213.191 - - [25/Jun/2026:15:32:46 +0300] "GET /rss/genel-0 HTTP/1.1" 200 196772 "-" "Mozilla/5.0 (compatible; YandexBot/3.0; +http://yandex.com/bots)"
65.109.100.157 - - [25/Jun/2026:15:32:47 +0300] "GET /haberler/meshur-fotograftaki-gazeteci-cocuk-yasamini-yitirdi-39201 HTTP/1.1" 301 795 "-" "Mozilla/5.0 (compatible; SERankingBacklinksBot/1.0; +https://seranking.com/backlinks-crawler)"
68.183.98.2 - - [25/Jun/2026:15:32:47 +0300] "GET /public/404 HTTP/1.1" 302 220 "https://yeniistiklal.com/" "Mozilla/5.0 (Windows NT 10.0; Win64; x64) AppleWebKit/537.36 (KHTML, like Gecko) Chrome/106.0.5249.119 Safari/537.36"
65.109.100.157 - - [25/Jun/2026:15:32:48 +0300] "GET /haber/meshur-fotograftaki-gazeteci-cocuk-yasamini-yitirdi-39201 HTTP/1.1" 302 219 "-" "Mozilla/5.0 (compatible; SERankingBacklinksBot/1.0; +https://seranking.com/backlinks-crawler)"
65.109.100.157 - - [25/Jun/2026:15:32:48 +0300] "GET /404 HTTP/1.1" 302 215 "-" "Mozilla/5.0 (compatible; SERankingBacklinksBot/1.0; +https://seranking.com/backlinks-crawler)"
31.40.198.2 - - [25/Jun/2026:15:32:48 +0300] "GET /rss/egitim-14 HTTP/1.1" 200 101994 "-" "Mozilla/5.0 (iPhone; CPU iPhone OS 11_0 like Mac OS X) AppleWebKit/537.36 (KHTML, like Gecko) Chrome/53.0.9149.622 Mobile Safari/537.36"
68.183.98.2 - - [25/Jun/2026:15:32:49 +0300] "GET /public HTTP/1.1" 301 795 "https://yeniistiklal.com/" "Mozilla/5.0 (Windows NT 10.0; Win64; x64) AppleWebKit/537.36 (KHTML, like Gecko) Chrome/106.0.5249.119 Safari/537.36"
98.83.10.183 - - [25/Jun/2026:15:32:50 +0300] "GET /public/index.php/etiketler/girtlak-kanseri-haberleri HTTP/1.1" 200 5638 "-" "Mozilla/5.0 AppleWebKit/537.36 (KHTML, like Gecko; compatible; Amazonbot/0.1; +https://developer.amazon.com/support/amazonbot) Chrome/119.0.6045.214 Safari/537.36"
68.183.98.2 - - [25/Jun/2026:15:32:50 +0300] "GET /public/ HTTP/1.1" 200 17361 "https://yeniistiklal.com/" "Mozilla/5.0 (Windows NT 10.0; Win64; x64) AppleWebKit/537.36 (KHTML, like Gecko) Chrome/106.0.5249.119 Safari/537.36"
185.191.171.5 - - [25/Jun/2026:15:32:51 +0300] "GET /haber/atakan-dan-hikmet-icin-uyari-survivor-all-star-2022-7-bolum-477397 HTTP/1.1" 200 13573 "-" "Mozilla/5.0 (compatible; SemrushBot/7~bl; +http://www.semrush.com/bot.html)"
65.109.100.157 - - [25/Jun/2026:15:32:51 +0300] "GET /haber/meshur-survivor-yarismacilari-su-anda-nerde-24854 HTTP/1.1" 302 219 "-" "Mozilla/5.0 (compatible; SERankingBacklinksBot/1.0; +https://seranking.com/backlinks-crawler)"
65.109.100.157 - - [25/Jun/2026:15:32:52 +0300] "GET /404 HTTP/1.1" 302 215 "-" "Mozilla/5.0 (compatible; SERankingBacklinksBot/1.0; +https://seranking.com/backlinks-crawler)"
44.221.180.179 - - [25/Jun/2026:15:32:54 +0300] "GET /public/index.php/haber/ukraynada-bebekler-siginaklarda-dunyaya-gozlerini-aciyor-498671 HTTP/1.1" 200 15595 "-" "Mozilla/5.0 AppleWebKit/537.36 (KHTML, like Gecko; compatible; Amazonbot/0.1; +https://developer.amazon.com/support/amazonbot) Chrome/119.0.6045.214 Safari/537.36"
65.109.100.157 - - [25/Jun/2026:15:32:55 +0300] "GET /haberler/meslegi-birakmasina-ragmen-her-kurban-bayrami-oncesi-mahallelinin-bicaklarini-ucretsiz-bileyliyor-11232 HTTP/1.1" 301 795 "-" "Mozilla/5.0 (compatible; SERankingBacklinksBot/1.0; +https://seranking.com/backlinks-crawler)"
147.182.135.16 - - [25/Jun/2026:15:32:47 +0300] "GET /public/index.php/404 HTTP/1.1" 302 229 "https://yeniistiklal.com/" "Mozilla/5.0 (Windows NT 10.0; Win64; x64) AppleWebKit/537.36 (KHTML, like Gecko) Chrome/112.0.0.0 Safari/537.36"
65.109.100.157 - - [25/Jun/2026:15:32:48 +0300] "GET / HTTP/1.1" 200 17232 "-" "Mozilla/5.0 (compatible; SERankingBacklinksBot/1.0; +https://seranking.com/backlinks-crawler)"
202.46.62.42 - - [25/Jun/2026:15:32:48 +0300] "GET /haber/30-ekim-izmir-depreminin-yil-donumunde-acimiz-h-l-taze-548087 HTTP/1.1" 200 13855 "-" "Mozilla/5.0 (Windows NT 10.0; Win64; x64) AppleWebKit/537.36 (KHTML, like Gecko) Chrome/133.0.6943.141 Safari/537.36"
147.182.135.16 - - [25/Jun/2026:15:32:49 +0300] "GET /public/index.php HTTP/1.1" 200 17476 "https://yeniistiklal.com/" "Mozilla/5.0 (Windows NT 10.0; Win64; x64) AppleWebKit/537.36 (KHTML, like Gecko) Chrome/112.0.0.0 Safari/537.36"
65.109.100.157 - - [25/Jun/2026:15:32:51 +0300] "GET /haberler/meshur-survivor-yarismacilari-su-anda-nerde-24854 HTTP/1.1" 301 795 "-" "Mozilla/5.0 (compatible; SERankingBacklinksBot/1.0; +https://seranking.com/backlinks-crawler)"
65.109.100.157 - - [25/Jun/2026:15:32:51 +0300] "GET /haberler/meshur-survivor-yarismacilari-su-anda-nerde-24854 HTTP/1.1" 301 795 "-" "Mozilla/5.0 (compatible; SERankingBacklinksBot/1.0; +https://seranking.com/backlinks-crawler)"
65.109.100.157 - - [25/Jun/2026:15:32:52 +0300] "GET /haber/meshur-survivor-yarismacilari-su-anda-nerde-24854 HTTP/1.1" 302 219 "-" "Mozilla/5.0 (compatible; SERankingBacklinksBot/1.0; +https://seranking.com/backlinks-crawler)"
202.46.62.87 - - [25/Jun/2026:15:32:52 +0300] "GET /images/haberler/2022/10/30-ekim-izmir-depreminin-yil-donumunde-acimiz-h-l-taze-MJDJLkXD.jpg HTTP/1.1" 302 219 "https://yeniistiklal.com/haber/30-ekim-izmir-depreminin-yil-donumunde-acimiz-h-l-taze-548087" "Mozilla/5.0 (Windows NT 10.0; Win64; x64) AppleWebKit/537.36 (KHTML, like Gecko) Chrome/133.0.6943.141 Safari/537.36"
202.46.62.25 - - [25/Jun/2026:15:32:52 +0300] "GET /hava-durumu/ajax?sehir_isim=6 HTTP/1.1" 200 77 "https://yeniistiklal.com/haber/30-ekim-izmir-depreminin-yil-donumunde-acimiz-h-l-taze-548087" "Mozilla/5.0 (Windows NT 10.0; Win64; x64) AppleWebKit/537.36 (KHTML, like Gecko) Chrome/133.0.6943.141 Safari/537.36"
65.109.100.157 - - [25/Jun/2026:15:32:52 +0300] "GET / HTTP/1.1" 200 17240 "-" "Mozilla/5.0 (compatible; SERankingBacklinksBot/1.0; +https://seranking.com/backlinks-crawler)"
85.208.96.202 - - [25/Jun/2026:15:32:54 +0300] "GET /haber/iyi-partiden-zamlara-tepki-gaz-lambasi-ve-mum-isiginda-toplandilar-492578 HTTP/1.1" 200 13999 "-" "Mozilla/5.0 (compatible; SemrushBot/7~bl; +http://www.semrush.com/bot.html)"
62.244.225.226 - - [25/Jun/2026:15:32:55 +0300] "GET /sitemap.xml HTTP/1.1" 200 201 "https://yeniistiklal.com/sitemap.xml" "Mozilla/5.0 (Windows NT 6.1) AppleWebKit/537.36 (KHTML, like Gecko) Chrome/45.0.2454.85 Safari/537.36"
65.109.100.157 - - [25/Jun/2026:15:32:56 +0300] "GET /haberler/meslegi-birakmasina-ragmen-her-kurban-bayrami-oncesi-mahallelinin-bicaklarini-ucretsiz-bileyliyor-11232 HTTP/1.1" 301 795 "-" "Mozilla/5.0 (compatible; SERankingBacklinksBot/1.0; +https://seranking.com/backlinks-crawler)"
65.109.100.157 - - [25/Jun/2026:15:32:56 +0300] "GET /haber/meslegi-birakmasina-ragmen-her-kurban-bayrami-oncesi-mahallelinin-bicaklarini-ucretsiz-bileyliyor-11232 HTTP/1.1" 302 219 "-" "Mozilla/5.0 (compatible; SERankingBacklinksBot/1.0; +https://seranking.com/backlinks-crawler)"
65.109.100.157 - - [25/Jun/2026:15:32:56 +0300] "GET /404 HTTP/1.1" 302 215 "-" "Mozilla/5.0 (compatible; SERankingBacklinksBot/1.0; +https://seranking.com/backlinks-crawler)"
52.8.24.185 - - [25/Jun/2026:15:32:56 +0300] "GET /bilim/rss HTTP/1.1" 302 224 "-" "Mozilla/5.0 RSS reader"
52.8.24.185 - - [25/Jun/2026:15:32:56 +0300] "GET /rss/bilim HTTP/1.1" 302 205 "-" "Mozilla/5.0 RSS reader"
65.109.100.157 - - [25/Jun/2026:15:32:56 +0300] "GET / HTTP/1.1" 200 17232 "-" "Mozilla/5.0 (compatible; SERankingBacklinksBot/1.0; +https://seranking.com/backlinks-crawler)"
87.250.224.40 - - [25/Jun/2026:15:32:56 +0300] "GET /haber/son-dakika-erdogan-trabzonda-sedef-kabas-ve-ekrem-imamoglunu-hedef-aldi-482326 HTTP/1.1" 200 17784 "-" "Mozilla/5.0 (compatible; YandexBot/3.0; +http://yandex.com/bots)"
52.8.24.185 - - [25/Jun/2026:15:32:56 +0300] "GET /404 HTTP/1.1" 302 219 "-" "Mozilla/5.0 RSS reader"
52.8.24.185 - - [25/Jun/2026:15:32:57 +0300] "GET / HTTP/1.1" 200 17310 "-" "Mozilla/5.0 RSS reader"
52.8.24.185 - - [25/Jun/2026:15:32:57 +0300] "GET / HTTP/1.1" 200 17313 "-" "Mozilla/5.0 RSS reader"
213.180.203.186 - - [25/Jun/2026:15:32:57 +0300] "GET /public/rss/genel-0 HTTP/1.1" 200 196873 "-" "Mozilla/5.0 (compatible; YandexBot/3.0; +http://yandex.com/bots)"
154.217.207.100 - - [25/Jun/2026:15:32:57 +0300] "GET /404 HTTP/1.1" 302 219 "-" "Mozilla/5.0 (compatible; crawler)"
54.83.23.103 - - [25/Jun/2026:15:32:58 +0300] "GET /public/index.php/haber/benzine-50-kurus-indirim-geldi-529232 HTTP/1.1" 200 13508 "-" "Mozilla/5.0 AppleWebKit/537.36 (KHTML, like Gecko; compatible; Amazonbot/0.1; +https://developer.amazon.com/support/amazonbot) Chrome/119.0.6045.214 Safari/537.36"
65.109.100.157 - - [25/Jun/2026:15:32:59 +0300] "GET /haber/mesleginde-61-yili-devirdi-tek-derdi-cirak-bulamamak-203767 HTTP/1.1" 302 219 "-" "Mozilla/5.0 (compatible; SERankingBacklinksBot/1.0; +https://seranking.com/backlinks-crawler)"
65.109.100.157 - - [25/Jun/2026:15:33:00 +0300] "GET /haber/mesleginde-61-yili-devirdi-tek-derdi-cirak-bulamamak-203767 HTTP/1.1" 302 219 "-" "Mozilla/5.0 (compatible; SERankingBacklinksBot/1.0; +https://seranking.com/backlinks-crawler)"
65.109.100.157 - - [25/Jun/2026:15:33:00 +0300] "GET /404 HTTP/1.1" 302 215 "-" "Mozilla/5.0 (compatible; SERankingBacklinksBot/1.0; +https://seranking.com/backlinks-crawler)"
65.109.100.157 - - [25/Jun/2026:15:33:00 +0300] "GET / HTTP/1.1" 200 17230 "-" "Mozilla/5.0 (compatible; SERankingBacklinksBot/1.0; +https://seranking.com/backlinks-crawler)"
50.17.193.48 - - [25/Jun/2026:15:33:02 +0300] "GET /public/index.php/haber/istanbulda-suya-zam-yok-492216 HTTP/1.1" 200 16329 "-" "Mozilla/5.0 AppleWebKit/537.36 (KHTML, like Gecko; compatible; Amazonbot/0.1; +https://developer.amazon.com/support/amazonbot) Chrome/119.0.6045.214 Safari/537.36"
213.180.203.244 - - [25/Jun/2026:15:33:03 +0300] "GET /public/rss/tanitim-21 HTTP/1.1" 200 95277 "-" "Mozilla/5.0 (compatible; YandexBot/3.0; +http://yandex.com/bots)"
65.109.100.157 - - [25/Jun/2026:15:33:03 +0300] "GET /haberler/meslegine-14-ay-once-basladi-devrim-gibi-degisime-onayak-oldu-40282 HTTP/1.1" 301 795 "-" "Mozilla/5.0 (compatible; SERankingBacklinksBot/1.0; +https://seranking.com/backlinks-crawler)"
65.109.100.157 - - [25/Jun/2026:15:33:04 +0300] "GET / HTTP/1.1" 200 17236 "-" "Mozilla/5.0 (compatible; SERankingBacklinksBot/1.0; +https://seranking.com/backlinks-crawler)"
62.244.225.226 - - [25/Jun/2026:15:33:04 +0300] "GET /rss/haber-feed.xml HTTP/1.1" 200 196772 "https://yeniistiklal.com/rss/haber-feed.xml" "Mozilla/5.0 (X11; Linux x86_64) AppleWebKit/537.36 (KHTML, like Gecko) Ubuntu Chromium/37.0.2062.94 Chrome/37.0.2062.94 Safari/537.36"
65.109.100.157 - - [25/Jun/2026:15:33:07 +0300] "GET /haberler/meslegini-rengine-gore-sec-onerisi-108880 HTTP/1.1" 301 795 "-" "Mozilla/5.0 (compatible; SERankingBacklinksBot/1.0; +https://seranking.com/backlinks-crawler)"
65.109.100.157 - - [25/Jun/2026:15:33:07 +0300] "GET /haber/meslegini-rengine-gore-sec-onerisi-108880 HTTP/1.1" 302 219 "-" "Mozilla/5.0 (compatible; SERankingBacklinksBot/1.0; +https://seranking.com/backlinks-crawler)"
65.109.100.157 - - [25/Jun/2026:15:33:07 +0300] "GET /haberler/meslegini-rengine-gore-sec-onerisi-108880 HTTP/1.1" 301 795 "-" "Mozilla/5.0 (compatible; SERankingBacklinksBot/1.0; +https://seranking.com/backlinks-crawler)"
65.109.100.157 - - [25/Jun/2026:15:33:08 +0300] "GET /404 HTTP/1.1" 302 215 "-" "Mozilla/5.0 (compatible; SERankingBacklinksBot/1.0; +https://seranking.com/backlinks-crawler)"
65.109.100.157 - - [25/Jun/2026:15:32:55 +0300] "GET /haber/meslegi-birakmasina-ragmen-her-kurban-bayrami-oncesi-mahallelinin-bicaklarini-ucretsiz-bileyliyor-11232 HTTP/1.1" 302 219 "-" "Mozilla/5.0 (compatible; SERankingBacklinksBot/1.0; +https://seranking.com/backlinks-crawler)"
52.8.24.185 - - [25/Jun/2026:15:32:56 +0300] "GET /feed/bilim HTTP/1.1" 301 795 "-" "Mozilla/5.0 RSS reader"
52.8.24.185 - - [25/Jun/2026:15:32:56 +0300] "GET /rss/bilim.xml HTTP/1.1" 302 205 "-" "Mozilla/5.0 RSS reader"
52.8.24.185 - - [25/Jun/2026:15:32:56 +0300] "GET /404 HTTP/1.1" 302 219 "-" "Mozilla/5.0 RSS reader"
52.8.24.185 - - [25/Jun/2026:15:32:56 +0300] "GET /404 HTTP/1.1" 302 219 "-" "Mozilla/5.0 RSS reader"
52.8.24.185 - - [25/Jun/2026:15:32:56 +0300] "GET /rss/genel-0 HTTP/1.1" 200 196810 "-" "Mozilla/5.0 RSS reader"
52.8.24.185 - - [25/Jun/2026:15:32:57 +0300] "GET / HTTP/1.1" 200 17295 "-" "Mozilla/5.0 RSS reader"
154.217.207.100 - - [25/Jun/2026:15:32:57 +0300] "GET /images/haberler/2024/01/sampiyonlar-ligi-para-odulleri-1704879932.png HTTP/1.1" 302 224 "-" "Mozilla/5.0 (compatible; crawler)"
154.217.207.100 - - [25/Jun/2026:15:32:58 +0300] "GET / HTTP/1.1" 200 17296 "-" "Mozilla/5.0 (compatible; crawler)"
65.109.100.157 - - [25/Jun/2026:15:32:59 +0300] "GET /haberler/mesleginde-61-yili-devirdi-tek-derdi-cirak-bulamamak-203767 HTTP/1.1" 301 795 "-" "Mozilla/5.0 (compatible; SERankingBacklinksBot/1.0; +https://seranking.com/backlinks-crawler)"
65.109.100.157 - - [25/Jun/2026:15:32:59 +0300] "GET /haberler/mesleginde-61-yili-devirdi-tek-derdi-cirak-bulamamak-203767 HTTP/1.1" 301 795 "-" "Mozilla/5.0 (compatible; SERankingBacklinksBot/1.0; +https://seranking.com/backlinks-crawler)"
65.109.100.157 - - [25/Jun/2026:15:33:03 +0300] "GET /haber/meslegine-14-ay-once-basladi-devrim-gibi-degisime-onayak-oldu-40282 HTTP/1.1" 302 219 "-" "Mozilla/5.0 (compatible; SERankingBacklinksBot/1.0; +https://seranking.com/backlinks-crawler)"
65.109.100.157 - - [25/Jun/2026:15:33:04 +0300] "GET /haberler/meslegine-14-ay-once-basladi-devrim-gibi-degisime-onayak-oldu-40282 HTTP/1.1" 301 795 "-" "Mozilla/5.0 (compatible; SERankingBacklinksBot/1.0; +https://seranking.com/backlinks-crawler)"
65.109.100.157 - - [25/Jun/2026:15:33:04 +0300] "GET /haber/meslegine-14-ay-once-basladi-devrim-gibi-degisime-onayak-oldu-40282 HTTP/1.1" 302 219 "-" "Mozilla/5.0 (compatible; SERankingBacklinksBot/1.0; +https://seranking.com/backlinks-crawler)"
65.109.100.157 - - [25/Jun/2026:15:33:04 +0300] "GET /404 HTTP/1.1" 302 215 "-" "Mozilla/5.0 (compatible; SERankingBacklinksBot/1.0; +https://seranking.com/backlinks-crawler)"
3.221.50.71 - - [25/Jun/2026:15:33:05 +0300] "GET /public/index.php/etiketler/model-haberleri HTTP/1.1" 200 8796 "-" "Mozilla/5.0 AppleWebKit/537.36 (KHTML, like Gecko; compatible; Amazonbot/0.1; +https://developer.amazon.com/support/amazonbot) Chrome/119.0.6045.214 Safari/537.36"
65.109.100.157 - - [25/Jun/2026:15:33:08 +0300] "GET /haber/meslegini-rengine-gore-sec-onerisi-108880 HTTP/1.1" 302 219 "-" "Mozilla/5.0 (compatible; SERankingBacklinksBot/1.0; +https://seranking.com/backlinks-crawler)"
65.109.100.157 - - [25/Jun/2026:15:33:08 +0300] "GET / HTTP/1.1" 200 17223 "-" "Mozilla/5.0 (compatible; SERankingBacklinksBot/1.0; +https://seranking.com/backlinks-crawler)"
44.194.139.149 - - [25/Jun/2026:15:33:10 +0300] "GET /public/index.php/etiketler/yildirim-belediyesi-haberleri HTTP/1.1" 200 6480 "-" "Mozilla/5.0 AppleWebKit/537.36 (KHTML, like Gecko; compatible; Amazonbot/0.1; +https://developer.amazon.com/support/amazonbot) Chrome/119.0.6045.214 Safari/537.36"
65.109.100.157 - - [25/Jun/2026:15:33:11 +0300] "GET /haberler/mesleginizin-repligi-nedir-sari-mikrofon-116298 HTTP/1.1" 301 795 "-" "Mozilla/5.0 (compatible; SERankingBacklinksBot/1.0; +https://seranking.com/backlinks-crawler)"
65.109.100.157 - - [25/Jun/2026:15:33:12 +0300] "GET /404 HTTP/1.1" 302 215 "-" "Mozilla/5.0 (compatible; SERankingBacklinksBot/1.0; +https://seranking.com/backlinks-crawler)"
65.109.100.157 - - [25/Jun/2026:15:33:11 +0300] "GET /haber/mesleginizin-repligi-nedir-sari-mikrofon-116298 HTTP/1.1" 302 219 "-" "Mozilla/5.0 (compatible; SERankingBacklinksBot/1.0; +https://seranking.com/backlinks-crawler)"
65.109.100.157 - - [25/Jun/2026:15:33:11 +0300] "GET /haberler/mesleginizin-repligi-nedir-sari-mikrofon-116298 HTTP/1.1" 301 795 "-" "Mozilla/5.0 (compatible; SERankingBacklinksBot/1.0; +https://seranking.com/backlinks-crawler)"
65.109.100.157 - - [25/Jun/2026:15:33:11 +0300] "GET /haber/mesleginizin-repligi-nedir-sari-mikrofon-116298 HTTP/1.1" 302 219 "-" "Mozilla/5.0 (compatible; SERankingBacklinksBot/1.0; +https://seranking.com/backlinks-crawler)"
65.109.100.157 - - [25/Jun/2026:15:33:15 +0300] "GET /haberler/meslek-liselilerin-urettigi-masa-sira-ve-dolaplar-20-ilde-egitime-katki-sunuyor-62687 HTTP/1.1" 301 795 "-" "Mozilla/5.0 (compatible; SERankingBacklinksBot/1.0; +https://seranking.com/backlinks-crawler)"
65.109.100.157 - - [25/Jun/2026:15:33:15 +0300] "GET /haberler/meslek-liselilerin-urettigi-masa-sira-ve-dolaplar-20-ilde-egitime-katki-sunuyor-62687 HTTP/1.1" 301 795 "-" "Mozilla/5.0 (compatible; SERankingBacklinksBot/1.0; +https://seranking.com/backlinks-crawler)"
65.109.100.157 - - [25/Jun/2026:15:33:15 +0300] "GET /haber/meslek-liselilerin-urettigi-masa-sira-ve-dolaplar-20-ilde-egitime-katki-sunuyor-62687 HTTP/1.1" 302 219 "-" "Mozilla/5.0 (compatible; SERankingBacklinksBot/1.0; +https://seranking.com/backlinks-crawler)"
65.109.100.157 - - [25/Jun/2026:15:33:16 +0300] "GET /404 HTTP/1.1" 302 215 "-" "Mozilla/5.0 (compatible; SERankingBacklinksBot/1.0; +https://seranking.com/backlinks-crawler)"
65.109.100.157 - - [25/Jun/2026:15:33:16 +0300] "GET / HTTP/1.1" 200 17226 "-" "Mozilla/5.0 (compatible; SERankingBacklinksBot/1.0; +https://seranking.com/backlinks-crawler)"
5.255.231.197 - - [25/Jun/2026:15:33:16 +0300] "GET /rss/genel-0 HTTP/1.1" 200 196772 "-" "Mozilla/5.0 (compatible; YandexBot/3.0; +http://yandex.com/bots)"
43.172.196.145 - - [25/Jun/2026:15:33:18 +0300] "GET /public/haber/garip-bulbul-neset-ertas-neredesin-sen-turkusu-esliginde-fragman-yayinlandi-541214 HTTP/1.1" 200 14696 "-" "Mozilla/5.0 (Windows NT 10.0; Win64; x64) AppleWebKit/537.36 (KHTML, like Gecko) Chrome/103.0.0.0 Safari/537.36"
43.173.182.130 - - [25/Jun/2026:15:33:18 +0300] "GET /public/haber/turk-kimya-sirketi-bolgesindeki-endemik-bitki-turlerini-yerinde-koruyor-477367 HTTP/1.1" 200 14793 "-" "Mozilla/5.0 (Windows NT 10.0; Win64; x64) AppleWebKit/537.36 (KHTML, like Gecko) Chrome/111.0.0.0 Safari/537.36"
43.173.175.26 - - [25/Jun/2026:15:33:18 +0300] "GET /public/index.php/etiketler/ihtiyac-haberleri HTTP/1.1" 200 8395 "-" "Mozilla/5.0 (Windows NT 10.0; Win64; x64) AppleWebKit/537.36 (KHTML, like Gecko) Chrome/131.0.0.0 Safari/537.36"
43.172.195.115 - - [25/Jun/2026:15:33:18 +0300] "GET /public/index.php/haber/keske-subat-13-cekse-490332 HTTP/1.1" 200 12991 "-" "Mozilla/5.0 (Windows NT 10.0; Win64; x64) AppleWebKit/537.36 (KHTML, like Gecko) Chrome/120.0.0.0 Safari/537.36"
43.173.175.26 - - [25/Jun/2026:15:33:19 +0300] "GET /hava-durumu/ajax?sehir_isim=6 HTTP/1.1" 200 77 "https://yeniistiklal.com/public/index.php/etiketler/ihtiyac-haberleri" "Mozilla/5.0 (Windows NT 10.0; Win64; x64) AppleWebKit/537.36 (KHTML, like Gecko) Chrome/131.0.0.0 Safari/537.36"
43.172.198.200 - - [25/Jun/2026:15:33:19 +0300] "GET /hava-durumu/ajax?sehir_isim=6 HTTP/1.1" 200 77 "https://yeniistiklal.com/public/haber/turk-kimya-sirketi-bolgesindeki-endemik-bitki-turlerini-yerinde-koruyor-477367" "Mozilla/5.0 (Windows NT 10.0; Win64; x64) AppleWebKit/537.36 (KHTML, like Gecko) Chrome/111.0.0.0 Safari/537.36"
43.173.180.78 - - [25/Jun/2026:15:33:19 +0300] "GET /hava-durumu/ajax?sehir_isim=6 HTTP/1.1" 200 77 "https://yeniistiklal.com/public/haber/garip-bulbul-neset-ertas-neredesin-sen-turkusu-esliginde-fragman-yayinlandi-541214" "Mozilla/5.0 (Windows NT 10.0; Win64; x64) AppleWebKit/537.36 (KHTML, like Gecko) Chrome/103.0.0.0 Safari/537.36"
65.109.100.157 - - [25/Jun/2026:15:33:12 +0300] "GET / HTTP/1.1" 200 17222 "-" "Mozilla/5.0 (compatible; SERankingBacklinksBot/1.0; +https://seranking.com/backlinks-crawler)"
87.250.224.27 - - [25/Jun/2026:15:33:13 +0300] "GET /public/rss/genel-0 HTTP/1.1" 200 196873 "-" "Mozilla/5.0 (compatible; YandexBot/3.0; +http://yandex.com/bots)"
44.221.37.41 - - [25/Jun/2026:15:33:13 +0300] "GET /public/index.php/haber/kvkkden-yemeksepetine-odul-gibi-ceza-486032 HTTP/1.1" 200 14900 "-" "Mozilla/5.0 AppleWebKit/537.36 (KHTML, like Gecko; compatible; Amazonbot/0.1; +https://developer.amazon.com/support/amazonbot) Chrome/119.0.6045.214 Safari/537.36"
65.109.100.157 - - [25/Jun/2026:15:33:15 +0300] "GET /haber/meslek-liselilerin-urettigi-masa-sira-ve-dolaplar-20-ilde-egitime-katki-sunuyor-62687 HTTP/1.1" 302 219 "-" "Mozilla/5.0 (compatible; SERankingBacklinksBot/1.0; +https://seranking.com/backlinks-crawler)"
31.40.198.2 - - [25/Jun/2026:15:33:17 +0300] "GET /rss/muzik-7 HTTP/1.1" 200 91099 "-" "Mozilla/5.0 (Windows NT 6.1; WOW64) AppleWebKit/537.36 (KHTML, like Gecko) Chrome/58.0.3029.81 Safari/537.36"
52.2.83.227 - - [25/Jun/2026:15:33:18 +0300] "GET /public/index.php/haber/kocaelinde-atlarla-bulusmayan-kalmayacak-505277 HTTP/1.1" 200 14493 "-" "Mozilla/5.0 AppleWebKit/537.36 (KHTML, like Gecko; compatible; Amazonbot/0.1; +https://developer.amazon.com/support/amazonbot) Chrome/119.0.6045.214 Safari/537.36"
43.172.198.223 - - [25/Jun/2026:15:33:18 +0300] "GET /public/etiketler/14-haberleri HTTP/1.1" 200 6686 "-" "Mozilla/5.0 (Windows NT 10.0; Win64; x64) AppleWebKit/537.36 (KHTML, like Gecko) Chrome/124.0.0.0 Safari/537.36"
65.109.100.157 - - [25/Jun/2026:15:33:19 +0300] "GET /haberler/meslek-lisesi-ogrencileri-cnc-fiber-lazer-kesim-makinesi-uretti-47277 HTTP/1.1" 301 795 "-" "Mozilla/5.0 (compatible; SERankingBacklinksBot/1.0; +https://seranking.com/backlinks-crawler)"
85.208.96.206 - - [25/Jun/2026:15:33:19 +0300] "GET /haber/gelen-zammi-halay-cekerek-kutladilar-544516 HTTP/1.1" 200 14959 "-" "Mozilla/5.0 (compatible; SemrushBot/7~bl; +http://www.semrush.com/bot.html)"
65.109.100.157 - - [25/Jun/2026:15:33:19 +0300] "GET /haber/meslek-lisesi-ogrencileri-cnc-fiber-lazer-kesim-makinesi-uretti-47277 HTTP/1.1" 302 219 "-" "Mozilla/5.0 (compatible; SERankingBacklinksBot/1.0; +https://seranking.com/backlinks-crawler)"
65.109.100.157 - - [25/Jun/2026:15:33:20 +0300] "GET /404 HTTP/1.1" 302 215 "-" "Mozilla/5.0 (compatible; SERankingBacklinksBot/1.0; +https://seranking.com/backlinks-crawler)"
65.109.100.157 - - [25/Jun/2026:15:33:20 +0300] "GET / HTTP/1.1" 200 17234 "-" "Mozilla/5.0 (compatible; SERankingBacklinksBot/1.0; +https://seranking.com/backlinks-crawler)"
52.8.24.185 - - [25/Jun/2026:15:33:21 +0300] "GET /otomotiv/rss HTTP/1.1" 302 224 "-" "Mozilla/5.0 RSS reader"
52.8.24.185 - - [25/Jun/2026:15:33:22 +0300] "GET /404 HTTP/1.1" 302 219 "-" "Mozilla/5.0 RSS reader"
52.8.24.185 - - [25/Jun/2026:15:33:22 +0300] "GET /404 HTTP/1.1" 302 219 "-" "Mozilla/5.0 RSS reader"
52.8.24.185 - - [25/Jun/2026:15:33:22 +0300] "GET /rss/genel-0 HTTP/1.1" 200 196810 "-" "Mozilla/5.0 RSS reader"
65.109.100.157 - - [25/Jun/2026:15:33:23 +0300] "GET /haberler/meslek-lisesinde-gelistirilen-ilk-fiber-lazer-kesim-makinesi-sanayide-kullanilacak-36297 HTTP/1.1" 301 795 "-" "Mozilla/5.0 (compatible; SERankingBacklinksBot/1.0; +https://seranking.com/backlinks-crawler)"
65.109.100.157 - - [25/Jun/2026:15:33:23 +0300] "GET /haberler/meslek-lisesinde-gelistirilen-ilk-fiber-lazer-kesim-makinesi-sanayide-kullanilacak-36297 HTTP/1.1" 301 795 "-" "Mozilla/5.0 (compatible; SERankingBacklinksBot/1.0; +https://seranking.com/backlinks-crawler)"
66.249.92.193 - - [25/Jun/2026:15:33:23 +0300] "GET /public/index.php/haber/dunya-ucunculeri-kocaeli-buyuksehirde-misafir-edildi-509015 HTTP/1.1" 200 14552 "-" "Mediapartners-Google"
65.109.100.157 - - [25/Jun/2026:15:33:19 +0300] "GET /haberler/meslek-lisesi-ogrencileri-cnc-fiber-lazer-kesim-makinesi-uretti-47277 HTTP/1.1" 301 795 "-" "Mozilla/5.0 (compatible; SERankingBacklinksBot/1.0; +https://seranking.com/backlinks-crawler)"
43.172.196.85 - - [25/Jun/2026:15:33:19 +0300] "GET /hava-durumu/ajax?sehir_isim=6 HTTP/1.1" 200 77 "https://yeniistiklal.com/public/etiketler/14-haberleri" "Mozilla/5.0 (Windows NT 10.0; Win64; x64) AppleWebKit/537.36 (KHTML, like Gecko) Chrome/124.0.0.0 Safari/537.36"
65.109.100.157 - - [25/Jun/2026:15:33:19 +0300] "GET /haber/meslek-lisesi-ogrencileri-cnc-fiber-lazer-kesim-makinesi-uretti-47277 HTTP/1.1" 302 219 "-" "Mozilla/5.0 (compatible; SERankingBacklinksBot/1.0; +https://seranking.com/backlinks-crawler)"
43.172.197.24 - - [25/Jun/2026:15:33:19 +0300] "GET /hava-durumu/ajax?sehir_isim=6 HTTP/1.1" 200 77 "https://yeniistiklal.com/public/index.php/haber/keske-subat-13-cekse-490332" "Mozilla/5.0 (Windows NT 10.0; Win64; x64) AppleWebKit/537.36 (KHTML, like Gecko) Chrome/120.0.0.0 Safari/537.36"
52.8.24.185 - - [25/Jun/2026:15:33:21 +0300] "GET /rss/otomobil HTTP/1.1" 302 205 "-" "Mozilla/5.0 RSS reader"
52.8.24.185 - - [25/Jun/2026:15:33:21 +0300] "GET /feed/otomobil HTTP/1.1" 301 795 "-" "Mozilla/5.0 RSS reader"
52.8.24.185 - - [25/Jun/2026:15:33:21 +0300] "GET /rss/otomobil.xml HTTP/1.1" 302 205 "-" "Mozilla/5.0 RSS reader"
52.8.24.185 - - [25/Jun/2026:15:33:22 +0300] "GET /404 HTTP/1.1" 302 219 "-" "Mozilla/5.0 RSS reader"
52.8.24.185 - - [25/Jun/2026:15:33:22 +0300] "GET / HTTP/1.1" 200 17296 "-" "Mozilla/5.0 RSS reader"
