65.109.100.157 - - [25/Jun/2026:15:36:09 +0300] "GET /404 HTTP/1.1" 302 215 "-" "Mozilla/5.0 (compatible; SERankingBacklinksBot/1.0; +https://seranking.com/backlinks-crawler)"
17.241.75.180 - - [25/Jun/2026:15:36:09 +0300] "OPTIONS /hava-durumu/ajax?sehir_isim=6 HTTP/1.1" 200 20 "https://www.yeniistiklal.com/" "Mozilla/5.0 (Macintosh; Intel Mac OS X 10_15_7) AppleWebKit/605.1.15 (KHTML, like Gecko) Version/17.4 Safari/605.1.15 (Applebot/0.1; +http://www.apple.com/go/applebot)"
54.197.178.107 - - [25/Jun/2026:15:36:11 +0300] "GET /public/index.php/haber/ticaret-bakani-mehmet-mus-baskan-altayi-ziyaret-etti-530837 HTTP/1.1" 200 14300 "-" "Mozilla/5.0 AppleWebKit/537.36 (KHTML, like Gecko; compatible; Amazonbot/0.1; +https://developer.amazon.com/support/amazonbot) Chrome/119.0.6045.214 Safari/537.36"
64.137.57.103 - - [25/Jun/2026:15:36:12 +0300] "GET / HTTP/1.1" 200 17241 "-" "Mozilla/5.0 (Macintosh; Macintosh; Intel Mac OS X 11_2_3) AppleWebKit/605.1.15 (KHTML, like Gecko) Version/15.0.2 Safari/605.1.15"
85.208.96.209 - - [25/Jun/2026:15:36:12 +0300] "GET /haber/definecilerin-kacak-kazilari-3-bin-500-yillik-trak-dolmenlerine-zarar-veriyor-494746 HTTP/1.1" 200 14220 "-" "Mozilla/5.0 (compatible; SemrushBot/7~bl; +http://www.semrush.com/bot.html)"
3.90.73.206 - - [25/Jun/2026:15:36:05 +0300] "GET /public/index.php/haber/bahceliden-merhum-lider-turkese-anma-mesaji-504029 HTTP/1.1" 200 14727 "-" "Mozilla/5.0 AppleWebKit/537.36 (KHTML, like Gecko; compatible; Amazonbot/0.1; +https://developer.amazon.com/support/amazonbot) Chrome/119.0.6045.214 Safari/537.36"
65.109.100.157 - - [25/Jun/2026:15:36:05 +0300] "GET /haberler/meteoroloji-genel-mudurlugu-2021-temmuzu-son-50-yilin-en-sicak-ikinci-temmuzu-olarak-kayitlara-gecti-129566 HTTP/1.1" 301 795 "-" "Mozilla/5.0 (compatible; SERankingBacklinksBot/1.0; +https://seranking.com/backlinks-crawler)"
65.109.100.157 - - [25/Jun/2026:15:36:05 +0300] "GET /haberler/meteoroloji-genel-mudurlugu-2021-temmuzu-son-50-yilin-en-sicak-ikinci-temmuzu-olarak-kayitlara-gecti-129566 HTTP/1.1" 301 795 "-" "Mozilla/5.0 (compatible; SERankingBacklinksBot/1.0; +https://seranking.com/backlinks-crawler)"
52.0.63.151 - - [25/Jun/2026:15:36:05 +0300] "GET /public/index.php/haber/baskan-kayadan-sehit-babalarina-ziyaret-521722 HTTP/1.1" 200 14332 "-" "Mozilla/5.0 AppleWebKit/537.36 (KHTML, like Gecko; compatible; Amazonbot/0.1; +https://developer.amazon.com/support/amazonbot) Chrome/119.0.6045.214 Safari/537.36"
65.109.100.157 - - [25/Jun/2026:15:36:05 +0300] "GET /haber/meteoroloji-genel-mudurlugu-2021-temmuzu-son-50-yilin-en-sicak-ikinci-temmuzu-olarak-kayitlara-gecti-129566 HTTP/1.1" 302 219 "-" "Mozilla/5.0 (compatible; SERankingBacklinksBot/1.0; +https://seranking.com/backlinks-crawler)"
65.109.100.157 - - [25/Jun/2026:15:36:06 +0300] "GET / HTTP/1.1" 200 17231 "-" "Mozilla/5.0 (compatible; SERankingBacklinksBot/1.0; +https://seranking.com/backlinks-crawler)"
65.109.100.157 - - [25/Jun/2026:15:36:09 +0300] "GET /haberler/meteoroloji-genel-mudurlugu-karadenizde-siddetli-yagis-beklendigini-duyurdu-61023 HTTP/1.1" 301 795 "-" "Mozilla/5.0 (compatible; SERankingBacklinksBot/1.0; +https://seranking.com/backlinks-crawler)"
65.109.100.157 - - [25/Jun/2026:15:36:10 +0300] "GET / HTTP/1.1" 200 17224 "-" "Mozilla/5.0 (compatible; SERankingBacklinksBot/1.0; +https://seranking.com/backlinks-crawler)"
223.109.252.184 - - [25/Jun/2026:15:36:13 +0300] "GET /haber/kibris-tup-bebek-modern-yaklasimlar-ile-guven-veren-bir-surec-552141 HTTP/1.1" 200 15130 "-" "Sogou web spider/4.0(+http://www.sogou.com/docs/help/webmasters.htm#07)"
64.137.57.103 - - [25/Jun/2026:15:36:13 +0300] "GET /haberler HTTP/1.1" 200 10678 "https://yeniistiklal.com" "Mozilla/5.0 (Macintosh; Intel Mac OS X 11_2_3) AppleWebKit/537.36 (KHTML, like Gecko) Chrome/118.0.6614.133 Safari/537.36 OPR/81.0.3854.23"
47.82.10.23 - - [25/Jun/2026:15:36:13 +0300] "GET /public/index.php/haber/ceza-talebinin-gerekcesi-ortaya-cikti-rtuk-olaganustu-toplaniyor-477554 HTTP/1.1" 200 14643 "https://yeniistiklal.com/" "Mozilla/5.0 (Windows NT 10.0; Win64; x64) AppleWebKit/537.36 (KHTML, like Gecko) Chrome/135.0.0.0 Safari/537.36"
65.109.100.157 - - [25/Jun/2026:15:36:13 +0300] "GET /haber/meteoroloji-iki-ili-saat-vererek-uyardi-haritali-14364 HTTP/1.1" 302 219 "-" "Mozilla/5.0 (compatible; SERankingBacklinksBot/1.0; +https://seranking.com/backlinks-crawler)"
65.109.100.157 - - [25/Jun/2026:15:36:13 +0300] "GET /haberler/meteoroloji-iki-ili-saat-vererek-uyardi-haritali-14364 HTTP/1.1" 301 795 "-" "Mozilla/5.0 (compatible; SERankingBacklinksBot/1.0; +https://seranking.com/backlinks-crawler)"
65.109.100.157 - - [25/Jun/2026:15:36:13 +0300] "GET /haber/meteoroloji-iki-ili-saat-vererek-uyardi-haritali-14364 HTTP/1.1" 302 219 "-" "Mozilla/5.0 (compatible; SERankingBacklinksBot/1.0; +https://seranking.com/backlinks-crawler)"
65.109.100.157 - - [25/Jun/2026:15:36:13 +0300] "GET /404 HTTP/1.1" 302 215 "-" "Mozilla/5.0 (compatible; SERankingBacklinksBot/1.0; +https://seranking.com/backlinks-crawler)"
23.21.148.226 - - [25/Jun/2026:15:36:13 +0300] "GET /public/index.php/haber/btso-akademi-is-dunyasina-yonelik-egitimlerini-surduruyor-528605 HTTP/1.1" 200 14795 "-" "Mozilla/5.0 AppleWebKit/537.36 (KHTML, like Gecko; compatible; Amazonbot/0.1; +https://developer.amazon.com/support/amazonbot) Chrome/119.0.6045.214 Safari/537.36"
65.109.100.157 - - [25/Jun/2026:15:36:13 +0300] "GET /haberler/meteoroloji-iki-ili-saat-vererek-uyardi-haritali-14364 HTTP/1.1" 301 795 "-" "Mozilla/5.0 (compatible; SERankingBacklinksBot/1.0; +https://seranking.com/backlinks-crawler)"
202.46.62.47 - - [25/Jun/2026:15:36:13 +0300] "GET /hava-durumu/ajax?sehir_isim=6 HTTP/1.1" 200 77 "https://yeniistiklal.com/haber/32-il-icin-sari-ve-turuncu-kodlu-uyari-548681" "Mozilla/5.0 (Windows NT 10.0; Win64; x64) AppleWebKit/537.36 (KHTML, like Gecko) Chrome/133.0.6943.141 Safari/537.36"
64.137.57.103 - - [25/Jun/2026:15:36:14 +0300] "GET /haber/gunes-yanigina-veda-edin-aciyi-dindiren-ev-yapimi-cozumler-551785 HTTP/1.1" 200 14376 "https://yeniistiklal.com" "Mozilla/5.0 (iPad; CPU OS 14_6 like Mac OS X) AppleWebKit/537.36 (KHTML, like Gecko) Chrome/138.0.5288.144 Safari/537.36 OPR/82.0.3603.68"
193.239.176.64 - - [25/Jun/2026:15:36:15 +0300] "GET /haber/yeni-tarifeler-petrol-piyasasini-nasil-etkiliyor-551760 HTTP/1.1" 200 13500 "https://yeniistiklal.com" "Mozilla/5.0 (iPhone; CPU iPhone OS 14_6 like Mac OS X) AppleWebKit/537.36 (KHTML, like Gecko) Chrome/122.0.5927.110 Safari/537.36 OPR/95.0.3392.53"
82.26.247.196 - - [25/Jun/2026:15:36:15 +0300] "GET /haber/altin-fiyatlarinda-son-durum-gram-ve-ceyrek-altin-ne-kadar-oldu-551790 HTTP/1.1" 200 12987 "https://yeniistiklal.com" "Mozilla/5.0 (Windows NT 10.0; Win64; x64) AppleWebKit/537.36 (KHTML, like Gecko) Chrome/138.0.5616.48 Safari/537.36"
82.23.235.96 - - [25/Jun/2026:15:36:15 +0300] "GET /haber/surucu-belgesi-yenileme-suresi-son-kez-uzatildi-551758 HTTP/1.1" 200 13652 "https://yeniistiklal.com" "Mozilla/5.0 (Macintosh; Intel Mac OS X 11_2_3) AppleWebKit/537.36 (KHTML, like Gecko) Chrome/140.0.6344.0 Safari/537.36"
193.239.176.64 - - [25/Jun/2026:15:36:16 +0300] "GET /haber-gonder HTTP/1.1" 200 5737 "https://yeniistiklal.com" "Mozilla/5.0 (iPad; CPU OS 14_6 like Mac OS X; rv:139.0) Gecko/20100101 Firefox/139.0"
82.23.235.96 - - [25/Jun/2026:15:36:16 +0300] "GET /haber/yavas-ve-bilincli-adimlarin-dansi-japon-yuruyusu-551761 HTTP/1.1" 200 14706 "https://yeniistiklal.com" "Mozilla/5.0 (Macintosh; Intel Mac OS X 11_2_3) AppleWebKit/537.36 (KHTML, like Gecko) Chrome/117.0.6787.135 Safari/537.36"
82.26.247.196 - - [25/Jun/2026:15:36:17 +0300] "GET /haber/hayir-lokmasi-nedir-fiyat-alirken-nelere-bakilir-552382 HTTP/1.1" 200 15416 "https://yeniistiklal.com" "Mozilla/5.0 (Macintosh; Macintosh; Intel Mac OS X 11_2_3) AppleWebKit/605.1.15 (KHTML, like Gecko) Version/16.0.6 Safari/605.1.15"
65.109.100.157 - - [25/Jun/2026:15:36:17 +0300] "GET /haberler/meteoroloji-il-il-uyardi-besi-birden-vuracak-296579 HTTP/1.1" 301 795 "-" "Mozilla/5.0 (compatible; SERankingBacklinksBot/1.0; +https://seranking.com/backlinks-crawler)"
65.109.100.157 - - [25/Jun/2026:15:36:17 +0300] "GET /haberler/meteoroloji-il-il-uyardi-besi-birden-vuracak-296579 HTTP/1.1" 301 795 "-" "Mozilla/5.0 (compatible; SERankingBacklinksBot/1.0; +https://seranking.com/backlinks-crawler)"
54.39.6.1 - - [25/Jun/2026:15:36:17 +0300] "GET /public/images/haberler/2025/09/dijital-cuzdan-guclu-odeme-cozumu-1758044956.png HTTP/1.1" 200 137339 "-" "Mozilla/5.0 (compatible; AhrefsBot/7.0; +http://ahrefs.com/robot/)"
193.239.176.64 - - [25/Jun/2026:15:36:17 +0300] "GET /haber/kktc-doviz-kurlarindaki-son-durum-dolar-euro-sterlin-15-ekim-2025-551928 HTTP/1.1" 200 13545 "https://yeniistiklal.com" "Mozilla/5.0 (iPad; CPU OS 14_6 like Mac OS X) AppleWebKit/537.36 (KHTML, like Gecko) Chrome/131.0.6194.29 Safari/537.36"
82.23.235.96 - - [25/Jun/2026:15:36:17 +0300] "GET /haber/best-25-guest-post-marketplaces-reviewed-in-2026-552384 HTTP/1.1" 200 25292 "https://yeniistiklal.com" "Mozilla/5.0 (Linux; Android 11; SM-G998U) AppleWebKit/537.36 (KHTML, like Gecko) Chrome/137.0.6433.104 Safari/537.36"
65.109.100.157 - - [25/Jun/2026:15:36:14 +0300] "GET / HTTP/1.1" 200 17235 "-" "Mozilla/5.0 (compatible; SERankingBacklinksBot/1.0; +https://seranking.com/backlinks-crawler)"
202.46.62.110 - - [25/Jun/2026:15:36:14 +0300] "GET /images/haberler/2022/11/32-il-icin-sari-ve-turuncu-kodlu-uyari-1669384615.png HTTP/1.1" 302 219 "https://yeniistiklal.com/haber/32-il-icin-sari-ve-turuncu-kodlu-uyari-548681" "Mozilla/5.0 (Windows NT 10.0; Win64; x64) AppleWebKit/537.36 (KHTML, like Gecko) Chrome/133.0.6943.141 Safari/537.36"
64.137.57.103 - - [25/Jun/2026:15:36:14 +0300] "GET /haber/piyasalar-sallaniyor-gram-altin-tarihi-zirvelere-kosuyor-551786 HTTP/1.1" 200 12943 "https://yeniistiklal.com" "Mozilla/5.0 (Windows NT 10.0; Win64; x64) AppleWebKit/537.36 (KHTML, like Gecko) Chrome/127.0.6706.131 Safari/537.36 Edg/106.0.1788.41"
193.239.176.64 - - [25/Jun/2026:15:36:15 +0300] "GET /haber/kamu-iscileri-icin-zam-teklifinde-yeni-gelisme-551757 HTTP/1.1" 200 13318 "https://yeniistiklal.com" "Mozilla/5.0 (Macintosh; Intel Mac OS X 10_15_7) AppleWebKit/537.36 (KHTML, like Gecko) Chrome/107.0.5061.107 Safari/537.36 OPR/88.0.3114.22"
64.137.57.103 - - [25/Jun/2026:15:36:15 +0300] "GET /haber/serbest-piyasada-dolar-ve-euroda-son-durum-551791 HTTP/1.1" 200 13153 "https://yeniistiklal.com" "Mozilla/5.0 (Macintosh; Intel Mac OS X 11_2_3; rv:121.0) Gecko/20100101 Firefox/121.0"
193.239.176.64 - - [25/Jun/2026:15:36:16 +0300] "GET /haber/aksa-kimin-aksa-enerjinin-sahibi-kimdir-551970 HTTP/1.1" 200 13869 "https://yeniistiklal.com" "Mozilla/5.0 (Macintosh; Intel Mac OS X 11_2_3; rv:109.0) Gecko/20100101 Firefox/109.0"
45.39.73.187 - - [25/Jun/2026:15:36:16 +0300] "GET /haber/fenerbahce-beko-euroleaguede-sampiyon-oldu-551656 HTTP/1.1" 200 13125 "https://yeniistiklal.com" "Mozilla/5.0 (Windows NT 10.0; Win64; x64) AppleWebKit/537.36 (KHTML, like Gecko) Chrome/133.0.5748.50 Safari/537.36 OPR/88.0.3838.25"
185.191.171.11 - - [25/Jun/2026:15:36:16 +0300] "GET /haber/menzil-cemaati-seyhi-muhammed-konyevi-kimdir-bursada-dagitilan-itabi-kriz-cikardi-kimler-taziye-taziye-mesaji-verdi-487687 HTTP/1.1" 200 14697 "-" "Mozilla/5.0 (compatible; SemrushBot/7~bl; +http://www.semrush.com/bot.html)"
193.239.176.64 - - [25/Jun/2026:15:36:17 +0300] "GET /haber/kktcde-su-tesisatcisi-arayanlar-icin-oneriler-551927 HTTP/1.1" 200 14552 "https://yeniistiklal.com" "Mozilla/5.0 (Linux; Android 11; SM-G998U) AppleWebKit/537.36 (KHTML, like Gecko) Chrome/107.0.5819.35 Safari/537.36 Edg/91.0.1941.16"
45.39.73.187 - - [25/Jun/2026:15:36:17 +0300] "GET /rss HTTP/1.1" 200 6000 "https://yeniistiklal.com" "Mozilla/5.0 (Windows NT 10.0; Win64; x64) AppleWebKit/537.36 (KHTML, like Gecko) Chrome/107.0.5527.137 Safari/537.36"
65.109.100.157 - - [25/Jun/2026:15:36:17 +0300] "GET /haber/meteoroloji-il-il-uyardi-besi-birden-vuracak-296579 HTTP/1.1" 302 219 "-" "Mozilla/5.0 (compatible; SERankingBacklinksBot/1.0; +https://seranking.com/backlinks-crawler)"
65.109.100.157 - - [25/Jun/2026:15:36:17 +0300] "GET /haber/meteoroloji-il-il-uyardi-besi-birden-vuracak-296579 HTTP/1.1" 302 219 "-" "Mozilla/5.0 (compatible; SERankingBacklinksBot/1.0; +https://seranking.com/backlinks-crawler)"
65.109.100.157 - - [25/Jun/2026:15:36:17 +0300] "GET /404 HTTP/1.1" 302 215 "-" "Mozilla/5.0 (compatible; SERankingBacklinksBot/1.0; +https://seranking.com/backlinks-crawler)"
82.23.235.96 - - [25/Jun/2026:15:36:17 +0300] "GET /haber/fumigasyon-hasere-ilaclama-ve-bocek-ilaclama-hizmetlerinde-profesyonel-surecin-onemi-552383 HTTP/1.1" 200 14647 "https://yeniistiklal.com" "Mozilla/5.0 (iPhone; CPU iPhone OS 14_6 like Mac OS X; rv:96.0) Gecko/20100101 Firefox/96.0"
64.137.57.103 - - [25/Jun/2026:15:36:17 +0300] "GET /haber/kendi-hikayenizi-boynunuzda-tasiyin-kisiye-ozel-jewelous-pirlanta-harf-kolyeler-552385 HTTP/1.1" 200 13680 "https://yeniistiklal.com" "Mozilla/5.0 (Linux; Android 11; SM-G998U) AppleWebKit/537.36 (KHTML, like Gecko) Chrome/120.0.5585.10 Safari/537.36"
34.226.89.140 - - [25/Jun/2026:15:36:18 +0300] "GET /public/index.php/haber/kizilaydan-dunya-yetimler-gununde-srebrenitsada-iftar-507213 HTTP/1.1" 200 13985 "-" "Mozilla/5.0 AppleWebKit/537.36 (KHTML, like Gecko; compatible; Amazonbot/0.1; +https://developer.amazon.com/support/amazonbot) Chrome/119.0.6045.214 Safari/537.36"
82.23.235.96 - - [25/Jun/2026:15:36:18 +0300] "GET /haber/dunyanin-en-buyuk-dagi-hangisidir-everest-mi-mauna-kea-mi-551973 HTTP/1.1" 200 14766 "https://yeniistiklal.com" "Mozilla/5.0 (Macintosh; Intel Mac OS X 10_15_7) AppleWebKit/537.36 (KHTML, like Gecko) Chrome/100.0.5128.91 Safari/537.36 Edg/101.0.1892.31"
64.137.57.103 - - [25/Jun/2026:15:36:18 +0300] "GET /haber/guneydogu-anadoluda-sessiz-donusum-552386 HTTP/1.1" 200 14713 "https://yeniistiklal.com" "Mozilla/5.0 (iPad; CPU OS 14_6 like Mac OS X; rv:91.0) Gecko/20100101 Firefox/91.0"
64.137.57.103 - - [25/Jun/2026:15:36:18 +0300] "GET /haber/sut-hayvanlari-icin-premiks-cozumleri-552387 HTTP/1.1" 200 15235 "https://yeniistiklal.com" "Mozilla/5.0 (Windows NT 10.0; Win64; x64) AppleWebKit/537.36 (KHTML, like Gecko) Chrome/140.0.6774.60 Safari/537.36 OPR/84.0.3140.26"
64.137.57.103 - - [25/Jun/2026:15:36:18 +0300] "GET /haber/tup-bebekte-en-onemli-sey-guven-ve-umudu-kaybetmemektir-552390 HTTP/1.1" 200 16078 "https://yeniistiklal.com" "Mozilla/5.0 (iPhone; CPU iPhone OS 14_6 like Mac OS X) AppleWebKit/537.36 (KHTML, like Gecko) Chrome/121.0.5668.31 Safari/537.36 OPR/94.0.3844.33"
185.191.171.8 - - [25/Jun/2026:15:36:18 +0300] "GET /haber/tum-tahminleri-dogru-cikmisti-simpsonlar-bu-kez-kuresel-olayla-gundemde-kanada-ozgurluk-konvoyu-493584 HTTP/1.1" 200 15172 "-" "Mozilla/5.0 (compatible; SemrushBot/7~bl; +http://www.semrush.com/bot.html)"
45.39.73.187 - - [25/Jun/2026:15:36:18 +0300] "GET /sitene-ekle HTTP/1.1" 200 5604 "https://yeniistiklal.com" "Mozilla/5.0 (iPad; CPU OS 14_6 like Mac OS X; rv:108.0) Gecko/20100101 Firefox/108.0"
45.39.73.187 - - [25/Jun/2026:15:36:18 +0300] "GET /haber-arsivi HTTP/1.1" 200 5742 "https://yeniistiklal.com" "Mozilla/5.0 (Macintosh; Linux; Android 11; SM-G998U) AppleWebKit/605.1.15 (KHTML, like Gecko) Version/17.0.3 Safari/605.1.15"
82.23.235.96 - - [25/Jun/2026:15:36:19 +0300] "GET /biyografiler/kemal-sunal-3 HTTP/1.1" 200 8338 "https://yeniistiklal.com" "Mozilla/5.0 (iPhone; CPU iPhone OS 14_6 like Mac OS X) AppleWebKit/537.36 (KHTML, like Gecko) Chrome/104.0.6142.140 Safari/537.36 OPR/88.0.3046.76"
193.239.176.64 - - [25/Jun/2026:15:36:19 +0300] "GET /firma-rehberi/local-seo-857 HTTP/1.1" 200 7153 "https://yeniistiklal.com" "Mozilla/5.0 (iPhone; CPU iPhone OS 14_6 like Mac OS X) AppleWebKit/537.36 (KHTML, like Gecko) Chrome/134.0.6634.52 Safari/537.36 OPR/82.0.3858.48"
82.23.235.96 - - [25/Jun/2026:15:36:19 +0300] "GET /ilan-ekle HTTP/1.1" 200 6455 "https://yeniistiklal.com" "Mozilla/5.0 (iPhone; CPU iPhone OS 14_6 like Mac OS X) AppleWebKit/537.36 (KHTML, like Gecko) Chrome/102.0.6213.132 Safari/537.36 OPR/83.0.3301.45"
193.239.176.64 - - [25/Jun/2026:15:36:19 +0300] "GET /firma-rehberi/deha-patent-anonim-sirketi-887 HTTP/1.1" 200 7298 "https://yeniistiklal.com" "Mozilla/5.0 (Macintosh; Linux; Android 11; SM-G998U) AppleWebKit/605.1.15 (KHTML, like Gecko) Version/14.0.5 Safari/605.1.15"
45.39.73.187 - - [25/Jun/2026:15:36:19 +0300] "GET /firma-rehberi/nyp-nootebook-yedek-parca-satis-merkezi-914 HTTP/1.1" 200 7329 "https://yeniistiklal.com" "Mozilla/5.0 (Windows NT 10.0; Win64; x64; rv:131.0) Gecko/20100101 Firefox/131.0"
64.137.57.103 - - [25/Jun/2026:15:36:19 +0300] "GET /haber/matcha-cayi-nedir-551608 HTTP/1.1" 200 13281 "https://yeniistiklal.com" "Mozilla/5.0 (iPad; CPU OS 14_6 like Mac OS X) AppleWebKit/537.36 (KHTML, like Gecko) Chrome/110.0.5826.59 Safari/537.36 Edg/99.0.1883.4"
45.39.73.187 - - [25/Jun/2026:15:36:20 +0300] "GET /haber/400-bin-tlnin-aylik-getirisi-nedir-552082 HTTP/1.1" 200 13861 "https://yeniistiklal.com" "Mozilla/5.0 (Linux; Android 11; SM-G998U) AppleWebKit/537.36 (KHTML, like Gecko) Chrome/106.0.6205.96 Safari/537.36"
65.109.100.157 - - [25/Jun/2026:15:36:18 +0300] "GET / HTTP/1.1" 200 17241 "-" "Mozilla/5.0 (compatible; SERankingBacklinksBot/1.0; +https://seranking.com/backlinks-crawler)"
64.137.57.103 - - [25/Jun/2026:15:36:18 +0300] "GET /biyografiler/mustafa-kemal-ataturk-1 HTTP/1.1" 200 9518 "https://yeniistiklal.com" "Mozilla/5.0 (Macintosh; Intel Mac OS X 10_15_7) AppleWebKit/537.36 (KHTML, like Gecko) Chrome/140.0.5990.94 Safari/537.36 OPR/80.0.3749.92"
45.39.73.187 - - [25/Jun/2026:15:36:18 +0300] "GET /sitemap.xml HTTP/1.1" 200 201 "https://yeniistiklal.com" "Mozilla/5.0 (iPhone; CPU iPhone OS 14_6 like Mac OS X; rv:90.0) Gecko/20100101 Firefox/90.0"
82.23.235.96 - - [25/Jun/2026:15:36:18 +0300] "GET /haber/prof-dr-kursat-sahin-yildirimer-ile-egitim-aile-ve-manevi-degerler-uzerine-ozel-roportaj-552389 HTTP/1.1" 200 18500 "https://yeniistiklal.com" "Mozilla/5.0 (iPhone; CPU iPhone OS 14_6 like Mac OS X) AppleWebKit/537.36 (KHTML, like Gecko) Chrome/100.0.5514.92 Safari/537.36 Edg/96.0.1950.38"
82.26.247.196 - - [25/Jun/2026:15:36:19 +0300] "GET /firma-rehberi/besiktas-su-tesisatcisi-hizmetleri-859 HTTP/1.1" 200 9117 "https://yeniistiklal.com" "Mozilla/5.0 (iPhone; CPU iPhone OS 14_6 like Mac OS X) AppleWebKit/537.36 (KHTML, like Gecko) Chrome/110.0.5899.97 Safari/537.36 Edg/93.0.1845.24"
64.137.57.103 - - [25/Jun/2026:15:36:19 +0300] "GET /firma-rehberi/nolto-bilisim-872 HTTP/1.1" 200 7065 "https://yeniistiklal.com" "Mozilla/5.0 (iPhone; CPU iPhone OS 14_6 like Mac OS X) AppleWebKit/537.36 (KHTML, like Gecko) Chrome/134.0.6509.3 Safari/537.36 Edg/102.0.1628.26"
64.137.57.103 - - [25/Jun/2026:15:36:19 +0300] "GET /haber/hurda-fiyatlari-2025-hurda-bakir-aluminyum-kablo-fiyatlari-551969 HTTP/1.1" 200 15137 "https://yeniistiklal.com" "Mozilla/5.0 (iPhone; CPU iPhone OS 14_6 like Mac OS X) AppleWebKit/537.36 (KHTML, like Gecko) Chrome/107.0.5306.28 Safari/537.36 Edg/92.0.1862.8"
82.26.247.196 - - [25/Jun/2026:15:36:20 +0300] "GET /haber/fenerbahce-galatasaray-derbisi-ne-zaman-saat-kacta-hangi-kanalda-551505 HTTP/1.1" 200 13210 "https://yeniistiklal.com" "Mozilla/5.0 (Linux; Android 11; SM-G998U) AppleWebKit/537.36 (KHTML, like Gecko) Chrome/115.0.5303.113 Safari/537.36 Edg/111.0.1728.75"
82.23.235.96 - - [25/Jun/2026:15:36:20 +0300] "GET /haber/supplementlerin-sporcular-icin-onemi-548537 HTTP/1.1" 200 13382 "https://yeniistiklal.com" "Mozilla/5.0 (Macintosh; Windows NT 10.0; Win64; x64) AppleWebKit/605.1.15 (KHTML, like Gecko) Version/15.0.1 Safari/605.1.15"
82.23.235.96 - - [25/Jun/2026:15:36:21 +0300] "GET /haber/iddaa-analizi-nasil-yapilir-550740 HTTP/1.1" 200 14317 "https://yeniistiklal.com" "Mozilla/5.0 (Macintosh; Macintosh; Intel Mac OS X 11_2_3) AppleWebKit/605.1.15 (KHTML, like Gecko) Version/16.0.1 Safari/605.1.15"
45.39.73.187 - - [25/Jun/2026:15:36:20 +0300] "GET /haber/2022-dunya-kupasi-belcika-0-2-fas-548688 HTTP/1.1" 200 13073 "https://yeniistiklal.com" "Mozilla/5.0 (Windows NT 10.0; Win64; x64) AppleWebKit/537.36 (KHTML, like Gecko) Chrome/105.0.6565.38 Safari/537.36 OPR/83.0.3077.44"
65.109.100.157 - - [25/Jun/2026:15:36:21 +0300] "GET /haber/meteoroloji-il-il-uyardi-bir-cok-kentte-alarm-hem-usuyecegiz-hem-de-islanacagiz-243319 HTTP/1.1" 302 219 "-" "Mozilla/5.0 (compatible; SERankingBacklinksBot/1.0; +https://seranking.com/backlinks-crawler)"
65.109.100.157 - - [25/Jun/2026:15:36:21 +0300] "GET /haberler/meteoroloji-il-il-uyardi-bir-cok-kentte-alarm-hem-usuyecegiz-hem-de-islanacagiz-243319 HTTP/1.1" 301 795 "-" "Mozilla/5.0 (compatible; SERankingBacklinksBot/1.0; +https://seranking.com/backlinks-crawler)"
63.35.115.255 - - [25/Jun/2026:15:36:21 +0300] "GET /category/haberler/feed HTTP/1.1" 301 795 "-" "Mozilla/5.0 (compatible; Squidbot/1.0)"
65.109.100.157 - - [25/Jun/2026:15:36:21 +0300] "GET /haber/meteoroloji-il-il-uyardi-bir-cok-kentte-alarm-hem-usuyecegiz-hem-de-islanacagiz-243319 HTTP/1.1" 302 219 "-" "Mozilla/5.0 (compatible; SERankingBacklinksBot/1.0; +https://seranking.com/backlinks-crawler)"
64.137.57.103 - - [25/Jun/2026:15:36:20 +0300] "GET /haber/filenin-sultanlari-milletler-liginde-sampiyon-oldu-550007 HTTP/1.1" 200 13637 "https://yeniistiklal.com" "Mozilla/5.0 (Windows NT 10.0; Win64; x64) AppleWebKit/537.36 (KHTML, like Gecko) Chrome/113.0.5397.93 Safari/537.36"
65.109.100.157 - - [25/Jun/2026:15:36:21 +0300] "GET /haberler/meteoroloji-il-il-uyardi-bir-cok-kentte-alarm-hem-usuyecegiz-hem-de-islanacagiz-243319 HTTP/1.1" 301 795 "-" "Mozilla/5.0 (compatible; SERankingBacklinksBot/1.0; +https://seranking.com/backlinks-crawler)"
185.191.171.2 - - [25/Jun/2026:15:36:21 +0300] "GET /haber/sezen-aksu-cemaat-ve-tarikatlar-ozgun-emre-koc-la-konusuyoruz-lale-ozan-arslan-476669 HTTP/1.1" 200 13629 "-" "Mozilla/5.0 (compatible; SemrushBot/7~bl; +http://www.semrush.com/bot.html)"
45.39.73.187 - - [25/Jun/2026:15:36:21 +0300] "GET /haber/gozluk-ve-lens-kullananlar-yaz-aylarinda-lazer-goz-ameliyatini-daha-fazla-merak-ediyor-552391 HTTP/1.1" 200 14712 "https://yeniistiklal.com" "Mozilla/5.0 (iPhone; CPU iPhone OS 14_6 like Mac OS X; rv:109.0) Gecko/20100101 Firefox/109.0"
44.195.145.102 - - [25/Jun/2026:15:36:21 +0300] "GET /public/index.php/haber/adiyaman-kahtada-drone-destekli-uygulama-534360 HTTP/1.1" 200 13935 "-" "Mozilla/5.0 AppleWebKit/537.36 (KHTML, like Gecko; compatible; Amazonbot/0.1; +https://developer.amazon.com/support/amazonbot) Chrome/119.0.6045.214 Safari/537.36"
45.39.73.187 - - [25/Jun/2026:15:36:22 +0300] "GET /haber/hayir-lokmasi-nedir-lokma-ikrami-neden-tercih-edilir-552392 HTTP/1.1" 200 13678 "https://yeniistiklal.com" "Mozilla/5.0 (iPad; CPU OS 14_6 like Mac OS X) AppleWebKit/537.36 (KHTML, like Gecko) Chrome/138.0.6774.121 Safari/537.36"
82.26.247.196 - - [25/Jun/2026:15:36:22 +0300] "GET /haber/hametan-merhem-2025-fiyatlari-551596 HTTP/1.1" 200 13718 "https://yeniistiklal.com" "Mozilla/5.0 (Macintosh; Intel Mac OS X 11_2_3) AppleWebKit/537.36 (KHTML, like Gecko) Chrome/101.0.5078.34 Safari/537.36 Edg/90.0.1973.81"
82.23.235.96 - - [25/Jun/2026:15:36:22 +0300] "GET /haber/sialendoskopi-tukuruk-bezi-hastaliklarinda-ameliyatsiz-cozum-552394 HTTP/1.1" 200 16048 "https://yeniistiklal.com" "Mozilla/5.0 (Macintosh; Windows NT 10.0; Win64; x64) AppleWebKit/605.1.15 (KHTML, like Gecko) Version/18.0.1 Safari/605.1.15"
193.239.176.64 - - [25/Jun/2026:15:36:23 +0300] "GET /haber/asus-ve-rog-2026-model-yapay-zeka-destekli-dizustu-bilgisayar-serisinin-turkiye-lansmanini-gerceklestirdi-552307 HTTP/1.1" 200 14624 "https://yeniistiklal.com" "Mozilla/5.0 (Linux; Android 11; SM-G998U) AppleWebKit/537.36 (KHTML, like Gecko) Chrome/122.0.6982.15 Safari/537.36"
45.39.73.187 - - [25/Jun/2026:15:36:23 +0300] "GET /haber/okul-saldirisinda-hayatini-kaybeden-ogretmen-ve-ogrenciler-icin-keciorendeki-camilerde-mevlit-okutuldu-552308 HTTP/1.1" 200 13615 "https://yeniistiklal.com" "Mozilla/5.0 (Linux; Android 11; SM-G998U) AppleWebKit/537.36 (KHTML, like Gecko) Chrome/128.0.6673.29 Safari/537.36 OPR/87.0.3369.93"
45.39.73.187 - - [25/Jun/2026:15:36:23 +0300] "GET /haber/23-nisan-coskusu-izmiri-sardi-552310 HTTP/1.1" 200 13995 "https://yeniistiklal.com" "Mozilla/5.0 (Macintosh; Intel Mac OS X 11_2_3) AppleWebKit/537.36 (KHTML, like Gecko) Chrome/119.0.5508.37 Safari/537.36"
82.23.235.96 - - [25/Jun/2026:15:36:23 +0300] "GET /haber/halktan-biri-seyirciyle-bulustu-552311 HTTP/1.1" 200 13637 "https://yeniistiklal.com" "Mozilla/5.0 (Linux; Android 11; SM-G998U) AppleWebKit/537.36 (KHTML, like Gecko) Chrome/125.0.5653.34 Safari/537.36 OPR/81.0.3901.18"
45.39.73.187 - - [25/Jun/2026:15:36:23 +0300] "GET /haber/avokado-domates-ve-havucla-birlikte-tuketilmeli-552320 HTTP/1.1" 200 14361 "https://yeniistiklal.com" "Mozilla/5.0 (iPad; CPU OS 14_6 like Mac OS X; rv:113.0) Gecko/20100101 Firefox/113.0"
193.239.176.64 - - [25/Jun/2026:15:36:24 +0300] "GET /haber/niluferin-gida-modeli-bukreste-anlatildi-552322 HTTP/1.1" 200 13987 "https://yeniistiklal.com" "Mozilla/5.0 (iPad; CPU OS 14_6 like Mac OS X) AppleWebKit/537.36 (KHTML, like Gecko) Chrome/119.0.5712.0 Safari/537.36"
82.23.235.96 - - [25/Jun/2026:15:36:21 +0300] "GET /haber/genc-yetenek-naim-saruhan-donmez-1461-trabzon-fk-formasi-giyecek-551711 HTTP/1.1" 200 15238 "https://yeniistiklal.com" "Mozilla/5.0 (Linux; Android 11; SM-G998U) AppleWebKit/537.36 (KHTML, like Gecko) Chrome/139.0.5408.110 Safari/537.36"
82.23.235.96 - - [25/Jun/2026:15:36:21 +0300] "GET /firma-ekle HTTP/1.1" 200 6692 "https://yeniistiklal.com" "Mozilla/5.0 (iPad; CPU OS 14_6 like Mac OS X) AppleWebKit/537.36 (KHTML, like Gecko) Chrome/115.0.6094.51 Safari/537.36"
65.109.100.157 - - [25/Jun/2026:15:36:21 +0300] "GET /404 HTTP/1.1" 302 215 "-" "Mozilla/5.0 (compatible; SERankingBacklinksBot/1.0; +https://seranking.com/backlinks-crawler)"
51.195.215.241 - - [25/Jun/2026:15:36:21 +0300] "GET /public/images/haberler/2025/09/yildiz-oyunculari-ilk-kez-bulusturan-mevlana-mest-i-ask-geliyor-1757937895.jpg HTTP/1.1" 200 92967 "-" "Mozilla/5.0 (compatible; AhrefsBot/7.0; +http://ahrefs.com/robot/)"
65.109.100.157 - - [25/Jun/2026:15:36:22 +0300] "GET / HTTP/1.1" 200 17233 "-" "Mozilla/5.0 (compatible; SERankingBacklinksBot/1.0; +https://seranking.com/backlinks-crawler)"
82.23.235.96 - - [25/Jun/2026:15:36:22 +0300] "GET /haber/brow-lift-ve-kas-kaldirma-tedavilerinde-dogal-gorunum-552393 HTTP/1.1" 200 17504 "https://yeniistiklal.com" "Mozilla/5.0 (Windows NT 10.0; Win64; x64) AppleWebKit/537.36 (KHTML, like Gecko) Chrome/108.0.6130.80 Safari/537.36"
82.26.247.196 - - [25/Jun/2026:15:36:22 +0300] "GET /haber/saclar-neden-beyazlar-yaslanmanin-gorunur-izi-ve-genetik-sirlari-551771 HTTP/1.1" 200 14707 "https://yeniistiklal.com" "Mozilla/5.0 (Macintosh; Macintosh; Intel Mac OS X 10_15_7) AppleWebKit/605.1.15 (KHTML, like Gecko) Version/16.0.4 Safari/605.1.15"
64.137.57.103 - - [25/Jun/2026:15:36:22 +0300] "GET /haber/ankarada-buz-lazer-epilasyon-kimler-icin-uygundur-552396 HTTP/1.1" 200 18595 "https://yeniistiklal.com" "Mozilla/5.0 (Macintosh; iPhone; CPU iPhone OS 14_6 like Mac OS X) AppleWebKit/605.1.15 (KHTML, like Gecko) Version/15.0.2 Safari/605.1.15"
82.26.247.196 - - [25/Jun/2026:15:36:22 +0300] "GET /haber/sahika-ercumenden-dunya-kupasinda-tarihi-basari-86-metreyle-turkiye-rekoru-552306 HTTP/1.1" 200 13957 "https://yeniistiklal.com" "Mozilla/5.0 (Macintosh; iPad; CPU OS 14_6 like Mac OS X) AppleWebKit/605.1.15 (KHTML, like Gecko) Version/17.0.5 Safari/605.1.15"
193.239.176.64 - - [25/Jun/2026:15:36:22 +0300] "GET /haber/azerbaycan-tip-yok-denklik-sartlari-2026-turkiyede-gecerlilik-rehberi-552395 HTTP/1.1" 200 19064 "https://yeniistiklal.com" "Mozilla/5.0 (Macintosh; Windows NT 10.0; Win64; x64) AppleWebKit/605.1.15 (KHTML, like Gecko) Version/18.0.3 Safari/605.1.15"
82.26.247.196 - - [25/Jun/2026:15:36:23 +0300] "GET /haber/izsudan-icme-suyunda-teknolojik-donusum-552309 HTTP/1.1" 200 13628 "https://yeniistiklal.com" "Mozilla/5.0 (iPad; CPU OS 14_6 like Mac OS X; rv:128.0) Gecko/20100101 Firefox/128.0"
64.137.57.103 - - [25/Jun/2026:15:36:23 +0300] "GET /haber/oyunda-kesintisiz-performans-sunan-bilgisayar-modelleri-552318 HTTP/1.1" 200 14205 "https://yeniistiklal.com" "Mozilla/5.0 (Macintosh; iPad; CPU OS 14_6 like Mac OS X) AppleWebKit/605.1.15 (KHTML, like Gecko) Version/15.0.5 Safari/605.1.15"
64.137.57.103 - - [25/Jun/2026:15:36:23 +0300] "GET /haber/karsiyaka-cicek-festivaline-geri-sayim-basladi-552319 HTTP/1.1" 200 13973 "https://yeniistiklal.com" "Mozilla/5.0 (iPhone; CPU iPhone OS 14_6 like Mac OS X; rv:98.0) Gecko/20100101 Firefox/98.0"
82.26.247.196 - - [25/Jun/2026:15:36:23 +0300] "GET /haber/bucada-anneler-gunu-etkinlikleri-552321 HTTP/1.1" 200 13866 "https://yeniistiklal.com" "Mozilla/5.0 (iPad; CPU OS 14_6 like Mac OS X; rv:131.0) Gecko/20100101 Firefox/131.0"
82.26.247.196 - - [25/Jun/2026:15:36:24 +0300] "GET /haber/yapay-zeka-pankreas-kanserini-yillar-once-fark-etti-552325 HTTP/1.1" 200 13755 "https://yeniistiklal.com" "Mozilla/5.0 (Macintosh; Intel Mac OS X 11_2_3) AppleWebKit/537.36 (KHTML, like Gecko) Chrome/102.0.6397.74 Safari/537.36 Edg/95.0.1508.67"
193.239.176.64 - - [25/Jun/2026:15:36:24 +0300] "GET /haber/xte-erisim-ve-guvenlik-alarmi-sikayetler-bir-haftada-yuzde-452-artti-552323 HTTP/1.1" 200 14175 "https://yeniistiklal.com" "Mozilla/5.0 (Macintosh; Intel Mac OS X 10_15_7; rv:101.0) Gecko/20100101 Firefox/101.0"
82.26.247.196 - - [25/Jun/2026:15:36:24 +0300] "GET /haber/qnb-turkiyeden-yenilenebilir-enerji-yatirimlarina-38-milyon-euro-tutarinda-uzun-vadeli-finansman-destegi-552324 HTTP/1.1" 200 14953 "https://yeniistiklal.com" "Mozilla/5.0 (Linux; Android 11; SM-G998U; rv:117.0) Gecko/20100101 Firefox/117.0"
64.137.57.103 - - [25/Jun/2026:15:36:24 +0300] "GET /haber/cocuklarda-alerjik-rinitin-gorulme-sikligi-artiyor-552326 HTTP/1.1" 200 14499 "https://yeniistiklal.com" "Mozilla/5.0 (Macintosh; Intel Mac OS X 11_2_3; rv:112.0) Gecko/20100101 Firefox/112.0"
64.137.57.103 - - [25/Jun/2026:15:36:24 +0300] "GET /haber/enparadan-kaskoda-ezber-bozan-teklif-15-nakit-iade-552327 HTTP/1.1" 200 14512 "https://yeniistiklal.com" "Mozilla/5.0 (Macintosh; Windows NT 10.0; Win64; x64) AppleWebKit/605.1.15 (KHTML, like Gecko) Version/18.0.6 Safari/605.1.15"
193.239.176.64 - - [25/Jun/2026:15:36:24 +0300] "GET /haber/orka-banyo-yesil-donusumunu-tamamliyor-2030-yol-haritasi-hazir-552328 HTTP/1.1" 200 15623 "https://yeniistiklal.com" "Mozilla/5.0 (iPad; CPU OS 14_6 like Mac OS X) AppleWebKit/537.36 (KHTML, like Gecko) Chrome/114.0.5297.24 Safari/537.36 Edg/98.0.1555.60"
64.137.57.103 - - [25/Jun/2026:15:36:24 +0300] "GET /haber/kirmizi-et-uretim-istatistikleri-2025-552329 HTTP/1.1" 200 13426 "https://yeniistiklal.com" "Mozilla/5.0 (Windows NT 10.0; Win64; x64) AppleWebKit/537.36 (KHTML, like Gecko) Chrome/117.0.6715.92 Safari/537.36"
82.23.235.96 - - [25/Jun/2026:15:36:25 +0300] "GET /haber/mendereste-engelsiz-festival-552330 HTTP/1.1" 200 13390 "https://yeniistiklal.com" "Mozilla/5.0 (Linux; Android 11; SM-G998U) AppleWebKit/537.36 (KHTML, like Gecko) Chrome/128.0.6217.29 Safari/537.36"
64.137.57.103 - - [25/Jun/2026:15:36:25 +0300] "GET /haber/canik-kime-ait-turkiyenin-global-silah-devi-551972 HTTP/1.1" 200 14309 "https://yeniistiklal.com" "Mozilla/5.0 (Macintosh; Intel Mac OS X 11_2_3) AppleWebKit/537.36 (KHTML, like Gecko) Chrome/137.0.5997.24 Safari/537.36"
82.26.247.196 - - [25/Jun/2026:15:36:25 +0300] "GET /haber/24-saat-boyunca-ac-kalirsak-ne-olur-551811 HTTP/1.1" 200 14567 "https://yeniistiklal.com" "Mozilla/5.0 (iPad; CPU OS 14_6 like Mac OS X; rv:106.0) Gecko/20100101 Firefox/106.0"
82.23.235.96 - - [25/Jun/2026:15:36:25 +0300] "GET /haber/otokar-sahibi-kim-otokar-kime-ait-551971 HTTP/1.1" 200 13708 "https://yeniistiklal.com" "Mozilla/5.0 (Macintosh; Intel Mac OS X 11_2_3; rv:121.0) Gecko/20100101 Firefox/121.0"
65.109.100.157 - - [25/Jun/2026:15:36:25 +0300] "GET /haberler/meteoroloji-il-il-uyardi-dordu-birden-vuracak-384475 HTTP/1.1" 301 795 "-" "Mozilla/5.0 (compatible; SERankingBacklinksBot/1.0; +https://seranking.com/backlinks-crawler)"
65.109.100.157 - - [25/Jun/2026:15:36:25 +0300] "GET /haberler/meteoroloji-il-il-uyardi-dordu-birden-vuracak-384475 HTTP/1.1" 301 795 "-" "Mozilla/5.0 (compatible; SERankingBacklinksBot/1.0; +https://seranking.com/backlinks-crawler)"
65.109.100.157 - - [25/Jun/2026:15:36:25 +0300] "GET /haber/meteoroloji-il-il-uyardi-dordu-birden-vuracak-384475 HTTP/1.1" 302 219 "-" "Mozilla/5.0 (compatible; SERankingBacklinksBot/1.0; +https://seranking.com/backlinks-crawler)"
82.23.235.96 - - [25/Jun/2026:15:36:25 +0300] "GET /haber/antalya-otelleri-552139 HTTP/1.1" 200 15618 "https://yeniistiklal.com" "Mozilla/5.0 (iPhone; CPU iPhone OS 14_6 like Mac OS X; rv:125.0) Gecko/20100101 Firefox/125.0"
98.83.177.42 - - [25/Jun/2026:15:36:26 +0300] "GET /public/index.php/haber/sivasta-4-farkli-caddede-yenileme-calismalari-524454 HTTP/1.1" 200 14358 "-" "Mozilla/5.0 AppleWebKit/537.36 (KHTML, like Gecko; compatible; Amazonbot/0.1; +https://developer.amazon.com/support/amazonbot) Chrome/119.0.6045.214 Safari/537.36"
64.137.57.103 - - [25/Jun/2026:15:36:24 +0300] "GET /haber/dalaman-arac-kiralama-552388 HTTP/1.1" 200 15045 "https://yeniistiklal.com" "Mozilla/5.0 (Windows NT 10.0; Win64; x64) AppleWebKit/537.36 (KHTML, like Gecko) Chrome/135.0.6852.135 Safari/537.36"
193.239.176.64 - - [25/Jun/2026:15:36:25 +0300] "GET /haber/huawei-watch-fit-5-pro-teknoloji-ve-stil-bulusmasi-552355 HTTP/1.1" 200 14367 "https://yeniistiklal.com" "Mozilla/5.0 (iPad; CPU OS 14_6 like Mac OS X) AppleWebKit/537.36 (KHTML, like Gecko) Chrome/101.0.5846.125 Safari/537.36"
65.109.100.157 - - [25/Jun/2026:15:36:25 +0300] "GET /haber/meteoroloji-il-il-uyardi-dordu-birden-vuracak-384475 HTTP/1.1" 302 219 "-" "Mozilla/5.0 (compatible; SERankingBacklinksBot/1.0; +https://seranking.com/backlinks-crawler)"
82.23.235.96 - - [25/Jun/2026:15:36:25 +0300] "GET /haber/bodrum-otelleri-552138 HTTP/1.1" 200 15552 "https://yeniistiklal.com" "Mozilla/5.0 (Windows NT 10.0; Win64; x64) AppleWebKit/537.36 (KHTML, like Gecko) Chrome/124.0.5207.100 Safari/537.36"
65.109.100.157 - - [25/Jun/2026:15:36:25 +0300] "GET /404 HTTP/1.1" 302 215 "-" "Mozilla/5.0 (compatible; SERankingBacklinksBot/1.0; +https://seranking.com/backlinks-crawler)"
45.39.73.187 - - [25/Jun/2026:15:36:25 +0300] "GET /haber/lefkosalefkegazimagusa-kibrista-kac-sehir-var-551625 HTTP/1.1" 200 12974 "https://yeniistiklal.com" "Mozilla/5.0 (Linux; Android 11; SM-G998U) AppleWebKit/537.36 (KHTML, like Gecko) Chrome/127.0.5792.133 Safari/537.36"
45.39.73.187 - - [25/Jun/2026:15:36:25 +0300] "GET /haber/kibrista-dolar-euro-fiyalari-yok-artik-dedirtti-551620 HTTP/1.1" 200 12821 "https://yeniistiklal.com" "Mozilla/5.0 (Macintosh; Intel Mac OS X 10_15_7; rv:116.0) Gecko/20100101 Firefox/116.0"
65.109.100.157 - - [25/Jun/2026:15:36:26 +0300] "GET / HTTP/1.1" 200 17241 "-" "Mozilla/5.0 (compatible; SERankingBacklinksBot/1.0; +https://seranking.com/backlinks-crawler)"
193.239.176.64 - - [25/Jun/2026:15:36:26 +0300] "GET /haber/ercan-havalimani-girne-arasi-ulasim-kac-tl-551626 HTTP/1.1" 200 12897 "https://yeniistiklal.com" "Mozilla/5.0 (Macintosh; Windows NT 10.0; Win64; x64) AppleWebKit/605.1.15 (KHTML, like Gecko) Version/16.0.2 Safari/605.1.15"
45.39.73.187 - - [25/Jun/2026:15:36:26 +0300] "GET /haber/son-dakika-kktc-serbest-piyasa-doviz-kurlari-26-mayis-2025-551655 HTTP/1.1" 200 13018 "https://yeniistiklal.com" "Mozilla/5.0 (Macintosh; Intel Mac OS X 10_15_7) AppleWebKit/537.36 (KHTML, like Gecko) Chrome/105.0.5903.90 Safari/537.36"
64.137.57.103 - - [25/Jun/2026:15:36:26 +0300] "GET /haber/enerjisa-enerji-2026-yilinin-ilk-ceyreginde-yatirim-kararliligini-surdurdu-552331 HTTP/1.1" 200 15123 "https://yeniistiklal.com" "Mozilla/5.0 (Macintosh; Macintosh; Intel Mac OS X 10_15_7) AppleWebKit/605.1.15 (KHTML, like Gecko) Version/17.0.1 Safari/605.1.15"
193.239.176.64 - - [25/Jun/2026:15:36:26 +0300] "GET /haber/kuzey-kibris-turk-cumhuriyetindeki-kktc-en-yuksek-bina-552071 HTTP/1.1" 200 13780 "https://yeniistiklal.com" "Mozilla/5.0 (Windows NT 10.0; Win64; x64) AppleWebKit/537.36 (KHTML, like Gecko) Chrome/123.0.6141.18 Safari/537.36"
64.137.57.103 - - [25/Jun/2026:15:36:26 +0300] "GET /dunya HTTP/1.1" 200 10117 "https://yeniistiklal.com" "Mozilla/5.0 (Macintosh; Intel Mac OS X 11_2_3) AppleWebKit/537.36 (KHTML, like Gecko) Chrome/119.0.5807.115 Safari/537.36 OPR/85.0.3419.46"
193.239.176.64 - - [25/Jun/2026:15:36:26 +0300] "GET /saglik HTTP/1.1" 200 9726 "https://yeniistiklal.com" "Mozilla/5.0 (Macintosh; iPad; CPU OS 14_6 like Mac OS X) AppleWebKit/605.1.15 (KHTML, like Gecko) Version/18.0.1 Safari/605.1.15"
142.44.228.5 - - [25/Jun/2026:15:36:27 +0300] "GET /public/haber/ibrahim-murat-gunduzden-sert-cikis-kirk-gun-gezersin-kirda-bir-gun-rastlarsin-kurda-551894 HTTP/1.1" 200 14179 "-" "Mozilla/5.0 (compatible; AhrefsBot/7.0; +http://ahrefs.com/robot/)"
193.239.176.64 - - [25/Jun/2026:15:36:27 +0300] "GET /spor HTTP/1.1" 200 10036 "https://yeniistiklal.com" "Mozilla/5.0 (Windows NT 10.0; Win64; x64) AppleWebKit/537.36 (KHTML, like Gecko) Chrome/126.0.6798.17 Safari/537.36 OPR/82.0.3244.40"
82.26.247.196 - - [25/Jun/2026:15:36:26 +0300] "GET /haber/super-ligde-35-hafta-hakemleri-belli-oldu-nefesler-tutuldu-551627 HTTP/1.1" 200 13885 "https://yeniistiklal.com" "Mozilla/5.0 (Windows NT 10.0; Win64; x64) AppleWebKit/537.36 (KHTML, like Gecko) Chrome/128.0.6603.94 Safari/537.36 Edg/108.0.1822.65"
64.137.57.103 - - [25/Jun/2026:15:36:26 +0300] "GET /haber/survivor-2026-yarismacilari-tam-liste-552081 HTTP/1.1" 200 14777 "https://yeniistiklal.com" "Mozilla/5.0 (Linux; Android 11; SM-G998U) AppleWebKit/537.36 (KHTML, like Gecko) Chrome/127.0.6007.65 Safari/537.36 OPR/83.0.3564.70"
63.35.115.255 - - [25/Jun/2026:15:36:26 +0300] "GET /rss/haberler-1 HTTP/1.1" 200 197942 "-" "Mozilla/5.0 (compatible; Squidbot/1.0)"
45.39.73.187 - - [25/Jun/2026:15:36:26 +0300] "GET /egitim HTTP/1.1" 200 10152 "https://yeniistiklal.com" "Mozilla/5.0 (Windows NT 10.0; Win64; x64; rv:96.0) Gecko/20100101 Firefox/96.0"
82.23.235.96 - - [25/Jun/2026:15:36:27 +0300] "GET /teknoloji HTTP/1.1" 200 10186 "https://yeniistiklal.com" "Mozilla/5.0 (Linux; Android 11; SM-G998U) AppleWebKit/537.36 (KHTML, like Gecko) Chrome/116.0.6281.5 Safari/537.36 Edg/104.0.1658.100"
64.137.57.103 - - [25/Jun/2026:15:36:27 +0300] "GET /gundem HTTP/1.1" 200 10639 "https://yeniistiklal.com" "Mozilla/5.0 (iPhone; CPU iPhone OS 14_6 like Mac OS X) AppleWebKit/537.36 (KHTML, like Gecko) Chrome/131.0.5678.132 Safari/537.36 Edg/111.0.1687.55"
64.137.57.103 - - [25/Jun/2026:15:36:27 +0300] "GET /ekonomi HTTP/1.1" 200 9975 "https://yeniistiklal.com" "Mozilla/5.0 (Macintosh; Intel Mac OS X 11_2_3; rv:105.0) Gecko/20100101 Firefox/105.0"
193.239.176.64 - - [25/Jun/2026:15:36:27 +0300] "GET / HTTP/1.1" 200 17236 "https://yeniistiklal.com" "Mozilla/5.0 (Linux; Android 11; SM-G998U) AppleWebKit/537.36 (KHTML, like Gecko) Chrome/122.0.5637.149 Safari/537.36 OPR/91.0.3391.42"
64.137.57.103 - - [25/Jun/2026:15:36:28 +0300] "GET /sayfa/reklam-ve-tanitim-9 HTTP/1.1" 200 5356 "https://yeniistiklal.com" "Mozilla/5.0 (iPad; CPU OS 14_6 like Mac OS X; rv:106.0) Gecko/20100101 Firefox/106.0"
64.137.57.103 - - [25/Jun/2026:15:36:28 +0300] "GET /yol-durumu/6 HTTP/1.1" 200 5472 "https://yeniistiklal.com" "Mozilla/5.0 (Macintosh; iPhone; CPU iPhone OS 14_6 like Mac OS X) AppleWebKit/605.1.15 (KHTML, like Gecko) Version/15.0.5 Safari/605.1.15"
45.39.73.187 - - [25/Jun/2026:15:36:28 +0300] "GET /sayfa/haber-kaldirma-talebi-3 HTTP/1.1" 200 5670 "https://yeniistiklal.com" "Mozilla/5.0 (iPhone; CPU iPhone OS 14_6 like Mac OS X) AppleWebKit/537.36 (KHTML, like Gecko) Chrome/129.0.5514.141 Safari/537.36 Edg/106.0.1963.81"
193.239.176.64 - - [25/Jun/2026:15:36:28 +0300] "GET /sayfa/gizlilik-politikasi-2 HTTP/1.1" 200 6549 "https://yeniistiklal.com" "Mozilla/5.0 (Linux; Android 11; SM-G998U) AppleWebKit/537.36 (KHTML, like Gecko) Chrome/130.0.5982.64 Safari/537.36 OPR/83.0.3494.62"
64.137.57.103 - - [25/Jun/2026:15:36:28 +0300] "GET /fotogaleri HTTP/1.1" 200 6855 "https://yeniistiklal.com" "Mozilla/5.0 (Linux; Android 11; SM-G998U; rv:134.0) Gecko/20100101 Firefox/134.0"
157.55.39.205 - - [25/Jun/2026:15:36:28 +0300] "GET /public/index.php/etiketler/londra-haberleri HTTP/1.1" 200 6386 "-" "Mozilla/5.0 AppleWebKit/537.36 (KHTML, like Gecko; compatible; bingbot/2.0; +http://www.bing.com/bingbot.htm) Chrome/116.0.1938.76 Safari/537.36"
82.23.235.96 - - [25/Jun/2026:15:36:28 +0300] "GET /webtv HTTP/1.1" 200 8340 "https://yeniistiklal.com" "Mozilla/5.0 (Linux; Android 11; SM-G998U; rv:112.0) Gecko/20100101 Firefox/112.0"
82.26.247.196 - - [25/Jun/2026:15:36:28 +0300] "GET /tanitim HTTP/1.1" 200 10035 "https://yeniistiklal.com" "Mozilla/5.0 (Macintosh; Intel Mac OS X 10_15_7; rv:118.0) Gecko/20100101 Firefox/118.0"
64.137.57.103 - - [25/Jun/2026:15:36:28 +0300] "GET /aktuel HTTP/1.1" 200 9675 "https://yeniistiklal.com" "Mozilla/5.0 (iPad; CPU OS 14_6 like Mac OS X) AppleWebKit/537.36 (KHTML, like Gecko) Chrome/103.0.5693.38 Safari/537.36 OPR/96.0.3467.19"
82.23.235.96 - - [25/Jun/2026:15:36:27 +0300] "GET /magazin HTTP/1.1" 200 10482 "https://yeniistiklal.com" "Mozilla/5.0 (Macintosh; Linux; Android 11; SM-G998U) AppleWebKit/605.1.15 (KHTML, like Gecko) Version/14.0.1 Safari/605.1.15"
82.23.235.96 - - [25/Jun/2026:15:36:26 +0300] "GET /yemek-tarifleri HTTP/1.1" 200 7804 "https://yeniistiklal.com" "Mozilla/5.0 (Macintosh; Intel Mac OS X 10_15_7) AppleWebKit/537.36 (KHTML, like Gecko) Chrome/117.0.5163.44 Safari/537.36 Edg/112.0.1622.15"
193.239.176.64 - - [25/Jun/2026:15:36:27 +0300] "GET /haberlermersin HTTP/1.1" 302 219 "https://yeniistiklal.com" "Mozilla/5.0 (Macintosh; Intel Mac OS X 11_2_3) AppleWebKit/537.36 (KHTML, like Gecko) Chrome/104.0.6339.106 Safari/537.36 OPR/88.0.3898.98"
82.23.235.96 - - [25/Jun/2026:15:36:27 +0300] "GET /haber/yaz-firsatlari-552140 HTTP/1.1" 200 15915 "https://yeniistiklal.com" "Mozilla/5.0 (Windows NT 10.0; Win64; x64) AppleWebKit/537.36 (KHTML, like Gecko) Chrome/136.0.5526.94 Safari/537.36 Edg/101.0.1955.96"
193.239.176.64 - - [25/Jun/2026:15:36:27 +0300] "GET /habergazetesi HTTP/1.1" 302 219 "https://yeniistiklal.com" "Mozilla/5.0 (Linux; Android 11; SM-G998U) AppleWebKit/537.36 (KHTML, like Gecko) Chrome/131.0.6502.119 Safari/537.36"
82.23.235.96 - - [25/Jun/2026:15:36:27 +0300] "GET /nobetci-eczaneler HTTP/1.1" 200 5331 "https://yeniistiklal.com" "Mozilla/5.0 (iPhone; CPU iPhone OS 14_6 like Mac OS X) AppleWebKit/537.36 (KHTML, like Gecko) Chrome/129.0.5267.61 Safari/537.36"
82.23.235.96 - - [25/Jun/2026:15:36:28 +0300] "GET /iletisim HTTP/1.1" 200 5470 "https://yeniistiklal.com" "Mozilla/5.0 (Windows NT 10.0; Win64; x64) AppleWebKit/537.36 (KHTML, like Gecko) Chrome/132.0.5114.80 Safari/537.36"
45.39.73.187 - - [25/Jun/2026:15:36:28 +0300] "GET /yazarlar HTTP/1.1" 200 5242 "https://yeniistiklal.com" "Mozilla/5.0 (iPhone; CPU iPhone OS 14_6 like Mac OS X) AppleWebKit/537.36 (KHTML, like Gecko) Chrome/116.0.6338.146 Safari/537.36 Edg/93.0.1559.73"
64.137.57.103 - - [25/Jun/2026:15:36:28 +0300] "GET /404 HTTP/1.1" 302 215 "https://yeniistiklal.com/haberlermersin" "Mozilla/5.0 (Macintosh; Macintosh; Intel Mac OS X 10_15_7) AppleWebKit/605.1.15 (KHTML, like Gecko) Version/17.0.4 Safari/605.1.15"
65.109.100.157 - - [25/Jun/2026:15:36:29 +0300] "GET /haberler/meteoroloji-il-il-uyardi-kuvvetli-saganak-ve-ruzgara-dikkat-287143 HTTP/1.1" 301 795 "-" "Mozilla/5.0 (compatible; SERankingBacklinksBot/1.0; +https://seranking.com/backlinks-crawler)"
65.109.100.157 - - [25/Jun/2026:15:36:29 +0300] "GET /haberler/meteoroloji-il-il-uyardi-kuvvetli-saganak-ve-ruzgara-dikkat-287143 HTTP/1.1" 301 795 "-" "Mozilla/5.0 (compatible; SERankingBacklinksBot/1.0; +https://seranking.com/backlinks-crawler)"
82.23.235.96 - - [25/Jun/2026:15:36:29 +0300] "GET /foto-galeri-eski HTTP/1.1" 200 10483 "https://yeniistiklal.com" "Mozilla/5.0 (iPad; CPU OS 14_6 like Mac OS X) AppleWebKit/537.36 (KHTML, like Gecko) Chrome/100.0.5952.121 Safari/537.36"
65.109.100.157 - - [25/Jun/2026:15:36:29 +0300] "GET /haber/meteoroloji-il-il-uyardi-kuvvetli-saganak-ve-ruzgara-dikkat-287143 HTTP/1.1" 302 219 "-" "Mozilla/5.0 (compatible; SERankingBacklinksBot/1.0; +https://seranking.com/backlinks-crawler)"
45.39.73.187 - - [25/Jun/2026:15:36:29 +0300] "GET /medya HTTP/1.1" 200 9615 "https://yeniistiklal.com" "Mozilla/5.0 (Windows NT 10.0; Win64; x64) AppleWebKit/537.36 (KHTML, like Gecko) Chrome/140.0.5964.92 Safari/537.36 Edg/100.0.1529.25"
54.235.158.162 - - [25/Jun/2026:15:36:29 +0300] "GET /public/index.php/haber/erdogan-nato-ve-ab-uyeleri-sadece-laf-uretiyor-498194 HTTP/1.1" 200 14835 "-" "Mozilla/5.0 AppleWebKit/537.36 (KHTML, like Gecko; compatible; Amazonbot/0.1; +https://developer.amazon.com/support/amazonbot) Chrome/119.0.6045.214 Safari/537.36"
142.93.3.131 - - [25/Jun/2026:15:36:32 +0300] "GET /404 HTTP/1.1" 302 215 "https://yeniistiklal.com/" "Mozilla/5.0 (Windows NT 10.0; Win64; x64) AppleWebKit/537.36 (KHTML, like Gecko) Chrome/124.0.0.0 Safari/537.36"
65.109.100.157 - - [25/Jun/2026:15:36:29 +0300] "GET /haber/meteoroloji-il-il-uyardi-kuvvetli-saganak-ve-ruzgara-dikkat-287143 HTTP/1.1" 302 219 "-" "Mozilla/5.0 (compatible; SERankingBacklinksBot/1.0; +https://seranking.com/backlinks-crawler)"
82.23.235.96 - - [25/Jun/2026:15:36:29 +0300] "GET /sinema HTTP/1.1" 200 9505 "https://yeniistiklal.com" "Mozilla/5.0 (iPad; CPU OS 14_6 like Mac OS X) AppleWebKit/537.36 (KHTML, like Gecko) Chrome/125.0.5293.100 Safari/537.36 Edg/105.0.1671.38"
82.23.235.96 - - [25/Jun/2026:15:36:29 +0300] "GET /news HTTP/1.1" 200 6872 "https://yeniistiklal.com" "Mozilla/5.0 (Linux; Android 11; SM-G998U) AppleWebKit/537.36 (KHTML, like Gecko) Chrome/130.0.5000.25 Safari/537.36 Edg/91.0.1944.49"
193.239.176.64 - - [25/Jun/2026:15:36:29 +0300] "GET /muzik HTTP/1.1" 200 10280 "https://yeniistiklal.com" "Mozilla/5.0 (iPad; CPU OS 14_6 like Mac OS X) AppleWebKit/537.36 (KHTML, like Gecko) Chrome/131.0.6241.80 Safari/537.36"
82.23.235.96 - - [25/Jun/2026:15:36:28 +0300] "GET /para-kazanma HTTP/1.1" 200 6735 "https://yeniistiklal.com" "Mozilla/5.0 (Macintosh; Intel Mac OS X 10_15_7) AppleWebKit/537.36 (KHTML, like Gecko) Chrome/121.0.6128.109 Safari/537.36 Edg/92.0.1510.64"
65.109.100.157 - - [25/Jun/2026:15:36:30 +0300] "GET /404 HTTP/1.1" 302 215 "-" "Mozilla/5.0 (compatible; SERankingBacklinksBot/1.0; +https://seranking.com/backlinks-crawler)"
64.137.57.103 - - [25/Jun/2026:15:36:29 +0300] "GET /video-galeri HTTP/1.1" 200 10162 "https://yeniistiklal.com" "Mozilla/5.0 (Macintosh; Intel Mac OS X 11_2_3) AppleWebKit/537.36 (KHTML, like Gecko) Chrome/138.0.6947.148 Safari/537.36 OPR/96.0.3241.26"
87.250.224.123 - - [25/Jun/2026:15:36:29 +0300] "GET /rss/news-16 HTTP/1.1" 200 7398 "-" "Mozilla/5.0 (compatible; YandexBot/3.0; +http://yandex.com/bots)"
193.239.176.64 - - [25/Jun/2026:15:36:29 +0300] "GET /sesli-kose-yazilari HTTP/1.1" 200 7334 "https://yeniistiklal.com" "Mozilla/5.0 (Macintosh; Intel Mac OS X 10_15_7) AppleWebKit/537.36 (KHTML, like Gecko) Chrome/108.0.6296.87 Safari/537.36"
65.109.100.157 - - [25/Jun/2026:15:36:30 +0300] "GET / HTTP/1.1" 200 17220 "-" "Mozilla/5.0 (compatible; SERankingBacklinksBot/1.0; +https://seranking.com/backlinks-crawler)"
142.93.3.131 - - [25/Jun/2026:15:36:30 +0300] "GET /images/haberler/2022/01/zirve-yayinevi-sorusturmasinin-kumpas-davasi-4-saniga-hapis-zHzOfmis.jpg HTTP/1.1" 302 219 "https://yeniistiklal.com/" "Mozilla/5.0 (Windows NT 10.0; Win64; x64) AppleWebKit/537.36 (KHTML, like Gecko) Chrome/124.0.0.0 Safari/537.36"
65.109.100.157 - - [25/Jun/2026:15:36:33 +0300] "GET /haber/meteoroloji-il-il-uyardi-yarina-dikkat-saganak-geliyor-109694 HTTP/1.1" 302 219 "-" "Mozilla/5.0 (compatible; SERankingBacklinksBot/1.0; +https://seranking.com/backlinks-crawler)"
65.109.100.157 - - [25/Jun/2026:15:36:34 +0300] "GET /404 HTTP/1.1" 302 215 "-" "Mozilla/5.0 (compatible; SERankingBacklinksBot/1.0; +https://seranking.com/backlinks-crawler)"
50.16.72.185 - - [25/Jun/2026:15:36:34 +0300] "GET /public/index.php/haber/bursa-inegol-hayvan-pazari-kotra-ihale-tarihi-belli-oldu-511393 HTTP/1.1" 200 14807 "-" "Mozilla/5.0 AppleWebKit/537.36 (KHTML, like Gecko; compatible; Amazonbot/0.1; +https://developer.amazon.com/support/amazonbot) Chrome/119.0.6045.214 Safari/537.36"
65.109.100.157 - - [25/Jun/2026:15:36:34 +0300] "GET / HTTP/1.1" 200 17224 "-" "Mozilla/5.0 (compatible; SERankingBacklinksBot/1.0; +https://seranking.com/backlinks-crawler)"
65.109.100.157 - - [25/Jun/2026:15:36:37 +0300] "GET /haberler/meteoroloji-il-il-yagmur-uyarisi-hava-sicakligi-mevsim-normallerinin-2-6-derece-altinda-seyredecek-241802 HTTP/1.1" 301 795 "-" "Mozilla/5.0 (compatible; SERankingBacklinksBot/1.0; +https://seranking.com/backlinks-crawler)"
65.109.100.157 - - [25/Jun/2026:15:36:37 +0300] "GET /haberler/meteoroloji-il-il-yagmur-uyarisi-hava-sicakligi-mevsim-normallerinin-2-6-derece-altinda-seyredecek-241802 HTTP/1.1" 301 795 "-" "Mozilla/5.0 (compatible; SERankingBacklinksBot/1.0; +https://seranking.com/backlinks-crawler)"
142.93.3.131 - - [25/Jun/2026:15:36:33 +0300] "GET / HTTP/1.1" 200 17238 "https://yeniistiklal.com/" "Mozilla/5.0 (Windows NT 10.0; Win64; x64) AppleWebKit/537.36 (KHTML, like Gecko) Chrome/124.0.0.0 Safari/537.36"
65.109.100.157 - - [25/Jun/2026:15:36:33 +0300] "GET /haberler/meteoroloji-il-il-uyardi-yarina-dikkat-saganak-geliyor-109694 HTTP/1.1" 301 795 "-" "Mozilla/5.0 (compatible; SERankingBacklinksBot/1.0; +https://seranking.com/backlinks-crawler)"
65.109.100.157 - - [25/Jun/2026:15:36:33 +0300] "GET /haberler/meteoroloji-il-il-uyardi-yarina-dikkat-saganak-geliyor-109694 HTTP/1.1" 301 795 "-" "Mozilla/5.0 (compatible; SERankingBacklinksBot/1.0; +https://seranking.com/backlinks-crawler)"
