52.8.24.185 - - [25/Jun/2026:15:19:18 +0300] "GET /404 HTTP/1.1" 302 219 "-" "Mozilla/5.0 RSS reader"
65.109.100.157 - - [25/Jun/2026:15:19:03 +0300] "GET / HTTP/1.1" 200 17236 "-" "Mozilla/5.0 (compatible; SERankingBacklinksBot/1.0; +https://seranking.com/backlinks-crawler)"
142.44.220.190 - - [25/Jun/2026:15:19:04 +0300] "GET /public/haber/profesyonel-kozmetik-imha-hizmetleri-551890 HTTP/1.1" 200 13779 "-" "Mozilla/5.0 (compatible; AhrefsBot/7.0; +http://ahrefs.com/robot/)"
65.109.100.157 - - [25/Jun/2026:15:19:06 +0300] "GET /haber/memurlara-flas-is-birakma-cagrisi-189636 HTTP/1.1" 302 219 "-" "Mozilla/5.0 (compatible; SERankingBacklinksBot/1.0; +https://seranking.com/backlinks-crawler)"
65.109.100.157 - - [25/Jun/2026:15:19:07 +0300] "GET /404 HTTP/1.1" 302 215 "-" "Mozilla/5.0 (compatible; SERankingBacklinksBot/1.0; +https://seranking.com/backlinks-crawler)"
31.40.198.2 - - [25/Jun/2026:15:19:07 +0300] "GET /rss/video-galeri-4 HTTP/1.1" 200 106972 "-" "Mozilla/5.0 (iPhone; CPU iPhone OS 11_0 like Mac OS X) AppleWebKit/537.36 (KHTML, like Gecko) Chrome/53.0.7001.568 Mobile Safari/537.36"
65.109.100.157 - - [25/Jun/2026:15:19:11 +0300] "GET / HTTP/1.1" 200 17230 "-" "Mozilla/5.0 (compatible; SERankingBacklinksBot/1.0; +https://seranking.com/backlinks-crawler)"
65.109.100.157 - - [25/Jun/2026:15:19:14 +0300] "GET /haberler/memurlari-tasiyan-servis-otobusu-ile-otomobil-carpisti-65349 HTTP/1.1" 301 795 "-" "Mozilla/5.0 (compatible; SERankingBacklinksBot/1.0; +https://seranking.com/backlinks-crawler)"
65.109.100.157 - - [25/Jun/2026:15:19:14 +0300] "GET /haberler/memurlari-tasiyan-servis-otobusu-ile-otomobil-carpisti-65349 HTTP/1.1" 301 795 "-" "Mozilla/5.0 (compatible; SERankingBacklinksBot/1.0; +https://seranking.com/backlinks-crawler)"
66.249.66.67 - - [25/Jun/2026:15:19:16 +0300] "GET / HTTP/1.1" 200 17244 "-" "Mozilla/5.0 (compatible; Googlebot/2.1; +http://www.google.com/bot.html)"
65.109.100.157 - - [25/Jun/2026:15:19:18 +0300] "GET /haberler/memurlarin-2021-temmuz-ayi-zamli-maas-bordrolari-yayimlandi-25891 HTTP/1.1" 301 795 "-" "Mozilla/5.0 (compatible; SERankingBacklinksBot/1.0; +https://seranking.com/backlinks-crawler)"
65.109.100.157 - - [25/Jun/2026:15:19:18 +0300] "GET /haberler/memurlarin-2021-temmuz-ayi-zamli-maas-bordrolari-yayimlandi-25891 HTTP/1.1" 301 795 "-" "Mozilla/5.0 (compatible; SERankingBacklinksBot/1.0; +https://seranking.com/backlinks-crawler)"
52.8.24.185 - - [25/Jun/2026:15:19:18 +0300] "GET /teknoloji/rss HTTP/1.1" 302 224 "-" "Mozilla/5.0 RSS reader"
52.8.24.185 - - [25/Jun/2026:15:19:18 +0300] "GET /rss/teknoloji.xml HTTP/1.1" 302 205 "-" "Mozilla/5.0 RSS reader"
85.208.96.193 - - [25/Jun/2026:15:19:18 +0300] "GET /haber/abd-baskani-biden-en-buyuk-onceligim-fiyatlari-kontrol-altina-almak-498319 HTTP/1.1" 200 16013 "-" "Mozilla/5.0 (compatible; SemrushBot/7~bl; +http://www.semrush.com/bot.html)"
52.8.24.185 - - [25/Jun/2026:15:19:18 +0300] "GET /rss/teknoloji HTTP/1.1" 302 205 "-" "Mozilla/5.0 RSS reader"
65.109.100.157 - - [25/Jun/2026:15:19:18 +0300] "GET /haber/memurlarin-2021-temmuz-ayi-zamli-maas-bordrolari-yayimlandi-25891 HTTP/1.1" 302 219 "-" "Mozilla/5.0 (compatible; SERankingBacklinksBot/1.0; +https://seranking.com/backlinks-crawler)"
52.8.24.185 - - [25/Jun/2026:15:19:18 +0300] "GET /404 HTTP/1.1" 302 219 "-" "Mozilla/5.0 RSS reader"
52.8.24.185 - - [25/Jun/2026:15:19:18 +0300] "GET / HTTP/1.1" 200 17312 "-" "Mozilla/5.0 RSS reader"
65.109.100.157 - - [25/Jun/2026:15:19:18 +0300] "GET / HTTP/1.1" 200 17234 "-" "Mozilla/5.0 (compatible; SERankingBacklinksBot/1.0; +https://seranking.com/backlinks-crawler)"
71.132.49.116 - - [25/Jun/2026:15:19:19 +0300] "GET /images/haberler/2023/04/sok-markette-singer-brillance-dikis-makinasi-3299-tl-1682869187.png HTTP/1.1" 302 219 "-" "Mozilla/5.0 (compatible; crawler)"
65.109.100.157 - - [25/Jun/2026:15:19:22 +0300] "GET /haberler/memurlarin-talepleri-belli-oldu-68494 HTTP/1.1" 301 795 "-" "Mozilla/5.0 (compatible; SERankingBacklinksBot/1.0; +https://seranking.com/backlinks-crawler)"
65.109.100.157 - - [25/Jun/2026:15:19:18 +0300] "GET /404 HTTP/1.1" 302 215 "-" "Mozilla/5.0 (compatible; SERankingBacklinksBot/1.0; +https://seranking.com/backlinks-crawler)"
52.8.24.185 - - [25/Jun/2026:15:19:18 +0300] "GET /rss/genel-0 HTTP/1.1" 200 196810 "-" "Mozilla/5.0 RSS reader"
52.8.24.185 - - [25/Jun/2026:15:19:18 +0300] "GET / HTTP/1.1" 200 17303 "-" "Mozilla/5.0 RSS reader"
52.8.24.185 - - [25/Jun/2026:15:19:18 +0300] "GET / HTTP/1.1" 200 17295 "-" "Mozilla/5.0 RSS reader"
71.132.49.116 - - [25/Jun/2026:15:19:20 +0300] "GET /404 HTTP/1.1" 302 215 "-" "Mozilla/5.0 (compatible; crawler)"
71.132.49.116 - - [25/Jun/2026:15:19:20 +0300] "GET / HTTP/1.1" 200 17231 "-" "Mozilla/5.0 (compatible; crawler)"
65.109.100.157 - - [25/Jun/2026:15:19:22 +0300] "GET /haber/memurlarin-talepleri-belli-oldu-68494 HTTP/1.1" 302 219 "-" "Mozilla/5.0 (compatible; SERankingBacklinksBot/1.0; +https://seranking.com/backlinks-crawler)"
65.109.100.157 - - [25/Jun/2026:15:19:22 +0300] "GET /haberler/memurlarin-talepleri-belli-oldu-68494 HTTP/1.1" 301 795 "-" "Mozilla/5.0 (compatible; SERankingBacklinksBot/1.0; +https://seranking.com/backlinks-crawler)"
65.109.100.157 - - [25/Jun/2026:15:19:22 +0300] "GET /haber/memurlarin-talepleri-belli-oldu-68494 HTTP/1.1" 302 219 "-" "Mozilla/5.0 (compatible; SERankingBacklinksBot/1.0; +https://seranking.com/backlinks-crawler)"
65.109.100.157 - - [25/Jun/2026:15:19:22 +0300] "GET /404 HTTP/1.1" 302 215 "-" "Mozilla/5.0 (compatible; SERankingBacklinksBot/1.0; +https://seranking.com/backlinks-crawler)"
65.109.100.157 - - [25/Jun/2026:15:19:22 +0300] "GET / HTTP/1.1" 200 17235 "-" "Mozilla/5.0 (compatible; SERankingBacklinksBot/1.0; +https://seranking.com/backlinks-crawler)"
66.249.66.66 - - [25/Jun/2026:15:19:23 +0300] "GET /hava-durumu/ajax?sehir_isim=6 HTTP/1.1" 200 77 "https://yeniistiklal.com/" "Mozilla/5.0 AppleWebKit/537.36 (KHTML, like Gecko; compatible; Googlebot/2.1; +http://www.google.com/bot.html) Chrome/148.0.7778.96 Safari/537.36"
65.109.100.157 - - [25/Jun/2026:15:19:26 +0300] "GET /404 HTTP/1.1" 302 215 "-" "Mozilla/5.0 (compatible; SERankingBacklinksBot/1.0; +https://seranking.com/backlinks-crawler)"
65.109.100.157 - - [25/Jun/2026:15:19:29 +0300] "GET /haberler/memurluklari-elden-gitmisti-bulent-ersoyun-orkestrasi-meclis-gundeminde-304362 HTTP/1.1" 301 795 "-" "Mozilla/5.0 (compatible; SERankingBacklinksBot/1.0; +https://seranking.com/backlinks-crawler)"
65.109.100.157 - - [25/Jun/2026:15:19:30 +0300] "GET /haberler/memurluklari-elden-gitmisti-bulent-ersoyun-orkestrasi-meclis-gundeminde-304362 HTTP/1.1" 301 795 "-" "Mozilla/5.0 (compatible; SERankingBacklinksBot/1.0; +https://seranking.com/backlinks-crawler)"
65.109.100.157 - - [25/Jun/2026:15:19:30 +0300] "GET /haber/memurluklari-elden-gitmisti-bulent-ersoyun-orkestrasi-meclis-gundeminde-304362 HTTP/1.1" 302 219 "-" "Mozilla/5.0 (compatible; SERankingBacklinksBot/1.0; +https://seranking.com/backlinks-crawler)"
65.109.100.157 - - [25/Jun/2026:15:19:30 +0300] "GET / HTTP/1.1" 200 17236 "-" "Mozilla/5.0 (compatible; SERankingBacklinksBot/1.0; +https://seranking.com/backlinks-crawler)"
65.109.100.157 - - [25/Jun/2026:15:19:33 +0300] "GET /haberler/memurluktan-atilan-dr-larin-kayatas-bu-kadarini-beklemiyordum-262681 HTTP/1.1" 301 795 "-" "Mozilla/5.0 (compatible; SERankingBacklinksBot/1.0; +https://seranking.com/backlinks-crawler)"
65.109.100.157 - - [25/Jun/2026:15:19:33 +0300] "GET /haber/memurluktan-atilan-dr-larin-kayatas-bu-kadarini-beklemiyordum-262681 HTTP/1.1" 302 219 "-" "Mozilla/5.0 (compatible; SERankingBacklinksBot/1.0; +https://seranking.com/backlinks-crawler)"
65.109.100.157 - - [25/Jun/2026:15:19:34 +0300] "GET /404 HTTP/1.1" 302 215 "-" "Mozilla/5.0 (compatible; SERankingBacklinksBot/1.0; +https://seranking.com/backlinks-crawler)"
34.222.226.28 - - [25/Jun/2026:15:19:35 +0300] "GET / HTTP/1.1" 200 17239 "-" "Mozilla/5.0 (X11; Ubuntu; Linux x86_64; rv:80.0) Gecko/20100101 Firefox/80.0"
65.109.100.157 - - [25/Jun/2026:15:19:26 +0300] "GET /haberler/memurluk-hedefleyen-bolumlerden-uzak-durun-168506 HTTP/1.1" 301 795 "-" "Mozilla/5.0 (compatible; SERankingBacklinksBot/1.0; +https://seranking.com/backlinks-crawler)"
65.109.100.157 - - [25/Jun/2026:15:19:26 +0300] "GET /haber/memurluk-hedefleyen-bolumlerden-uzak-durun-168506 HTTP/1.1" 302 219 "-" "Mozilla/5.0 (compatible; SERankingBacklinksBot/1.0; +https://seranking.com/backlinks-crawler)"
65.109.100.157 - - [25/Jun/2026:15:19:26 +0300] "GET /haberler/memurluk-hedefleyen-bolumlerden-uzak-durun-168506 HTTP/1.1" 301 795 "-" "Mozilla/5.0 (compatible; SERankingBacklinksBot/1.0; +https://seranking.com/backlinks-crawler)"
65.109.100.157 - - [25/Jun/2026:15:19:26 +0300] "GET /haber/memurluk-hedefleyen-bolumlerden-uzak-durun-168506 HTTP/1.1" 302 219 "-" "Mozilla/5.0 (compatible; SERankingBacklinksBot/1.0; +https://seranking.com/backlinks-crawler)"
65.109.100.157 - - [25/Jun/2026:15:19:26 +0300] "GET / HTTP/1.1" 200 17234 "-" "Mozilla/5.0 (compatible; SERankingBacklinksBot/1.0; +https://seranking.com/backlinks-crawler)"
87.250.224.38 - - [25/Jun/2026:15:19:26 +0300] "GET /rss/genel-0 HTTP/1.1" 200 196772 "-" "Mozilla/5.0 (compatible; YandexBot/3.0; +http://yandex.com/bots)"
185.191.171.9 - - [25/Jun/2026:15:19:28 +0300] "GET /haber/survivor-3-bolum-fragmani-burasi-all-star-475377 HTTP/1.1" 200 13558 "-" "Mozilla/5.0 (compatible; SemrushBot/7~bl; +http://www.semrush.com/bot.html)"
31.40.198.2 - - [25/Jun/2026:15:19:29 +0300] "GET /rss/sinema-11 HTTP/1.1" 200 21504 "-" "Mozilla/5.0 (Windows NT 6.1; rv:52.9) Gecko/20100101 Goanna/4.1 Firefox/52.9 PaleMoon/28.0.0"
104.239.45.68 - - [25/Jun/2026:15:19:30 +0300] "GET /haber/gardrops-iade-talebi-nasil-yapilir-551447 HTTP/1.1" 200 13459 "-" "Mozilla/5.0 (Macintosh; Intel Mac OS X 10_15_7) AppleWebKit/537.36 (KHTML, like Gecko) Chrome/142.0.0.0 Safari/537.36"
65.109.100.157 - - [25/Jun/2026:15:19:30 +0300] "GET /haber/memurluklari-elden-gitmisti-bulent-ersoyun-orkestrasi-meclis-gundeminde-304362 HTTP/1.1" 302 219 "-" "Mozilla/5.0 (compatible; SERankingBacklinksBot/1.0; +https://seranking.com/backlinks-crawler)"
65.109.100.157 - - [25/Jun/2026:15:19:30 +0300] "GET /404 HTTP/1.1" 302 215 "-" "Mozilla/5.0 (compatible; SERankingBacklinksBot/1.0; +https://seranking.com/backlinks-crawler)"
85.208.96.210 - - [25/Jun/2026:15:19:32 +0300] "GET /haber/laligaya-yukselecek-son-takim-d-smartta-belli-olacak-517384 HTTP/1.1" 200 13770 "-" "Mozilla/5.0 (compatible; SemrushBot/7~bl; +http://www.semrush.com/bot.html)"
112.86.225.120 - - [25/Jun/2026:15:19:33 +0300] "GET /haber/antalya-dovme-silme-merkezi-turkiyenin-dovme-silmede-lider-ve-tek-referans-noktasi-551922 HTTP/1.1" 200 13973 "-" "Sogou web spider/4.0(+http://www.sogou.com/docs/help/webmasters.htm#07)"
65.109.100.157 - - [25/Jun/2026:15:19:34 +0300] "GET /haberler/memurluktan-atilan-dr-larin-kayatas-bu-kadarini-beklemiyordum-262681 HTTP/1.1" 301 795 "-" "Mozilla/5.0 (compatible; SERankingBacklinksBot/1.0; +https://seranking.com/backlinks-crawler)"
65.109.100.157 - - [25/Jun/2026:15:19:34 +0300] "GET /haber/memurluktan-atilan-dr-larin-kayatas-bu-kadarini-beklemiyordum-262681 HTTP/1.1" 302 219 "-" "Mozilla/5.0 (compatible; SERankingBacklinksBot/1.0; +https://seranking.com/backlinks-crawler)"
65.109.100.157 - - [25/Jun/2026:15:19:34 +0300] "GET / HTTP/1.1" 200 17238 "-" "Mozilla/5.0 (compatible; SERankingBacklinksBot/1.0; +https://seranking.com/backlinks-crawler)"
65.109.100.157 - - [25/Jun/2026:15:19:38 +0300] "GET /haber/mendereste-orman-yangini-146913 HTTP/1.1" 302 219 "-" "Mozilla/5.0 (compatible; SERankingBacklinksBot/1.0; +https://seranking.com/backlinks-crawler)"
65.109.100.157 - - [25/Jun/2026:15:19:38 +0300] "GET /404 HTTP/1.1" 302 215 "-" "Mozilla/5.0 (compatible; SERankingBacklinksBot/1.0; +https://seranking.com/backlinks-crawler)"
202.46.62.90 - - [25/Jun/2026:15:19:35 +0300] "GET /haber/hulusi-akardan-edirne-cikarmasi-546500 HTTP/1.1" 200 13509 "-" "Mozilla/5.0 (Windows NT 10.0; Win64; x64) AppleWebKit/537.36 (KHTML, like Gecko) Chrome/133.0.6943.141 Safari/537.36"
65.109.100.157 - - [25/Jun/2026:15:19:37 +0300] "GET /haberler/mendereste-orman-yangini-146913 HTTP/1.1" 301 795 "-" "Mozilla/5.0 (compatible; SERankingBacklinksBot/1.0; +https://seranking.com/backlinks-crawler)"
65.109.100.157 - - [25/Jun/2026:15:19:37 +0300] "GET /haber/mendereste-orman-yangini-146913 HTTP/1.1" 302 219 "-" "Mozilla/5.0 (compatible; SERankingBacklinksBot/1.0; +https://seranking.com/backlinks-crawler)"
65.109.100.157 - - [25/Jun/2026:15:19:37 +0300] "GET /haberler/mendereste-orman-yangini-146913 HTTP/1.1" 301 795 "-" "Mozilla/5.0 (compatible; SERankingBacklinksBot/1.0; +https://seranking.com/backlinks-crawler)"
65.109.100.157 - - [25/Jun/2026:15:19:38 +0300] "GET / HTTP/1.1" 200 17237 "-" "Mozilla/5.0 (compatible; SERankingBacklinksBot/1.0; +https://seranking.com/backlinks-crawler)"
51.89.129.223 - - [25/Jun/2026:15:19:39 +0300] "GET /public/haber/kurumsal-video-produksiyonunda-bir-usta-sanat-yapimin-gizli-formulu-551892 HTTP/1.1" 200 15120 "-" "Mozilla/5.0 (compatible; AhrefsBot/7.0; +http://ahrefs.com/robot/)"
65.109.100.157 - - [25/Jun/2026:15:19:42 +0300] "GET / HTTP/1.1" 200 17233 "-" "Mozilla/5.0 (compatible; SERankingBacklinksBot/1.0; +https://seranking.com/backlinks-crawler)"
44.244.116.132 - - [25/Jun/2026:15:19:44 +0300] "GET / HTTP/1.1" 200 17242 "-" "Mozilla/5.0 (X11; Ubuntu; Linux x86_64; rv:80.0) Gecko/20100101 Firefox/80.0"
65.109.100.157 - - [25/Jun/2026:15:19:45 +0300] "GET /haber/merakla-beklenen-duyuru-yapildi-458448 HTTP/1.1" 302 219 "-" "Mozilla/5.0 (compatible; SERankingBacklinksBot/1.0; +https://seranking.com/backlinks-crawler)"
65.109.100.157 - - [25/Jun/2026:15:19:46 +0300] "GET /404 HTTP/1.1" 302 215 "-" "Mozilla/5.0 (compatible; SERankingBacklinksBot/1.0; +https://seranking.com/backlinks-crawler)"
52.8.24.185 - - [25/Jun/2026:15:19:46 +0300] "GET /rss/finans.xml HTTP/1.1" 302 205 "-" "Mozilla/5.0 RSS reader"
52.8.24.185 - - [25/Jun/2026:15:19:46 +0300] "GET /feed/ekonomi HTTP/1.1" 301 795 "-" "Mozilla/5.0 RSS reader"
52.8.24.185 - - [25/Jun/2026:15:19:46 +0300] "GET /rss/ekonomi HTTP/1.1" 302 205 "-" "Mozilla/5.0 RSS reader"
52.8.24.185 - - [25/Jun/2026:15:19:46 +0300] "GET /404 HTTP/1.1" 302 219 "-" "Mozilla/5.0 RSS reader"
52.8.24.185 - - [25/Jun/2026:15:19:46 +0300] "GET /404 HTTP/1.1" 302 219 "-" "Mozilla/5.0 RSS reader"
52.8.24.185 - - [25/Jun/2026:15:19:46 +0300] "GET /404 HTTP/1.1" 302 219 "-" "Mozilla/5.0 RSS reader"
52.8.24.185 - - [25/Jun/2026:15:19:47 +0300] "GET / HTTP/1.1" 200 17299 "-" "Mozilla/5.0 RSS reader"
52.8.24.185 - - [25/Jun/2026:15:19:47 +0300] "GET / HTTP/1.1" 200 17305 "-" "Mozilla/5.0 RSS reader"
52.8.24.185 - - [25/Jun/2026:15:19:46 +0300] "GET /rss/genel-0 HTTP/1.1" 200 196810 "-" "Mozilla/5.0 RSS reader"
216.73.217.71 - - [25/Jun/2026:15:19:47 +0300] "GET /haberler?page=20 HTTP/1.1" 200 13130 "-" "Mozilla/5.0 AppleWebKit/537.36 (KHTML, like Gecko; compatible; ClaudeBot/1.0; +claudebot@anthropic.com)"
95.108.213.166 - - [25/Jun/2026:15:19:48 +0300] "GET /video-galeri/sinan-ogan-ile-yasar-hacisalihoglu-arasinda-sert-tartisma-arkamdan-sallama-295731 HTTP/1.1" 302 219 "-" "Mozilla/5.0 (compatible; YandexBot/3.0; +http://yandex.com/bots)"
87.250.224.130 - - [25/Jun/2026:15:19:49 +0300] "GET /404 HTTP/1.1" 302 215 "-" "Mozilla/5.0 (compatible; YandexBot/3.0; +http://yandex.com/bots)"
65.109.100.157 - - [25/Jun/2026:15:19:49 +0300] "GET /haberler/meral-aksener-128-milyar-dolari-catir-catir-yediler-338345 HTTP/1.1" 301 795 "-" "Mozilla/5.0 (compatible; SERankingBacklinksBot/1.0; +https://seranking.com/backlinks-crawler)"
65.109.100.157 - - [25/Jun/2026:15:19:49 +0300] "GET /haber/meral-aksener-128-milyar-dolari-catir-catir-yediler-338345 HTTP/1.1" 302 219 "-" "Mozilla/5.0 (compatible; SERankingBacklinksBot/1.0; +https://seranking.com/backlinks-crawler)"
66.249.66.194 - - [25/Jun/2026:15:19:39 +0300] "GET /tag/yanginda HTTP/1.1" 302 219 "-" "Mozilla/5.0 (Linux; Android 6.0.1; Nexus 5X Build/MMB29P) AppleWebKit/537.36 (KHTML, like Gecko) Chrome/148.0.7778.96 Mobile Safari/537.36 (compatible; GoogleOther)"
65.109.100.157 - - [25/Jun/2026:15:19:41 +0300] "GET /haberler/menopozun-belirtileri-ve-etkileri-nelerdir-264502 HTTP/1.1" 301 795 "-" "Mozilla/5.0 (compatible; SERankingBacklinksBot/1.0; +https://seranking.com/backlinks-crawler)"
65.109.100.157 - - [25/Jun/2026:15:19:41 +0300] "GET /haberler/menopozun-belirtileri-ve-etkileri-nelerdir-264502 HTTP/1.1" 301 795 "-" "Mozilla/5.0 (compatible; SERankingBacklinksBot/1.0; +https://seranking.com/backlinks-crawler)"
65.109.100.157 - - [25/Jun/2026:15:19:42 +0300] "GET /haber/menopozun-belirtileri-ve-etkileri-nelerdir-264502 HTTP/1.1" 302 219 "-" "Mozilla/5.0 (compatible; SERankingBacklinksBot/1.0; +https://seranking.com/backlinks-crawler)"
65.109.100.157 - - [25/Jun/2026:15:19:42 +0300] "GET /404 HTTP/1.1" 302 215 "-" "Mozilla/5.0 (compatible; SERankingBacklinksBot/1.0; +https://seranking.com/backlinks-crawler)"
109.239.229.221 - - [25/Jun/2026:15:19:44 +0300] "GET /haberler HTTP/1.1" 200 10662 "-" "Mozilla/5.0 (X11; Linux x86_64; rv:29.0) Gecko/20100101 Firefox/29.0"
65.109.100.157 - - [25/Jun/2026:15:19:45 +0300] "GET /haberler/merakla-beklenen-duyuru-yapildi-458448 HTTP/1.1" 301 795 "-" "Mozilla/5.0 (compatible; SERankingBacklinksBot/1.0; +https://seranking.com/backlinks-crawler)"
65.109.100.157 - - [25/Jun/2026:15:19:45 +0300] "GET /haberler/merakla-beklenen-duyuru-yapildi-458448 HTTP/1.1" 301 795 "-" "Mozilla/5.0 (compatible; SERankingBacklinksBot/1.0; +https://seranking.com/backlinks-crawler)"
65.109.100.157 - - [25/Jun/2026:15:19:46 +0300] "GET /haber/merakla-beklenen-duyuru-yapildi-458448 HTTP/1.1" 302 219 "-" "Mozilla/5.0 (compatible; SERankingBacklinksBot/1.0; +https://seranking.com/backlinks-crawler)"
216.73.217.71 - - [25/Jun/2026:15:19:46 +0300] "GET /public/foto-galeri-eski?page=169 HTTP/1.1" 200 12634 "-" "Mozilla/5.0 AppleWebKit/537.36 (KHTML, like Gecko; compatible; ClaudeBot/1.0; +claudebot@anthropic.com)"
65.109.100.157 - - [25/Jun/2026:15:19:46 +0300] "GET / HTTP/1.1" 200 17242 "-" "Mozilla/5.0 (compatible; SERankingBacklinksBot/1.0; +https://seranking.com/backlinks-crawler)"
52.8.24.185 - - [25/Jun/2026:15:19:46 +0300] "GET /rss/ekonomi.xml HTTP/1.1" 302 205 "-" "Mozilla/5.0 RSS reader"
52.8.24.185 - - [25/Jun/2026:15:19:46 +0300] "GET /ekonomi/rss HTTP/1.1" 302 224 "-" "Mozilla/5.0 RSS reader"
52.8.24.185 - - [25/Jun/2026:15:19:46 +0300] "GET /404 HTTP/1.1" 302 219 "-" "Mozilla/5.0 RSS reader"
52.8.24.185 - - [25/Jun/2026:15:19:47 +0300] "GET / HTTP/1.1" 200 17298 "-" "Mozilla/5.0 RSS reader"
52.8.24.185 - - [25/Jun/2026:15:19:47 +0300] "GET / HTTP/1.1" 200 17301 "-" "Mozilla/5.0 RSS reader"
85.208.96.195 - - [25/Jun/2026:15:19:47 +0300] "GET /haber/burhaniye-bagimsiz-tiyatro-birligi-bulusmalari-sona-erdi-538123 HTTP/1.1" 200 13971 "-" "Mozilla/5.0 (compatible; SemrushBot/7~bl; +http://www.semrush.com/bot.html)"
65.109.100.157 - - [25/Jun/2026:15:19:50 +0300] "GET /404 HTTP/1.1" 302 215 "-" "Mozilla/5.0 (compatible; SERankingBacklinksBot/1.0; +https://seranking.com/backlinks-crawler)"
87.250.224.35 - - [25/Jun/2026:15:19:51 +0300] "GET / HTTP/1.1" 200 17231 "-" "Mozilla/5.0 (compatible; YandexBot/3.0; +http://yandex.com/bots) AppleWebKit/537.36 (KHTML, like Gecko) Chrome/108.0.0.0"
213.180.203.185 - - [25/Jun/2026:15:19:51 +0300] "GET /rss/genel-0 HTTP/1.1" 200 196772 "-" "Mozilla/5.0 (compatible; YandexBot/3.0; +http://yandex.com/bots)"
65.109.100.157 - - [25/Jun/2026:15:19:53 +0300] "GET /haberler/meral-aksener-ardahanda-esnafin-ittifak-sorusuna-yanit-verdi-260355 HTTP/1.1" 301 795 "-" "Mozilla/5.0 (compatible; SERankingBacklinksBot/1.0; +https://seranking.com/backlinks-crawler)"
65.109.100.157 - - [25/Jun/2026:15:19:49 +0300] "GET /haberler/meral-aksener-128-milyar-dolari-catir-catir-yediler-338345 HTTP/1.1" 301 795 "-" "Mozilla/5.0 (compatible; SERankingBacklinksBot/1.0; +https://seranking.com/backlinks-crawler)"
213.180.203.155 - - [25/Jun/2026:15:19:49 +0300] "GET / HTTP/1.1" 200 17237 "-" "Mozilla/5.0 (compatible; YandexBot/3.0; +http://yandex.com/bots)"
65.109.100.157 - - [25/Jun/2026:15:19:50 +0300] "GET /haber/meral-aksener-128-milyar-dolari-catir-catir-yediler-338345 HTTP/1.1" 302 219 "-" "Mozilla/5.0 (compatible; SERankingBacklinksBot/1.0; +https://seranking.com/backlinks-crawler)"
65.109.100.157 - - [25/Jun/2026:15:19:50 +0300] "GET / HTTP/1.1" 200 17222 "-" "Mozilla/5.0 (compatible; SERankingBacklinksBot/1.0; +https://seranking.com/backlinks-crawler)"
65.109.100.157 - - [25/Jun/2026:15:19:53 +0300] "GET /haber/meral-aksener-ardahanda-esnafin-ittifak-sorusuna-yanit-verdi-260355 HTTP/1.1" 302 219 "-" "Mozilla/5.0 (compatible; SERankingBacklinksBot/1.0; +https://seranking.com/backlinks-crawler)"
65.109.100.157 - - [25/Jun/2026:15:19:53 +0300] "GET /404 HTTP/1.1" 302 215 "-" "Mozilla/5.0 (compatible; SERankingBacklinksBot/1.0; +https://seranking.com/backlinks-crawler)"
47.128.123.65 - - [25/Jun/2026:15:19:55 +0300] "GET /public/index.php HTTP/1.1" 200 17484 "-" "Mozilla/5.0 (Linux; Android 5.0) AppleWebKit/537.36 (KHTML, like Gecko) Mobile Safari/537.36 (compatible; Bytespider; spider-feedback@bytedance.com)"
65.109.100.157 - - [25/Jun/2026:15:19:57 +0300] "GET /haberler/meral-aksener-bahcelinin-yks-baraj-puanlari-dusurulsun-teklifine-destek-verdi-129814 HTTP/1.1" 301 795 "-" "Mozilla/5.0 (compatible; SERankingBacklinksBot/1.0; +https://seranking.com/backlinks-crawler)"
65.109.100.157 - - [25/Jun/2026:15:19:57 +0300] "GET /haber/meral-aksener-bahcelinin-yks-baraj-puanlari-dusurulsun-teklifine-destek-verdi-129814 HTTP/1.1" 302 219 "-" "Mozilla/5.0 (compatible; SERankingBacklinksBot/1.0; +https://seranking.com/backlinks-crawler)"
65.109.100.157 - - [25/Jun/2026:15:19:57 +0300] "GET /haberler/meral-aksener-bahcelinin-yks-baraj-puanlari-dusurulsun-teklifine-destek-verdi-129814 HTTP/1.1" 301 795 "-" "Mozilla/5.0 (compatible; SERankingBacklinksBot/1.0; +https://seranking.com/backlinks-crawler)"
65.109.100.157 - - [25/Jun/2026:15:19:57 +0300] "GET /haber/meral-aksener-bahcelinin-yks-baraj-puanlari-dusurulsun-teklifine-destek-verdi-129814 HTTP/1.1" 302 219 "-" "Mozilla/5.0 (compatible; SERankingBacklinksBot/1.0; +https://seranking.com/backlinks-crawler)"
47.128.123.65 - - [25/Jun/2026:15:19:57 +0300] "GET /public/index.php/images/haberler/2025/11/dunyanin-en-buyuk-dagi-hangisidir-everest-mi-mauna-kea-mi-y-1762260895.png HTTP/1.1" 302 238 "https://www.yeniistiklal.com/public/index.php" "Mozilla/5.0 (Linux; Android 5.0) AppleWebKit/537.36 (KHTML, like Gecko) Mobile Safari/537.36 (compatible; Bytespider; spider-feedback@bytedance.com)"
65.109.100.157 - - [25/Jun/2026:15:19:57 +0300] "GET /404 HTTP/1.1" 302 215 "-" "Mozilla/5.0 (compatible; SERankingBacklinksBot/1.0; +https://seranking.com/backlinks-crawler)"
47.128.123.65 - - [25/Jun/2026:15:19:57 +0300] "GET /public/index.php/images/haberler/2025/10/kktc-doviz-kurlarindaki-son-durum-dolar-euro-sterlin-15-ekim-2025-1760527641.jpg HTTP/1.1" 302 238 "https://www.yeniistiklal.com/public/index.php" "Mozilla/5.0 (Linux; Android 5.0) AppleWebKit/537.36 (KHTML, like Gecko) Mobile Safari/537.36 (compatible; Bytespider; spider-feedback@bytedance.com)"
47.128.123.65 - - [25/Jun/2026:15:19:58 +0300] "GET /public/index.php/images/haberler/2025/10/kktcde-su-tesisatcisi-arayanlar-icin-oneriler-y-1760527324.png HTTP/1.1" 302 238 "https://www.yeniistiklal.com/public/index.php" "Mozilla/5.0 (Linux; Android 5.0) AppleWebKit/537.36 (KHTML, like Gecko) Mobile Safari/537.36 (compatible; Bytespider; spider-feedback@bytedance.com)"
65.109.100.157 - - [25/Jun/2026:15:19:53 +0300] "GET /haber/meral-aksener-ardahanda-esnafin-ittifak-sorusuna-yanit-verdi-260355 HTTP/1.1" 302 219 "-" "Mozilla/5.0 (compatible; SERankingBacklinksBot/1.0; +https://seranking.com/backlinks-crawler)"
65.109.100.157 - - [25/Jun/2026:15:19:53 +0300] "GET /haberler/meral-aksener-ardahanda-esnafin-ittifak-sorusuna-yanit-verdi-260355 HTTP/1.1" 301 795 "-" "Mozilla/5.0 (compatible; SERankingBacklinksBot/1.0; +https://seranking.com/backlinks-crawler)"
65.109.100.157 - - [25/Jun/2026:15:19:54 +0300] "GET / HTTP/1.1" 200 17241 "-" "Mozilla/5.0 (compatible; SERankingBacklinksBot/1.0; +https://seranking.com/backlinks-crawler)"
47.128.123.65 - - [25/Jun/2026:15:19:56 +0300] "GET /public/index.php/images/haberler/2025/12/survivor-2026-yarismacilari-tam-liste-y-1765786623.png HTTP/1.1" 302 238 "https://www.yeniistiklal.com/public/index.php" "Mozilla/5.0 (Linux; Android 5.0) AppleWebKit/537.36 (KHTML, like Gecko) Mobile Safari/537.36 (compatible; Bytespider; spider-feedback@bytedance.com)"
47.128.123.65 - - [25/Jun/2026:15:19:56 +0300] "GET /public/index.php/images/haberler/2025/12/kuzey-kibris-turk-cumhuriyetindeki-kktc-en-yuksek-bina-y-1765199017.png HTTP/1.1" 302 238 "https://www.yeniistiklal.com/public/index.php" "Mozilla/5.0 (Linux; Android 5.0) AppleWebKit/537.36 (KHTML, like Gecko) Mobile Safari/537.36 (compatible; Bytespider; spider-feedback@bytedance.com)"
47.128.123.65 - - [25/Jun/2026:15:19:57 +0300] "GET /public/index.php/images/haberler/2025/11/aksa-kimin-aksa-enerjinin-sahibi-kimdir-y-1762258173.png HTTP/1.1" 302 238 "https://www.yeniistiklal.com/public/index.php" "Mozilla/5.0 (Linux; Android 5.0) AppleWebKit/537.36 (KHTML, like Gecko) Mobile Safari/537.36 (compatible; Bytespider; spider-feedback@bytedance.com)"
65.109.100.157 - - [25/Jun/2026:15:19:57 +0300] "GET / HTTP/1.1" 200 17220 "-" "Mozilla/5.0 (compatible; SERankingBacklinksBot/1.0; +https://seranking.com/backlinks-crawler)"
47.128.123.65 - - [25/Jun/2026:15:19:58 +0300] "GET /public/index.php/images/haberler/2025/08/serbest-piyasada-dolar-ve-euroda-son-durum-1754903576.jpeg HTTP/1.1" 302 238 "https://www.yeniistiklal.com/public/index.php" "Mozilla/5.0 (Linux; Android 5.0) AppleWebKit/537.36 (KHTML, like Gecko) Mobile Safari/537.36 (compatible; Bytespider; spider-feedback@bytedance.com)"
47.128.123.65 - - [25/Jun/2026:15:19:58 +0300] "GET /public/index.php/images/haberler/2025/08/piyasalar-sallaniyor-gram-altin-tarihi-zirvelere-kosuyor-y-1754648723.jpeg HTTP/1.1" 302 238 "https://www.yeniistiklal.com/public/index.php" "Mozilla/5.0 (Linux; Android 5.0) AppleWebKit/537.36 (KHTML, like Gecko) Mobile Safari/537.36 (compatible; Bytespider; spider-feedback@bytedance.com)"
47.128.123.65 - - [25/Jun/2026:15:19:58 +0300] "GET /public/index.php/images/tn/2026/01/antalya-otelleri-1768456799.png HTTP/1.1" 302 238 "https://www.yeniistiklal.com/public/index.php" "Mozilla/5.0 (Linux; Android 5.0) AppleWebKit/537.36 (KHTML, like Gecko) Mobile Safari/537.36 (compatible; Bytespider; spider-feedback@bytedance.com)"
47.128.123.65 - - [25/Jun/2026:15:19:58 +0300] "GET /public/index.php/images/tn/2026/01/bodrum-otelleri-1768456675.png HTTP/1.1" 302 238 "https://www.yeniistiklal.com/public/index.php" "Mozilla/5.0 (Linux; Android 5.0) AppleWebKit/537.36 (KHTML, like Gecko) Mobile Safari/537.36 (compatible; Bytespider; spider-feedback@bytedance.com)"
47.128.123.65 - - [25/Jun/2026:15:19:59 +0300] "GET /public/index.php/images/tn/2025/12/kuzey-kibris-turk-cumhuriyetindeki-kktc-en-yuksek-bina-1765199017.png HTTP/1.1" 302 238 "https://www.yeniistiklal.com/public/index.php" "Mozilla/5.0 (Linux; Android 5.0) AppleWebKit/537.36 (KHTML, like Gecko) Mobile Safari/537.36 (compatible; Bytespider; spider-feedback@bytedance.com)"
47.128.123.65 - - [25/Jun/2026:15:19:59 +0300] "GET /public/index.php/images/tn/2025/11/canik-kime-ait-turkiyenin-global-silah-devi-1762258557.jpeg HTTP/1.1" 302 238 "https://www.yeniistiklal.com/public/index.php" "Mozilla/5.0 (Linux; Android 5.0) AppleWebKit/537.36 (KHTML, like Gecko) Mobile Safari/537.36 (compatible; Bytespider; spider-feedback@bytedance.com)"
47.128.123.65 - - [25/Jun/2026:15:19:59 +0300] "GET /public/index.php/images/tn/2025/10/kktcde-su-tesisatcisi-arayanlar-icin-oneriler-1760527324.png HTTP/1.1" 302 238 "https://www.yeniistiklal.com/public/index.php" "Mozilla/5.0 (Linux; Android 5.0) AppleWebKit/537.36 (KHTML, like Gecko) Mobile Safari/537.36 (compatible; Bytespider; spider-feedback@bytedance.com)"
47.128.123.65 - - [25/Jun/2026:15:19:59 +0300] "GET /public/index.php/images/tn/2025/08/24-saat-boyunca-ac-kalirsak-ne-olur-1755454218.jpeg HTTP/1.1" 302 238 "https://www.yeniistiklal.com/public/index.php" "Mozilla/5.0 (Linux; Android 5.0) AppleWebKit/537.36 (KHTML, like Gecko) Mobile Safari/537.36 (compatible; Bytespider; spider-feedback@bytedance.com)"
47.128.123.65 - - [25/Jun/2026:15:19:59 +0300] "GET /public/index.php/images/transparent.gif HTTP/1.1" 302 238 "https://www.yeniistiklal.com/public/index.php" "Mozilla/5.0 (Linux; Android 5.0) AppleWebKit/537.36 (KHTML, like Gecko) Mobile Safari/537.36 (compatible; Bytespider; spider-feedback@bytedance.com)"
65.109.100.157 - - [25/Jun/2026:15:20:01 +0300] "GET /haberler/meral-aksener-basbakanlik-adayligini-acikladi-artvin-halki-ne-dusunuyor-281871 HTTP/1.1" 301 795 "-" "Mozilla/5.0 (compatible; SERankingBacklinksBot/1.0; +https://seranking.com/backlinks-crawler)"
65.109.100.157 - - [25/Jun/2026:15:20:01 +0300] "GET /haber/meral-aksener-basbakanlik-adayligini-acikladi-artvin-halki-ne-dusunuyor-281871 HTTP/1.1" 302 219 "-" "Mozilla/5.0 (compatible; SERankingBacklinksBot/1.0; +https://seranking.com/backlinks-crawler)"
65.109.100.157 - - [25/Jun/2026:15:20:01 +0300] "GET /404 HTTP/1.1" 302 215 "-" "Mozilla/5.0 (compatible; SERankingBacklinksBot/1.0; +https://seranking.com/backlinks-crawler)"
47.128.123.65 - - [25/Jun/2026:15:20:02 +0300] "GET /public/index.php HTTP/1.1" 200 17483 "https://www.yeniistiklal.com/public/index.php" "Mozilla/5.0 (Linux; Android 5.0) AppleWebKit/537.36 (KHTML, like Gecko) Mobile Safari/537.36 (compatible; Bytespider; spider-feedback@bytedance.com)"
47.128.123.65 - - [25/Jun/2026:15:20:02 +0300] "GET /public/index.php/404 HTTP/1.1" 302 232 "https://www.yeniistiklal.com/public/index.php" "Mozilla/5.0 (Linux; Android 5.0) AppleWebKit/537.36 (KHTML, like Gecko) Mobile Safari/537.36 (compatible; Bytespider; spider-feedback@bytedance.com)"
47.128.123.65 - - [25/Jun/2026:15:20:02 +0300] "OPTIONS /hava-durumu/ajax?sehir_isim=6 HTTP/1.1" 200 20 "https://www.yeniistiklal.com/" "Mozilla/5.0 (Linux; Android 5.0) AppleWebKit/537.36 (KHTML, like Gecko) Mobile Safari/537.36 (compatible; Bytespider; spider-feedback@bytedance.com)"
213.180.203.174 - - [25/Jun/2026:15:20:02 +0300] "GET /rss/genel-0 HTTP/1.1" 200 196772 "-" "Mozilla/5.0 (compatible; YandexBot/3.0; +http://yandex.com/bots)"
47.128.123.65 - - [25/Jun/2026:15:20:03 +0300] "GET /public/index.php/404 HTTP/1.1" 302 232 "https://www.yeniistiklal.com/public/index.php" "Mozilla/5.0 (Linux; Android 5.0) AppleWebKit/537.36 (KHTML, like Gecko) Mobile Safari/537.36 (compatible; Bytespider; spider-feedback@bytedance.com)"
47.128.123.65 - - [25/Jun/2026:15:20:04 +0300] "GET /public/index.php/404 HTTP/1.1" 302 232 "https://www.yeniistiklal.com/public/index.php" "Mozilla/5.0 (Linux; Android 5.0) AppleWebKit/537.36 (KHTML, like Gecko) Mobile Safari/537.36 (compatible; Bytespider; spider-feedback@bytedance.com)"
47.128.123.65 - - [25/Jun/2026:15:20:04 +0300] "GET /public/index.php HTTP/1.1" 200 17473 "https://www.yeniistiklal.com/public/index.php" "Mozilla/5.0 (Linux; Android 5.0) AppleWebKit/537.36 (KHTML, like Gecko) Mobile Safari/537.36 (compatible; Bytespider; spider-feedback@bytedance.com)"
47.128.123.65 - - [25/Jun/2026:15:19:58 +0300] "GET /public/index.php/images/tn/2026/01/yaz-firsatlari-1768457002.png HTTP/1.1" 302 238 "https://www.yeniistiklal.com/public/index.php" "Mozilla/5.0 (Linux; Android 5.0) AppleWebKit/537.36 (KHTML, like Gecko) Mobile Safari/537.36 (compatible; Bytespider; spider-feedback@bytedance.com)"
85.208.96.198 - - [25/Jun/2026:15:19:59 +0300] "GET /haber/kriptolarda-son-durum-ve-kisa-vadeli-yorumlar-550590 HTTP/1.1" 200 14275 "-" "Mozilla/5.0 (compatible; SemrushBot/7~bl; +http://www.semrush.com/bot.html)"
47.128.123.65 - - [25/Jun/2026:15:19:59 +0300] "GET /public/index.php/images/tn/2025/10/kktc-doviz-kurlarindaki-son-durum-dolar-euro-sterlin-15-ekim-2025-1760527641.jpg HTTP/1.1" 302 238 "https://www.yeniistiklal.com/public/index.php" "Mozilla/5.0 (Linux; Android 5.0) AppleWebKit/537.36 (KHTML, like Gecko) Mobile Safari/537.36 (compatible; Bytespider; spider-feedback@bytedance.com)"
47.128.123.65 - - [25/Jun/2026:15:19:59 +0300] "GET /public/index.php/images/tn/2025/11/otokar-sahibi-kim-otokar-kime-ait-1762258385.jpeg HTTP/1.1" 302 238 "https://www.yeniistiklal.com/public/index.php" "Mozilla/5.0 (Linux; Android 5.0) AppleWebKit/537.36 (KHTML, like Gecko) Mobile Safari/537.36 (compatible; Bytespider; spider-feedback@bytedance.com)"
47.128.123.65 - - [25/Jun/2026:15:20:00 +0300] "GET /public/index.php/404 HTTP/1.1" 302 232 "https://www.yeniistiklal.com/public/index.php" "Mozilla/5.0 (Linux; Android 5.0) AppleWebKit/537.36 (KHTML, like Gecko) Mobile Safari/537.36 (compatible; Bytespider; spider-feedback@bytedance.com)"
65.109.100.157 - - [25/Jun/2026:15:20:01 +0300] "GET /haber/meral-aksener-basbakanlik-adayligini-acikladi-artvin-halki-ne-dusunuyor-281871 HTTP/1.1" 302 219 "-" "Mozilla/5.0 (compatible; SERankingBacklinksBot/1.0; +https://seranking.com/backlinks-crawler)"
65.109.100.157 - - [25/Jun/2026:15:20:01 +0300] "GET /haberler/meral-aksener-basbakanlik-adayligini-acikladi-artvin-halki-ne-dusunuyor-281871 HTTP/1.1" 301 795 "-" "Mozilla/5.0 (compatible; SERankingBacklinksBot/1.0; +https://seranking.com/backlinks-crawler)"
65.109.100.157 - - [25/Jun/2026:15:20:01 +0300] "GET / HTTP/1.1" 200 17221 "-" "Mozilla/5.0 (compatible; SERankingBacklinksBot/1.0; +https://seranking.com/backlinks-crawler)"
47.128.123.65 - - [25/Jun/2026:15:20:02 +0300] "GET /public/index.php/404 HTTP/1.1" 302 232 "https://www.yeniistiklal.com/public/index.php" "Mozilla/5.0 (Linux; Android 5.0) AppleWebKit/537.36 (KHTML, like Gecko) Mobile Safari/537.36 (compatible; Bytespider; spider-feedback@bytedance.com)"
47.128.123.65 - - [25/Jun/2026:15:20:03 +0300] "GET /public/index.php HTTP/1.1" 200 17478 "https://www.yeniistiklal.com/public/index.php" "Mozilla/5.0 (Linux; Android 5.0) AppleWebKit/537.36 (KHTML, like Gecko) Mobile Safari/537.36 (compatible; Bytespider; spider-feedback@bytedance.com)"
47.128.123.65 - - [25/Jun/2026:15:20:03 +0300] "GET /public/index.php HTTP/1.1" 200 17467 "https://www.yeniistiklal.com/public/index.php" "Mozilla/5.0 (Linux; Android 5.0) AppleWebKit/537.36 (KHTML, like Gecko) Mobile Safari/537.36 (compatible; Bytespider; spider-feedback@bytedance.com)"
47.128.123.65 - - [25/Jun/2026:15:20:03 +0300] "GET /public/index.php/404 HTTP/1.1" 302 232 "https://www.yeniistiklal.com/public/index.php" "Mozilla/5.0 (Linux; Android 5.0) AppleWebKit/537.36 (KHTML, like Gecko) Mobile Safari/537.36 (compatible; Bytespider; spider-feedback@bytedance.com)"
47.128.123.65 - - [25/Jun/2026:15:20:04 +0300] "GET /public/index.php HTTP/1.1" 200 17487 "https://www.yeniistiklal.com/public/index.php" "Mozilla/5.0 (Linux; Android 5.0) AppleWebKit/537.36 (KHTML, like Gecko) Mobile Safari/537.36 (compatible; Bytespider; spider-feedback@bytedance.com)"
65.109.100.157 - - [25/Jun/2026:15:20:05 +0300] "GET /haberler/meral-aksener-ben-sarayin-giderlerini-soylemeye-utaniyorum-onlar-yemeye-utanmiyor-288580 HTTP/1.1" 301 795 "-" "Mozilla/5.0 (compatible; SERankingBacklinksBot/1.0; +https://seranking.com/backlinks-crawler)"
47.128.123.65 - - [25/Jun/2026:15:20:05 +0300] "GET /public/index.php HTTP/1.1" 200 17467 "https://www.yeniistiklal.com/public/index.php" "Mozilla/5.0 (Linux; Android 5.0) AppleWebKit/537.36 (KHTML, like Gecko) Mobile Safari/537.36 (compatible; Bytespider; spider-feedback@bytedance.com)"
47.128.123.65 - - [25/Jun/2026:15:20:05 +0300] "GET /public/index.php/404 HTTP/1.1" 302 232 "https://www.yeniistiklal.com/public/index.php" "Mozilla/5.0 (Linux; Android 5.0) AppleWebKit/537.36 (KHTML, like Gecko) Mobile Safari/537.36 (compatible; Bytespider; spider-feedback@bytedance.com)"
65.109.100.157 - - [25/Jun/2026:15:20:05 +0300] "GET /haber/meral-aksener-ben-sarayin-giderlerini-soylemeye-utaniyorum-onlar-yemeye-utanmiyor-288580 HTTP/1.1" 302 219 "-" "Mozilla/5.0 (compatible; SERankingBacklinksBot/1.0; +https://seranking.com/backlinks-crawler)"
65.109.100.157 - - [25/Jun/2026:15:20:05 +0300] "GET /haberler/meral-aksener-ben-sarayin-giderlerini-soylemeye-utaniyorum-onlar-yemeye-utanmiyor-288580 HTTP/1.1" 301 795 "-" "Mozilla/5.0 (compatible; SERankingBacklinksBot/1.0; +https://seranking.com/backlinks-crawler)"
65.109.100.157 - - [25/Jun/2026:15:20:05 +0300] "GET /haber/meral-aksener-ben-sarayin-giderlerini-soylemeye-utaniyorum-onlar-yemeye-utanmiyor-288580 HTTP/1.1" 302 219 "-" "Mozilla/5.0 (compatible; SERankingBacklinksBot/1.0; +https://seranking.com/backlinks-crawler)"
47.128.123.65 - - [25/Jun/2026:15:20:05 +0300] "GET /public/index.php HTTP/1.1" 200 17491 "https://www.yeniistiklal.com/public/index.php" "Mozilla/5.0 (Linux; Android 5.0) AppleWebKit/537.36 (KHTML, like Gecko) Mobile Safari/537.36 (compatible; Bytespider; spider-feedback@bytedance.com)"
47.128.123.65 - - [25/Jun/2026:15:20:06 +0300] "GET /public/index.php/404 HTTP/1.1" 302 232 "https://www.yeniistiklal.com/public/index.php" "Mozilla/5.0 (Linux; Android 5.0) AppleWebKit/537.36 (KHTML, like Gecko) Mobile Safari/537.36 (compatible; Bytespider; spider-feedback@bytedance.com)"
65.109.100.157 - - [25/Jun/2026:15:20:06 +0300] "GET / HTTP/1.1" 200 17227 "-" "Mozilla/5.0 (compatible; SERankingBacklinksBot/1.0; +https://seranking.com/backlinks-crawler)"
47.128.123.65 - - [25/Jun/2026:15:20:06 +0300] "GET /public/index.php/404 HTTP/1.1" 302 232 "https://www.yeniistiklal.com/public/index.php" "Mozilla/5.0 (Linux; Android 5.0) AppleWebKit/537.36 (KHTML, like Gecko) Mobile Safari/537.36 (compatible; Bytespider; spider-feedback@bytedance.com)"
47.128.123.65 - - [25/Jun/2026:15:20:07 +0300] "GET /public/index.php HTTP/1.1" 200 17479 "https://www.yeniistiklal.com/public/index.php" "Mozilla/5.0 (Linux; Android 5.0) AppleWebKit/537.36 (KHTML, like Gecko) Mobile Safari/537.36 (compatible; Bytespider; spider-feedback@bytedance.com)"
47.128.123.65 - - [25/Jun/2026:15:20:07 +0300] "GET /public/index.php/404 HTTP/1.1" 302 232 "https://www.yeniistiklal.com/public/index.php" "Mozilla/5.0 (Linux; Android 5.0) AppleWebKit/537.36 (KHTML, like Gecko) Mobile Safari/537.36 (compatible; Bytespider; spider-feedback@bytedance.com)"
47.128.123.65 - - [25/Jun/2026:15:20:07 +0300] "GET /public/index.php/404 HTTP/1.1" 302 232 "https://www.yeniistiklal.com/public/index.php" "Mozilla/5.0 (Linux; Android 5.0) AppleWebKit/537.36 (KHTML, like Gecko) Mobile Safari/537.36 (compatible; Bytespider; spider-feedback@bytedance.com)"
47.128.123.65 - - [25/Jun/2026:15:20:07 +0300] "GET /public/index.php HTTP/1.1" 200 17479 "https://www.yeniistiklal.com/public/index.php" "Mozilla/5.0 (Linux; Android 5.0) AppleWebKit/537.36 (KHTML, like Gecko) Mobile Safari/537.36 (compatible; Bytespider; spider-feedback@bytedance.com)"
47.128.123.65 - - [25/Jun/2026:15:20:07 +0300] "GET /public/index.php/404 HTTP/1.1" 302 232 "https://www.yeniistiklal.com/public/index.php" "Mozilla/5.0 (Linux; Android 5.0) AppleWebKit/537.36 (KHTML, like Gecko) Mobile Safari/537.36 (compatible; Bytespider; spider-feedback@bytedance.com)"
47.128.123.65 - - [25/Jun/2026:15:20:04 +0300] "GET /public/index.php HTTP/1.1" 200 17474 "https://www.yeniistiklal.com/public/index.php" "Mozilla/5.0 (Linux; Android 5.0) AppleWebKit/537.36 (KHTML, like Gecko) Mobile Safari/537.36 (compatible; Bytespider; spider-feedback@bytedance.com)"
47.128.123.65 - - [25/Jun/2026:15:20:04 +0300] "GET /public/index.php/404 HTTP/1.1" 302 232 "https://www.yeniistiklal.com/public/index.php" "Mozilla/5.0 (Linux; Android 5.0) AppleWebKit/537.36 (KHTML, like Gecko) Mobile Safari/537.36 (compatible; Bytespider; spider-feedback@bytedance.com)"
47.128.123.65 - - [25/Jun/2026:15:20:04 +0300] "GET /public/index.php/404 HTTP/1.1" 302 232 "https://www.yeniistiklal.com/public/index.php" "Mozilla/5.0 (Linux; Android 5.0) AppleWebKit/537.36 (KHTML, like Gecko) Mobile Safari/537.36 (compatible; Bytespider; spider-feedback@bytedance.com)"
47.128.123.65 - - [25/Jun/2026:15:20:05 +0300] "GET /public/index.php/404 HTTP/1.1" 302 232 "https://www.yeniistiklal.com/public/index.php" "Mozilla/5.0 (Linux; Android 5.0) AppleWebKit/537.36 (KHTML, like Gecko) Mobile Safari/537.36 (compatible; Bytespider; spider-feedback@bytedance.com)"
65.109.100.157 - - [25/Jun/2026:15:20:05 +0300] "GET /404 HTTP/1.1" 302 215 "-" "Mozilla/5.0 (compatible; SERankingBacklinksBot/1.0; +https://seranking.com/backlinks-crawler)"
47.128.123.65 - - [25/Jun/2026:15:20:06 +0300] "GET /public/index.php HTTP/1.1" 200 17475 "https://www.yeniistiklal.com/public/index.php" "Mozilla/5.0 (Linux; Android 5.0) AppleWebKit/537.36 (KHTML, like Gecko) Mobile Safari/537.36 (compatible; Bytespider; spider-feedback@bytedance.com)"
47.128.123.65 - - [25/Jun/2026:15:20:06 +0300] "GET /public/index.php HTTP/1.1" 200 17477 "https://www.yeniistiklal.com/public/index.php" "Mozilla/5.0 (Linux; Android 5.0) AppleWebKit/537.36 (KHTML, like Gecko) Mobile Safari/537.36 (compatible; Bytespider; spider-feedback@bytedance.com)"
47.128.123.65 - - [25/Jun/2026:15:20:06 +0300] "GET /public/index.php/404 HTTP/1.1" 302 232 "https://www.yeniistiklal.com/public/index.php" "Mozilla/5.0 (Linux; Android 5.0) AppleWebKit/537.36 (KHTML, like Gecko) Mobile Safari/537.36 (compatible; Bytespider; spider-feedback@bytedance.com)"
47.128.123.65 - - [25/Jun/2026:15:20:07 +0300] "GET /public/index.php HTTP/1.1" 200 17475 "https://www.yeniistiklal.com/public/index.php" "Mozilla/5.0 (Linux; Android 5.0) AppleWebKit/537.36 (KHTML, like Gecko) Mobile Safari/537.36 (compatible; Bytespider; spider-feedback@bytedance.com)"
47.128.123.65 - - [25/Jun/2026:15:20:08 +0300] "GET /public/index.php/404 HTTP/1.1" 302 232 "https://www.yeniistiklal.com/public/index.php" "Mozilla/5.0 (Linux; Android 5.0) AppleWebKit/537.36 (KHTML, like Gecko) Mobile Safari/537.36 (compatible; Bytespider; spider-feedback@bytedance.com)"
47.128.123.65 - - [25/Jun/2026:15:20:08 +0300] "GET /public/index.php/404 HTTP/1.1" 302 232 "https://www.yeniistiklal.com/public/index.php" "Mozilla/5.0 (Linux; Android 5.0) AppleWebKit/537.36 (KHTML, like Gecko) Mobile Safari/537.36 (compatible; Bytespider; spider-feedback@bytedance.com)"
52.80.195.10 - - [25/Jun/2026:15:20:08 +0300] "GET /images/haberler/2022/02/akpnin-kalelerinden-biri-bu-iktidarin-degismesi-lazim-w9D31iE3.jpg HTTP/1.1" 302 219 "-" "Mozilla/5.0 (compatible; crawler)"
185.191.171.17 - - [25/Jun/2026:15:20:08 +0300] "GET /haber/samsung-daha-fazla-ucuz-telefon-uretecek-476332 HTTP/1.1" 200 14123 "-" "Mozilla/5.0 (compatible; SemrushBot/7~bl; +http://www.semrush.com/bot.html)"
65.109.100.157 - - [25/Jun/2026:15:20:09 +0300] "GET /haberler/meral-aksener-bursada-halka-soz-verdi-herkes-hazir-ola-gececek-329698 HTTP/1.1" 301 795 "-" "Mozilla/5.0 (compatible; SERankingBacklinksBot/1.0; +https://seranking.com/backlinks-crawler)"
52.80.195.10 - - [25/Jun/2026:15:20:09 +0300] "GET /404 HTTP/1.1" 302 215 "-" "Mozilla/5.0 (compatible; crawler)"
47.128.123.65 - - [25/Jun/2026:15:20:08 +0300] "GET /public/index.php HTTP/1.1" 200 17486 "https://www.yeniistiklal.com/public/index.php" "Mozilla/5.0 (Linux; Android 5.0) AppleWebKit/537.36 (KHTML, like Gecko) Mobile Safari/537.36 (compatible; Bytespider; spider-feedback@bytedance.com)"
47.128.123.65 - - [25/Jun/2026:15:20:08 +0300] "GET /public/index.php HTTP/1.1" 200 17474 "https://www.yeniistiklal.com/public/index.php" "Mozilla/5.0 (Linux; Android 5.0) AppleWebKit/537.36 (KHTML, like Gecko) Mobile Safari/537.36 (compatible; Bytespider; spider-feedback@bytedance.com)"
47.128.123.65 - - [25/Jun/2026:15:20:09 +0300] "GET /public/index.php HTTP/1.1" 200 17482 "https://www.yeniistiklal.com/public/index.php" "Mozilla/5.0 (Linux; Android 5.0) AppleWebKit/537.36 (KHTML, like Gecko) Mobile Safari/537.36 (compatible; Bytespider; spider-feedback@bytedance.com)"
65.109.100.157 - - [25/Jun/2026:15:20:09 +0300] "GET /haber/meral-aksener-bursada-halka-soz-verdi-herkes-hazir-ola-gececek-329698 HTTP/1.1" 302 219 "-" "Mozilla/5.0 (compatible; SERankingBacklinksBot/1.0; +https://seranking.com/backlinks-crawler)"
47.128.123.65 - - [25/Jun/2026:15:20:09 +0300] "GET /public/index.php HTTP/1.1" 200 17477 "https://www.yeniistiklal.com/public/index.php" "Mozilla/5.0 (Linux; Android 5.0) AppleWebKit/537.36 (KHTML, like Gecko) Mobile Safari/537.36 (compatible; Bytespider; spider-feedback@bytedance.com)"
65.109.100.157 - - [25/Jun/2026:15:20:09 +0300] "GET /haber/meral-aksener-bursada-halka-soz-verdi-herkes-hazir-ola-gececek-329698 HTTP/1.1" 302 219 "-" "Mozilla/5.0 (compatible; SERankingBacklinksBot/1.0; +https://seranking.com/backlinks-crawler)"
47.128.123.65 - - [25/Jun/2026:15:20:09 +0300] "GET /public/index.php/images/haberler/2025/08/yavas-ve-bilincli-adimlarin-dansi-japon-yuruyusu-y-1754032734.jpeg HTTP/1.1" 302 238 "https://www.yeniistiklal.com/public/index.php" "Mozilla/5.0 (Linux; Android 5.0) AppleWebKit/537.36 (KHTML, like Gecko) Mobile Safari/537.36 (compatible; Bytespider; spider-feedback@bytedance.com)"
52.80.195.10 - - [25/Jun/2026:15:20:09 +0300] "GET / HTTP/1.1" 200 17237 "-" "Mozilla/5.0 (compatible; crawler)"
65.109.100.157 - - [25/Jun/2026:15:20:10 +0300] "GET / HTTP/1.1" 200 17233 "-" "Mozilla/5.0 (compatible; SERankingBacklinksBot/1.0; +https://seranking.com/backlinks-crawler)"
47.128.123.65 - - [25/Jun/2026:15:20:10 +0300] "GET /public/index.php/images/haberler/2025/08/yeni-tarifeler-petrol-piyasasini-nasil-etkiliyor-y-1754022979.jpeg HTTP/1.1" 302 238 "https://www.yeniistiklal.com/public/index.php" "Mozilla/5.0 (Linux; Android 5.0) AppleWebKit/537.36 (KHTML, like Gecko) Mobile Safari/537.36 (compatible; Bytespider; spider-feedback@bytedance.com)"
47.128.123.65 - - [25/Jun/2026:15:20:10 +0300] "GET /public/index.php/404 HTTP/1.1" 302 232 "https://www.yeniistiklal.com/public/index.php" "Mozilla/5.0 (Linux; Android 5.0) AppleWebKit/537.36 (KHTML, like Gecko) Mobile Safari/537.36 (compatible; Bytespider; spider-feedback@bytedance.com)"
85.208.96.196 - - [25/Jun/2026:15:20:10 +0300] "GET /haber/vakifbank-aktif-buyuklugunu-yuzde-76-artirdi-aktif-buyuklugu-13-trilyon-tlye-ulasti-531745 HTTP/1.1" 200 14839 "-" "Mozilla/5.0 (compatible; SemrushBot/7~bl; +http://www.semrush.com/bot.html)"
47.128.123.65 - - [25/Jun/2026:15:20:10 +0300] "GET /public/index.php/404 HTTP/1.1" 302 232 "https://www.yeniistiklal.com/public/index.php" "Mozilla/5.0 (Linux; Android 5.0) AppleWebKit/537.36 (KHTML, like Gecko) Mobile Safari/537.36 (compatible; Bytespider; spider-feedback@bytedance.com)"
47.128.123.65 - - [25/Jun/2026:15:20:10 +0300] "GET /public/index.php HTTP/1.1" 200 17481 "https://www.yeniistiklal.com/public/index.php" "Mozilla/5.0 (Linux; Android 5.0) AppleWebKit/537.36 (KHTML, like Gecko) Mobile Safari/537.36 (compatible; Bytespider; spider-feedback@bytedance.com)"
65.109.100.157 - - [25/Jun/2026:15:20:09 +0300] "GET /haberler/meral-aksener-bursada-halka-soz-verdi-herkes-hazir-ola-gececek-329698 HTTP/1.1" 301 795 "-" "Mozilla/5.0 (compatible; SERankingBacklinksBot/1.0; +https://seranking.com/backlinks-crawler)"
65.109.100.157 - - [25/Jun/2026:15:20:09 +0300] "GET /404 HTTP/1.1" 302 215 "-" "Mozilla/5.0 (compatible; SERankingBacklinksBot/1.0; +https://seranking.com/backlinks-crawler)"
47.128.123.65 - - [25/Jun/2026:15:20:09 +0300] "GET /public/index.php/images/haberler/2025/08/altin-fiyatlarinda-son-durum-gram-ve-ceyrek-altin-ne-kadar-oldu-y-1754903378.jpeg HTTP/1.1" 302 238 "https://www.yeniistiklal.com/public/index.php" "Mozilla/5.0 (Linux; Android 5.0) AppleWebKit/537.36 (KHTML, like Gecko) Mobile Safari/537.36 (compatible; Bytespider; spider-feedback@bytedance.com)"
47.128.123.65 - - [25/Jun/2026:15:20:10 +0300] "GET /public/index.php HTTP/1.1" 200 17479 "https://www.yeniistiklal.com/public/index.php" "Mozilla/5.0 (Linux; Android 5.0) AppleWebKit/537.36 (KHTML, like Gecko) Mobile Safari/537.36 (compatible; Bytespider; spider-feedback@bytedance.com)"
47.128.123.65 - - [25/Jun/2026:15:20:10 +0300] "GET /public/index.php/images/haberler/2025/08/gunes-yanigina-veda-edin-aciyi-dindiren-ev-yapimi-cozumler-y-1754642979.jpeg HTTP/1.1" 302 238 "https://www.yeniistiklal.com/public/index.php" "Mozilla/5.0 (Linux; Android 5.0) AppleWebKit/537.36 (KHTML, like Gecko) Mobile Safari/537.36 (compatible; Bytespider; spider-feedback@bytedance.com)"
47.128.123.65 - - [25/Jun/2026:15:20:10 +0300] "GET /public/index.php/images/haberler/2025/08/surucu-belgesi-yenileme-suresi-son-kez-uzatildi-y-1754022315.jpeg HTTP/1.1" 302 238 "https://www.yeniistiklal.com/public/index.php" "Mozilla/5.0 (Linux; Android 5.0) AppleWebKit/537.36 (KHTML, like Gecko) Mobile Safari/537.36 (compatible; Bytespider; spider-feedback@bytedance.com)"
85.208.96.199 - - [25/Jun/2026:15:20:10 +0300] "GET /haber/tesla-kurucusu-acikladi-elektrikli-otomobil-bataryalarinin-omru-kac-yil-503384 HTTP/1.1" 200 14175 "-" "Mozilla/5.0 (compatible; SemrushBot/7~bl; +http://www.semrush.com/bot.html)"
47.128.123.65 - - [25/Jun/2026:15:20:10 +0300] "GET /public/index.php/images/haberler/2025/08/kamu-iscileri-icin-zam-teklifinde-yeni-gelisme-1754022164.jpeg HTTP/1.1" 302 238 "https://www.yeniistiklal.com/public/index.php" "Mozilla/5.0 (Linux; Android 5.0) AppleWebKit/537.36 (KHTML, like Gecko) Mobile Safari/537.36 (compatible; Bytespider; spider-feedback@bytedance.com)"
47.128.123.65 - - [25/Jun/2026:15:20:10 +0300] "GET /public/index.php/images/haberler/2025/05/son-dakika-kktc-serbest-piyasa-doviz-kurlari-26-mayis-2025-y-1748258647.jpeg HTTP/1.1" 302 238 "https://www.yeniistiklal.com/public/index.php" "Mozilla/5.0 (Linux; Android 5.0) AppleWebKit/537.36 (KHTML, like Gecko) Mobile Safari/537.36 (compatible; Bytespider; spider-feedback@bytedance.com)"
