85.208.96.212 - - [25/Jun/2026:15:29:41 +0300] "GET /haber/yeni-ozelligini-test-ediyor-tiktok-snapchate-rakip-olacak-534765 HTTP/1.1" 200 13992 "-" "Mozilla/5.0 (compatible; SemrushBot/7~bl; +http://www.semrush.com/bot.html)"
65.109.100.157 - - [25/Jun/2026:15:29:41 +0300] "GET /haberler/mersinde-23-kilogram-agirliginda-mantar-bulundu-301775 HTTP/1.1" 301 795 "-" "Mozilla/5.0 (compatible; SERankingBacklinksBot/1.0; +https://seranking.com/backlinks-crawler)"
65.109.100.157 - - [25/Jun/2026:15:29:41 +0300] "GET /404 HTTP/1.1" 302 215 "-" "Mozilla/5.0 (compatible; SERankingBacklinksBot/1.0; +https://seranking.com/backlinks-crawler)"
85.208.96.194 - - [25/Jun/2026:15:29:42 +0300] "GET /haber/nevsehir-belediye-baskani-dr-mehmet-savran-mahallelerde-belediye-ekiplerinin-calisma-alanlarinda-incelemelerde-bulundu-538912 HTTP/1.1" 200 13622 "-" "Mozilla/5.0 (compatible; SemrushBot/7~bl; +http://www.semrush.com/bot.html)"
65.109.100.157 - - [25/Jun/2026:15:29:42 +0300] "GET / HTTP/1.1" 200 17230 "-" "Mozilla/5.0 (compatible; SERankingBacklinksBot/1.0; +https://seranking.com/backlinks-crawler)"
194.15.98.16 - - [25/Jun/2026:15:29:32 +0300] "GET /public/haber/torrentin-hedefinde-fatih-terim-var-500029 HTTP/1.1" 200 13408 "https://yeniistiklal.com" "Mozilla/5.0 (Windows NT 10.0; Win64; x64) AppleWebKit/537.36 (KHTML, like Gecko) Chrome/145.0.0.0 Safari/537.36"
65.109.100.157 - - [25/Jun/2026:15:29:33 +0300] "GET /haberler/mersinde-169-bin-400-makaron-ele-gecirildi-125628 HTTP/1.1" 301 795 "-" "Mozilla/5.0 (compatible; SERankingBacklinksBot/1.0; +https://seranking.com/backlinks-crawler)"
65.109.100.157 - - [25/Jun/2026:15:29:33 +0300] "GET /haber/mersinde-169-bin-400-makaron-ele-gecirildi-125628 HTTP/1.1" 302 219 "-" "Mozilla/5.0 (compatible; SERankingBacklinksBot/1.0; +https://seranking.com/backlinks-crawler)"
54.85.7.119 - - [25/Jun/2026:15:29:34 +0300] "GET /public/index.php/haber/chpden-zam-tepkisi-gelirinizin-ne-kadar-eridigini-kendiniz-gorun-500345 HTTP/1.1" 200 13689 "-" "Mozilla/5.0 AppleWebKit/537.36 (KHTML, like Gecko; compatible; Amazonbot/0.1; +https://developer.amazon.com/support/amazonbot) Chrome/119.0.6045.214 Safari/537.36"
65.109.100.157 - - [25/Jun/2026:15:29:34 +0300] "GET /404 HTTP/1.1" 302 215 "-" "Mozilla/5.0 (compatible; SERankingBacklinksBot/1.0; +https://seranking.com/backlinks-crawler)"
85.208.96.208 - - [25/Jun/2026:15:29:36 +0300] "GET /haber/nevsehir-aksaray-kara-yolu-kar-nedeniyle-ulasima-kapandi-488161 HTTP/1.1" 200 13675 "-" "Mozilla/5.0 (compatible; SemrushBot/7~bl; +http://www.semrush.com/bot.html)"
65.109.100.157 - - [25/Jun/2026:15:29:37 +0300] "GET /haberler/mersinde-2-bolgede-orman-yangini-71839 HTTP/1.1" 301 795 "-" "Mozilla/5.0 (compatible; SERankingBacklinksBot/1.0; +https://seranking.com/backlinks-crawler)"
94.138.204.172 - - [25/Jun/2026:15:29:37 +0300] "GET /feed HTTP/1.1" 301 795 "-" "Mozilla/5.0 (Macintosh; Intel Mac OS X 10_15_7) AppleWebKit/537.36 (KHTML, like Gecko) Chrome/126.0.0.0 Safari/537.36"
65.109.100.157 - - [25/Jun/2026:15:29:37 +0300] "GET /haber/mersinde-2-bolgede-orman-yangini-71839 HTTP/1.1" 302 219 "-" "Mozilla/5.0 (compatible; SERankingBacklinksBot/1.0; +https://seranking.com/backlinks-crawler)"
100.28.49.152 - - [25/Jun/2026:15:29:38 +0300] "GET /public/index.php/haber/e-tebligat-61-bin-212-agaci-korudu-503170 HTTP/1.1" 200 14186 "-" "Mozilla/5.0 AppleWebKit/537.36 (KHTML, like Gecko; compatible; Amazonbot/0.1; +https://developer.amazon.com/support/amazonbot) Chrome/119.0.6045.214 Safari/537.36"
65.109.100.157 - - [25/Jun/2026:15:29:38 +0300] "GET / HTTP/1.1" 200 17235 "-" "Mozilla/5.0 (compatible; SERankingBacklinksBot/1.0; +https://seranking.com/backlinks-crawler)"
20.169.78.202 - - [25/Jun/2026:15:29:40 +0300] "GET / HTTP/1.1" 200 17229 "-" "Mozilla/5.0 AppleWebKit/537.36 (KHTML, like Gecko); compatible; ChatGPT-User/1.0; +https://openai.com/bot"
65.109.100.157 - - [25/Jun/2026:15:29:41 +0300] "GET /haber/mersinde-23-kilogram-agirliginda-mantar-bulundu-301775 HTTP/1.1" 302 219 "-" "Mozilla/5.0 (compatible; SERankingBacklinksBot/1.0; +https://seranking.com/backlinks-crawler)"
65.109.100.157 - - [25/Jun/2026:15:29:41 +0300] "GET /haber/mersinde-23-kilogram-agirliginda-mantar-bulundu-301775 HTTP/1.1" 302 219 "-" "Mozilla/5.0 (compatible; SERankingBacklinksBot/1.0; +https://seranking.com/backlinks-crawler)"
66.249.66.194 - - [25/Jun/2026:15:29:42 +0300] "GET /public/index.php/images/haberler/2022/09/izmir-ciglide-imar-surecini-hizlandiracak-dijital-cozum-mAkQXIpA.jpg HTTP/1.1" 302 234 "-" "Googlebot-Image/1.0"
85.208.96.197 - - [25/Jun/2026:15:29:43 +0300] "GET /haber/merve-ozbey-kocak-ikinci-kez-anne-oldu-539595 HTTP/1.1" 200 13522 "-" "Mozilla/5.0 (compatible; SemrushBot/7~bl; +http://www.semrush.com/bot.html)"
66.249.66.194 - - [25/Jun/2026:15:29:43 +0300] "GET /public/images/haberler/2022/08/nevsehir-belediyesi-tarafindan-bu-yil-ilk-kez-duzenlenen-genclik-kamplari-sona-erdi-L5iDQreQ.jpg HTTP/1.1" 302 225 "-" "Googlebot-Image/1.0"
65.109.100.157 - - [25/Jun/2026:15:29:45 +0300] "GET /haberler/mersinde-23-kiloluk-dev-mantar-bulundu-301360 HTTP/1.1" 301 795 "-" "Mozilla/5.0 (compatible; SERankingBacklinksBot/1.0; +https://seranking.com/backlinks-crawler)"
65.109.100.157 - - [25/Jun/2026:15:29:45 +0300] "GET /haber/mersinde-23-kiloluk-dev-mantar-bulundu-301360 HTTP/1.1" 302 219 "-" "Mozilla/5.0 (compatible; SERankingBacklinksBot/1.0; +https://seranking.com/backlinks-crawler)"
65.109.100.157 - - [25/Jun/2026:15:29:45 +0300] "GET /haberler/mersinde-23-kiloluk-dev-mantar-bulundu-301360 HTTP/1.1" 301 795 "-" "Mozilla/5.0 (compatible; SERankingBacklinksBot/1.0; +https://seranking.com/backlinks-crawler)"
65.109.100.157 - - [25/Jun/2026:15:29:45 +0300] "GET /haber/mersinde-23-kiloluk-dev-mantar-bulundu-301360 HTTP/1.1" 302 219 "-" "Mozilla/5.0 (compatible; SERankingBacklinksBot/1.0; +https://seranking.com/backlinks-crawler)"
65.109.100.157 - - [25/Jun/2026:15:29:45 +0300] "GET /404 HTTP/1.1" 302 215 "-" "Mozilla/5.0 (compatible; SERankingBacklinksBot/1.0; +https://seranking.com/backlinks-crawler)"
34.206.212.24 - - [25/Jun/2026:15:29:47 +0300] "GET /public/index.php/haber/eskya-tudkiyebten-kurbanlik-tesekkur-yetistiriciler-basvuruyu-ihmal-etmesin-526714 HTTP/1.1" 200 14620 "-" "Mozilla/5.0 AppleWebKit/537.36 (KHTML, like Gecko; compatible; Amazonbot/0.1; +https://developer.amazon.com/support/amazonbot) Chrome/119.0.6045.214 Safari/537.36"
65.109.100.157 - - [25/Jun/2026:15:29:49 +0300] "GET /haberler/mersinde-bir-kisi-denize-dustugu-teknenin-pervanesine-carparak-hayatini-kaybetti-58999 HTTP/1.1" 301 795 "-" "Mozilla/5.0 (compatible; SERankingBacklinksBot/1.0; +https://seranking.com/backlinks-crawler)"
185.191.171.3 - - [25/Jun/2026:15:29:49 +0300] "GET /haber/cumhuriyet-bulvarinda-kaybolan-cocuk-ailesine-teslim-edildi-509646 HTTP/1.1" 200 14054 "-" "Mozilla/5.0 (compatible; SemrushBot/7~bl; +http://www.semrush.com/bot.html)"
65.109.100.157 - - [25/Jun/2026:15:29:49 +0300] "GET /haber/mersinde-bir-kisi-denize-dustugu-teknenin-pervanesine-carparak-hayatini-kaybetti-58999 HTTP/1.1" 302 219 "-" "Mozilla/5.0 (compatible; SERankingBacklinksBot/1.0; +https://seranking.com/backlinks-crawler)"
65.109.100.157 - - [25/Jun/2026:15:29:49 +0300] "GET /haber/mersinde-bir-kisi-denize-dustugu-teknenin-pervanesine-carparak-hayatini-kaybetti-58999 HTTP/1.1" 302 219 "-" "Mozilla/5.0 (compatible; SERankingBacklinksBot/1.0; +https://seranking.com/backlinks-crawler)"
65.109.100.157 - - [25/Jun/2026:15:29:49 +0300] "GET / HTTP/1.1" 200 17229 "-" "Mozilla/5.0 (compatible; SERankingBacklinksBot/1.0; +https://seranking.com/backlinks-crawler)"
66.249.66.194 - - [25/Jun/2026:15:29:51 +0300] "GET /images/haberler/2022/02/ikinci-el-piyasasi-can-cekisiyor-kij1V5N9.jpg HTTP/1.1" 302 219 "-" "Googlebot-Image/1.0"
65.109.100.157 - - [25/Jun/2026:15:29:53 +0300] "GET /haberler/mersinde-bulundu-tam-23-kilo-301541 HTTP/1.1" 301 795 "-" "Mozilla/5.0 (compatible; SERankingBacklinksBot/1.0; +https://seranking.com/backlinks-crawler)"
65.109.100.157 - - [25/Jun/2026:15:29:53 +0300] "GET /haber/mersinde-bulundu-tam-23-kilo-301541 HTTP/1.1" 302 219 "-" "Mozilla/5.0 (compatible; SERankingBacklinksBot/1.0; +https://seranking.com/backlinks-crawler)"
65.109.100.157 - - [25/Jun/2026:15:29:53 +0300] "GET /haberler/mersinde-bulundu-tam-23-kilo-301541 HTTP/1.1" 301 795 "-" "Mozilla/5.0 (compatible; SERankingBacklinksBot/1.0; +https://seranking.com/backlinks-crawler)"
65.109.100.157 - - [25/Jun/2026:15:29:53 +0300] "GET /haber/mersinde-bulundu-tam-23-kilo-301541 HTTP/1.1" 302 219 "-" "Mozilla/5.0 (compatible; SERankingBacklinksBot/1.0; +https://seranking.com/backlinks-crawler)"
65.109.100.157 - - [25/Jun/2026:15:29:53 +0300] "GET /404 HTTP/1.1" 302 215 "-" "Mozilla/5.0 (compatible; SERankingBacklinksBot/1.0; +https://seranking.com/backlinks-crawler)"
65.109.100.157 - - [25/Jun/2026:15:29:57 +0300] "GET /haberler/mersinde-cikan-orman-yanginina-havadan-ve-karadan-mudahale-ediliyor-31557 HTTP/1.1" 301 795 "-" "Mozilla/5.0 (compatible; SERankingBacklinksBot/1.0; +https://seranking.com/backlinks-crawler)"
44.194.139.149 - - [25/Jun/2026:15:29:42 +0300] "GET /public/index.php/haber/hacda-asi-sarti-kalkti-505271 HTTP/1.1" 200 13767 "-" "Mozilla/5.0 AppleWebKit/537.36 (KHTML, like Gecko; compatible; Amazonbot/0.1; +https://developer.amazon.com/support/amazonbot) Chrome/119.0.6045.214 Safari/537.36"
66.249.66.194 - - [25/Jun/2026:15:29:43 +0300] "GET /public/index.php/images/haberler/2022/10/baskan-dogruerden-birlik-beraberlige-yine-tam-destek-sreZnpKx.jpg HTTP/1.1" 302 234 "-" "Googlebot-Image/1.0"
65.109.100.157 - - [25/Jun/2026:15:29:46 +0300] "GET / HTTP/1.1" 200 17231 "-" "Mozilla/5.0 (compatible; SERankingBacklinksBot/1.0; +https://seranking.com/backlinks-crawler)"
65.109.100.157 - - [25/Jun/2026:15:29:49 +0300] "GET /haberler/mersinde-bir-kisi-denize-dustugu-teknenin-pervanesine-carparak-hayatini-kaybetti-58999 HTTP/1.1" 301 795 "-" "Mozilla/5.0 (compatible; SERankingBacklinksBot/1.0; +https://seranking.com/backlinks-crawler)"
65.109.100.157 - - [25/Jun/2026:15:29:49 +0300] "GET /404 HTTP/1.1" 302 215 "-" "Mozilla/5.0 (compatible; SERankingBacklinksBot/1.0; +https://seranking.com/backlinks-crawler)"
54.84.161.62 - - [25/Jun/2026:15:29:49 +0300] "GET /public/index.php/haber/kocaelide-otizmli-bireylere-ozel-yasam-alani-olacak-527790 HTTP/1.1" 200 14002 "-" "Mozilla/5.0 AppleWebKit/537.36 (KHTML, like Gecko; compatible; Amazonbot/0.1; +https://developer.amazon.com/support/amazonbot) Chrome/119.0.6045.214 Safari/537.36"
185.191.171.4 - - [25/Jun/2026:15:29:52 +0300] "GET /haber/sabanci-universitesi-bunyesindeki-bagemden-deprem-sonrasi-psikolojik-yardim-rehberi-549325 HTTP/1.1" 200 14606 "-" "Mozilla/5.0 (compatible; SemrushBot/7~bl; +http://www.semrush.com/bot.html)"
65.109.100.157 - - [25/Jun/2026:15:29:53 +0300] "GET / HTTP/1.1" 200 17240 "-" "Mozilla/5.0 (compatible; SERankingBacklinksBot/1.0; +https://seranking.com/backlinks-crawler)"
34.233.114.237 - - [25/Jun/2026:15:29:54 +0300] "GET /public/index.php/haber/bursada-dogal-gaz-tuketimi-yuzde-421-artti-532480 HTTP/1.1" 200 13925 "-" "Mozilla/5.0 AppleWebKit/537.36 (KHTML, like Gecko; compatible; Amazonbot/0.1; +https://developer.amazon.com/support/amazonbot) Chrome/119.0.6045.214 Safari/537.36"
65.109.100.157 - - [25/Jun/2026:15:29:57 +0300] "GET /haber/mersinde-cikan-orman-yanginina-havadan-ve-karadan-mudahale-ediliyor-31557 HTTP/1.1" 302 219 "-" "Mozilla/5.0 (compatible; SERankingBacklinksBot/1.0; +https://seranking.com/backlinks-crawler)"
65.109.100.157 - - [25/Jun/2026:15:29:57 +0300] "GET /404 HTTP/1.1" 302 215 "-" "Mozilla/5.0 (compatible; SERankingBacklinksBot/1.0; +https://seranking.com/backlinks-crawler)"
65.109.100.157 - - [25/Jun/2026:15:29:57 +0300] "GET / HTTP/1.1" 200 17230 "-" "Mozilla/5.0 (compatible; SERankingBacklinksBot/1.0; +https://seranking.com/backlinks-crawler)"
65.109.100.157 - - [25/Jun/2026:15:30:01 +0300] "GET /haber/mersinde-cikan-orman-yanginina-mudahale-ediliyor-71262 HTTP/1.1" 302 219 "-" "Mozilla/5.0 (compatible; SERankingBacklinksBot/1.0; +https://seranking.com/backlinks-crawler)"
65.109.100.157 - - [25/Jun/2026:15:30:01 +0300] "GET /haberler/mersinde-cikan-orman-yanginina-mudahale-ediliyor-71262 HTTP/1.1" 301 795 "-" "Mozilla/5.0 (compatible; SERankingBacklinksBot/1.0; +https://seranking.com/backlinks-crawler)"
65.109.100.157 - - [25/Jun/2026:15:30:01 +0300] "GET /haber/mersinde-cikan-orman-yanginina-mudahale-ediliyor-71262 HTTP/1.1" 302 219 "-" "Mozilla/5.0 (compatible; SERankingBacklinksBot/1.0; +https://seranking.com/backlinks-crawler)"
65.109.100.157 - - [25/Jun/2026:15:30:05 +0300] "GET /haberler/mersinde-ekmege-zam-230-gram-ekmek-2-lira-312060 HTTP/1.1" 301 795 "-" "Mozilla/5.0 (compatible; SERankingBacklinksBot/1.0; +https://seranking.com/backlinks-crawler)"
65.109.100.157 - - [25/Jun/2026:15:30:05 +0300] "GET /haber/mersinde-ekmege-zam-230-gram-ekmek-2-lira-312060 HTTP/1.1" 302 219 "-" "Mozilla/5.0 (compatible; SERankingBacklinksBot/1.0; +https://seranking.com/backlinks-crawler)"
65.109.100.157 - - [25/Jun/2026:15:29:57 +0300] "GET /haber/mersinde-cikan-orman-yanginina-havadan-ve-karadan-mudahale-ediliyor-31557 HTTP/1.1" 302 219 "-" "Mozilla/5.0 (compatible; SERankingBacklinksBot/1.0; +https://seranking.com/backlinks-crawler)"
65.109.100.157 - - [25/Jun/2026:15:29:57 +0300] "GET /haberler/mersinde-cikan-orman-yanginina-havadan-ve-karadan-mudahale-ediliyor-31557 HTTP/1.1" 301 795 "-" "Mozilla/5.0 (compatible; SERankingBacklinksBot/1.0; +https://seranking.com/backlinks-crawler)"
54.91.122.193 - - [25/Jun/2026:15:29:57 +0300] "GET /public/index.php/etiketler/hesaplari-haberleri HTTP/1.1" 200 7215 "-" "Mozilla/5.0 AppleWebKit/537.36 (KHTML, like Gecko; compatible; Amazonbot/0.1; +https://developer.amazon.com/support/amazonbot) Chrome/119.0.6045.214 Safari/537.36"
114.119.157.111 - - [25/Jun/2026:15:29:59 +0300] "GET /haber/altin-karagoz-coskusu-basladi-524899 HTTP/1.1" 200 15136 "https://yeniistiklal.com/haber/ataturkun-dogdugu-gun-neden-belli-degil-iste-o-sebep-399209" "Mozilla/5.0 (Linux; Android 7.0;) AppleWebKit/537.36 (HTML, like Gecko) Mobile Safari/537.36 (compatible; PetalBot;+https://webmaster.petalsearch.com/site/petalbot)"
65.109.100.157 - - [25/Jun/2026:15:30:01 +0300] "GET /haberler/mersinde-cikan-orman-yanginina-mudahale-ediliyor-71262 HTTP/1.1" 301 795 "-" "Mozilla/5.0 (compatible; SERankingBacklinksBot/1.0; +https://seranking.com/backlinks-crawler)"
65.109.100.157 - - [25/Jun/2026:15:30:01 +0300] "GET /404 HTTP/1.1" 302 215 "-" "Mozilla/5.0 (compatible; SERankingBacklinksBot/1.0; +https://seranking.com/backlinks-crawler)"
185.191.171.4 - - [25/Jun/2026:15:30:01 +0300] "GET /haber/baskan-soyer-400-kilometrelik-tarihi-yuruyusu-baslatti-534961 HTTP/1.1" 200 14066 "-" "Mozilla/5.0 (compatible; SemrushBot/7~bl; +http://www.semrush.com/bot.html)"
65.109.100.157 - - [25/Jun/2026:15:30:01 +0300] "GET / HTTP/1.1" 200 17233 "-" "Mozilla/5.0 (compatible; SERankingBacklinksBot/1.0; +https://seranking.com/backlinks-crawler)"
85.208.96.193 - - [25/Jun/2026:15:30:01 +0300] "GET /haber/23-subat-carsamba-gunluk-burc-yorumlari-495141 HTTP/1.1" 200 15222 "-" "Mozilla/5.0 (compatible; SemrushBot/7~bl; +http://www.semrush.com/bot.html)"
109.239.229.221 - - [25/Jun/2026:15:30:01 +0300] "GET /teknoloji HTTP/1.1" 200 10188 "-" "Mozilla/5.0 (Macintosh; Intel Mac OS X 10_9_2) AppleWebKit/537.36 (KHTML, like Gecko) Chrome/34.0.1847.131 Safari/537.36"
34.197.28.78 - - [25/Jun/2026:15:30:02 +0300] "GET /public/index.php/etiketler/elmadag-haberleri HTTP/1.1" 200 5600 "-" "Mozilla/5.0 AppleWebKit/537.36 (KHTML, like Gecko; compatible; Amazonbot/0.1; +https://developer.amazon.com/support/amazonbot) Chrome/119.0.6045.214 Safari/537.36"
65.109.100.157 - - [25/Jun/2026:15:30:05 +0300] "GET /haberler/mersinde-ekmege-zam-230-gram-ekmek-2-lira-312060 HTTP/1.1" 301 795 "-" "Mozilla/5.0 (compatible; SERankingBacklinksBot/1.0; +https://seranking.com/backlinks-crawler)"
65.109.100.157 - - [25/Jun/2026:15:30:05 +0300] "GET /haber/mersinde-ekmege-zam-230-gram-ekmek-2-lira-312060 HTTP/1.1" 302 219 "-" "Mozilla/5.0 (compatible; SERankingBacklinksBot/1.0; +https://seranking.com/backlinks-crawler)"
154.222.131.115 - - [25/Jun/2026:15:30:05 +0300] "GET /images/haberler/2022/10/kayseri-talasta-cocuklara-ozel-etkinlik-K1S3I65F.jpg HTTP/1.1" 302 219 "-" "Mozilla/5.0 (compatible; crawler)"
65.109.100.157 - - [25/Jun/2026:15:30:05 +0300] "GET /404 HTTP/1.1" 302 215 "-" "Mozilla/5.0 (compatible; SERankingBacklinksBot/1.0; +https://seranking.com/backlinks-crawler)"
154.222.131.115 - - [25/Jun/2026:15:30:05 +0300] "GET /404 HTTP/1.1" 302 215 "-" "Mozilla/5.0 (compatible; crawler)"
154.222.131.115 - - [25/Jun/2026:15:30:06 +0300] "GET / HTTP/1.1" 200 17234 "-" "Mozilla/5.0 (compatible; crawler)"
65.109.100.157 - - [25/Jun/2026:15:30:09 +0300] "GET /haberler/mersinde-ekmege-zam-230-gram-ekmek-2-lira-oldu-312175 HTTP/1.1" 301 795 "-" "Mozilla/5.0 (compatible; SERankingBacklinksBot/1.0; +https://seranking.com/backlinks-crawler)"
65.109.100.157 - - [25/Jun/2026:15:30:05 +0300] "GET / HTTP/1.1" 200 17236 "-" "Mozilla/5.0 (compatible; SERankingBacklinksBot/1.0; +https://seranking.com/backlinks-crawler)"
52.45.77.169 - - [25/Jun/2026:15:30:06 +0300] "GET /public/index.php/haber/tuik-mayis-ayi-enflasyon-rakamlarini-acikladi-518078 HTTP/1.1" 200 14005 "-" "Mozilla/5.0 AppleWebKit/537.36 (KHTML, like Gecko; compatible; Amazonbot/0.1; +https://developer.amazon.com/support/amazonbot) Chrome/119.0.6045.214 Safari/537.36"
65.109.100.157 - - [25/Jun/2026:15:30:09 +0300] "GET /404 HTTP/1.1" 302 215 "-" "Mozilla/5.0 (compatible; SERankingBacklinksBot/1.0; +https://seranking.com/backlinks-crawler)"
65.109.100.157 - - [25/Jun/2026:15:30:09 +0300] "GET / HTTP/1.1" 200 17227 "-" "Mozilla/5.0 (compatible; SERankingBacklinksBot/1.0; +https://seranking.com/backlinks-crawler)"
43.159.48.73 - - [25/Jun/2026:15:30:11 +0300] "GET /public/index.php/haber/sakaryali-minik-gurescilerden-madalyalari-topladi-546914 HTTP/1.1" 200 13682 "-" "Mozilla/5.0 (Windows NT 10.0; Win64; x64) AppleWebKit/537.36 (KHTML, like Gecko) Chrome/109.0.0.0 Safari/537.36"
43.173.182.88 - - [25/Jun/2026:15:30:11 +0300] "GET /public/haber/kayseri-universitesi-1-ar-ge-proje-pazarina-34-proje-ile-katildi-515559 HTTP/1.1" 200 14560 "-" "Mozilla/5.0 (Windows NT 10.0; Win64; x64) AppleWebKit/537.36 (KHTML, like Gecko) Chrome/131.0.0.0 Safari/537.36"
43.173.181.163 - - [25/Jun/2026:15:30:11 +0300] "GET /public/haber/turk-sirketinden-hollandada-onemli-satin-alma-515386 HTTP/1.1" 200 13891 "-" "Mozilla/5.0 (Windows NT 10.0; Win64; x64) AppleWebKit/537.36 (KHTML, like Gecko) Chrome/120.0.0.0 Safari/537.36"
43.172.198.163 - - [25/Jun/2026:15:30:12 +0300] "GET /public/haber/turkiyeden-ukraynadaki-turk-vatandaslarina-yonelik-duyuru-495782 HTTP/1.1" 200 13626 "-" "Mozilla/5.0 (Windows NT 10.0; Win64; x64) AppleWebKit/537.36 (KHTML, like Gecko) Chrome/108.0.0.0 Safari/537.36"
43.173.181.175 - - [25/Jun/2026:15:30:12 +0300] "GET /hava-durumu/ajax?sehir_isim=6 HTTP/1.1" 200 77 "https://yeniistiklal.com/public/haber/kayseri-universitesi-1-ar-ge-proje-pazarina-34-proje-ile-katildi-515559" "Mozilla/5.0 (Windows NT 10.0; Win64; x64) AppleWebKit/537.36 (KHTML, like Gecko) Chrome/131.0.0.0 Safari/537.36"
43.173.178.173 - - [25/Jun/2026:15:30:12 +0300] "GET /hava-durumu/ajax?sehir_isim=6 HTTP/1.1" 200 77 "https://yeniistiklal.com/public/haber/turk-sirketinden-hollandada-onemli-satin-alma-515386" "Mozilla/5.0 (Windows NT 10.0; Win64; x64) AppleWebKit/537.36 (KHTML, like Gecko) Chrome/120.0.0.0 Safari/537.36"
43.172.197.30 - - [25/Jun/2026:15:30:12 +0300] "GET /hava-durumu/ajax?sehir_isim=6 HTTP/1.1" 200 77 "https://yeniistiklal.com/public/index.php/haber/sakaryali-minik-gurescilerden-madalyalari-topladi-546914" "Mozilla/5.0 (Windows NT 10.0; Win64; x64) AppleWebKit/537.36 (KHTML, like Gecko) Chrome/109.0.0.0 Safari/537.36"
43.173.182.2 - - [25/Jun/2026:15:30:13 +0300] "GET /hava-durumu/ajax?sehir_isim=6 HTTP/1.1" 200 77 "https://yeniistiklal.com/public/haber/turkiyeden-ukraynadaki-turk-vatandaslarina-yonelik-duyuru-495782" "Mozilla/5.0 (Windows NT 10.0; Win64; x64) AppleWebKit/537.36 (KHTML, like Gecko) Chrome/108.0.0.0 Safari/537.36"
65.109.100.157 - - [25/Jun/2026:15:30:13 +0300] "GET / HTTP/1.1" 200 17223 "-" "Mozilla/5.0 (compatible; SERankingBacklinksBot/1.0; +https://seranking.com/backlinks-crawler)"
185.191.171.9 - - [25/Jun/2026:15:30:15 +0300] "GET /haber/inegolde-turk-mutfagi-haftasi-genclerle-kutlandi-515497 HTTP/1.1" 200 14623 "-" "Mozilla/5.0 (compatible; SemrushBot/7~bl; +http://www.semrush.com/bot.html)"
65.109.100.157 - - [25/Jun/2026:15:30:17 +0300] "GET /haberler/mersinde-isid-operasyonu-7-gozalti-180367 HTTP/1.1" 301 795 "-" "Mozilla/5.0 (compatible; SERankingBacklinksBot/1.0; +https://seranking.com/backlinks-crawler)"
65.109.100.157 - - [25/Jun/2026:15:30:17 +0300] "GET /haber/mersinde-isid-operasyonu-7-gozalti-180367 HTTP/1.1" 302 219 "-" "Mozilla/5.0 (compatible; SERankingBacklinksBot/1.0; +https://seranking.com/backlinks-crawler)"
65.109.100.157 - - [25/Jun/2026:15:30:09 +0300] "GET /haber/mersinde-ekmege-zam-230-gram-ekmek-2-lira-oldu-312175 HTTP/1.1" 302 219 "-" "Mozilla/5.0 (compatible; SERankingBacklinksBot/1.0; +https://seranking.com/backlinks-crawler)"
65.109.100.157 - - [25/Jun/2026:15:30:09 +0300] "GET /haberler/mersinde-ekmege-zam-230-gram-ekmek-2-lira-oldu-312175 HTTP/1.1" 301 795 "-" "Mozilla/5.0 (compatible; SERankingBacklinksBot/1.0; +https://seranking.com/backlinks-crawler)"
65.109.100.157 - - [25/Jun/2026:15:30:09 +0300] "GET /haber/mersinde-ekmege-zam-230-gram-ekmek-2-lira-oldu-312175 HTTP/1.1" 302 219 "-" "Mozilla/5.0 (compatible; SERankingBacklinksBot/1.0; +https://seranking.com/backlinks-crawler)"
121.229.156.30 - - [25/Jun/2026:15:30:09 +0300] "GET /public/teknoloji HTTP/1.1" 200 10202 "-" "Sogou web spider/4.0(+http://www.sogou.com/docs/help/webmasters.htm#07)"
54.92.171.106 - - [25/Jun/2026:15:30:09 +0300] "GET /public/index.php/haber/eren-abluka-22de-bir-asker-sehit-527486 HTTP/1.1" 200 13637 "-" "Mozilla/5.0 AppleWebKit/537.36 (KHTML, like Gecko; compatible; Amazonbot/0.1; +https://developer.amazon.com/support/amazonbot) Chrome/119.0.6045.214 Safari/537.36"
43.173.178.70 - - [25/Jun/2026:15:30:11 +0300] "GET /public/haber/ege-denizi-39-buyuklugunde-deprem-507264 HTTP/1.1" 200 13409 "-" "Mozilla/5.0 (Windows NT 10.0; Win64; x64) AppleWebKit/537.36 (KHTML, like Gecko) Chrome/116.0.0.0 Safari/537.36"
43.173.176.212 - - [25/Jun/2026:15:30:12 +0300] "GET /hava-durumu/ajax?sehir_isim=6 HTTP/1.1" 200 77 "https://yeniistiklal.com/public/haber/ege-denizi-39-buyuklugunde-deprem-507264" "Mozilla/5.0 (Windows NT 10.0; Win64; x64) AppleWebKit/537.36 (KHTML, like Gecko) Chrome/116.0.0.0 Safari/537.36"
65.109.100.157 - - [25/Jun/2026:15:30:13 +0300] "GET /haberler/mersinde-ilk-kez-yuzme-maratonu-duzenlendi-332824 HTTP/1.1" 301 795 "-" "Mozilla/5.0 (compatible; SERankingBacklinksBot/1.0; +https://seranking.com/backlinks-crawler)"
65.109.100.157 - - [25/Jun/2026:15:30:13 +0300] "GET /haberler/mersinde-ilk-kez-yuzme-maratonu-duzenlendi-332824 HTTP/1.1" 301 795 "-" "Mozilla/5.0 (compatible; SERankingBacklinksBot/1.0; +https://seranking.com/backlinks-crawler)"
65.109.100.157 - - [25/Jun/2026:15:30:13 +0300] "GET /haber/mersinde-ilk-kez-yuzme-maratonu-duzenlendi-332824 HTTP/1.1" 302 219 "-" "Mozilla/5.0 (compatible; SERankingBacklinksBot/1.0; +https://seranking.com/backlinks-crawler)"
65.109.100.157 - - [25/Jun/2026:15:30:13 +0300] "GET /404 HTTP/1.1" 302 215 "-" "Mozilla/5.0 (compatible; SERankingBacklinksBot/1.0; +https://seranking.com/backlinks-crawler)"
34.197.28.78 - - [25/Jun/2026:15:30:13 +0300] "GET /public/index.php/haber/twitter-ethereum-ile-bahsis-verme-donemini-baslatti-492494 HTTP/1.1" 200 13837 "-" "Mozilla/5.0 AppleWebKit/537.36 (KHTML, like Gecko; compatible; Amazonbot/0.1; +https://developer.amazon.com/support/amazonbot) Chrome/119.0.6045.214 Safari/537.36"
198.244.240.236 - - [25/Jun/2026:15:30:16 +0300] "GET /public/haber/aninda-guncelleme-kolayligi-dijital-menulerle-menunuz-daima-guncel-551903 HTTP/1.1" 200 14879 "-" "Mozilla/5.0 (compatible; AhrefsBot/7.0; +http://ahrefs.com/robot/)"
65.109.100.157 - - [25/Jun/2026:15:30:17 +0300] "GET / HTTP/1.1" 200 17231 "-" "Mozilla/5.0 (compatible; SERankingBacklinksBot/1.0; +https://seranking.com/backlinks-crawler)"
52.8.24.185 - - [25/Jun/2026:15:30:17 +0300] "GET /feed/teknoloji HTTP/1.1" 301 795 "-" "Mozilla/5.0 RSS reader"
52.45.29.57 - - [25/Jun/2026:15:30:17 +0300] "GET /public/index.php/haber/erdogan-resmi-ziyareti-oncesi-bae-basininda-490787 HTTP/1.1" 200 14673 "-" "Mozilla/5.0 AppleWebKit/537.36 (KHTML, like Gecko; compatible; Amazonbot/0.1; +https://developer.amazon.com/support/amazonbot) Chrome/119.0.6045.214 Safari/537.36"
52.8.24.185 - - [25/Jun/2026:15:30:18 +0300] "GET /teknoloji/rss HTTP/1.1" 302 224 "-" "Mozilla/5.0 RSS reader"
87.250.224.223 - - [25/Jun/2026:15:30:18 +0300] "GET /?p=422251 HTTP/1.1" 200 17227 "-" "Mozilla/5.0 (compatible; YandexBot/3.0; +http://yandex.com/bots)"
65.109.100.157 - - [25/Jun/2026:15:30:17 +0300] "GET /haberler/mersinde-isid-operasyonu-7-gozalti-180367 HTTP/1.1" 301 795 "-" "Mozilla/5.0 (compatible; SERankingBacklinksBot/1.0; +https://seranking.com/backlinks-crawler)"
46.46.135.18 - - [25/Jun/2026:15:30:17 +0300] "GET / HTTP/1.1" 200 17239 "-" "Mozilla/5.0 (Macintosh; Intel Mac OS X 10_15_7) AppleWebKit/537.36 (KHTML, like Gecko) Chrome/124.0.0.0 Safari/537.36"
65.109.100.157 - - [25/Jun/2026:15:30:17 +0300] "GET /haber/mersinde-isid-operasyonu-7-gozalti-180367 HTTP/1.1" 302 219 "-" "Mozilla/5.0 (compatible; SERankingBacklinksBot/1.0; +https://seranking.com/backlinks-crawler)"
65.109.100.157 - - [25/Jun/2026:15:30:17 +0300] "GET /404 HTTP/1.1" 302 215 "-" "Mozilla/5.0 (compatible; SERankingBacklinksBot/1.0; +https://seranking.com/backlinks-crawler)"
52.8.24.185 - - [25/Jun/2026:15:30:17 +0300] "GET /rss/teknoloji.xml HTTP/1.1" 302 205 "-" "Mozilla/5.0 RSS reader"
52.8.24.185 - - [25/Jun/2026:15:30:17 +0300] "GET /rss/teknoloji HTTP/1.1" 302 205 "-" "Mozilla/5.0 RSS reader"
52.8.24.185 - - [25/Jun/2026:15:30:18 +0300] "GET /404 HTTP/1.1" 302 219 "-" "Mozilla/5.0 RSS reader"
52.8.24.185 - - [25/Jun/2026:15:30:18 +0300] "GET /rss/genel-0 HTTP/1.1" 200 196810 "-" "Mozilla/5.0 RSS reader"
52.8.24.185 - - [25/Jun/2026:15:30:18 +0300] "GET / HTTP/1.1" 200 17310 "-" "Mozilla/5.0 RSS reader"
65.109.100.157 - - [25/Jun/2026:15:30:21 +0300] "GET /haber/mersinde-isid-operasyonu-cok-sayida-gozalti-179703 HTTP/1.1" 302 219 "-" "Mozilla/5.0 (compatible; SERankingBacklinksBot/1.0; +https://seranking.com/backlinks-crawler)"
65.109.100.157 - - [25/Jun/2026:15:30:21 +0300] "GET /haber/mersinde-isid-operasyonu-cok-sayida-gozalti-179703 HTTP/1.1" 302 219 "-" "Mozilla/5.0 (compatible; SERankingBacklinksBot/1.0; +https://seranking.com/backlinks-crawler)"
65.109.100.157 - - [25/Jun/2026:15:30:21 +0300] "GET /404 HTTP/1.1" 302 215 "-" "Mozilla/5.0 (compatible; SERankingBacklinksBot/1.0; +https://seranking.com/backlinks-crawler)"
100.29.63.24 - - [25/Jun/2026:15:30:22 +0300] "GET /public/index.php/haber/macaristanda-ucuz-benzine-yeni-onlem-517416 HTTP/1.1" 200 14315 "-" "Mozilla/5.0 AppleWebKit/537.36 (KHTML, like Gecko; compatible; Amazonbot/0.1; +https://developer.amazon.com/support/amazonbot) Chrome/119.0.6045.214 Safari/537.36"
18.237.190.4 - - [25/Jun/2026:15:30:23 +0300] "GET / HTTP/1.1" 200 17231 "-" "Mozilla/5.0 (X11; Ubuntu; Linux x86_64; rv:80.0) Gecko/20100101 Firefox/80.0"
185.191.171.5 - - [25/Jun/2026:15:30:24 +0300] "GET /haber/kokularin-buyusu-parfum-bayiligi-ve-bu-sektorde-is-firsatlar-550990 HTTP/1.1" 200 14179 "-" "Mozilla/5.0 (compatible; SemrushBot/7~bl; +http://www.semrush.com/bot.html)"
65.109.100.157 - - [25/Jun/2026:15:30:25 +0300] "GET /haber/mersinde-kacak-kazi-yapan-7-kisi-sucustu-yakalandi-174640 HTTP/1.1" 302 219 "-" "Mozilla/5.0 (compatible; SERankingBacklinksBot/1.0; +https://seranking.com/backlinks-crawler)"
65.109.100.157 - - [25/Jun/2026:15:30:25 +0300] "GET /404 HTTP/1.1" 302 215 "-" "Mozilla/5.0 (compatible; SERankingBacklinksBot/1.0; +https://seranking.com/backlinks-crawler)"
85.208.96.209 - - [25/Jun/2026:15:30:25 +0300] "GET /haber/nubia-red-magic-7-pro-kuresel-pazarda-iste-ozellikleri-ve-fiyati-510533 HTTP/1.1" 200 14128 "-" "Mozilla/5.0 (compatible; SemrushBot/7~bl; +http://www.semrush.com/bot.html)"
65.109.100.157 - - [25/Jun/2026:15:30:29 +0300] "GET /haber/mersinde-karayolunda-ilginc-goruntu-2-161179 HTTP/1.1" 302 219 "-" "Mozilla/5.0 (compatible; SERankingBacklinksBot/1.0; +https://seranking.com/backlinks-crawler)"
65.109.100.157 - - [25/Jun/2026:15:30:29 +0300] "GET / HTTP/1.1" 200 17235 "-" "Mozilla/5.0 (compatible; SERankingBacklinksBot/1.0; +https://seranking.com/backlinks-crawler)"
52.7.13.143 - - [25/Jun/2026:15:30:29 +0300] "GET /public/index.php/haber/duygu-asenanin-dogum-gunu-pastasini-zuhal-olcay-kesti-507483 HTTP/1.1" 200 15147 "-" "Mozilla/5.0 AppleWebKit/537.36 (KHTML, like Gecko; compatible; Amazonbot/0.1; +https://developer.amazon.com/support/amazonbot) Chrome/119.0.6045.214 Safari/537.36"
52.8.24.185 - - [25/Jun/2026:15:30:18 +0300] "GET /404 HTTP/1.1" 302 219 "-" "Mozilla/5.0 RSS reader"
52.8.24.185 - - [25/Jun/2026:15:30:18 +0300] "GET /404 HTTP/1.1" 302 219 "-" "Mozilla/5.0 RSS reader"
52.8.24.185 - - [25/Jun/2026:15:30:18 +0300] "GET / HTTP/1.1" 200 17298 "-" "Mozilla/5.0 RSS reader"
52.8.24.185 - - [25/Jun/2026:15:30:18 +0300] "GET / HTTP/1.1" 200 17304 "-" "Mozilla/5.0 RSS reader"
23.23.99.55 - - [25/Jun/2026:15:30:19 +0300] "GET /public/index.php/images/haberler/2022/02/erdogan-resmi-ziyareti-oncesi-bae-basininda-lpHR7wM5.jpg HTTP/1.1" 302 238 "-" "Mozilla/5.0 AppleWebKit/537.36 (KHTML, like Gecko; compatible; Amazonbot/0.1; +https://developer.amazon.com/support/amazonbot) Chrome/119.0.6045.214 Safari/537.36"
65.109.100.157 - - [25/Jun/2026:15:30:21 +0300] "GET /haberler/mersinde-isid-operasyonu-cok-sayida-gozalti-179703 HTTP/1.1" 301 795 "-" "Mozilla/5.0 (compatible; SERankingBacklinksBot/1.0; +https://seranking.com/backlinks-crawler)"
65.109.100.157 - - [25/Jun/2026:15:30:21 +0300] "GET /haberler/mersinde-isid-operasyonu-cok-sayida-gozalti-179703 HTTP/1.1" 301 795 "-" "Mozilla/5.0 (compatible; SERankingBacklinksBot/1.0; +https://seranking.com/backlinks-crawler)"
65.109.100.157 - - [25/Jun/2026:15:30:21 +0300] "GET / HTTP/1.1" 200 17232 "-" "Mozilla/5.0 (compatible; SERankingBacklinksBot/1.0; +https://seranking.com/backlinks-crawler)"
65.109.100.157 - - [25/Jun/2026:15:30:25 +0300] "GET /haberler/mersinde-kacak-kazi-yapan-7-kisi-sucustu-yakalandi-174640 HTTP/1.1" 301 795 "-" "Mozilla/5.0 (compatible; SERankingBacklinksBot/1.0; +https://seranking.com/backlinks-crawler)"
65.109.100.157 - - [25/Jun/2026:15:30:25 +0300] "GET /haber/mersinde-kacak-kazi-yapan-7-kisi-sucustu-yakalandi-174640 HTTP/1.1" 302 219 "-" "Mozilla/5.0 (compatible; SERankingBacklinksBot/1.0; +https://seranking.com/backlinks-crawler)"
65.109.100.157 - - [25/Jun/2026:15:30:25 +0300] "GET /haberler/mersinde-kacak-kazi-yapan-7-kisi-sucustu-yakalandi-174640 HTTP/1.1" 301 795 "-" "Mozilla/5.0 (compatible; SERankingBacklinksBot/1.0; +https://seranking.com/backlinks-crawler)"
65.109.100.157 - - [25/Jun/2026:15:30:25 +0300] "GET / HTTP/1.1" 200 17234 "-" "Mozilla/5.0 (compatible; SERankingBacklinksBot/1.0; +https://seranking.com/backlinks-crawler)"
18.208.11.93 - - [25/Jun/2026:15:30:26 +0300] "GET /public/index.php/haber/ak-partiden-muhalefete-geccek-tepkisi-umudu-tarkan-olanlar-493224 HTTP/1.1" 200 14529 "-" "Mozilla/5.0 AppleWebKit/537.36 (KHTML, like Gecko; compatible; Amazonbot/0.1; +https://developer.amazon.com/support/amazonbot) Chrome/119.0.6045.214 Safari/537.36"
65.109.100.157 - - [25/Jun/2026:15:30:28 +0300] "GET /haberler/mersinde-karayolunda-ilginc-goruntu-2-161179 HTTP/1.1" 301 795 "-" "Mozilla/5.0 (compatible; SERankingBacklinksBot/1.0; +https://seranking.com/backlinks-crawler)"
65.109.100.157 - - [25/Jun/2026:15:30:29 +0300] "GET /haberler/mersinde-karayolunda-ilginc-goruntu-2-161179 HTTP/1.1" 301 795 "-" "Mozilla/5.0 (compatible; SERankingBacklinksBot/1.0; +https://seranking.com/backlinks-crawler)"
65.109.100.157 - - [25/Jun/2026:15:30:29 +0300] "GET /haber/mersinde-karayolunda-ilginc-goruntu-2-161179 HTTP/1.1" 302 219 "-" "Mozilla/5.0 (compatible; SERankingBacklinksBot/1.0; +https://seranking.com/backlinks-crawler)"
65.109.100.157 - - [25/Jun/2026:15:30:29 +0300] "GET /404 HTTP/1.1" 302 215 "-" "Mozilla/5.0 (compatible; SERankingBacklinksBot/1.0; +https://seranking.com/backlinks-crawler)"
65.109.100.157 - - [25/Jun/2026:15:30:32 +0300] "GET /haber/mersinde-kaybolan-3-yasindaki-muslumeyi-arama-calismalari-devam-ediyor-397878 HTTP/1.1" 302 219 "-" "Mozilla/5.0 (compatible; SERankingBacklinksBot/1.0; +https://seranking.com/backlinks-crawler)"
65.109.100.157 - - [25/Jun/2026:15:30:33 +0300] "GET /haber/mersinde-kaybolan-3-yasindaki-muslumeyi-arama-calismalari-devam-ediyor-397878 HTTP/1.1" 302 219 "-" "Mozilla/5.0 (compatible; SERankingBacklinksBot/1.0; +https://seranking.com/backlinks-crawler)"
65.109.100.157 - - [25/Jun/2026:15:30:32 +0300] "GET /haberler/mersinde-kaybolan-3-yasindaki-muslumeyi-arama-calismalari-devam-ediyor-397878 HTTP/1.1" 301 795 "-" "Mozilla/5.0 (compatible; SERankingBacklinksBot/1.0; +https://seranking.com/backlinks-crawler)"
65.109.100.157 - - [25/Jun/2026:15:30:33 +0300] "GET /haberler/mersinde-kaybolan-3-yasindaki-muslumeyi-arama-calismalari-devam-ediyor-397878 HTTP/1.1" 301 795 "-" "Mozilla/5.0 (compatible; SERankingBacklinksBot/1.0; +https://seranking.com/backlinks-crawler)"
65.109.100.157 - - [25/Jun/2026:15:30:33 +0300] "GET / HTTP/1.1" 200 17237 "-" "Mozilla/5.0 (compatible; SERankingBacklinksBot/1.0; +https://seranking.com/backlinks-crawler)"
50.19.221.48 - - [25/Jun/2026:15:30:33 +0300] "GET /public/index.php/haber/imalat-sanayi-kapasite-kullanim-orani-azaldi-494768 HTTP/1.1" 200 13558 "-" "Mozilla/5.0 AppleWebKit/537.36 (KHTML, like Gecko; compatible; Amazonbot/0.1; +https://developer.amazon.com/support/amazonbot) Chrome/119.0.6045.214 Safari/537.36"
52.80.151.117 - - [25/Jun/2026:15:30:34 +0300] "GET /images/haberler/2022/05/spor-kenti-kemer-yeni-bir-organizasyona-dada-ev-sahipligi-yapiyor-RWYzgNk4.jpg HTTP/1.1" 302 219 "-" "Mozilla/5.0 (compatible; crawler)"
52.80.151.117 - - [25/Jun/2026:15:30:34 +0300] "GET /404 HTTP/1.1" 302 215 "-" "Mozilla/5.0 (compatible; crawler)"
52.80.151.117 - - [25/Jun/2026:15:30:35 +0300] "GET / HTTP/1.1" 200 17248 "-" "Mozilla/5.0 (compatible; crawler)"
202.46.62.16 - - [25/Jun/2026:15:30:35 +0300] "GET /haber/odullu-fotograf-sanatcisi-huseyin-kurt-2023-yaz-sezonu-surprizleri-549902 HTTP/1.1" 200 13304 "-" "Mozilla/5.0 (Windows NT 10.0; Win64; x64) AppleWebKit/537.36 (KHTML, like Gecko) Chrome/133.0.6943.141 Safari/537.36"
185.191.171.8 - - [25/Jun/2026:15:30:35 +0300] "GET /haber/selcuk-gecer-konut-sektorunde-1-dolar-esittir-25-lira-hodri-meydan-incelensin-476833 HTTP/1.1" 200 13450 "-" "Mozilla/5.0 (compatible; SemrushBot/7~bl; +http://www.semrush.com/bot.html)"
65.109.100.157 - - [25/Jun/2026:15:30:36 +0300] "GET /haberler/mersinde-kaybolan-muslumenin-arandigi-bolgede-kan-izine-rastlandi-399885 HTTP/1.1" 301 795 "-" "Mozilla/5.0 (compatible; SERankingBacklinksBot/1.0; +https://seranking.com/backlinks-crawler)"
65.109.100.157 - - [25/Jun/2026:15:30:36 +0300] "GET /haber/mersinde-kaybolan-muslumenin-arandigi-bolgede-kan-izine-rastlandi-399885 HTTP/1.1" 302 219 "-" "Mozilla/5.0 (compatible; SERankingBacklinksBot/1.0; +https://seranking.com/backlinks-crawler)"
65.109.100.157 - - [25/Jun/2026:15:30:37 +0300] "GET /haber/mersinde-kaybolan-muslumenin-arandigi-bolgede-kan-izine-rastlandi-399885 HTTP/1.1" 302 219 "-" "Mozilla/5.0 (compatible; SERankingBacklinksBot/1.0; +https://seranking.com/backlinks-crawler)"
65.109.100.157 - - [25/Jun/2026:15:30:37 +0300] "GET /404 HTTP/1.1" 302 215 "-" "Mozilla/5.0 (compatible; SERankingBacklinksBot/1.0; +https://seranking.com/backlinks-crawler)"
185.191.171.8 - - [25/Jun/2026:15:30:38 +0300] "GET /haber/kayseri-kocasinan-yuzde-100-ekolojik-pazar-10-yasinda-530907 HTTP/1.1" 200 15683 "-" "Mozilla/5.0 (compatible; SemrushBot/7~bl; +http://www.semrush.com/bot.html)"
65.109.100.157 - - [25/Jun/2026:15:30:40 +0300] "GET /haberler/mersinde-kirac-topraklar-sari-kantaron-cicekleriyle-bezendi-15613 HTTP/1.1" 301 795 "-" "Mozilla/5.0 (compatible; SERankingBacklinksBot/1.0; +https://seranking.com/backlinks-crawler)"
65.109.100.157 - - [25/Jun/2026:15:30:40 +0300] "GET /haber/mersinde-kirac-topraklar-sari-kantaron-cicekleriyle-bezendi-15613 HTTP/1.1" 302 219 "-" "Mozilla/5.0 (compatible; SERankingBacklinksBot/1.0; +https://seranking.com/backlinks-crawler)"
65.109.100.157 - - [25/Jun/2026:15:30:40 +0300] "GET /haberler/mersinde-kirac-topraklar-sari-kantaron-cicekleriyle-bezendi-15613 HTTP/1.1" 301 795 "-" "Mozilla/5.0 (compatible; SERankingBacklinksBot/1.0; +https://seranking.com/backlinks-crawler)"
65.109.100.157 - - [25/Jun/2026:15:30:33 +0300] "GET /404 HTTP/1.1" 302 215 "-" "Mozilla/5.0 (compatible; SERankingBacklinksBot/1.0; +https://seranking.com/backlinks-crawler)"
185.191.171.9 - - [25/Jun/2026:15:30:34 +0300] "GET /haber/atabay-fabrikalarini-universite-ogrencilerine-acti-541789 HTTP/1.1" 200 14482 "-" "Mozilla/5.0 (compatible; SemrushBot/7~bl; +http://www.semrush.com/bot.html)"
65.109.100.157 - - [25/Jun/2026:15:30:37 +0300] "GET /haberler/mersinde-kaybolan-muslumenin-arandigi-bolgede-kan-izine-rastlandi-399885 HTTP/1.1" 301 795 "-" "Mozilla/5.0 (compatible; SERankingBacklinksBot/1.0; +https://seranking.com/backlinks-crawler)"
65.109.100.157 - - [25/Jun/2026:15:30:37 +0300] "GET / HTTP/1.1" 200 17225 "-" "Mozilla/5.0 (compatible; SERankingBacklinksBot/1.0; +https://seranking.com/backlinks-crawler)"
52.22.87.224 - - [25/Jun/2026:15:30:39 +0300] "GET /public/index.php/haber/hayvancilik-sektoru-mustafakemalpasada-bulusacak-541102 HTTP/1.1" 200 13920 "-" "Mozilla/5.0 AppleWebKit/537.36 (KHTML, like Gecko; compatible; Amazonbot/0.1; +https://developer.amazon.com/support/amazonbot) Chrome/119.0.6045.214 Safari/537.36"
65.109.100.157 - - [25/Jun/2026:15:30:41 +0300] "GET /haber/mersinde-kirac-topraklar-sari-kantaron-cicekleriyle-bezendi-15613 HTTP/1.1" 302 219 "-" "Mozilla/5.0 (compatible; SERankingBacklinksBot/1.0; +https://seranking.com/backlinks-crawler)"
65.109.100.157 - - [25/Jun/2026:15:30:41 +0300] "GET /404 HTTP/1.1" 302 215 "-" "Mozilla/5.0 (compatible; SERankingBacklinksBot/1.0; +https://seranking.com/backlinks-crawler)"
65.109.100.157 - - [25/Jun/2026:15:30:41 +0300] "GET / HTTP/1.1" 200 17236 "-" "Mozilla/5.0 (compatible; SERankingBacklinksBot/1.0; +https://seranking.com/backlinks-crawler)"
65.109.100.157 - - [25/Jun/2026:15:30:44 +0300] "GET /haberler/mersinde-leylek-nobeti-250003 HTTP/1.1" 301 795 "-" "Mozilla/5.0 (compatible; SERankingBacklinksBot/1.0; +https://seranking.com/backlinks-crawler)"
65.109.100.157 - - [25/Jun/2026:15:30:45 +0300] "GET /404 HTTP/1.1" 302 215 "-" "Mozilla/5.0 (compatible; SERankingBacklinksBot/1.0; +https://seranking.com/backlinks-crawler)"
65.109.100.157 - - [25/Jun/2026:15:30:45 +0300] "GET / HTTP/1.1" 200 17233 "-" "Mozilla/5.0 (compatible; SERankingBacklinksBot/1.0; +https://seranking.com/backlinks-crawler)"
52.8.24.185 - - [25/Jun/2026:15:30:45 +0300] "GET /rss/ekonomi HTTP/1.1" 302 205 "-" "Mozilla/5.0 RSS reader"
52.8.24.185 - - [25/Jun/2026:15:30:46 +0300] "GET /404 HTTP/1.1" 302 219 "-" "Mozilla/5.0 RSS reader"
52.8.24.185 - - [25/Jun/2026:15:30:46 +0300] "GET /404 HTTP/1.1" 302 219 "-" "Mozilla/5.0 RSS reader"
52.8.24.185 - - [25/Jun/2026:15:30:46 +0300] "GET / HTTP/1.1" 200 17304 "-" "Mozilla/5.0 RSS reader"
65.109.100.157 - - [25/Jun/2026:15:30:48 +0300] "GET /haberler/mersinde-metro-icin-imzalar-atildi-302132 HTTP/1.1" 301 795 "-" "Mozilla/5.0 (compatible; SERankingBacklinksBot/1.0; +https://seranking.com/backlinks-crawler)"
65.109.100.157 - - [25/Jun/2026:15:30:48 +0300] "GET /haberler/mersinde-metro-icin-imzalar-atildi-302132 HTTP/1.1" 301 795 "-" "Mozilla/5.0 (compatible; SERankingBacklinksBot/1.0; +https://seranking.com/backlinks-crawler)"
65.109.100.157 - - [25/Jun/2026:15:30:49 +0300] "GET / HTTP/1.1" 200 17235 "-" "Mozilla/5.0 (compatible; SERankingBacklinksBot/1.0; +https://seranking.com/backlinks-crawler)"
65.109.100.157 - - [25/Jun/2026:15:30:52 +0300] "GET /haber/mersinde-musilaj-tehlikesi-283180 HTTP/1.1" 302 219 "-" "Mozilla/5.0 (compatible; SERankingBacklinksBot/1.0; +https://seranking.com/backlinks-crawler)"
65.109.100.157 - - [25/Jun/2026:15:30:53 +0300] "GET /haber/mersinde-musilaj-tehlikesi-283180 HTTP/1.1" 302 219 "-" "Mozilla/5.0 (compatible; SERankingBacklinksBot/1.0; +https://seranking.com/backlinks-crawler)"
85.208.96.211 - - [25/Jun/2026:15:30:53 +0300] "GET /haber/turkcell-granfondo-pedallari-beykozda-baris-icin-dondu-523531 HTTP/1.1" 200 15112 "-" "Mozilla/5.0 (compatible; SemrushBot/7~bl; +http://www.semrush.com/bot.html)"
18.232.11.247 - - [25/Jun/2026:15:30:42 +0300] "GET /public/index.php/haber/bahcesehir-universitesi-ogretim-gorevlisi-alacak-499458 HTTP/1.1" 200 13521 "-" "Mozilla/5.0 AppleWebKit/537.36 (KHTML, like Gecko; compatible; Amazonbot/0.1; +https://developer.amazon.com/support/amazonbot) Chrome/119.0.6045.214 Safari/537.36"
65.109.100.157 - - [25/Jun/2026:15:30:44 +0300] "GET /haberler/mersinde-leylek-nobeti-250003 HTTP/1.1" 301 795 "-" "Mozilla/5.0 (compatible; SERankingBacklinksBot/1.0; +https://seranking.com/backlinks-crawler)"
65.109.100.157 - - [25/Jun/2026:15:30:44 +0300] "GET /haber/mersinde-leylek-nobeti-250003 HTTP/1.1" 302 219 "-" "Mozilla/5.0 (compatible; SERankingBacklinksBot/1.0; +https://seranking.com/backlinks-crawler)"
65.109.100.157 - - [25/Jun/2026:15:30:44 +0300] "GET /haber/mersinde-leylek-nobeti-250003 HTTP/1.1" 302 219 "-" "Mozilla/5.0 (compatible; SERankingBacklinksBot/1.0; +https://seranking.com/backlinks-crawler)"
52.8.24.185 - - [25/Jun/2026:15:30:45 +0300] "GET /rss/ekonomi.xml HTTP/1.1" 302 205 "-" "Mozilla/5.0 RSS reader"
52.8.24.185 - - [25/Jun/2026:15:30:45 +0300] "GET /feed/ekonomi HTTP/1.1" 301 795 "-" "Mozilla/5.0 RSS reader"
52.8.24.185 - - [25/Jun/2026:15:30:45 +0300] "GET /rss/finans.xml HTTP/1.1" 302 205 "-" "Mozilla/5.0 RSS reader"
52.8.24.185 - - [25/Jun/2026:15:30:45 +0300] "GET /ekonomi/rss HTTP/1.1" 302 224 "-" "Mozilla/5.0 RSS reader"
100.28.44.58 - - [25/Jun/2026:15:30:45 +0300] "GET /public/index.php/haber/ruyada-isik-gormek-ne-anlama-gelir-cok-hayirli-bir-ruyadir-481049 HTTP/1.1" 200 14375 "-" "Mozilla/5.0 AppleWebKit/537.36 (KHTML, like Gecko; compatible; Amazonbot/0.1; +https://developer.amazon.com/support/amazonbot) Chrome/119.0.6045.214 Safari/537.36"
52.8.24.185 - - [25/Jun/2026:15:30:46 +0300] "GET /404 HTTP/1.1" 302 219 "-" "Mozilla/5.0 RSS reader"
52.8.24.185 - - [25/Jun/2026:15:30:46 +0300] "GET /404 HTTP/1.1" 302 219 "-" "Mozilla/5.0 RSS reader"
52.8.24.185 - - [25/Jun/2026:15:30:46 +0300] "GET / HTTP/1.1" 200 17298 "-" "Mozilla/5.0 RSS reader"
52.8.24.185 - - [25/Jun/2026:15:30:46 +0300] "GET / HTTP/1.1" 200 17304 "-" "Mozilla/5.0 RSS reader"
52.8.24.185 - - [25/Jun/2026:15:30:46 +0300] "GET / HTTP/1.1" 200 17314 "-" "Mozilla/5.0 RSS reader"
52.8.24.185 - - [25/Jun/2026:15:30:46 +0300] "GET /rss/genel-0 HTTP/1.1" 200 196810 "-" "Mozilla/5.0 RSS reader"
65.109.100.157 - - [25/Jun/2026:15:30:48 +0300] "GET /haber/mersinde-metro-icin-imzalar-atildi-302132 HTTP/1.1" 302 219 "-" "Mozilla/5.0 (compatible; SERankingBacklinksBot/1.0; +https://seranking.com/backlinks-crawler)"
65.109.100.157 - - [25/Jun/2026:15:30:49 +0300] "GET /haber/mersinde-metro-icin-imzalar-atildi-302132 HTTP/1.1" 302 219 "-" "Mozilla/5.0 (compatible; SERankingBacklinksBot/1.0; +https://seranking.com/backlinks-crawler)"
65.109.100.157 - - [25/Jun/2026:15:30:49 +0300] "GET /404 HTTP/1.1" 302 215 "-" "Mozilla/5.0 (compatible; SERankingBacklinksBot/1.0; +https://seranking.com/backlinks-crawler)"
54.225.98.148 - - [25/Jun/2026:15:30:50 +0300] "GET /public/index.php/haber/mobilya-ihracati-yeni-yila-rekorla-basladi-491429 HTTP/1.1" 200 15030 "-" "Mozilla/5.0 AppleWebKit/537.36 (KHTML, like Gecko; compatible; Amazonbot/0.1; +https://developer.amazon.com/support/amazonbot) Chrome/119.0.6045.214 Safari/537.36"
65.109.100.157 - - [25/Jun/2026:15:30:52 +0300] "GET /haberler/mersinde-musilaj-tehlikesi-283180 HTTP/1.1" 301 795 "-" "Mozilla/5.0 (compatible; SERankingBacklinksBot/1.0; +https://seranking.com/backlinks-crawler)"
65.109.100.157 - - [25/Jun/2026:15:30:52 +0300] "GET /haberler/mersinde-musilaj-tehlikesi-283180 HTTP/1.1" 301 795 "-" "Mozilla/5.0 (compatible; SERankingBacklinksBot/1.0; +https://seranking.com/backlinks-crawler)"
65.109.100.157 - - [25/Jun/2026:15:30:56 +0300] "GET /haberler/mersinde-orman-yangini-31728 HTTP/1.1" 301 795 "-" "Mozilla/5.0 (compatible; SERankingBacklinksBot/1.0; +https://seranking.com/backlinks-crawler)"
65.109.100.157 - - [25/Jun/2026:15:30:53 +0300] "GET /404 HTTP/1.1" 302 215 "-" "Mozilla/5.0 (compatible; SERankingBacklinksBot/1.0; +https://seranking.com/backlinks-crawler)"
65.109.100.157 - - [25/Jun/2026:15:30:53 +0300] "GET / HTTP/1.1" 200 17235 "-" "Mozilla/5.0 (compatible; SERankingBacklinksBot/1.0; +https://seranking.com/backlinks-crawler)"
51.195.244.250 - - [25/Jun/2026:15:30:54 +0300] "GET /public/haber/iskurdan-yuksek-maasli-meslekler-surprizi-551585 HTTP/1.1" 200 14131 "-" "Mozilla/5.0 (compatible; AhrefsBot/7.0; +http://ahrefs.com/robot/)"
52.54.249.218 - - [25/Jun/2026:15:30:54 +0300] "GET /public/index.php/haber/duzcede-park-yasagi-ihlallerine-zabita-mudahalesi-541574 HTTP/1.1" 200 14008 "-" "Mozilla/5.0 AppleWebKit/537.36 (KHTML, like Gecko; compatible; Amazonbot/0.1; +https://developer.amazon.com/support/amazonbot) Chrome/119.0.6045.214 Safari/537.36"
85.208.96.203 - - [25/Jun/2026:15:30:54 +0300] "GET /haber/emekli-maasi-2022-temmuz-zammi-ne-kadar-olacak-iste-son-tahminler-488396 HTTP/1.1" 200 13870 "-" "Mozilla/5.0 (compatible; SemrushBot/7~bl; +http://www.semrush.com/bot.html)"
65.109.100.157 - - [25/Jun/2026:15:30:56 +0300] "GET /haberler/mersinde-orman-yangini-31728 HTTP/1.1" 301 795 "-" "Mozilla/5.0 (compatible; SERankingBacklinksBot/1.0; +https://seranking.com/backlinks-crawler)"
65.109.100.157 - - [25/Jun/2026:15:30:56 +0300] "GET /haber/mersinde-orman-yangini-31728 HTTP/1.1" 302 219 "-" "Mozilla/5.0 (compatible; SERankingBacklinksBot/1.0; +https://seranking.com/backlinks-crawler)"
65.109.100.157 - - [25/Jun/2026:15:30:57 +0300] "GET / HTTP/1.1" 200 17238 "-" "Mozilla/5.0 (compatible; SERankingBacklinksBot/1.0; +https://seranking.com/backlinks-crawler)"
23.23.103.31 - - [25/Jun/2026:15:30:57 +0300] "GET /public/index.php/haber/kayseri-talasta-muhtarlar-bulusmasi-547274 HTTP/1.1" 200 14150 "-" "Mozilla/5.0 AppleWebKit/537.36 (KHTML, like Gecko; compatible; Amazonbot/0.1; +https://developer.amazon.com/support/amazonbot) Chrome/119.0.6045.214 Safari/537.36"
65.109.100.157 - - [25/Jun/2026:15:31:00 +0300] "GET /haber/mersinde-orman-yanginlari-iki-coban-kayip-bir-kisi-gozaltinda-77126 HTTP/1.1" 302 219 "-" "Mozilla/5.0 (compatible; SERankingBacklinksBot/1.0; +https://seranking.com/backlinks-crawler)"
65.109.100.157 - - [25/Jun/2026:15:31:00 +0300] "GET /haberler/mersinde-orman-yanginlari-iki-coban-kayip-bir-kisi-gozaltinda-77126 HTTP/1.1" 301 795 "-" "Mozilla/5.0 (compatible; SERankingBacklinksBot/1.0; +https://seranking.com/backlinks-crawler)"
65.109.100.157 - - [25/Jun/2026:15:31:00 +0300] "GET /haber/mersinde-orman-yanginlari-iki-coban-kayip-bir-kisi-gozaltinda-77126 HTTP/1.1" 302 219 "-" "Mozilla/5.0 (compatible; SERankingBacklinksBot/1.0; +https://seranking.com/backlinks-crawler)"
65.109.100.157 - - [25/Jun/2026:15:31:01 +0300] "GET /404 HTTP/1.1" 302 215 "-" "Mozilla/5.0 (compatible; SERankingBacklinksBot/1.0; +https://seranking.com/backlinks-crawler)"
52.6.5.24 - - [25/Jun/2026:15:31:02 +0300] "GET /public/index.php/haber/altin-tasarrus-sistemi-nedir-altin-tasarruf-sistemi-nasil-isleyecek-getiri-nasil-hesaplanacak-altin-tasarruf-sistemi-caiz-mi-altina-yatirim-yapmak-caiz-mi-497941 HTTP/1.1" 200 16011 "-" "Mozilla/5.0 AppleWebKit/537.36 (KHTML, like Gecko; compatible; Amazonbot/0.1; +https://developer.amazon.com/support/amazonbot) Chrome/119.0.6045.214 Safari/537.36"
65.109.100.157 - - [25/Jun/2026:15:31:04 +0300] "GET /haberler/mersinde-otobus-sarampole-yuvarlandi-33-yarali-187051 HTTP/1.1" 301 795 "-" "Mozilla/5.0 (compatible; SERankingBacklinksBot/1.0; +https://seranking.com/backlinks-crawler)"
65.109.100.157 - - [25/Jun/2026:15:31:05 +0300] "GET / HTTP/1.1" 200 17238 "-" "Mozilla/5.0 (compatible; SERankingBacklinksBot/1.0; +https://seranking.com/backlinks-crawler)"
85.208.96.211 - - [25/Jun/2026:15:31:05 +0300] "GET /haber/panasonicten-otomotiv-sektorune-dev-yatirim-503995 HTTP/1.1" 200 13913 "-" "Mozilla/5.0 (compatible; SemrushBot/7~bl; +http://www.semrush.com/bot.html)"
65.109.100.157 - - [25/Jun/2026:15:30:56 +0300] "GET /haber/mersinde-orman-yangini-31728 HTTP/1.1" 302 219 "-" "Mozilla/5.0 (compatible; SERankingBacklinksBot/1.0; +https://seranking.com/backlinks-crawler)"
65.109.100.157 - - [25/Jun/2026:15:30:57 +0300] "GET /404 HTTP/1.1" 302 215 "-" "Mozilla/5.0 (compatible; SERankingBacklinksBot/1.0; +https://seranking.com/backlinks-crawler)"
65.109.100.157 - - [25/Jun/2026:15:31:00 +0300] "GET /haberler/mersinde-orman-yanginlari-iki-coban-kayip-bir-kisi-gozaltinda-77126 HTTP/1.1" 301 795 "-" "Mozilla/5.0 (compatible; SERankingBacklinksBot/1.0; +https://seranking.com/backlinks-crawler)"
85.208.96.207 - - [25/Jun/2026:15:31:00 +0300] "GET /haber/ibrahim-kahveci-yerim-senin-swap-ini-merkez-bankasi-tefecilerin-eline-dustu-elinde-dolasiyor-477074 HTTP/1.1" 200 13441 "-" "Mozilla/5.0 (compatible; SemrushBot/7~bl; +http://www.semrush.com/bot.html)"
65.109.100.157 - - [25/Jun/2026:15:31:01 +0300] "GET / HTTP/1.1" 200 17227 "-" "Mozilla/5.0 (compatible; SERankingBacklinksBot/1.0; +https://seranking.com/backlinks-crawler)"
