51.195.183.1 - - [25/Jun/2026:15:21:46 +0300] "GET /public/images/haberler/2025/10/erken-fark-edersen-cok-sey-fark-eder-1759408466.png HTTP/1.1" 200 222803 "-" "Mozilla/5.0 (compatible; AhrefsBot/7.0; +http://ahrefs.com/robot/)"
85.208.96.208 - - [25/Jun/2026:15:21:46 +0300] "GET /haber/siri-ios-154-icin-cinsiyetten-bagimsiz-ses-ekleyecek-495847 HTTP/1.1" 200 13909 "-" "Mozilla/5.0 (compatible; SemrushBot/7~bl; +http://www.semrush.com/bot.html)"
65.109.100.157 - - [25/Jun/2026:15:21:44 +0300] "GET /haberler/meral-aksener-pazar-alisverisi-yapti-halk-alkislar-ve-gozyaslari-ile-karsiladi-434075 HTTP/1.1" 301 795 "-" "Mozilla/5.0 (compatible; SERankingBacklinksBot/1.0; +https://seranking.com/backlinks-crawler)"
65.109.100.157 - - [25/Jun/2026:15:21:44 +0300] "GET /haber/meral-aksener-pazar-alisverisi-yapti-halk-alkislar-ve-gozyaslari-ile-karsiladi-434075 HTTP/1.1" 302 219 "-" "Mozilla/5.0 (compatible; SERankingBacklinksBot/1.0; +https://seranking.com/backlinks-crawler)"
65.109.100.157 - - [25/Jun/2026:15:21:44 +0300] "GET /404 HTTP/1.1" 302 215 "-" "Mozilla/5.0 (compatible; SERankingBacklinksBot/1.0; +https://seranking.com/backlinks-crawler)"
216.73.217.71 - - [25/Jun/2026:15:21:45 +0300] "GET /haber/petozel-turkiyenin-petshop-pazaryeri-551745 HTTP/1.1" 200 17466 "-" "Mozilla/5.0 AppleWebKit/537.36 (KHTML, like Gecko; compatible; ClaudeBot/1.0; +claudebot@anthropic.com)"
5.255.231.180 - - [25/Jun/2026:15:21:46 +0300] "GET /public/rss/genel-0 HTTP/1.1" 200 196873 "-" "Mozilla/5.0 (compatible; YandexBot/3.0; +http://yandex.com/bots)"
65.109.100.157 - - [25/Jun/2026:15:21:48 +0300] "GET /haberler/meral-aksener-saldirisina-siyasilerden-tepki-130680 HTTP/1.1" 301 795 "-" "Mozilla/5.0 (compatible; SERankingBacklinksBot/1.0; +https://seranking.com/backlinks-crawler)"
65.109.100.157 - - [25/Jun/2026:15:21:48 +0300] "GET /haber/meral-aksener-saldirisina-siyasilerden-tepki-130680 HTTP/1.1" 302 219 "-" "Mozilla/5.0 (compatible; SERankingBacklinksBot/1.0; +https://seranking.com/backlinks-crawler)"
65.109.100.157 - - [25/Jun/2026:15:21:48 +0300] "GET /haberler/meral-aksener-saldirisina-siyasilerden-tepki-130680 HTTP/1.1" 301 795 "-" "Mozilla/5.0 (compatible; SERankingBacklinksBot/1.0; +https://seranking.com/backlinks-crawler)"
65.109.100.157 - - [25/Jun/2026:15:21:48 +0300] "GET /haber/meral-aksener-saldirisina-siyasilerden-tepki-130680 HTTP/1.1" 302 219 "-" "Mozilla/5.0 (compatible; SERankingBacklinksBot/1.0; +https://seranking.com/backlinks-crawler)"
202.46.62.51 - - [25/Jun/2026:15:21:48 +0300] "GET /hava-durumu/ajax?sehir_isim=6 HTTP/1.1" 200 77 "https://yeniistiklal.com/haber/besiktasta-baskan-adayi-hasan-aratdan-aciklama-550561" "Mozilla/5.0 (Windows NT 10.0; Win64; x64) AppleWebKit/537.36 (KHTML, like Gecko) Chrome/133.0.6943.141 Safari/537.36"
65.109.100.157 - - [25/Jun/2026:15:21:48 +0300] "GET /404 HTTP/1.1" 302 215 "-" "Mozilla/5.0 (compatible; SERankingBacklinksBot/1.0; +https://seranking.com/backlinks-crawler)"
65.109.100.157 - - [25/Jun/2026:15:21:48 +0300] "GET / HTTP/1.1" 200 17223 "-" "Mozilla/5.0 (compatible; SERankingBacklinksBot/1.0; +https://seranking.com/backlinks-crawler)"
216.73.217.71 - - [25/Jun/2026:15:21:51 +0300] "GET /haber/hayir-lokmasi-dagitimi-dayanismanin-sicak-yuzu-551742 HTTP/1.1" 200 14012 "-" "Mozilla/5.0 AppleWebKit/537.36 (KHTML, like Gecko; compatible; ClaudeBot/1.0; +claudebot@anthropic.com)"
65.109.100.157 - - [25/Jun/2026:15:21:52 +0300] "GET /haber/meral-aksener-sinir-kapilarin-acilmasiyla-ilgili-bundan-daha-salakca-bir-sey-olamazdedi-156105 HTTP/1.1" 302 219 "-" "Mozilla/5.0 (compatible; SERankingBacklinksBot/1.0; +https://seranking.com/backlinks-crawler)"
65.109.100.157 - - [25/Jun/2026:15:21:52 +0300] "GET /haberler/meral-aksener-sinir-kapilarin-acilmasiyla-ilgili-bundan-daha-salakca-bir-sey-olamazdedi-156105 HTTP/1.1" 301 795 "-" "Mozilla/5.0 (compatible; SERankingBacklinksBot/1.0; +https://seranking.com/backlinks-crawler)"
65.109.100.157 - - [25/Jun/2026:15:21:52 +0300] "GET /haber/meral-aksener-sinir-kapilarin-acilmasiyla-ilgili-bundan-daha-salakca-bir-sey-olamazdedi-156105 HTTP/1.1" 302 219 "-" "Mozilla/5.0 (compatible; SERankingBacklinksBot/1.0; +https://seranking.com/backlinks-crawler)"
65.109.100.157 - - [25/Jun/2026:15:21:52 +0300] "GET /404 HTTP/1.1" 302 215 "-" "Mozilla/5.0 (compatible; SERankingBacklinksBot/1.0; +https://seranking.com/backlinks-crawler)"
185.191.171.5 - - [25/Jun/2026:15:21:48 +0300] "GET /haber/kur-korumali-mevduatta-sureci-cumhurbaskaninin-yonetmesi-teklif-edildi-470254 HTTP/1.1" 200 17280 "-" "Mozilla/5.0 (compatible; SemrushBot/7~bl; +http://www.semrush.com/bot.html)"
216.73.217.71 - - [25/Jun/2026:15:21:50 +0300] "GET /haber/porselen-kaplama-nedir-ve-nasil-yapilir-551096 HTTP/1.1" 200 14552 "-" "Mozilla/5.0 AppleWebKit/537.36 (KHTML, like Gecko; compatible; ClaudeBot/1.0; +claudebot@anthropic.com)"
65.109.100.157 - - [25/Jun/2026:15:21:51 +0300] "GET /haberler/meral-aksener-sinir-kapilarin-acilmasiyla-ilgili-bundan-daha-salakca-bir-sey-olamazdedi-156105 HTTP/1.1" 301 795 "-" "Mozilla/5.0 (compatible; SERankingBacklinksBot/1.0; +https://seranking.com/backlinks-crawler)"
65.109.100.157 - - [25/Jun/2026:15:21:52 +0300] "GET / HTTP/1.1" 200 17242 "-" "Mozilla/5.0 (compatible; SERankingBacklinksBot/1.0; +https://seranking.com/backlinks-crawler)"
65.109.100.157 - - [25/Jun/2026:15:21:56 +0300] "GET /haber/meral-aksener-sondurulsun-konusacak-cok-sey-var-113085 HTTP/1.1" 302 219 "-" "Mozilla/5.0 (compatible; SERankingBacklinksBot/1.0; +https://seranking.com/backlinks-crawler)"
52.8.24.185 - - [25/Jun/2026:15:21:56 +0300] "GET /feed/bilim HTTP/1.1" 301 795 "-" "Mozilla/5.0 RSS reader"
52.8.24.185 - - [25/Jun/2026:15:21:56 +0300] "GET /rss/bilim.xml HTTP/1.1" 302 205 "-" "Mozilla/5.0 RSS reader"
52.8.24.185 - - [25/Jun/2026:15:21:57 +0300] "GET /404 HTTP/1.1" 302 219 "-" "Mozilla/5.0 RSS reader"
185.191.171.14 - - [25/Jun/2026:15:21:57 +0300] "GET /haber/ilber-ortayli-netflixte-izledigi-diziyi-acikladi-canim-dusmani-degilim-yani-481063 HTTP/1.1" 200 14725 "-" "Mozilla/5.0 (compatible; SemrushBot/7~bl; +http://www.semrush.com/bot.html)"
52.8.24.185 - - [25/Jun/2026:15:21:57 +0300] "GET /rss/genel-0 HTTP/1.1" 200 196810 "-" "Mozilla/5.0 RSS reader"
52.8.24.185 - - [25/Jun/2026:15:21:57 +0300] "GET / HTTP/1.1" 200 17290 "-" "Mozilla/5.0 RSS reader"
52.8.24.185 - - [25/Jun/2026:15:21:57 +0300] "GET / HTTP/1.1" 200 17295 "-" "Mozilla/5.0 RSS reader"
207.46.13.153 - - [25/Jun/2026:15:21:59 +0300] "GET /haber/oyku-gurman-bergamayi-costurdu-523480 HTTP/1.1" 200 13520 "-" "Mozilla/5.0 AppleWebKit/537.36 (KHTML, like Gecko; compatible; bingbot/2.0; +http://www.bing.com/bingbot.htm) Chrome/116.0.1938.76 Safari/537.36"
65.109.100.157 - - [25/Jun/2026:15:21:59 +0300] "GET /haberler/meral-aksener-torununu-yanina-aldi-adeta-isyan-etti-bu-cocuga-bile-zulum-yapildi-348773 HTTP/1.1" 301 795 "-" "Mozilla/5.0 (compatible; SERankingBacklinksBot/1.0; +https://seranking.com/backlinks-crawler)"
65.109.100.157 - - [25/Jun/2026:15:21:59 +0300] "GET /haber/meral-aksener-torununu-yanina-aldi-adeta-isyan-etti-bu-cocuga-bile-zulum-yapildi-348773 HTTP/1.1" 302 219 "-" "Mozilla/5.0 (compatible; SERankingBacklinksBot/1.0; +https://seranking.com/backlinks-crawler)"
65.109.100.157 - - [25/Jun/2026:15:22:00 +0300] "GET /haber/meral-aksener-torununu-yanina-aldi-adeta-isyan-etti-bu-cocuga-bile-zulum-yapildi-348773 HTTP/1.1" 302 219 "-" "Mozilla/5.0 (compatible; SERankingBacklinksBot/1.0; +https://seranking.com/backlinks-crawler)"
5.255.231.2 - - [25/Jun/2026:15:22:00 +0300] "GET /rss/news-16 HTTP/1.1" 200 7398 "-" "Mozilla/5.0 (compatible; YandexBot/3.0; +http://yandex.com/bots)"
65.109.100.157 - - [25/Jun/2026:15:22:00 +0300] "GET / HTTP/1.1" 200 17234 "-" "Mozilla/5.0 (compatible; SERankingBacklinksBot/1.0; +https://seranking.com/backlinks-crawler)"
5.255.231.81 - - [25/Jun/2026:15:22:01 +0300] "GET /public/rss/genel-0 HTTP/1.1" 200 196873 "-" "Mozilla/5.0 (compatible; YandexBot/3.0; +http://yandex.com/bots)"
62.244.225.226 - - [25/Jun/2026:15:22:03 +0300] "GET /haber/azerbaycan-tip-yok-denklik-sartlari-2026-turkiyede-gecerlilik-rehberi-552395 HTTP/1.1" 200 19058 "https://yeniistiklal.com/haber/ankarada-buz-lazer-epilasyon-kimler-icin-uygundur-552396" "Mozilla/5.0 (X11; Linux x86_64) AppleWebKit/537.36 (KHTML, like Gecko) Ubuntu Chromium/37.0.2062.94 Chrome/37.0.2062.94 Safari/537.36"
65.109.100.157 - - [25/Jun/2026:15:21:55 +0300] "GET /haberler/meral-aksener-sondurulsun-konusacak-cok-sey-var-113085 HTTP/1.1" 301 795 "-" "Mozilla/5.0 (compatible; SERankingBacklinksBot/1.0; +https://seranking.com/backlinks-crawler)"
65.109.100.157 - - [25/Jun/2026:15:21:55 +0300] "GET /haber/meral-aksener-sondurulsun-konusacak-cok-sey-var-113085 HTTP/1.1" 302 219 "-" "Mozilla/5.0 (compatible; SERankingBacklinksBot/1.0; +https://seranking.com/backlinks-crawler)"
65.109.100.157 - - [25/Jun/2026:15:21:56 +0300] "GET /haberler/meral-aksener-sondurulsun-konusacak-cok-sey-var-113085 HTTP/1.1" 301 795 "-" "Mozilla/5.0 (compatible; SERankingBacklinksBot/1.0; +https://seranking.com/backlinks-crawler)"
65.109.100.157 - - [25/Jun/2026:15:21:56 +0300] "GET /404 HTTP/1.1" 302 215 "-" "Mozilla/5.0 (compatible; SERankingBacklinksBot/1.0; +https://seranking.com/backlinks-crawler)"
65.109.100.157 - - [25/Jun/2026:15:21:56 +0300] "GET / HTTP/1.1" 200 17227 "-" "Mozilla/5.0 (compatible; SERankingBacklinksBot/1.0; +https://seranking.com/backlinks-crawler)"
52.8.24.185 - - [25/Jun/2026:15:21:56 +0300] "GET /rss/bilim HTTP/1.1" 302 205 "-" "Mozilla/5.0 RSS reader"
52.8.24.185 - - [25/Jun/2026:15:21:56 +0300] "GET /bilim/rss HTTP/1.1" 302 224 "-" "Mozilla/5.0 RSS reader"
52.8.24.185 - - [25/Jun/2026:15:21:57 +0300] "GET /404 HTTP/1.1" 302 219 "-" "Mozilla/5.0 RSS reader"
52.8.24.185 - - [25/Jun/2026:15:21:57 +0300] "GET /404 HTTP/1.1" 302 219 "-" "Mozilla/5.0 RSS reader"
52.8.24.185 - - [25/Jun/2026:15:21:57 +0300] "GET / HTTP/1.1" 200 17300 "-" "Mozilla/5.0 RSS reader"
65.109.100.157 - - [25/Jun/2026:15:22:00 +0300] "GET /haberler/meral-aksener-torununu-yanina-aldi-adeta-isyan-etti-bu-cocuga-bile-zulum-yapildi-348773 HTTP/1.1" 301 795 "-" "Mozilla/5.0 (compatible; SERankingBacklinksBot/1.0; +https://seranking.com/backlinks-crawler)"
62.244.225.226 - - [25/Jun/2026:15:22:00 +0300] "GET /sitemap.xml?type=news HTTP/1.1" 200 201 "-" "Mozilla/5.0 (Windows NT 6.1; rv:40.0) Gecko/20100101 Firefox/40.0"
65.109.100.157 - - [25/Jun/2026:15:22:00 +0300] "GET /404 HTTP/1.1" 302 215 "-" "Mozilla/5.0 (compatible; SERankingBacklinksBot/1.0; +https://seranking.com/backlinks-crawler)"
62.244.225.226 - - [25/Jun/2026:15:22:00 +0300] "GET /sitemap.xml HTTP/1.1" 200 201 "-" "Mozilla/5.0 (X11; Linux x86_64) AppleWebKit/537.36 (KHTML, like Gecko) Ubuntu Chromium/37.0.2062.94 Chrome/37.0.2062.94 Safari/537.36"
216.73.217.71 - - [25/Jun/2026:15:22:01 +0300] "GET /haber/mobil-cihazlar-is-icin-vazgecilmez-ama-riskli-551725 HTTP/1.1" 200 14250 "-" "Mozilla/5.0 AppleWebKit/537.36 (KHTML, like Gecko; compatible; ClaudeBot/1.0; +claudebot@anthropic.com)"
216.73.217.71 - - [25/Jun/2026:15:22:01 +0300] "GET /haber/antalya-ev-fiyatlari-icin-en-dogru-adres-tekce-551727 HTTP/1.1" 200 15956 "-" "Mozilla/5.0 AppleWebKit/537.36 (KHTML, like Gecko; compatible; ClaudeBot/1.0; +claudebot@anthropic.com)"
62.244.225.226 - - [25/Jun/2026:15:22:01 +0300] "GET /rss/haber-feed.xml HTTP/1.1" 200 196772 "-" "Mozilla/5.0 (Windows NT 6.3; WOW64; rv:40.0) Gecko/20100101 Firefox/40.0"
52.167.144.182 - - [25/Jun/2026:15:22:03 +0300] "GET /public/haber/nigdede-calinan-70-kucukbas-hayvan-sahibine-teslim-edildi-512572 HTTP/1.1" 200 13651 "-" "Mozilla/5.0 AppleWebKit/537.36 (KHTML, like Gecko; compatible; bingbot/2.0; +http://www.bing.com/bingbot.htm) Chrome/116.0.1938.76 Safari/537.36"
65.109.100.157 - - [25/Jun/2026:15:22:03 +0300] "GET /haberler/meral-aksener-trtyi-uyardi-erdogana-yanlis-bilgi-vermeyin-107576 HTTP/1.1" 301 795 "-" "Mozilla/5.0 (compatible; SERankingBacklinksBot/1.0; +https://seranking.com/backlinks-crawler)"
65.109.100.157 - - [25/Jun/2026:15:22:03 +0300] "GET /haber/meral-aksener-trtyi-uyardi-erdogana-yanlis-bilgi-vermeyin-107576 HTTP/1.1" 302 219 "-" "Mozilla/5.0 (compatible; SERankingBacklinksBot/1.0; +https://seranking.com/backlinks-crawler)"
62.244.225.226 - - [25/Jun/2026:15:22:03 +0300] "GET /haber/ankarada-buz-lazer-epilasyon-kimler-icin-uygundur-552396 HTTP/1.1" 200 18600 "https://yeniistiklal.com/haber/ankarada-buz-lazer-epilasyon-kimler-icin-uygundur-552396" "Mozilla/5.0 (Windows NT 6.1) AppleWebKit/537.36 (KHTML, like Gecko) Chrome/45.0.2454.85 Safari/537.36"
52.167.144.182 - - [25/Jun/2026:15:22:04 +0300] "GET /haber/15-mayis-2023-dolar-euro-kuru-549752 HTTP/1.1" 200 12743 "-" "Mozilla/5.0 AppleWebKit/537.36 (KHTML, like Gecko; compatible; bingbot/2.0; +http://www.bing.com/bingbot.htm) Chrome/116.0.1938.76 Safari/537.36"
65.109.100.157 - - [25/Jun/2026:15:22:04 +0300] "GET /haber/meral-aksener-trtyi-uyardi-erdogana-yanlis-bilgi-vermeyin-107576 HTTP/1.1" 302 219 "-" "Mozilla/5.0 (compatible; SERankingBacklinksBot/1.0; +https://seranking.com/backlinks-crawler)"
65.109.100.157 - - [25/Jun/2026:15:22:04 +0300] "GET / HTTP/1.1" 200 17237 "-" "Mozilla/5.0 (compatible; SERankingBacklinksBot/1.0; +https://seranking.com/backlinks-crawler)"
84.37.228.129 - - [25/Jun/2026:15:22:05 +0300] "GET /haber/gardrops-iade-talebi-nasil-yapilir-551447 HTTP/1.1" 200 13462 "-" "Mozilla/5.0 (Macintosh; Intel Mac OS X 10_15_7) AppleWebKit/537.36 (KHTML, like Gecko) Chrome/142.0.0.0 Safari/537.36"
62.244.225.226 - - [25/Jun/2026:15:22:04 +0300] "GET /googlenews.xml HTTP/1.1" 200 938069 "-" "Mozilla/5.0 (Windows NT 10.0; WOW64) AppleWebKit/537.36 (KHTML, like Gecko) Chrome/45.0.2454.85 Safari/537.36"
65.109.100.157 - - [25/Jun/2026:15:22:07 +0300] "GET /haberler/meral-aksener-turkiyenin-iflas-etmesine-sebep-olabilir-dedi-iktidari-uyardi-sakin-ha-457640 HTTP/1.1" 301 795 "-" "Mozilla/5.0 (compatible; SERankingBacklinksBot/1.0; +https://seranking.com/backlinks-crawler)"
65.109.100.157 - - [25/Jun/2026:15:22:07 +0300] "GET /haber/meral-aksener-turkiyenin-iflas-etmesine-sebep-olabilir-dedi-iktidari-uyardi-sakin-ha-457640 HTTP/1.1" 302 219 "-" "Mozilla/5.0 (compatible; SERankingBacklinksBot/1.0; +https://seranking.com/backlinks-crawler)"
65.109.100.157 - - [25/Jun/2026:15:22:07 +0300] "GET /haberler/meral-aksener-turkiyenin-iflas-etmesine-sebep-olabilir-dedi-iktidari-uyardi-sakin-ha-457640 HTTP/1.1" 301 795 "-" "Mozilla/5.0 (compatible; SERankingBacklinksBot/1.0; +https://seranking.com/backlinks-crawler)"
65.109.100.157 - - [25/Jun/2026:15:22:08 +0300] "GET / HTTP/1.1" 200 17234 "-" "Mozilla/5.0 (compatible; SERankingBacklinksBot/1.0; +https://seranking.com/backlinks-crawler)"
40.77.167.158 - - [25/Jun/2026:15:22:09 +0300] "GET /404 HTTP/1.1" 302 215 "-" "Mozilla/5.0 AppleWebKit/537.36 (KHTML, like Gecko; compatible; bingbot/2.0; +http://www.bing.com/bingbot.htm) Chrome/116.0.1938.76 Safari/537.36"
213.180.203.105 - - [25/Jun/2026:15:22:09 +0300] "GET /public/rss/genel-0 HTTP/1.1" 200 196873 "-" "Mozilla/5.0 (compatible; YandexBot/3.0; +http://yandex.com/bots)"
65.109.100.157 - - [25/Jun/2026:15:22:11 +0300] "GET /haberler/meral-aksener-vatandasin-derdini-dinliyor-103556 HTTP/1.1" 301 795 "-" "Mozilla/5.0 (compatible; SERankingBacklinksBot/1.0; +https://seranking.com/backlinks-crawler)"
65.109.100.157 - - [25/Jun/2026:15:22:11 +0300] "GET /haberler/meral-aksener-vatandasin-derdini-dinliyor-103556 HTTP/1.1" 301 795 "-" "Mozilla/5.0 (compatible; SERankingBacklinksBot/1.0; +https://seranking.com/backlinks-crawler)"
65.109.100.157 - - [25/Jun/2026:15:22:12 +0300] "GET /404 HTTP/1.1" 302 215 "-" "Mozilla/5.0 (compatible; SERankingBacklinksBot/1.0; +https://seranking.com/backlinks-crawler)"
65.109.100.157 - - [25/Jun/2026:15:22:12 +0300] "GET / HTTP/1.1" 200 17247 "-" "Mozilla/5.0 (compatible; SERankingBacklinksBot/1.0; +https://seranking.com/backlinks-crawler)"
47.128.123.82 - - [25/Jun/2026:15:22:13 +0300] "GET /public/index.php/images/transparent.gif HTTP/1.1" 302 238 "https://www.yeniistiklal.com/public/index.php/news" "Mozilla/5.0 (Linux; Android 5.0) AppleWebKit/537.36 (KHTML, like Gecko) Mobile Safari/537.36 (compatible; Bytespider; spider-feedback@bytedance.com)"
65.109.100.157 - - [25/Jun/2026:15:22:04 +0300] "GET /haberler/meral-aksener-trtyi-uyardi-erdogana-yanlis-bilgi-vermeyin-107576 HTTP/1.1" 301 795 "-" "Mozilla/5.0 (compatible; SERankingBacklinksBot/1.0; +https://seranking.com/backlinks-crawler)"
65.109.100.157 - - [25/Jun/2026:15:22:04 +0300] "GET /404 HTTP/1.1" 302 215 "-" "Mozilla/5.0 (compatible; SERankingBacklinksBot/1.0; +https://seranking.com/backlinks-crawler)"
65.109.100.157 - - [25/Jun/2026:15:22:08 +0300] "GET /haber/meral-aksener-turkiyenin-iflas-etmesine-sebep-olabilir-dedi-iktidari-uyardi-sakin-ha-457640 HTTP/1.1" 302 219 "-" "Mozilla/5.0 (compatible; SERankingBacklinksBot/1.0; +https://seranking.com/backlinks-crawler)"
65.109.100.157 - - [25/Jun/2026:15:22:08 +0300] "GET /404 HTTP/1.1" 302 215 "-" "Mozilla/5.0 (compatible; SERankingBacklinksBot/1.0; +https://seranking.com/backlinks-crawler)"
40.77.167.158 - - [25/Jun/2026:15:22:08 +0300] "GET /haber/bilim-insani-kesfetti-sutun-icinden-ne-cikti-295177 HTTP/1.1" 302 219 "-" "Mozilla/5.0 AppleWebKit/537.36 (KHTML, like Gecko; compatible; bingbot/2.0; +http://www.bing.com/bingbot.htm) Chrome/116.0.1938.76 Safari/537.36"
65.109.100.157 - - [25/Jun/2026:15:22:11 +0300] "GET /haber/meral-aksener-vatandasin-derdini-dinliyor-103556 HTTP/1.1" 302 219 "-" "Mozilla/5.0 (compatible; SERankingBacklinksBot/1.0; +https://seranking.com/backlinks-crawler)"
65.109.100.157 - - [25/Jun/2026:15:22:11 +0300] "GET /haber/meral-aksener-vatandasin-derdini-dinliyor-103556 HTTP/1.1" 302 219 "-" "Mozilla/5.0 (compatible; SERankingBacklinksBot/1.0; +https://seranking.com/backlinks-crawler)"
47.128.123.82 - - [25/Jun/2026:15:22:11 +0300] "GET /public/index.php/news HTTP/1.1" 200 6922 "-" "Mozilla/5.0 (Linux; Android 5.0) AppleWebKit/537.36 (KHTML, like Gecko) Mobile Safari/537.36 (compatible; Bytespider; spider-feedback@bytedance.com)"
51.195.183.242 - - [25/Jun/2026:15:22:13 +0300] "GET /public/haber/sinavup-turkiyenin-ilk-yapay-zeka-destekli-yks-platformu-resmen-yayinda-551885 HTTP/1.1" 200 14751 "-" "Mozilla/5.0 (compatible; AhrefsBot/7.0; +http://ahrefs.com/robot/)"
47.128.123.82 - - [25/Jun/2026:15:22:15 +0300] "GET /public/index.php/images/haberler/2022/11/baskan-yalcin-bu-kez-de-g20ye-yuklendi-1668861390.png HTTP/1.1" 302 238 "https://www.yeniistiklal.com/public/index.php/news" "Mozilla/5.0 (Linux; Android 5.0) AppleWebKit/537.36 (KHTML, like Gecko) Mobile Safari/537.36 (compatible; Bytespider; spider-feedback@bytedance.com)"
47.128.123.82 - - [25/Jun/2026:15:22:15 +0300] "GET /public/index.php/images/haberler/2022/11/baskan-kocbir-de-simdi-vefa-zamani-diyorlar-1668687273.jpg HTTP/1.1" 302 238 "https://www.yeniistiklal.com/public/index.php/news" "Mozilla/5.0 (Linux; Android 5.0) AppleWebKit/537.36 (KHTML, like Gecko) Mobile Safari/537.36 (compatible; Bytespider; spider-feedback@bytedance.com)"
65.109.100.157 - - [25/Jun/2026:15:22:15 +0300] "GET /haberler/meral-aksener-vatandasla-tartisti-hakkimi-helal-etmiyorum-ym-haber-118979 HTTP/1.1" 301 795 "-" "Mozilla/5.0 (compatible; SERankingBacklinksBot/1.0; +https://seranking.com/backlinks-crawler)"
65.109.100.157 - - [25/Jun/2026:15:22:15 +0300] "GET /haber/meral-aksener-vatandasla-tartisti-hakkimi-helal-etmiyorum-ym-haber-118979 HTTP/1.1" 302 219 "-" "Mozilla/5.0 (compatible; SERankingBacklinksBot/1.0; +https://seranking.com/backlinks-crawler)"
65.109.100.157 - - [25/Jun/2026:15:22:16 +0300] "GET / HTTP/1.1" 200 17238 "-" "Mozilla/5.0 (compatible; SERankingBacklinksBot/1.0; +https://seranking.com/backlinks-crawler)"
47.128.123.82 - - [25/Jun/2026:15:22:16 +0300] "GET /public/index.php/404 HTTP/1.1" 302 232 "https://www.yeniistiklal.com/public/index.php/news" "Mozilla/5.0 (Linux; Android 5.0) AppleWebKit/537.36 (KHTML, like Gecko) Mobile Safari/537.36 (compatible; Bytespider; spider-feedback@bytedance.com)"
47.128.123.82 - - [25/Jun/2026:15:22:14 +0300] "GET /public/index.php/404 HTTP/1.1" 302 232 "https://www.yeniistiklal.com/public/index.php/news" "Mozilla/5.0 (Linux; Android 5.0) AppleWebKit/537.36 (KHTML, like Gecko) Mobile Safari/537.36 (compatible; Bytespider; spider-feedback@bytedance.com)"
65.109.100.157 - - [25/Jun/2026:15:22:15 +0300] "GET /haberler/meral-aksener-vatandasla-tartisti-hakkimi-helal-etmiyorum-ym-haber-118979 HTTP/1.1" 301 795 "-" "Mozilla/5.0 (compatible; SERankingBacklinksBot/1.0; +https://seranking.com/backlinks-crawler)"
47.128.123.82 - - [25/Jun/2026:15:22:15 +0300] "GET /public/index.php HTTP/1.1" 200 17484 "https://www.yeniistiklal.com/public/index.php/news" "Mozilla/5.0 (Linux; Android 5.0) AppleWebKit/537.36 (KHTML, like Gecko) Mobile Safari/537.36 (compatible; Bytespider; spider-feedback@bytedance.com)"
65.109.100.157 - - [25/Jun/2026:15:22:16 +0300] "GET /404 HTTP/1.1" 302 215 "-" "Mozilla/5.0 (compatible; SERankingBacklinksBot/1.0; +https://seranking.com/backlinks-crawler)"
47.128.123.82 - - [25/Jun/2026:15:22:16 +0300] "GET /public/index.php/404 HTTP/1.1" 302 232 "https://www.yeniistiklal.com/public/index.php/news" "Mozilla/5.0 (Linux; Android 5.0) AppleWebKit/537.36 (KHTML, like Gecko) Mobile Safari/537.36 (compatible; Bytespider; spider-feedback@bytedance.com)"
47.128.123.82 - - [25/Jun/2026:15:22:16 +0300] "OPTIONS /hava-durumu/ajax?sehir_isim=6 HTTP/1.1" 200 20 "https://www.yeniistiklal.com/" "Mozilla/5.0 (Linux; Android 5.0) AppleWebKit/537.36 (KHTML, like Gecko) Mobile Safari/537.36 (compatible; Bytespider; spider-feedback@bytedance.com)"
62.244.225.226 - - [25/Jun/2026:15:22:17 +0300] "GET /haber/ankarada-buz-lazer-epilasyon-kimler-icin-uygundur-552396 HTTP/1.1" 200 18596 "https://yeniistiklal.com/haber/ankarada-buz-lazer-epilasyon-kimler-icin-uygundur-552396" "Mozilla/5.0 (X11; Linux x86_64) AppleWebKit/537.36 (KHTML, like Gecko) Ubuntu Chromium/37.0.2062.94 Chrome/37.0.2062.94 Safari/537.36"
47.128.123.82 - - [25/Jun/2026:15:22:17 +0300] "GET /public/index.php/images/haberler/2022/11/baskan-yalcin-bu-kez-de-g20ye-yuklendi-1668861390.png HTTP/1.1" 302 238 "https://www.yeniistiklal.com/public/index.php/news" "Mozilla/5.0 (Linux; Android 5.0) AppleWebKit/537.36 (KHTML, like Gecko) Mobile Safari/537.36 (compatible; Bytespider; spider-feedback@bytedance.com)"
47.128.123.82 - - [25/Jun/2026:15:22:17 +0300] "GET /public/index.php/images/haberler/2022/04/binance-referral-code-rdkc9df3-2022-1649075545.png HTTP/1.1" 302 238 "https://www.yeniistiklal.com/public/index.php/news" "Mozilla/5.0 (Linux; Android 5.0) AppleWebKit/537.36 (KHTML, like Gecko) Mobile Safari/537.36 (compatible; Bytespider; spider-feedback@bytedance.com)"
47.128.123.82 - - [25/Jun/2026:15:22:17 +0300] "GET /public/index.php/images/haberler/2022/11/baskan-senturk-cok-uzgunum-1668497628.jpg HTTP/1.1" 302 238 "https://www.yeniistiklal.com/public/index.php/news" "Mozilla/5.0 (Linux; Android 5.0) AppleWebKit/537.36 (KHTML, like Gecko) Mobile Safari/537.36 (compatible; Bytespider; spider-feedback@bytedance.com)"
47.128.123.82 - - [25/Jun/2026:15:22:18 +0300] "GET /public/index.php/404 HTTP/1.1" 302 232 "https://www.yeniistiklal.com/public/index.php/news" "Mozilla/5.0 (Linux; Android 5.0) AppleWebKit/537.36 (KHTML, like Gecko) Mobile Safari/537.36 (compatible; Bytespider; spider-feedback@bytedance.com)"
47.128.123.82 - - [25/Jun/2026:15:22:18 +0300] "GET /public/index.php HTTP/1.1" 200 17477 "https://www.yeniistiklal.com/public/index.php/news" "Mozilla/5.0 (Linux; Android 5.0) AppleWebKit/537.36 (KHTML, like Gecko) Mobile Safari/537.36 (compatible; Bytespider; spider-feedback@bytedance.com)"
47.128.123.82 - - [25/Jun/2026:15:22:18 +0300] "GET /public/index.php/404 HTTP/1.1" 302 232 "https://www.yeniistiklal.com/public/index.php/news" "Mozilla/5.0 (Linux; Android 5.0) AppleWebKit/537.36 (KHTML, like Gecko) Mobile Safari/537.36 (compatible; Bytespider; spider-feedback@bytedance.com)"
47.128.123.82 - - [25/Jun/2026:15:22:16 +0300] "GET /public/index.php HTTP/1.1" 200 17467 "https://www.yeniistiklal.com/public/index.php/news" "Mozilla/5.0 (Linux; Android 5.0) AppleWebKit/537.36 (KHTML, like Gecko) Mobile Safari/537.36 (compatible; Bytespider; spider-feedback@bytedance.com)"
47.128.123.82 - - [25/Jun/2026:15:22:16 +0300] "GET /public/index.php HTTP/1.1" 200 17465 "https://www.yeniistiklal.com/public/index.php/news" "Mozilla/5.0 (Linux; Android 5.0) AppleWebKit/537.36 (KHTML, like Gecko) Mobile Safari/537.36 (compatible; Bytespider; spider-feedback@bytedance.com)"
62.244.225.226 - - [25/Jun/2026:15:22:17 +0300] "GET /haber/azerbaycan-tip-yok-denklik-sartlari-2026-turkiyede-gecerlilik-rehberi-552395 HTTP/1.1" 200 19067 "https://yeniistiklal.com/haber/ankarada-buz-lazer-epilasyon-kimler-icin-uygundur-552396" "Mozilla/5.0 (Windows NT 10.0; WOW64) AppleWebKit/537.36 (KHTML, like Gecko) Chrome/45.0.2454.85 Safari/537.36"
47.128.123.82 - - [25/Jun/2026:15:22:17 +0300] "GET /public/index.php/images/haberler/2022/11/abp-baskani-yalcin-ekonomik-krizle-gelen-ekonomik-krizle-gidecek-1668687198.png HTTP/1.1" 302 238 "https://www.yeniistiklal.com/public/index.php/news" "Mozilla/5.0 (Linux; Android 5.0) AppleWebKit/537.36 (KHTML, like Gecko) Mobile Safari/537.36 (compatible; Bytespider; spider-feedback@bytedance.com)"
47.128.123.82 - - [25/Jun/2026:15:22:17 +0300] "GET /public/index.php/images/haberler/2022/04/50-mexc-global-referral-code-mexc-1fwac-1649072509.png HTTP/1.1" 302 238 "https://www.yeniistiklal.com/public/index.php/news" "Mozilla/5.0 (Linux; Android 5.0) AppleWebKit/537.36 (KHTML, like Gecko) Mobile Safari/537.36 (compatible; Bytespider; spider-feedback@bytedance.com)"
47.128.123.82 - - [25/Jun/2026:15:22:17 +0300] "GET /public/index.php/images/haberler/2022/11/eroglu-derin-bir-uzuntu-yasiyoruz-1668497670.jpg HTTP/1.1" 302 238 "https://www.yeniistiklal.com/public/index.php/news" "Mozilla/5.0 (Linux; Android 5.0) AppleWebKit/537.36 (KHTML, like Gecko) Mobile Safari/537.36 (compatible; Bytespider; spider-feedback@bytedance.com)"
47.128.123.82 - - [25/Jun/2026:15:22:17 +0300] "GET /public/index.php/images/haberler/2022/01/free-music-song-game-tailes-hop-1641483504.png HTTP/1.1" 302 238 "https://www.yeniistiklal.com/public/index.php/news" "Mozilla/5.0 (Linux; Android 5.0) AppleWebKit/537.36 (KHTML, like Gecko) Mobile Safari/537.36 (compatible; Bytespider; spider-feedback@bytedance.com)"
47.128.123.82 - - [25/Jun/2026:15:22:17 +0300] "GET /public/index.php/404 HTTP/1.1" 302 232 "https://www.yeniistiklal.com/public/index.php/news" "Mozilla/5.0 (Linux; Android 5.0) AppleWebKit/537.36 (KHTML, like Gecko) Mobile Safari/537.36 (compatible; Bytespider; spider-feedback@bytedance.com)"
185.191.171.15 - - [25/Jun/2026:15:22:17 +0300] "GET /haber/cagdas-yasami-destekleme-dernegi-cydd-buyuk-zaferin-100-yili-bulusmasi-gerceklestir-534528 HTTP/1.1" 200 15880 "-" "Mozilla/5.0 (compatible; SemrushBot/7~bl; +http://www.semrush.com/bot.html)"
47.128.123.82 - - [25/Jun/2026:15:22:18 +0300] "GET /public/index.php HTTP/1.1" 200 17490 "https://www.yeniistiklal.com/public/index.php/news" "Mozilla/5.0 (Linux; Android 5.0) AppleWebKit/537.36 (KHTML, like Gecko) Mobile Safari/537.36 (compatible; Bytespider; spider-feedback@bytedance.com)"
47.128.123.82 - - [25/Jun/2026:15:22:19 +0300] "GET /public/index.php/404 HTTP/1.1" 302 232 "https://www.yeniistiklal.com/public/index.php/news" "Mozilla/5.0 (Linux; Android 5.0) AppleWebKit/537.36 (KHTML, like Gecko) Mobile Safari/537.36 (compatible; Bytespider; spider-feedback@bytedance.com)"
47.128.123.82 - - [25/Jun/2026:15:22:19 +0300] "GET /public/index.php/404 HTTP/1.1" 302 232 "https://www.yeniistiklal.com/public/index.php/news" "Mozilla/5.0 (Linux; Android 5.0) AppleWebKit/537.36 (KHTML, like Gecko) Mobile Safari/537.36 (compatible; Bytespider; spider-feedback@bytedance.com)"
47.128.123.82 - - [25/Jun/2026:15:22:18 +0300] "GET /public/index.php/404 HTTP/1.1" 302 232 "https://www.yeniistiklal.com/public/index.php/news" "Mozilla/5.0 (Linux; Android 5.0) AppleWebKit/537.36 (KHTML, like Gecko) Mobile Safari/537.36 (compatible; Bytespider; spider-feedback@bytedance.com)"
47.128.123.82 - - [25/Jun/2026:15:22:18 +0300] "GET /public/index.php HTTP/1.1" 200 17482 "https://www.yeniistiklal.com/public/index.php/news" "Mozilla/5.0 (Linux; Android 5.0) AppleWebKit/537.36 (KHTML, like Gecko) Mobile Safari/537.36 (compatible; Bytespider; spider-feedback@bytedance.com)"
47.128.123.82 - - [25/Jun/2026:15:22:19 +0300] "GET /public/index.php/images/haberler/2022/11/baskan-yalcin-bu-kez-de-g20ye-yuklendi-1668861390.png HTTP/1.1" 302 238 "https://www.yeniistiklal.com/public/index.php/news" "Mozilla/5.0 (Linux; Android 5.0) AppleWebKit/537.36 (KHTML, like Gecko) Mobile Safari/537.36 (compatible; Bytespider; spider-feedback@bytedance.com)"
65.109.100.157 - - [25/Jun/2026:15:22:19 +0300] "GET /haberler/meral-aksenerden-adaylik-resti-merak-edenlere-adresi-gosterdi-232272 HTTP/1.1" 301 795 "-" "Mozilla/5.0 (compatible; SERankingBacklinksBot/1.0; +https://seranking.com/backlinks-crawler)"
65.109.100.157 - - [25/Jun/2026:15:22:19 +0300] "GET /haberler/meral-aksenerden-adaylik-resti-merak-edenlere-adresi-gosterdi-232272 HTTP/1.1" 301 795 "-" "Mozilla/5.0 (compatible; SERankingBacklinksBot/1.0; +https://seranking.com/backlinks-crawler)"
47.128.123.82 - - [25/Jun/2026:15:22:19 +0300] "GET /public/index.php/404 HTTP/1.1" 302 232 "https://www.yeniistiklal.com/public/index.php/news" "Mozilla/5.0 (Linux; Android 5.0) AppleWebKit/537.36 (KHTML, like Gecko) Mobile Safari/537.36 (compatible; Bytespider; spider-feedback@bytedance.com)"
65.109.100.157 - - [25/Jun/2026:15:22:19 +0300] "GET /haber/meral-aksenerden-adaylik-resti-merak-edenlere-adresi-gosterdi-232272 HTTP/1.1" 302 219 "-" "Mozilla/5.0 (compatible; SERankingBacklinksBot/1.0; +https://seranking.com/backlinks-crawler)"
47.128.123.82 - - [25/Jun/2026:15:22:19 +0300] "GET /public/index.php/images/haberler/2022/11/baskan-kocbir-de-simdi-vefa-zamani-diyorlar-1668687273.jpg HTTP/1.1" 302 238 "https://www.yeniistiklal.com/public/index.php/news" "Mozilla/5.0 (Linux; Android 5.0) AppleWebKit/537.36 (KHTML, like Gecko) Mobile Safari/537.36 (compatible; Bytespider; spider-feedback@bytedance.com)"
65.109.100.157 - - [25/Jun/2026:15:22:19 +0300] "GET /404 HTTP/1.1" 302 215 "-" "Mozilla/5.0 (compatible; SERankingBacklinksBot/1.0; +https://seranking.com/backlinks-crawler)"
47.128.123.82 - - [25/Jun/2026:15:22:19 +0300] "GET /public/index.php/404 HTTP/1.1" 302 232 "https://www.yeniistiklal.com/public/index.php/news" "Mozilla/5.0 (Linux; Android 5.0) AppleWebKit/537.36 (KHTML, like Gecko) Mobile Safari/537.36 (compatible; Bytespider; spider-feedback@bytedance.com)"
65.109.100.157 - - [25/Jun/2026:15:22:20 +0300] "GET / HTTP/1.1" 200 17227 "-" "Mozilla/5.0 (compatible; SERankingBacklinksBot/1.0; +https://seranking.com/backlinks-crawler)"
47.128.123.82 - - [25/Jun/2026:15:22:20 +0300] "GET /public/index.php HTTP/1.1" 200 17479 "https://www.yeniistiklal.com/public/index.php/news" "Mozilla/5.0 (Linux; Android 5.0) AppleWebKit/537.36 (KHTML, like Gecko) Mobile Safari/537.36 (compatible; Bytespider; spider-feedback@bytedance.com)"
47.128.123.82 - - [25/Jun/2026:15:22:21 +0300] "GET /public/index.php/images/haberler/2022/11/baskan-kocbir-de-simdi-vefa-zamani-diyorlar-1668687273.jpg HTTP/1.1" 302 238 "https://www.yeniistiklal.com/public/index.php/news" "Mozilla/5.0 (Linux; Android 5.0) AppleWebKit/537.36 (KHTML, like Gecko) Mobile Safari/537.36 (compatible; Bytespider; spider-feedback@bytedance.com)"
47.128.123.82 - - [25/Jun/2026:15:22:22 +0300] "GET /public/index.php HTTP/1.1" 200 17483 "https://www.yeniistiklal.com/public/index.php/news" "Mozilla/5.0 (Linux; Android 5.0) AppleWebKit/537.36 (KHTML, like Gecko) Mobile Safari/537.36 (compatible; Bytespider; spider-feedback@bytedance.com)"
47.128.123.82 - - [25/Jun/2026:15:22:19 +0300] "GET /public/index.php HTTP/1.1" 200 17459 "https://www.yeniistiklal.com/public/index.php/news" "Mozilla/5.0 (Linux; Android 5.0) AppleWebKit/537.36 (KHTML, like Gecko) Mobile Safari/537.36 (compatible; Bytespider; spider-feedback@bytedance.com)"
47.128.123.82 - - [25/Jun/2026:15:22:19 +0300] "GET /public/index.php HTTP/1.1" 200 17473 "https://www.yeniistiklal.com/public/index.php/news" "Mozilla/5.0 (Linux; Android 5.0) AppleWebKit/537.36 (KHTML, like Gecko) Mobile Safari/537.36 (compatible; Bytespider; spider-feedback@bytedance.com)"
47.128.123.82 - - [25/Jun/2026:15:22:20 +0300] "GET /public/index.php HTTP/1.1" 200 17484 "https://www.yeniistiklal.com/public/index.php/news" "Mozilla/5.0 (Linux; Android 5.0) AppleWebKit/537.36 (KHTML, like Gecko) Mobile Safari/537.36 (compatible; Bytespider; spider-feedback@bytedance.com)"
47.128.123.82 - - [25/Jun/2026:15:22:20 +0300] "GET /public/index.php/404 HTTP/1.1" 302 232 "https://www.yeniistiklal.com/public/index.php/news" "Mozilla/5.0 (Linux; Android 5.0) AppleWebKit/537.36 (KHTML, like Gecko) Mobile Safari/537.36 (compatible; Bytespider; spider-feedback@bytedance.com)"
47.128.123.82 - - [25/Jun/2026:15:22:20 +0300] "GET /public/index.php HTTP/1.1" 200 17489 "https://www.yeniistiklal.com/public/index.php/news" "Mozilla/5.0 (Linux; Android 5.0) AppleWebKit/537.36 (KHTML, like Gecko) Mobile Safari/537.36 (compatible; Bytespider; spider-feedback@bytedance.com)"
85.208.96.204 - - [25/Jun/2026:15:22:20 +0300] "GET /haber/android-telefonlarin-kilit-ekranlarinda-reklam-donemi-525503 HTTP/1.1" 200 14117 "-" "Mozilla/5.0 (compatible; SemrushBot/7~bl; +http://www.semrush.com/bot.html)"
47.128.123.82 - - [25/Jun/2026:15:22:21 +0300] "GET /public/index.php HTTP/1.1" 200 17487 "https://www.yeniistiklal.com/public/index.php/news" "Mozilla/5.0 (Linux; Android 5.0) AppleWebKit/537.36 (KHTML, like Gecko) Mobile Safari/537.36 (compatible; Bytespider; spider-feedback@bytedance.com)"
216.73.217.71 - - [25/Jun/2026:15:22:21 +0300] "GET /haber/malatyanin-gulen-yuzu-mef-dentalde-saglikli-gulusler-551754 HTTP/1.1" 200 13352 "-" "Mozilla/5.0 AppleWebKit/537.36 (KHTML, like Gecko; compatible; ClaudeBot/1.0; +claudebot@anthropic.com)"
87.250.224.114 - - [25/Jun/2026:15:22:21 +0300] "GET /public/rss/genel-0 HTTP/1.1" 200 196873 "-" "Mozilla/5.0 (compatible; YandexBot/3.0; +http://yandex.com/bots)"
47.128.123.82 - - [25/Jun/2026:15:22:21 +0300] "GET /public/index.php/404 HTTP/1.1" 302 232 "https://www.yeniistiklal.com/public/index.php/news" "Mozilla/5.0 (Linux; Android 5.0) AppleWebKit/537.36 (KHTML, like Gecko) Mobile Safari/537.36 (compatible; Bytespider; spider-feedback@bytedance.com)"
87.250.224.126 - - [25/Jun/2026:15:22:21 +0300] "GET /rss/news-16 HTTP/1.1" 200 7398 "-" "Mozilla/5.0 (compatible; YandexBot/3.0; +http://yandex.com/bots)"
213.180.203.101 - - [25/Jun/2026:15:22:22 +0300] "GET /rss/genel-0 HTTP/1.1" 200 196772 "-" "Mozilla/5.0 (compatible; YandexBot/3.0; +http://yandex.com/bots)"
65.109.100.157 - - [25/Jun/2026:15:22:23 +0300] "GET /haberler/meral-aksenerden-bakan-nebatiye-cok-sert-sozler-457253 HTTP/1.1" 301 795 "-" "Mozilla/5.0 (compatible; SERankingBacklinksBot/1.0; +https://seranking.com/backlinks-crawler)"
65.109.100.157 - - [25/Jun/2026:15:22:23 +0300] "GET /haber/meral-aksenerden-bakan-nebatiye-cok-sert-sozler-457253 HTTP/1.1" 302 219 "-" "Mozilla/5.0 (compatible; SERankingBacklinksBot/1.0; +https://seranking.com/backlinks-crawler)"
65.109.100.157 - - [25/Jun/2026:15:22:23 +0300] "GET /haberler/meral-aksenerden-bakan-nebatiye-cok-sert-sozler-457253 HTTP/1.1" 301 795 "-" "Mozilla/5.0 (compatible; SERankingBacklinksBot/1.0; +https://seranking.com/backlinks-crawler)"
52.8.24.185 - - [25/Jun/2026:15:22:23 +0300] "GET /feed/otomobil HTTP/1.1" 301 795 "-" "Mozilla/5.0 RSS reader"
52.8.24.185 - - [25/Jun/2026:15:22:23 +0300] "GET /otomotiv/rss HTTP/1.1" 302 224 "-" "Mozilla/5.0 RSS reader"
65.109.100.157 - - [25/Jun/2026:15:22:23 +0300] "GET /haber/meral-aksenerden-bakan-nebatiye-cok-sert-sozler-457253 HTTP/1.1" 302 219 "-" "Mozilla/5.0 (compatible; SERankingBacklinksBot/1.0; +https://seranking.com/backlinks-crawler)"
52.8.24.185 - - [25/Jun/2026:15:22:23 +0300] "GET /rss/otomobil.xml HTTP/1.1" 302 205 "-" "Mozilla/5.0 RSS reader"
52.8.24.185 - - [25/Jun/2026:15:22:23 +0300] "GET /rss/otomobil HTTP/1.1" 302 205 "-" "Mozilla/5.0 RSS reader"
51.195.215.138 - - [25/Jun/2026:15:22:23 +0300] "GET /public/images/haberler/2025/10/turkiyenin-en-iyi-isletmeleri-en-iyi-5-projesiyle-tescilleniyor-1759770964.png HTTP/1.1" 200 207821 "-" "Mozilla/5.0 (compatible; AhrefsBot/7.0; +http://ahrefs.com/robot/)"
65.109.100.157 - - [25/Jun/2026:15:22:23 +0300] "GET /404 HTTP/1.1" 302 215 "-" "Mozilla/5.0 (compatible; SERankingBacklinksBot/1.0; +https://seranking.com/backlinks-crawler)"
52.8.24.185 - - [25/Jun/2026:15:22:23 +0300] "GET /rss/genel-0 HTTP/1.1" 200 196810 "-" "Mozilla/5.0 RSS reader"
65.109.100.157 - - [25/Jun/2026:15:22:23 +0300] "GET / HTTP/1.1" 200 17231 "-" "Mozilla/5.0 (compatible; SERankingBacklinksBot/1.0; +https://seranking.com/backlinks-crawler)"
52.8.24.185 - - [25/Jun/2026:15:22:24 +0300] "GET / HTTP/1.1" 200 17309 "-" "Mozilla/5.0 RSS reader"
52.8.24.185 - - [25/Jun/2026:15:22:24 +0300] "GET / HTTP/1.1" 200 17305 "-" "Mozilla/5.0 RSS reader"
47.128.123.82 - - [25/Jun/2026:15:22:25 +0300] "GET /public/index.php/404 HTTP/1.1" 302 232 "https://www.yeniistiklal.com/public/index.php/news" "Mozilla/5.0 (Linux; Android 5.0) AppleWebKit/537.36 (KHTML, like Gecko) Mobile Safari/537.36 (compatible; Bytespider; spider-feedback@bytedance.com)"
112.86.225.59 - - [25/Jun/2026:15:22:25 +0300] "GET /haber/endura-sakarya-profesyonel-arac-kaplama-cam-filmi-uygulama-merkezi-552175 HTTP/1.1" 200 16266 "-" "Sogou web spider/4.0(+http://www.sogou.com/docs/help/webmasters.htm#07)"
47.128.123.82 - - [25/Jun/2026:15:22:25 +0300] "GET /public/index.php HTTP/1.1" 200 17489 "https://www.yeniistiklal.com/public/index.php/news" "Mozilla/5.0 (Linux; Android 5.0) AppleWebKit/537.36 (KHTML, like Gecko) Mobile Safari/537.36 (compatible; Bytespider; spider-feedback@bytedance.com)"
112.86.225.59 - - [25/Jun/2026:15:22:27 +0300] "GET /haber/endura-sakarya-profesyonel-arac-kaplama-cam-filmi-uygulama-merkezi-552175 HTTP/1.1" 200 16268 "-" "Sogou web spider/4.0(+http://www.sogou.com/docs/help/webmasters.htm#07)"
65.109.100.157 - - [25/Jun/2026:15:22:27 +0300] "GET /haberler/meral-aksenerden-bomba-adaylik-aciklamasi-279901 HTTP/1.1" 301 795 "-" "Mozilla/5.0 (compatible; SERankingBacklinksBot/1.0; +https://seranking.com/backlinks-crawler)"
65.109.100.157 - - [25/Jun/2026:15:22:27 +0300] "GET /404 HTTP/1.1" 302 215 "-" "Mozilla/5.0 (compatible; SERankingBacklinksBot/1.0; +https://seranking.com/backlinks-crawler)"
65.109.100.157 - - [25/Jun/2026:15:22:27 +0300] "GET / HTTP/1.1" 200 17230 "-" "Mozilla/5.0 (compatible; SERankingBacklinksBot/1.0; +https://seranking.com/backlinks-crawler)"
52.54.249.218 - - [25/Jun/2026:15:22:28 +0300] "GET /public/index.php/haber/bakan-akar-kuvvet-komutanlariyla-azerbaycanda-516719 HTTP/1.1" 200 13880 "-" "Mozilla/5.0 AppleWebKit/537.36 (KHTML, like Gecko; compatible; Amazonbot/0.1; +https://developer.amazon.com/support/amazonbot) Chrome/119.0.6045.214 Safari/537.36"
43.173.178.214 - - [25/Jun/2026:15:22:29 +0300] "GET /hava-durumu/ajax?sehir_isim=6 HTTP/1.1" 200 77 "https://yeniistiklal.com/public/haber/cumhurbaskani-erdoganin-spor-aski-512775" "Mozilla/5.0 (Windows NT 10.0; Win64; x64) AppleWebKit/537.36 (KHTML, like Gecko) Chrome/106.0.5249.119 Safari/537.36"
143.14.6.165 - - [25/Jun/2026:15:22:29 +0300] "GET /public/404 HTTP/1.1" 302 220 "https://yeniistiklal.com/" "Mozilla/5.0 (Windows NT 10.0; Win64; x64) AppleWebKit/537.36 (KHTML, like Gecko) Chrome/131.0.0.0 Safari/537.36"
143.14.6.165 - - [25/Jun/2026:15:22:23 +0300] "GET /public/images/haberler/2022/05/pubg-mobile-ramazan-bayramini-anadolu-sehirlerinde-kutladi-bpnfS77G.jpg HTTP/1.1" 302 225 "https://yeniistiklal.com/" "Mozilla/5.0 (Windows NT 10.0; Win64; x64) AppleWebKit/537.36 (KHTML, like Gecko) Chrome/131.0.0.0 Safari/537.36"
52.8.24.185 - - [25/Jun/2026:15:22:23 +0300] "GET /404 HTTP/1.1" 302 219 "-" "Mozilla/5.0 RSS reader"
52.8.24.185 - - [25/Jun/2026:15:22:23 +0300] "GET /404 HTTP/1.1" 302 219 "-" "Mozilla/5.0 RSS reader"
52.8.24.185 - - [25/Jun/2026:15:22:23 +0300] "GET /404 HTTP/1.1" 302 219 "-" "Mozilla/5.0 RSS reader"
52.8.24.185 - - [25/Jun/2026:15:22:24 +0300] "GET / HTTP/1.1" 200 17306 "-" "Mozilla/5.0 RSS reader"
47.128.123.82 - - [25/Jun/2026:15:22:25 +0300] "GET /public/index.php/images/haberler/2022/11/abp-baskani-yalcin-ekonomik-krizle-gelen-ekonomik-krizle-gidecek-1668687198.png HTTP/1.1" 302 238 "https://www.yeniistiklal.com/public/index.php/news" "Mozilla/5.0 (Linux; Android 5.0) AppleWebKit/537.36 (KHTML, like Gecko) Mobile Safari/537.36 (compatible; Bytespider; spider-feedback@bytedance.com)"
65.109.100.157 - - [25/Jun/2026:15:22:27 +0300] "GET /haberler/meral-aksenerden-bomba-adaylik-aciklamasi-279901 HTTP/1.1" 301 795 "-" "Mozilla/5.0 (compatible; SERankingBacklinksBot/1.0; +https://seranking.com/backlinks-crawler)"
65.109.100.157 - - [25/Jun/2026:15:22:27 +0300] "GET /haber/meral-aksenerden-bomba-adaylik-aciklamasi-279901 HTTP/1.1" 302 219 "-" "Mozilla/5.0 (compatible; SERankingBacklinksBot/1.0; +https://seranking.com/backlinks-crawler)"
65.109.100.157 - - [25/Jun/2026:15:22:27 +0300] "GET /haber/meral-aksenerden-bomba-adaylik-aciklamasi-279901 HTTP/1.1" 302 219 "-" "Mozilla/5.0 (compatible; SERankingBacklinksBot/1.0; +https://seranking.com/backlinks-crawler)"
43.173.179.116 - - [25/Jun/2026:15:22:27 +0300] "GET /public/haber/cumhurbaskani-erdoganin-spor-aski-512775 HTTP/1.1" 200 14532 "-" "Mozilla/5.0 (Windows NT 10.0; Win64; x64) AppleWebKit/537.36 (KHTML, like Gecko) Chrome/106.0.5249.119 Safari/537.36"
85.208.96.207 - - [25/Jun/2026:15:22:30 +0300] "GET /haber/genclik-meclisi-yurtlarda-yasanan-sorunlari-ele-aldi-529615 HTTP/1.1" 200 14425 "-" "Mozilla/5.0 (compatible; SemrushBot/7~bl; +http://www.semrush.com/bot.html)"
85.208.96.193 - - [25/Jun/2026:15:22:31 +0300] "GET /haber/baskan-sandal-sanatla-birlesecegiz-541074 HTTP/1.1" 200 13967 "-" "Mozilla/5.0 (compatible; SemrushBot/7~bl; +http://www.semrush.com/bot.html)"
65.109.100.157 - - [25/Jun/2026:15:22:31 +0300] "GET /haberler/meral-aksenerden-cok-sert-dolar-tepkisi-ekonomi-cahili-zihniyete-son-verecegiz-458240 HTTP/1.1" 301 795 "-" "Mozilla/5.0 (compatible; SERankingBacklinksBot/1.0; +https://seranking.com/backlinks-crawler)"
65.109.100.157 - - [25/Jun/2026:15:22:31 +0300] "GET /haberler/meral-aksenerden-cok-sert-dolar-tepkisi-ekonomi-cahili-zihniyete-son-verecegiz-458240 HTTP/1.1" 301 795 "-" "Mozilla/5.0 (compatible; SERankingBacklinksBot/1.0; +https://seranking.com/backlinks-crawler)"
65.109.100.157 - - [25/Jun/2026:15:22:31 +0300] "GET /haber/meral-aksenerden-cok-sert-dolar-tepkisi-ekonomi-cahili-zihniyete-son-verecegiz-458240 HTTP/1.1" 302 219 "-" "Mozilla/5.0 (compatible; SERankingBacklinksBot/1.0; +https://seranking.com/backlinks-crawler)"
3.225.45.252 - - [25/Jun/2026:15:22:31 +0300] "GET /public/index.php/haber/memduh-buyukkilictan-muhtarlara-ozel-mesaj-545803 HTTP/1.1" 200 14470 "-" "Mozilla/5.0 AppleWebKit/537.36 (KHTML, like Gecko; compatible; Amazonbot/0.1; +https://developer.amazon.com/support/amazonbot) Chrome/119.0.6045.214 Safari/537.36"
185.191.171.13 - - [25/Jun/2026:15:22:33 +0300] "GET /haber/ggyd-baskani-nezih-allioglu-dunya-lideri-ataturkun-vizyonunu-cocuklarimiza-asilamaya-calisiyoruz-509021 HTTP/1.1" 200 14680 "-" "Mozilla/5.0 (compatible; SemrushBot/7~bl; +http://www.semrush.com/bot.html)"
65.109.100.157 - - [25/Jun/2026:15:22:35 +0300] "GET /haberler/meral-aksenerden-dikkat-ceken-video-441042 HTTP/1.1" 301 795 "-" "Mozilla/5.0 (compatible; SERankingBacklinksBot/1.0; +https://seranking.com/backlinks-crawler)"
3.227.180.70 - - [25/Jun/2026:15:22:30 +0300] "GET /public/haber/bora-anil-yarisi-survivor-all-star-2022-49-bolum-501812 HTTP/1.1" 200 13670 "-" "Mozilla/5.0 AppleWebKit/537.36 (KHTML, like Gecko; compatible; Amazonbot/0.1; +https://developer.amazon.com/support/amazonbot) Chrome/119.0.6045.214 Safari/537.36"
65.109.100.157 - - [25/Jun/2026:15:22:31 +0300] "GET /haber/meral-aksenerden-cok-sert-dolar-tepkisi-ekonomi-cahili-zihniyete-son-verecegiz-458240 HTTP/1.1" 302 219 "-" "Mozilla/5.0 (compatible; SERankingBacklinksBot/1.0; +https://seranking.com/backlinks-crawler)"
65.109.100.157 - - [25/Jun/2026:15:22:31 +0300] "GET /404 HTTP/1.1" 302 215 "-" "Mozilla/5.0 (compatible; SERankingBacklinksBot/1.0; +https://seranking.com/backlinks-crawler)"
65.109.100.157 - - [25/Jun/2026:15:22:31 +0300] "GET / HTTP/1.1" 200 17239 "-" "Mozilla/5.0 (compatible; SERankingBacklinksBot/1.0; +https://seranking.com/backlinks-crawler)"
43.173.176.149 - - [25/Jun/2026:15:22:32 +0300] "GET /public/haber/cumhurbaskani-erdoganin-spor-aski-512775 HTTP/1.1" 200 14529 "-" "Mozilla/5.0 (Windows NT 10.0; Win64; x64) AppleWebKit/537.36 (KHTML, like Gecko) Chrome/131.0.0.0 Safari/537.36"
34.205.170.13 - - [25/Jun/2026:15:22:34 +0300] "GET /public/haber/poyrazin-kizlari-evinde-maglup-oldu-548169 HTTP/1.1" 200 13818 "-" "Mozilla/5.0 AppleWebKit/537.36 (KHTML, like Gecko; compatible; Amazonbot/0.1; +https://developer.amazon.com/support/amazonbot) Chrome/119.0.6045.214 Safari/537.36"
189.140.0.153 - - [25/Jun/2026:15:22:35 +0300] "GET /public/images/haberler/2022/05/pubg-mobile-ramazan-bayramini-anadolu-sehirlerinde-kutladi-bpnfS77G.jpg HTTP/1.1" 302 225 "https://yeniistiklal.com/" "Mozilla/5.0 (Windows NT 10.0; Win64; x64) AppleWebKit/537.36 (KHTML, like Gecko) Chrome/131.0.0.0 Safari/537.36"
65.109.100.157 - - [25/Jun/2026:15:22:35 +0300] "GET /haber/meral-aksenerden-dikkat-ceken-video-441042 HTTP/1.1" 302 219 "-" "Mozilla/5.0 (compatible; SERankingBacklinksBot/1.0; +https://seranking.com/backlinks-crawler)"
65.109.100.157 - - [25/Jun/2026:15:22:35 +0300] "GET /haber/meral-aksenerden-dikkat-ceken-video-441042 HTTP/1.1" 302 219 "-" "Mozilla/5.0 (compatible; SERankingBacklinksBot/1.0; +https://seranking.com/backlinks-crawler)"
65.109.100.157 - - [25/Jun/2026:15:22:35 +0300] "GET /404 HTTP/1.1" 302 215 "-" "Mozilla/5.0 (compatible; SERankingBacklinksBot/1.0; +https://seranking.com/backlinks-crawler)"
65.109.100.157 - - [25/Jun/2026:15:22:35 +0300] "GET / HTTP/1.1" 200 17248 "-" "Mozilla/5.0 (compatible; SERankingBacklinksBot/1.0; +https://seranking.com/backlinks-crawler)"
47.128.124.127 - - [25/Jun/2026:15:22:38 +0300] "GET / HTTP/1.1" 200 17234 "-" "Mozilla/5.0 (Linux; Android 5.0) AppleWebKit/537.36 (KHTML, like Gecko) Mobile Safari/537.36 (compatible; Bytespider; spider-feedback@bytedance.com)"
65.109.100.157 - - [25/Jun/2026:15:22:39 +0300] "GET /haberler/meral-aksenerden-erdogana-cok-sert-ahlak-yoksunu-yaniti-399528 HTTP/1.1" 301 795 "-" "Mozilla/5.0 (compatible; SERankingBacklinksBot/1.0; +https://seranking.com/backlinks-crawler)"
65.109.100.157 - - [25/Jun/2026:15:22:39 +0300] "GET /haber/meral-aksenerden-erdogana-cok-sert-ahlak-yoksunu-yaniti-399528 HTTP/1.1" 302 219 "-" "Mozilla/5.0 (compatible; SERankingBacklinksBot/1.0; +https://seranking.com/backlinks-crawler)"
65.109.100.157 - - [25/Jun/2026:15:22:39 +0300] "GET / HTTP/1.1" 200 17233 "-" "Mozilla/5.0 (compatible; SERankingBacklinksBot/1.0; +https://seranking.com/backlinks-crawler)"
47.128.124.127 - - [25/Jun/2026:15:22:39 +0300] "GET /images/firmalar HTTP/1.1" 301 795 "https://yeniistiklal.com/" "Mozilla/5.0 (Linux; Android 5.0) AppleWebKit/537.36 (KHTML, like Gecko) Mobile Safari/537.36 (compatible; Bytespider; spider-feedback@bytedance.com)"
85.208.96.199 - - [25/Jun/2026:15:22:39 +0300] "GET /haber/katar-turizmden-uygun-butceyle-seyahat-tavsiyeleri-522530 HTTP/1.1" 200 17155 "-" "Mozilla/5.0 (compatible; SemrushBot/7~bl; +http://www.semrush.com/bot.html)"
65.109.100.157 - - [25/Jun/2026:15:22:35 +0300] "GET /haberler/meral-aksenerden-dikkat-ceken-video-441042 HTTP/1.1" 301 795 "-" "Mozilla/5.0 (compatible; SERankingBacklinksBot/1.0; +https://seranking.com/backlinks-crawler)"
185.191.171.11 - - [25/Jun/2026:15:22:36 +0300] "GET /haber/beyaz-somine-ile-elektrikli-somine-konforunu-ve-estetigini-bir-arada-kesfedin-551689 HTTP/1.1" 200 15014 "-" "Mozilla/5.0 (compatible; SemrushBot/7~bl; +http://www.semrush.com/bot.html)"
102.0.33.52 - - [25/Jun/2026:15:22:38 +0300] "GET /public/404 HTTP/1.1" 302 220 "https://yeniistiklal.com/" "Mozilla/5.0 (Windows NT 10.0; Win64; x64) AppleWebKit/537.36 (KHTML, like Gecko) Chrome/131.0.0.0 Safari/537.36"
65.109.100.157 - - [25/Jun/2026:15:22:39 +0300] "GET /haberler/meral-aksenerden-erdogana-cok-sert-ahlak-yoksunu-yaniti-399528 HTTP/1.1" 301 795 "-" "Mozilla/5.0 (compatible; SERankingBacklinksBot/1.0; +https://seranking.com/backlinks-crawler)"
65.109.100.157 - - [25/Jun/2026:15:22:39 +0300] "GET /haber/meral-aksenerden-erdogana-cok-sert-ahlak-yoksunu-yaniti-399528 HTTP/1.1" 302 219 "-" "Mozilla/5.0 (compatible; SERankingBacklinksBot/1.0; +https://seranking.com/backlinks-crawler)"
65.109.100.157 - - [25/Jun/2026:15:22:39 +0300] "GET /404 HTTP/1.1" 302 215 "-" "Mozilla/5.0 (compatible; SERankingBacklinksBot/1.0; +https://seranking.com/backlinks-crawler)"
187.45.74.18 - - [25/Jun/2026:15:22:40 +0300] "GET /public HTTP/1.1" 301 795 "https://yeniistiklal.com/" "Mozilla/5.0 (Windows NT 10.0; Win64; x64) AppleWebKit/537.36 (KHTML, like Gecko) Chrome/131.0.0.0 Safari/537.36"
100.29.160.53 - - [25/Jun/2026:15:22:41 +0300] "GET /public/index.php/haber/meb-koy-yasam-merkezlerini-cogaltiyor-samsundan-sonra-ankarada-da-acildi-530864 HTTP/1.1" 200 14810 "-" "Mozilla/5.0 AppleWebKit/537.36 (KHTML, like Gecko; compatible; Amazonbot/0.1; +https://developer.amazon.com/support/amazonbot) Chrome/119.0.6045.214 Safari/537.36"
47.128.124.127 - - [25/Jun/2026:15:22:42 +0300] "GET /hava-durumu/ajax?sehir_isim=6 HTTP/1.1" 200 77 "https://yeniistiklal.com/" "Mozilla/5.0 (Linux; Android 5.0) AppleWebKit/537.36 (KHTML, like Gecko) Mobile Safari/537.36 (compatible; Bytespider; spider-feedback@bytedance.com)"
