92.45.104.138 - - [25/Jun/2026:15:25:27 +0300] "GET /haber/super-ligde-35-hafta-hakemleri-belli-oldu-nefesler-tutuldu-551627 HTTP/1.1" 200 13903 "https://www.google.com/" "Mozilla/5.0 (Windows NT 10.0; Win64; x64) AppleWebKit/537.36 (KHTML, like Gecko) Chrome/133.0.0.0 Safari/537.36"
140.179.174.16 - - [25/Jun/2026:15:25:28 +0300] "GET / HTTP/1.1" 200 17233 "-" "Mozilla/5.0 (compatible; crawler)"
92.45.104.138 - - [25/Jun/2026:15:25:28 +0300] "GET /rss HTTP/1.1" 200 6018 "https://www.google.com/" "Mozilla/5.0 (Windows NT 10.0; Win64; x64) AppleWebKit/537.36 (KHTML, like Gecko) Chrome/133.0.0.0 Safari/537.36"
92.45.104.138 - - [25/Jun/2026:15:25:28 +0300] "GET /haber/yeni-tarifeler-petrol-piyasasini-nasil-etkiliyor-551760 HTTP/1.1" 200 13517 "https://www.google.com/" "Mozilla/5.0 (Windows NT 10.0; Win64; x64) AppleWebKit/537.36 (KHTML, like Gecko) Chrome/133.0.0.0 Safari/537.36"
92.45.104.138 - - [25/Jun/2026:15:25:28 +0300] "GET /haber/gunes-yanigina-veda-edin-aciyi-dindiren-ev-yapimi-cozumler-551785 HTTP/1.1" 200 14442 "https://www.google.com/" "Mozilla/5.0 (Windows NT 10.0; Win64; x64) AppleWebKit/537.36 (KHTML, like Gecko) Chrome/133.0.0.0 Safari/537.36"
92.45.104.138 - - [25/Jun/2026:15:25:28 +0300] "GET /haber/yavas-ve-bilincli-adimlarin-dansi-japon-yuruyusu-551761 HTTP/1.1" 200 14743 "https://www.google.com/" "Mozilla/5.0 (Windows NT 10.0; Win64; x64) AppleWebKit/537.36 (KHTML, like Gecko) Chrome/133.0.0.0 Safari/537.36"
65.109.100.157 - - [25/Jun/2026:15:25:28 +0300] "GET /haberler/merkel-afganistandaki-gelismeler-icin-bu-konu-bizi-uzun-bir-sure-mesgul-edecek-dedi-155355 HTTP/1.1" 301 795 "-" "Mozilla/5.0 (compatible; SERankingBacklinksBot/1.0; +https://seranking.com/backlinks-crawler)"
216.73.217.71 - - [25/Jun/2026:15:25:28 +0300] "GET /haber/dr-mehmet-fatih-okyay-yuz-odakli-plastik-cerrahide-uluslararasi-mukemmeliyet-standardi-551731 HTTP/1.1" 200 14940 "-" "Mozilla/5.0 AppleWebKit/537.36 (KHTML, like Gecko; compatible; ClaudeBot/1.0; +claudebot@anthropic.com)"
92.45.104.138 - - [25/Jun/2026:15:25:29 +0300] "GET /haber/kendi-hikayenizi-boynunuzda-tasiyin-kisiye-ozel-jewelous-pirlanta-harf-kolyeler-552385 HTTP/1.1" 200 13698 "https://www.google.com/" "Mozilla/5.0 (Windows NT 10.0; Win64; x64) AppleWebKit/537.36 (KHTML, like Gecko) Chrome/133.0.0.0 Safari/537.36"
92.45.104.138 - - [25/Jun/2026:15:25:29 +0300] "GET /haber/guneydogu-anadoluda-sessiz-donusum-552386 HTTP/1.1" 200 14728 "https://www.google.com/" "Mozilla/5.0 (Windows NT 10.0; Win64; x64) AppleWebKit/537.36 (KHTML, like Gecko) Chrome/133.0.0.0 Safari/537.36"
92.45.104.138 - - [25/Jun/2026:15:25:29 +0300] "GET /haber/fumigasyon-hasere-ilaclama-ve-bocek-ilaclama-hizmetlerinde-profesyonel-surecin-onemi-552383 HTTP/1.1" 200 14667 "https://www.google.com/" "Mozilla/5.0 (Windows NT 10.0; Win64; x64) AppleWebKit/537.36 (KHTML, like Gecko) Chrome/133.0.0.0 Safari/537.36"
92.45.104.138 - - [25/Jun/2026:15:25:29 +0300] "GET /haber/sut-hayvanlari-icin-premiks-cozumleri-552387 HTTP/1.1" 200 15265 "https://www.google.com/" "Mozilla/5.0 (Windows NT 10.0; Win64; x64) AppleWebKit/537.36 (KHTML, like Gecko) Chrome/133.0.0.0 Safari/537.36"
92.45.104.138 - - [25/Jun/2026:15:25:29 +0300] "GET /haber/best-25-guest-post-marketplaces-reviewed-in-2026-552384 HTTP/1.1" 200 25300 "https://www.google.com/" "Mozilla/5.0 (Windows NT 10.0; Win64; x64) AppleWebKit/537.36 (KHTML, like Gecko) Chrome/133.0.0.0 Safari/537.36"
92.45.104.138 - - [25/Jun/2026:15:25:29 +0300] "GET /haber/prof-dr-kursat-sahin-yildirimer-ile-egitim-aile-ve-manevi-degerler-uzerine-ozel-roportaj-552389 HTTP/1.1" 200 18518 "https://www.google.com/" "Mozilla/5.0 (Windows NT 10.0; Win64; x64) AppleWebKit/537.36 (KHTML, like Gecko) Chrome/133.0.0.0 Safari/537.36"
65.109.100.157 - - [25/Jun/2026:15:25:29 +0300] "GET /404 HTTP/1.1" 302 215 "-" "Mozilla/5.0 (compatible; SERankingBacklinksBot/1.0; +https://seranking.com/backlinks-crawler)"
92.45.104.138 - - [25/Jun/2026:15:25:30 +0300] "GET /firma-rehberi/local-seo-857 HTTP/1.1" 200 7171 "https://www.google.com/" "Mozilla/5.0 (Windows NT 10.0; Win64; x64) AppleWebKit/537.36 (KHTML, like Gecko) Chrome/133.0.0.0 Safari/537.36"
92.45.104.138 - - [25/Jun/2026:15:25:30 +0300] "GET /firma-rehberi/besiktas-su-tesisatcisi-hizmetleri-859 HTTP/1.1" 200 9135 "https://www.google.com/" "Mozilla/5.0 (Windows NT 10.0; Win64; x64) AppleWebKit/537.36 (KHTML, like Gecko) Chrome/133.0.0.0 Safari/537.36"
185.191.171.1 - - [25/Jun/2026:15:25:30 +0300] "GET /haber/rusyada-isverenlere-azami-sayida-isciyi-uzaktan-calistirmalari-tavsiye-edildi-482386 HTTP/1.1" 200 13749 "-" "Mozilla/5.0 (compatible; SemrushBot/7~bl; +http://www.semrush.com/bot.html)"
92.45.104.138 - - [25/Jun/2026:15:25:30 +0300] "GET /firma-rehberi/nolto-bilisim-872 HTTP/1.1" 200 7085 "https://www.google.com/" "Mozilla/5.0 (Windows NT 10.0; Win64; x64) AppleWebKit/537.36 (KHTML, like Gecko) Chrome/133.0.0.0 Safari/537.36"
92.45.104.138 - - [25/Jun/2026:15:25:30 +0300] "GET /haber/hametan-merhem-2025-fiyatlari-551596 HTTP/1.1" 200 13741 "https://www.google.com/" "Mozilla/5.0 (Windows NT 10.0; Win64; x64) AppleWebKit/537.36 (KHTML, like Gecko) Chrome/133.0.0.0 Safari/537.36"
62.244.225.226 - - [25/Jun/2026:15:25:31 +0300] "GET /sitemap.xml HTTP/1.1" 200 201 "https://yeniistiklal.com/sitemap.xml" "Mozilla/5.0 (Windows NT 6.1) AppleWebKit/537.36 (KHTML, like Gecko) Chrome/45.0.2454.85 Safari/537.36"
92.45.104.138 - - [25/Jun/2026:15:25:31 +0300] "GET /haber/2022-dunya-kupasi-belcika-0-2-fas-548688 HTTP/1.1" 200 13094 "https://www.google.com/" "Mozilla/5.0 (Windows NT 10.0; Win64; x64) AppleWebKit/537.36 (KHTML, like Gecko) Chrome/133.0.0.0 Safari/537.36"
92.45.104.138 - - [25/Jun/2026:15:25:31 +0300] "GET /haber/filenin-sultanlari-milletler-liginde-sampiyon-oldu-550007 HTTP/1.1" 200 13666 "https://www.google.com/" "Mozilla/5.0 (Windows NT 10.0; Win64; x64) AppleWebKit/537.36 (KHTML, like Gecko) Chrome/133.0.0.0 Safari/537.36"
92.45.104.138 - - [25/Jun/2026:15:25:31 +0300] "GET /haber/hurda-fiyatlari-2025-hurda-bakir-aluminyum-kablo-fiyatlari-551969 HTTP/1.1" 200 15160 "https://www.google.com/" "Mozilla/5.0 (Windows NT 10.0; Win64; x64) AppleWebKit/537.36 (KHTML, like Gecko) Chrome/133.0.0.0 Safari/537.36"
92.45.104.138 - - [25/Jun/2026:15:25:31 +0300] "GET /haber/iddaa-analizi-nasil-yapilir-550740 HTTP/1.1" 200 14340 "https://www.google.com/" "Mozilla/5.0 (Windows NT 10.0; Win64; x64) AppleWebKit/537.36 (KHTML, like Gecko) Chrome/133.0.0.0 Safari/537.36"
50.16.72.185 - - [25/Jun/2026:15:25:28 +0300] "GET /public/etiketler/milyon-haberleri HTTP/1.1" 200 8482 "-" "Mozilla/5.0 AppleWebKit/537.36 (KHTML, like Gecko; compatible; Amazonbot/0.1; +https://developer.amazon.com/support/amazonbot) Chrome/119.0.6045.214 Safari/537.36"
65.109.100.157 - - [25/Jun/2026:15:25:29 +0300] "GET / HTTP/1.1" 200 17237 "-" "Mozilla/5.0 (compatible; SERankingBacklinksBot/1.0; +https://seranking.com/backlinks-crawler)"
92.45.104.138 - - [25/Jun/2026:15:25:30 +0300] "GET /biyografiler/mustafa-kemal-ataturk-1 HTTP/1.1" 200 9543 "https://www.google.com/" "Mozilla/5.0 (Windows NT 10.0; Win64; x64) AppleWebKit/537.36 (KHTML, like Gecko) Chrome/133.0.0.0 Safari/537.36"
92.45.104.138 - - [25/Jun/2026:15:25:30 +0300] "GET /ilan-ekle HTTP/1.1" 200 6469 "https://www.google.com/" "Mozilla/5.0 (Windows NT 10.0; Win64; x64) AppleWebKit/537.36 (KHTML, like Gecko) Chrome/133.0.0.0 Safari/537.36"
92.45.104.138 - - [25/Jun/2026:15:25:30 +0300] "GET /biyografiler/kemal-sunal-3 HTTP/1.1" 200 8355 "https://www.google.com/" "Mozilla/5.0 (Windows NT 10.0; Win64; x64) AppleWebKit/537.36 (KHTML, like Gecko) Chrome/133.0.0.0 Safari/537.36"
92.45.104.138 - - [25/Jun/2026:15:25:30 +0300] "GET /haber/tup-bebekte-en-onemli-sey-guven-ve-umudu-kaybetmemektir-552390 HTTP/1.1" 200 16103 "https://www.google.com/" "Mozilla/5.0 (Windows NT 10.0; Win64; x64) AppleWebKit/537.36 (KHTML, like Gecko) Chrome/133.0.0.0 Safari/537.36"
92.45.104.138 - - [25/Jun/2026:15:25:30 +0300] "GET /firma-ekle HTTP/1.1" 200 6705 "https://www.google.com/" "Mozilla/5.0 (Windows NT 10.0; Win64; x64) AppleWebKit/537.36 (KHTML, like Gecko) Chrome/133.0.0.0 Safari/537.36"
100.24.167.60 - - [25/Jun/2026:15:25:30 +0300] "GET /public/index.php/haber/fatma-sahin-bu-millet-uyandi-527267 HTTP/1.1" 200 15520 "-" "Mozilla/5.0 AppleWebKit/537.36 (KHTML, like Gecko; compatible; Amazonbot/0.1; +https://developer.amazon.com/support/amazonbot) Chrome/119.0.6045.214 Safari/537.36"
92.45.104.138 - - [25/Jun/2026:15:25:30 +0300] "GET /firma-rehberi/deha-patent-anonim-sirketi-887 HTTP/1.1" 200 7316 "https://www.google.com/" "Mozilla/5.0 (Windows NT 10.0; Win64; x64) AppleWebKit/537.36 (KHTML, like Gecko) Chrome/133.0.0.0 Safari/537.36"
92.45.104.138 - - [25/Jun/2026:15:25:30 +0300] "GET /firma-rehberi/nyp-nootebook-yedek-parca-satis-merkezi-914 HTTP/1.1" 200 7351 "https://www.google.com/" "Mozilla/5.0 (Windows NT 10.0; Win64; x64) AppleWebKit/537.36 (KHTML, like Gecko) Chrome/133.0.0.0 Safari/537.36"
92.45.104.138 - - [25/Jun/2026:15:25:30 +0300] "GET /haber/matcha-cayi-nedir-551608 HTTP/1.1" 200 13305 "https://www.google.com/" "Mozilla/5.0 (Windows NT 10.0; Win64; x64) AppleWebKit/537.36 (KHTML, like Gecko) Chrome/133.0.0.0 Safari/537.36"
92.45.104.138 - - [25/Jun/2026:15:25:31 +0300] "GET /haber/saclar-neden-beyazlar-yaslanmanin-gorunur-izi-ve-genetik-sirlari-551771 HTTP/1.1" 200 14726 "https://www.google.com/" "Mozilla/5.0 (Windows NT 10.0; Win64; x64) AppleWebKit/537.36 (KHTML, like Gecko) Chrome/133.0.0.0 Safari/537.36"
92.45.104.138 - - [25/Jun/2026:15:25:31 +0300] "GET /haber/400-bin-tlnin-aylik-getirisi-nedir-552082 HTTP/1.1" 200 13885 "https://www.google.com/" "Mozilla/5.0 (Windows NT 10.0; Win64; x64) AppleWebKit/537.36 (KHTML, like Gecko) Chrome/133.0.0.0 Safari/537.36"
92.45.104.138 - - [25/Jun/2026:15:25:32 +0300] "GET /haber/brow-lift-ve-kas-kaldirma-tedavilerinde-dogal-gorunum-552393 HTTP/1.1" 200 17538 "https://www.google.com/" "Mozilla/5.0 (Windows NT 10.0; Win64; x64) AppleWebKit/537.36 (KHTML, like Gecko) Chrome/133.0.0.0 Safari/537.36"
92.45.104.138 - - [25/Jun/2026:15:25:32 +0300] "GET /haber/hayir-lokmasi-nedir-lokma-ikrami-neden-tercih-edilir-552392 HTTP/1.1" 200 13700 "https://www.google.com/" "Mozilla/5.0 (Windows NT 10.0; Win64; x64) AppleWebKit/537.36 (KHTML, like Gecko) Chrome/133.0.0.0 Safari/537.36"
92.45.104.138 - - [25/Jun/2026:15:25:31 +0300] "GET /haber/supplementlerin-sporcular-icin-onemi-548537 HTTP/1.1" 200 13403 "https://www.google.com/" "Mozilla/5.0 (Windows NT 10.0; Win64; x64) AppleWebKit/537.36 (KHTML, like Gecko) Chrome/133.0.0.0 Safari/537.36"
92.45.104.138 - - [25/Jun/2026:15:25:32 +0300] "GET /haber/fenerbahce-galatasaray-derbisi-ne-zaman-saat-kacta-hangi-kanalda-551505 HTTP/1.1" 200 13232 "https://www.google.com/" "Mozilla/5.0 (Windows NT 10.0; Win64; x64) AppleWebKit/537.36 (KHTML, like Gecko) Chrome/133.0.0.0 Safari/537.36"
92.45.104.138 - - [25/Jun/2026:15:25:32 +0300] "GET /haber/gozluk-ve-lens-kullananlar-yaz-aylarinda-lazer-goz-ameliyatini-daha-fazla-merak-ediyor-552391 HTTP/1.1" 200 14734 "https://www.google.com/" "Mozilla/5.0 (Windows NT 10.0; Win64; x64) AppleWebKit/537.36 (KHTML, like Gecko) Chrome/133.0.0.0 Safari/537.36"
34.194.165.45 - - [25/Jun/2026:15:25:32 +0300] "GET /public/haber/putinden-dikkat-ceken-asker-aciklamasi-500896 HTTP/1.1" 200 13427 "-" "Mozilla/5.0 AppleWebKit/537.36 (KHTML, like Gecko; compatible; Amazonbot/0.1; +https://developer.amazon.com/support/amazonbot) Chrome/119.0.6045.214 Safari/537.36"
65.109.100.157 - - [25/Jun/2026:15:25:32 +0300] "GET /haber/merkel-biontech-ziyaretinde-asi-olun-cagrisi-yapti-174075 HTTP/1.1" 302 219 "-" "Mozilla/5.0 (compatible; SERankingBacklinksBot/1.0; +https://seranking.com/backlinks-crawler)"
65.109.100.157 - - [25/Jun/2026:15:25:32 +0300] "GET /haberler/merkel-biontech-ziyaretinde-asi-olun-cagrisi-yapti-174075 HTTP/1.1" 301 795 "-" "Mozilla/5.0 (compatible; SERankingBacklinksBot/1.0; +https://seranking.com/backlinks-crawler)"
92.45.104.138 - - [25/Jun/2026:15:25:32 +0300] "GET /haber/asus-ve-rog-2026-model-yapay-zeka-destekli-dizustu-bilgisayar-serisinin-turkiye-lansmanini-gerceklestirdi-552307 HTTP/1.1" 200 14635 "https://www.google.com/" "Mozilla/5.0 (Windows NT 10.0; Win64; x64) AppleWebKit/537.36 (KHTML, like Gecko) Chrome/133.0.0.0 Safari/537.36"
92.45.104.138 - - [25/Jun/2026:15:25:32 +0300] "GET /haber/sahika-ercumenden-dunya-kupasinda-tarihi-basari-86-metreyle-turkiye-rekoru-552306 HTTP/1.1" 200 13976 "https://www.google.com/" "Mozilla/5.0 (Windows NT 10.0; Win64; x64) AppleWebKit/537.36 (KHTML, like Gecko) Chrome/133.0.0.0 Safari/537.36"
92.45.104.138 - - [25/Jun/2026:15:25:32 +0300] "GET /haber/ankarada-buz-lazer-epilasyon-kimler-icin-uygundur-552396 HTTP/1.1" 200 18618 "https://www.google.com/" "Mozilla/5.0 (Windows NT 10.0; Win64; x64) AppleWebKit/537.36 (KHTML, like Gecko) Chrome/133.0.0.0 Safari/537.36"
92.45.104.138 - - [25/Jun/2026:15:25:32 +0300] "GET /haber/izsudan-icme-suyunda-teknolojik-donusum-552309 HTTP/1.1" 200 13644 "https://www.google.com/" "Mozilla/5.0 (Windows NT 10.0; Win64; x64) AppleWebKit/537.36 (KHTML, like Gecko) Chrome/133.0.0.0 Safari/537.36"
65.109.100.157 - - [25/Jun/2026:15:25:32 +0300] "GET /haber/merkel-biontech-ziyaretinde-asi-olun-cagrisi-yapti-174075 HTTP/1.1" 302 219 "-" "Mozilla/5.0 (compatible; SERankingBacklinksBot/1.0; +https://seranking.com/backlinks-crawler)"
65.109.100.157 - - [25/Jun/2026:15:25:33 +0300] "GET /404 HTTP/1.1" 302 215 "-" "Mozilla/5.0 (compatible; SERankingBacklinksBot/1.0; +https://seranking.com/backlinks-crawler)"
65.109.100.157 - - [25/Jun/2026:15:25:33 +0300] "GET / HTTP/1.1" 200 17225 "-" "Mozilla/5.0 (compatible; SERankingBacklinksBot/1.0; +https://seranking.com/backlinks-crawler)"
92.45.104.138 - - [25/Jun/2026:15:25:33 +0300] "GET /haber-gonder HTTP/1.1" 200 5748 "https://www.google.com/" "Mozilla/5.0 (Windows NT 10.0; Win64; x64) AppleWebKit/537.36 (KHTML, like Gecko) Chrome/133.0.0.0 Safari/537.36"
92.45.104.138 - - [25/Jun/2026:15:25:33 +0300] "GET /haber-arsivi HTTP/1.1" 200 5754 "https://www.google.com/" "Mozilla/5.0 (Windows NT 10.0; Win64; x64) AppleWebKit/537.36 (KHTML, like Gecko) Chrome/133.0.0.0 Safari/537.36"
92.45.104.138 - - [25/Jun/2026:15:25:32 +0300] "GET /haber/genc-yetenek-naim-saruhan-donmez-1461-trabzon-fk-formasi-giyecek-551711 HTTP/1.1" 200 15272 "https://www.google.com/" "Mozilla/5.0 (Windows NT 10.0; Win64; x64) AppleWebKit/537.36 (KHTML, like Gecko) Chrome/133.0.0.0 Safari/537.36"
92.45.104.138 - - [25/Jun/2026:15:25:32 +0300] "GET /haber/sialendoskopi-tukuruk-bezi-hastaliklarinda-ameliyatsiz-cozum-552394 HTTP/1.1" 200 16075 "https://www.google.com/" "Mozilla/5.0 (Windows NT 10.0; Win64; x64) AppleWebKit/537.36 (KHTML, like Gecko) Chrome/133.0.0.0 Safari/537.36"
65.109.100.157 - - [25/Jun/2026:15:25:32 +0300] "GET /haberler/merkel-biontech-ziyaretinde-asi-olun-cagrisi-yapti-174075 HTTP/1.1" 301 795 "-" "Mozilla/5.0 (compatible; SERankingBacklinksBot/1.0; +https://seranking.com/backlinks-crawler)"
92.45.104.138 - - [25/Jun/2026:15:25:32 +0300] "GET /haber/okul-saldirisinda-hayatini-kaybeden-ogretmen-ve-ogrenciler-icin-keciorendeki-camilerde-mevlit-okutuldu-552308 HTTP/1.1" 200 13640 "https://www.google.com/" "Mozilla/5.0 (Windows NT 10.0; Win64; x64) AppleWebKit/537.36 (KHTML, like Gecko) Chrome/133.0.0.0 Safari/537.36"
92.45.104.138 - - [25/Jun/2026:15:25:32 +0300] "GET /haber/azerbaycan-tip-yok-denklik-sartlari-2026-turkiyede-gecerlilik-rehberi-552395 HTTP/1.1" 200 19078 "https://www.google.com/" "Mozilla/5.0 (Windows NT 10.0; Win64; x64) AppleWebKit/537.36 (KHTML, like Gecko) Chrome/133.0.0.0 Safari/537.36"
92.45.104.138 - - [25/Jun/2026:15:25:33 +0300] "GET /sitene-ekle HTTP/1.1" 200 5620 "https://www.google.com/" "Mozilla/5.0 (Windows NT 10.0; Win64; x64) AppleWebKit/537.36 (KHTML, like Gecko) Chrome/133.0.0.0 Safari/537.36"
92.45.104.138 - - [25/Jun/2026:15:25:33 +0300] "GET /haber/23-nisan-coskusu-izmiri-sardi-552310 HTTP/1.1" 200 14016 "https://www.google.com/" "Mozilla/5.0 (Windows NT 10.0; Win64; x64) AppleWebKit/537.36 (KHTML, like Gecko) Chrome/133.0.0.0 Safari/537.36"
85.208.96.193 - - [25/Jun/2026:15:25:34 +0300] "GET /haber/cince-koprusu-yarismasi-turkiye-elemesi-kazananlari-belli-oldu-514387 HTTP/1.1" 200 14394 "-" "Mozilla/5.0 (compatible; SemrushBot/7~bl; +http://www.semrush.com/bot.html)"
213.180.203.104 - - [25/Jun/2026:15:25:35 +0300] "GET /rss/genel-0 HTTP/1.1" 200 196772 "-" "Mozilla/5.0 (compatible; YandexBot/3.0; +http://yandex.com/bots)"
207.46.13.153 - - [25/Jun/2026:15:25:36 +0300] "GET /haber/tuik-mevsim-etkisinden-arindirilmis-issizlik-orani-yuzde-103-seviyesinde-gerceklesti-532089 HTTP/1.1" 200 14075 "-" "Mozilla/5.0 AppleWebKit/537.36 (KHTML, like Gecko; compatible; bingbot/2.0; +http://www.bing.com/bingbot.htm) Chrome/116.0.1938.76 Safari/537.36"
65.109.100.157 - - [25/Jun/2026:15:25:36 +0300] "GET /haberler/merkel-canli-yayinda-uyumamak-icin-kendini-zor-tuttu-41407 HTTP/1.1" 301 795 "-" "Mozilla/5.0 (compatible; SERankingBacklinksBot/1.0; +https://seranking.com/backlinks-crawler)"
44.218.170.184 - - [25/Jun/2026:15:25:36 +0300] "GET /public/haber/saglikli-beslenmenin-anahtari-glutensiz-un-551089 HTTP/1.1" 200 13970 "-" "Mozilla/5.0 AppleWebKit/537.36 (KHTML, like Gecko; compatible; Amazonbot/0.1; +https://developer.amazon.com/support/amazonbot) Chrome/119.0.6045.214 Safari/537.36"
65.109.100.157 - - [25/Jun/2026:15:25:36 +0300] "GET /haberler/merkel-canli-yayinda-uyumamak-icin-kendini-zor-tuttu-41407 HTTP/1.1" 301 795 "-" "Mozilla/5.0 (compatible; SERankingBacklinksBot/1.0; +https://seranking.com/backlinks-crawler)"
65.109.100.157 - - [25/Jun/2026:15:25:36 +0300] "GET /haber/merkel-canli-yayinda-uyumamak-icin-kendini-zor-tuttu-41407 HTTP/1.1" 302 219 "-" "Mozilla/5.0 (compatible; SERankingBacklinksBot/1.0; +https://seranking.com/backlinks-crawler)"
65.109.100.157 - - [25/Jun/2026:15:25:36 +0300] "GET /404 HTTP/1.1" 302 215 "-" "Mozilla/5.0 (compatible; SERankingBacklinksBot/1.0; +https://seranking.com/backlinks-crawler)"
65.109.100.157 - - [25/Jun/2026:15:25:37 +0300] "GET / HTTP/1.1" 200 17253 "-" "Mozilla/5.0 (compatible; SERankingBacklinksBot/1.0; +https://seranking.com/backlinks-crawler)"
92.45.104.138 - - [25/Jun/2026:15:25:33 +0300] "GET /haber/oyunda-kesintisiz-performans-sunan-bilgisayar-modelleri-552318 HTTP/1.1" 200 14220 "https://www.google.com/" "Mozilla/5.0 (Windows NT 10.0; Win64; x64) AppleWebKit/537.36 (KHTML, like Gecko) Chrome/133.0.0.0 Safari/537.36"
92.45.104.138 - - [25/Jun/2026:15:25:33 +0300] "GET /haber/halktan-biri-seyirciyle-bulustu-552311 HTTP/1.1" 200 13652 "https://www.google.com/" "Mozilla/5.0 (Windows NT 10.0; Win64; x64) AppleWebKit/537.36 (KHTML, like Gecko) Chrome/133.0.0.0 Safari/537.36"
92.45.104.138 - - [25/Jun/2026:15:25:34 +0300] "GET /sitemap.xml HTTP/1.1" 200 202 "https://www.google.com/" "Mozilla/5.0 (Windows NT 10.0; Win64; x64) AppleWebKit/537.36 (KHTML, like Gecko) Chrome/133.0.0.0 Safari/537.36"
95.108.213.234 - - [25/Jun/2026:15:25:34 +0300] "GET /public/rss/ekonomi-2 HTTP/1.1" 200 33529 "-" "Mozilla/5.0 (compatible; YandexBot/3.0; +http://yandex.com/bots)"
65.109.100.157 - - [25/Jun/2026:15:25:36 +0300] "GET /haber/merkel-canli-yayinda-uyumamak-icin-kendini-zor-tuttu-41407 HTTP/1.1" 302 219 "-" "Mozilla/5.0 (compatible; SERankingBacklinksBot/1.0; +https://seranking.com/backlinks-crawler)"
52.2.58.41 - - [25/Jun/2026:15:25:36 +0300] "GET /public/index.php/images/haberler/2022/07/fatma-sahin-bu-millet-uyandi-BfB1a1AA.jpg HTTP/1.1" 302 238 "-" "Mozilla/5.0 AppleWebKit/537.36 (KHTML, like Gecko; compatible; Amazonbot/0.1; +https://developer.amazon.com/support/amazonbot) Chrome/119.0.6045.214 Safari/537.36"
3.94.156.104 - - [25/Jun/2026:15:25:37 +0300] "GET /public/images/haberler/2022/03/putinden-dikkat-ceken-asker-aciklamasi-QLtqxUdD.jpg HTTP/1.1" 302 225 "-" "Mozilla/5.0 AppleWebKit/537.36 (KHTML, like Gecko; compatible; Amazonbot/0.1; +https://developer.amazon.com/support/amazonbot) Chrome/119.0.6045.214 Safari/537.36"
65.109.100.157 - - [25/Jun/2026:15:25:40 +0300] "GET /haberler/merkel-devri-sona-eriyor-turkiye-ile-iliskiler-zor-doneme-yelken-aciyor-276417 HTTP/1.1" 301 795 "-" "Mozilla/5.0 (compatible; SERankingBacklinksBot/1.0; +https://seranking.com/backlinks-crawler)"
65.109.100.157 - - [25/Jun/2026:15:25:40 +0300] "GET /haber/merkel-devri-sona-eriyor-turkiye-ile-iliskiler-zor-doneme-yelken-aciyor-276417 HTTP/1.1" 302 219 "-" "Mozilla/5.0 (compatible; SERankingBacklinksBot/1.0; +https://seranking.com/backlinks-crawler)"
65.109.100.157 - - [25/Jun/2026:15:25:40 +0300] "GET /haberler/merkel-devri-sona-eriyor-turkiye-ile-iliskiler-zor-doneme-yelken-aciyor-276417 HTTP/1.1" 301 795 "-" "Mozilla/5.0 (compatible; SERankingBacklinksBot/1.0; +https://seranking.com/backlinks-crawler)"
207.46.13.153 - - [25/Jun/2026:15:25:41 +0300] "GET /public/index.php/haber/nevsehirin-mahallelerinde-asure-bereketi-532388 HTTP/1.1" 200 13816 "-" "Mozilla/5.0 AppleWebKit/537.36 (KHTML, like Gecko; compatible; bingbot/2.0; +http://www.bing.com/bingbot.htm) Chrome/116.0.1938.76 Safari/537.36"
3.94.156.104 - - [25/Jun/2026:15:25:41 +0300] "GET /haber/elon-musk-57-milyar-dolarlik-tesla-hissesi-bagisladi-491305 HTTP/1.1" 200 14693 "-" "Mozilla/5.0 AppleWebKit/537.36 (KHTML, like Gecko; compatible; Amazonbot/0.1; +https://developer.amazon.com/support/amazonbot) Chrome/119.0.6045.214 Safari/537.36"
44.210.204.255 - - [25/Jun/2026:15:25:42 +0300] "GET /public/index.php/haber/vatandas-ankarada-yari-fiyatina-satilan-aycicek-yagini-almak-icin-saatlerce-kuyrukta-bekledi-492823 HTTP/1.1" 200 14933 "-" "Mozilla/5.0 AppleWebKit/537.36 (KHTML, like Gecko; compatible; Amazonbot/0.1; +https://developer.amazon.com/support/amazonbot) Chrome/119.0.6045.214 Safari/537.36"
216.75.132.179 - - [25/Jun/2026:15:25:43 +0300] "GET /public/images/haberler/2022/06/bagcilar-belediyesinde-vatandaslara-surpriz-konser-KeIT5Yi1.jpg HTTP/1.1" 302 225 "https://yeniistiklal.com/" "Mozilla/5.0 (Windows NT 10.0; Win64; x64) AppleWebKit/537.36 (KHTML, like Gecko) Chrome/131.0.0.0 Safari/537.36"
3.224.104.67 - - [25/Jun/2026:15:25:37 +0300] "GET /public/index.php/haber/akpli-baskanlar-arasinda-bulvar-ismi-krizi-en-hafif-tabiriyle-ayiptir-498152 HTTP/1.1" 200 15183 "-" "Mozilla/5.0 AppleWebKit/537.36 (KHTML, like Gecko; compatible; Amazonbot/0.1; +https://developer.amazon.com/support/amazonbot) Chrome/119.0.6045.214 Safari/537.36"
3.213.106.226 - - [25/Jun/2026:15:25:39 +0300] "GET /public/index.php/haber/bursada-saadet-partisinden-balik-hali-ziyareti-539011 HTTP/1.1" 200 14430 "-" "Mozilla/5.0 AppleWebKit/537.36 (KHTML, like Gecko; compatible; Amazonbot/0.1; +https://developer.amazon.com/support/amazonbot) Chrome/119.0.6045.214 Safari/537.36"
65.109.100.157 - - [25/Jun/2026:15:25:40 +0300] "GET /haber/merkel-devri-sona-eriyor-turkiye-ile-iliskiler-zor-doneme-yelken-aciyor-276417 HTTP/1.1" 302 219 "-" "Mozilla/5.0 (compatible; SERankingBacklinksBot/1.0; +https://seranking.com/backlinks-crawler)"
65.109.100.157 - - [25/Jun/2026:15:25:40 +0300] "GET /404 HTTP/1.1" 302 215 "-" "Mozilla/5.0 (compatible; SERankingBacklinksBot/1.0; +https://seranking.com/backlinks-crawler)"
65.109.100.157 - - [25/Jun/2026:15:25:41 +0300] "GET / HTTP/1.1" 200 17230 "-" "Mozilla/5.0 (compatible; SERankingBacklinksBot/1.0; +https://seranking.com/backlinks-crawler)"
216.73.217.71 - - [25/Jun/2026:15:25:43 +0300] "GET /public/haber/netflix-neden-tepki-topladi-pera-palasta-gece-yarisi-dizisinin-konusu-ne-489243 HTTP/1.1" 200 15879 "-" "Mozilla/5.0 AppleWebKit/537.36 (KHTML, like Gecko; compatible; ClaudeBot/1.0; +claudebot@anthropic.com)"
65.109.100.157 - - [25/Jun/2026:15:25:44 +0300] "GET /haberler/merkel-erdoganla-romada-yapacagi-gorusmeye-mustakbel-halefi-scholzu-da-davet-etti-2-357597 HTTP/1.1" 301 795 "-" "Mozilla/5.0 (compatible; SERankingBacklinksBot/1.0; +https://seranking.com/backlinks-crawler)"
65.109.100.157 - - [25/Jun/2026:15:25:44 +0300] "GET /haberler/merkel-erdoganla-romada-yapacagi-gorusmeye-mustakbel-halefi-scholzu-da-davet-etti-2-357597 HTTP/1.1" 301 795 "-" "Mozilla/5.0 (compatible; SERankingBacklinksBot/1.0; +https://seranking.com/backlinks-crawler)"
65.109.100.157 - - [25/Jun/2026:15:25:44 +0300] "GET /404 HTTP/1.1" 302 215 "-" "Mozilla/5.0 (compatible; SERankingBacklinksBot/1.0; +https://seranking.com/backlinks-crawler)"
65.109.100.157 - - [25/Jun/2026:15:25:44 +0300] "GET / HTTP/1.1" 200 17231 "-" "Mozilla/5.0 (compatible; SERankingBacklinksBot/1.0; +https://seranking.com/backlinks-crawler)"
185.191.171.5 - - [25/Jun/2026:15:25:45 +0300] "GET /haber/elenen-kisi-belli-oldu-survivor-all-star-2022-20-bolum-487901 HTTP/1.1" 200 13564 "-" "Mozilla/5.0 (compatible; SemrushBot/7~bl; +http://www.semrush.com/bot.html)"
216.75.132.179 - - [25/Jun/2026:15:25:45 +0300] "GET /public HTTP/1.1" 301 795 "https://yeniistiklal.com/" "Mozilla/5.0 (Windows NT 10.0; Win64; x64) AppleWebKit/537.36 (KHTML, like Gecko) Chrome/131.0.0.0 Safari/537.36"
98.84.200.43 - - [25/Jun/2026:15:25:46 +0300] "GET /haber/skype-artik-konusmalari-turkce-dahil-41-farkli-dile-cevirebiliyor-491420 HTTP/1.1" 200 13630 "-" "Mozilla/5.0 AppleWebKit/537.36 (KHTML, like Gecko; compatible; Amazonbot/0.1; +https://developer.amazon.com/support/amazonbot) Chrome/119.0.6045.214 Safari/537.36"
216.75.132.179 - - [25/Jun/2026:15:25:46 +0300] "GET /public/ HTTP/1.1" 200 17362 "https://yeniistiklal.com/" "Mozilla/5.0 (Windows NT 10.0; Win64; x64) AppleWebKit/537.36 (KHTML, like Gecko) Chrome/131.0.0.0 Safari/537.36"
185.191.171.12 - - [25/Jun/2026:15:25:47 +0300] "GET /haber/alan-incelemesi-ve-calistay-gerceklestirildi-544269 HTTP/1.1" 200 13767 "-" "Mozilla/5.0 (compatible; SemrushBot/7~bl; +http://www.semrush.com/bot.html)"
109.239.229.221 - - [25/Jun/2026:15:25:48 +0300] "GET / HTTP/1.1" 200 17230 "-" "Mozilla/5.0 (Windows NT 6.1; WOW64; rv:29.0) Gecko/20100101 Firefox/29.0"
65.109.100.157 - - [25/Jun/2026:15:25:48 +0300] "GET /haber/merkel-erdoganla-romada-yapacagi-gorusmeye-mustakbel-halefi-scholzu-da-davet-etti-357422 HTTP/1.1" 302 219 "-" "Mozilla/5.0 (compatible; SERankingBacklinksBot/1.0; +https://seranking.com/backlinks-crawler)"
65.109.100.157 - - [25/Jun/2026:15:25:44 +0300] "GET /haber/merkel-erdoganla-romada-yapacagi-gorusmeye-mustakbel-halefi-scholzu-da-davet-etti-2-357597 HTTP/1.1" 302 219 "-" "Mozilla/5.0 (compatible; SERankingBacklinksBot/1.0; +https://seranking.com/backlinks-crawler)"
65.109.100.157 - - [25/Jun/2026:15:25:44 +0300] "GET /haber/merkel-erdoganla-romada-yapacagi-gorusmeye-mustakbel-halefi-scholzu-da-davet-etti-2-357597 HTTP/1.1" 302 219 "-" "Mozilla/5.0 (compatible; SERankingBacklinksBot/1.0; +https://seranking.com/backlinks-crawler)"
216.75.132.179 - - [25/Jun/2026:15:25:44 +0300] "GET /public/404 HTTP/1.1" 302 220 "https://yeniistiklal.com/" "Mozilla/5.0 (Windows NT 10.0; Win64; x64) AppleWebKit/537.36 (KHTML, like Gecko) Chrome/131.0.0.0 Safari/537.36"
54.145.82.217 - - [25/Jun/2026:15:25:46 +0300] "GET /public/index.php/etiketler/havalimanina-haberleri HTTP/1.1" 200 5624 "-" "Mozilla/5.0 AppleWebKit/537.36 (KHTML, like Gecko; compatible; Amazonbot/0.1; +https://developer.amazon.com/support/amazonbot) Chrome/119.0.6045.214 Safari/537.36"
65.109.100.157 - - [25/Jun/2026:15:25:48 +0300] "GET /haberler/merkel-erdoganla-romada-yapacagi-gorusmeye-mustakbel-halefi-scholzu-da-davet-etti-357422 HTTP/1.1" 301 795 "-" "Mozilla/5.0 (compatible; SERankingBacklinksBot/1.0; +https://seranking.com/backlinks-crawler)"
65.109.100.157 - - [25/Jun/2026:15:25:48 +0300] "GET /haber/merkel-erdoganla-romada-yapacagi-gorusmeye-mustakbel-halefi-scholzu-da-davet-etti-357422 HTTP/1.1" 302 219 "-" "Mozilla/5.0 (compatible; SERankingBacklinksBot/1.0; +https://seranking.com/backlinks-crawler)"
65.109.100.157 - - [25/Jun/2026:15:25:48 +0300] "GET /404 HTTP/1.1" 302 215 "-" "Mozilla/5.0 (compatible; SERankingBacklinksBot/1.0; +https://seranking.com/backlinks-crawler)"
114.119.134.212 - - [25/Jun/2026:15:25:48 +0300] "GET /haber/amasrada-tarim-arazisine-termal-otel-yapilacak-303646 HTTP/1.1" 302 219 "https://yeniistiklal.com/haber/amasrada-tarim-arazisine-termal-otel-yapilacak-303646" "Mozilla/5.0 (Linux; Android 7.0;) AppleWebKit/537.36 (HTML, like Gecko) Mobile Safari/537.36 (compatible; PetalBot;+https://webmaster.petalsearch.com/site/petalbot)"
65.109.100.157 - - [25/Jun/2026:15:25:48 +0300] "GET / HTTP/1.1" 200 17229 "-" "Mozilla/5.0 (compatible; SERankingBacklinksBot/1.0; +https://seranking.com/backlinks-crawler)"
114.119.134.212 - - [25/Jun/2026:15:25:49 +0300] "GET /404 HTTP/1.1" 302 215 "https://yeniistiklal.com/haber/amasrada-tarim-arazisine-termal-otel-yapilacak-303646" "Mozilla/5.0 (Linux; Android 7.0;) AppleWebKit/537.36 (HTML, like Gecko) Mobile Safari/537.36 (compatible; PetalBot;+https://webmaster.petalsearch.com/site/petalbot)"
114.119.134.212 - - [25/Jun/2026:15:25:50 +0300] "GET / HTTP/1.1" 200 17231 "https://yeniistiklal.com/haber/amasrada-tarim-arazisine-termal-otel-yapilacak-303646" "Mozilla/5.0 (Linux; Android 7.0;) AppleWebKit/537.36 (HTML, like Gecko) Mobile Safari/537.36 (compatible; PetalBot;+https://webmaster.petalsearch.com/site/petalbot)"
44.220.2.97 - - [25/Jun/2026:15:25:51 +0300] "GET /public/index.php/haber/kayseri-talasta-coskulu-kutlama-515099 HTTP/1.1" 200 14753 "-" "Mozilla/5.0 AppleWebKit/537.36 (KHTML, like Gecko; compatible; Amazonbot/0.1; +https://developer.amazon.com/support/amazonbot) Chrome/119.0.6045.214 Safari/537.36"
65.109.100.157 - - [25/Jun/2026:15:25:52 +0300] "GET /haber/merkel-felaket-olarak-nitelendirdi-almanyada-selde-olenlerin-sayisi-59a-yukseldi-33904 HTTP/1.1" 302 219 "-" "Mozilla/5.0 (compatible; SERankingBacklinksBot/1.0; +https://seranking.com/backlinks-crawler)"
65.109.100.157 - - [25/Jun/2026:15:25:52 +0300] "GET /haber/merkel-felaket-olarak-nitelendirdi-almanyada-selde-olenlerin-sayisi-59a-yukseldi-33904 HTTP/1.1" 302 219 "-" "Mozilla/5.0 (compatible; SERankingBacklinksBot/1.0; +https://seranking.com/backlinks-crawler)"
198.244.168.143 - - [25/Jun/2026:15:25:55 +0300] "GET /public/haber/erken-cocukluk-doneminde-cocuk-kitaplari-seciminin-onemi-551884 HTTP/1.1" 200 15021 "-" "Mozilla/5.0 (compatible; AhrefsBot/7.0; +http://ahrefs.com/robot/)"
65.109.100.157 - - [25/Jun/2026:15:25:48 +0300] "GET /haberler/merkel-erdoganla-romada-yapacagi-gorusmeye-mustakbel-halefi-scholzu-da-davet-etti-357422 HTTP/1.1" 301 795 "-" "Mozilla/5.0 (compatible; SERankingBacklinksBot/1.0; +https://seranking.com/backlinks-crawler)"
109.239.229.221 - - [25/Jun/2026:15:25:49 +0300] "GET /haberler HTTP/1.1" 200 10666 "-" "Mozilla/5.0 (Windows NT 6.1; WOW64) AppleWebKit/537.36 (KHTML, like Gecko) Chrome/34.0.1847.137 Safari/537.36"
54.197.102.71 - - [25/Jun/2026:15:25:50 +0300] "GET /haber/internet-gazetecileri-federasyonundan-cumhurbaskani-erdogana-tesekkur-516501 HTTP/1.1" 200 14647 "-" "Mozilla/5.0 AppleWebKit/537.36 (KHTML, like Gecko; compatible; Amazonbot/0.1; +https://developer.amazon.com/support/amazonbot) Chrome/119.0.6045.214 Safari/537.36"
65.109.100.157 - - [25/Jun/2026:15:25:52 +0300] "GET /haberler/merkel-felaket-olarak-nitelendirdi-almanyada-selde-olenlerin-sayisi-59a-yukseldi-33904 HTTP/1.1" 301 795 "-" "Mozilla/5.0 (compatible; SERankingBacklinksBot/1.0; +https://seranking.com/backlinks-crawler)"
65.109.100.157 - - [25/Jun/2026:15:25:52 +0300] "GET /haberler/merkel-felaket-olarak-nitelendirdi-almanyada-selde-olenlerin-sayisi-59a-yukseldi-33904 HTTP/1.1" 301 795 "-" "Mozilla/5.0 (compatible; SERankingBacklinksBot/1.0; +https://seranking.com/backlinks-crawler)"
65.109.100.157 - - [25/Jun/2026:15:25:52 +0300] "GET /404 HTTP/1.1" 302 215 "-" "Mozilla/5.0 (compatible; SERankingBacklinksBot/1.0; +https://seranking.com/backlinks-crawler)"
65.109.100.157 - - [25/Jun/2026:15:25:52 +0300] "GET / HTTP/1.1" 200 17236 "-" "Mozilla/5.0 (compatible; SERankingBacklinksBot/1.0; +https://seranking.com/backlinks-crawler)"
44.209.89.189 - - [25/Jun/2026:15:25:54 +0300] "GET /public/index.php/haber/gokhan-ozoguz-hirsizlik-mesru-hale-gelmisse-cokus-kacinilmazdir-490784 HTTP/1.1" 200 13960 "-" "Mozilla/5.0 AppleWebKit/537.36 (KHTML, like Gecko; compatible; Amazonbot/0.1; +https://developer.amazon.com/support/amazonbot) Chrome/119.0.6045.214 Safari/537.36"
65.109.100.157 - - [25/Jun/2026:15:25:56 +0300] "GET /haberler/merkel-fransanin-yolunu-izlemeyecegiz-24600 HTTP/1.1" 301 795 "-" "Mozilla/5.0 (compatible; SERankingBacklinksBot/1.0; +https://seranking.com/backlinks-crawler)"
65.109.100.157 - - [25/Jun/2026:15:25:56 +0300] "GET /haberler/merkel-fransanin-yolunu-izlemeyecegiz-24600 HTTP/1.1" 301 795 "-" "Mozilla/5.0 (compatible; SERankingBacklinksBot/1.0; +https://seranking.com/backlinks-crawler)"
65.109.100.157 - - [25/Jun/2026:15:25:56 +0300] "GET /haber/merkel-fransanin-yolunu-izlemeyecegiz-24600 HTTP/1.1" 302 219 "-" "Mozilla/5.0 (compatible; SERankingBacklinksBot/1.0; +https://seranking.com/backlinks-crawler)"
43.173.176.123 - - [25/Jun/2026:15:25:56 +0300] "GET /public/haber/izmirli-gencler-salonlari-doldurdu-519653 HTTP/1.1" 200 14947 "-" "Mozilla/5.0 (Windows NT 10.0; Win64; x64) AppleWebKit/537.36 (KHTML, like Gecko) Chrome/103.0.0.0 Safari/537.36"
43.173.178.101 - - [25/Jun/2026:15:25:56 +0300] "GET /haber/cukurova-belediye-baskani-soner-cetin-emeklilerle-sohbet-etti-537647 HTTP/1.1" 200 14038 "-" "Mozilla/5.0 (Windows NT 10.0; Win64; x64) AppleWebKit/537.36 (KHTML, like Gecko) Chrome/116.0.0.0 Safari/537.36"
43.173.177.48 - - [25/Jun/2026:15:25:56 +0300] "GET /public/haber/vodafone-business-sd-wan-ile-dijitallesen-sirketlerin-yenilikci-ag-yonetim-ihtiyaclarini-karsiliyor-517895 HTTP/1.1" 200 14041 "-" "Mozilla/5.0 (Windows NT 10.0; Win64; x64) AppleWebKit/537.36 (KHTML, like Gecko) Chrome/110.0.0.0 Safari/537.36"
65.109.100.157 - - [25/Jun/2026:15:25:56 +0300] "GET /404 HTTP/1.1" 302 215 "-" "Mozilla/5.0 (compatible; SERankingBacklinksBot/1.0; +https://seranking.com/backlinks-crawler)"
43.173.181.72 - - [25/Jun/2026:15:25:56 +0300] "GET /haber/emine-erdogandan-sevindiren-haber-491960 HTTP/1.1" 200 13466 "-" "Mozilla/5.0 (Windows NT 10.0; Win64; x64) AppleWebKit/537.36 (KHTML, like Gecko) Chrome/108.0.0.0 Safari/537.36"
65.109.100.157 - - [25/Jun/2026:15:25:56 +0300] "GET /haber/merkel-fransanin-yolunu-izlemeyecegiz-24600 HTTP/1.1" 302 219 "-" "Mozilla/5.0 (compatible; SERankingBacklinksBot/1.0; +https://seranking.com/backlinks-crawler)"
143.20.253.223 - - [25/Jun/2026:15:25:56 +0300] "GET /images/tn/2022/01/asya-borsalarinda-pozitif-fiyatlamalar-hakim-IlKI47GW.jpg HTTP/1.1" 302 219 "-" "Mozilla/5.0 (iPhone; CPU iPhone OS 17_0_2 like Mac OS X) AppleWebKit/605.1.15 (KHTML, like Gecko) Version/17.0 Mobile/15E148 Safari/604.1 Ddg/17.0"
43.173.179.162 - - [25/Jun/2026:15:25:56 +0300] "GET /haber/ankara-da-pazarcilar-tezgah-acmayacak-7-liraya-alip-474556 HTTP/1.1" 200 13308 "-" "Mozilla/5.0 (Windows NT 10.0; Win64; x64) AppleWebKit/537.36 (KHTML, like Gecko) Chrome/106.0.5249.119 Safari/537.36"
65.109.100.157 - - [25/Jun/2026:15:25:56 +0300] "GET / HTTP/1.1" 200 17224 "-" "Mozilla/5.0 (compatible; SERankingBacklinksBot/1.0; +https://seranking.com/backlinks-crawler)"
5.255.231.25 - - [25/Jun/2026:15:25:56 +0300] "GET /rss/genel-0 HTTP/1.1" 200 196772 "-" "Mozilla/5.0 (compatible; YandexBot/3.0; +http://yandex.com/bots)"
43.173.180.219 - - [25/Jun/2026:15:25:57 +0300] "GET /hava-durumu/ajax?sehir_isim=6 HTTP/1.1" 200 77 "https://yeniistiklal.com/haber/emine-erdogandan-sevindiren-haber-491960" "Mozilla/5.0 (Windows NT 10.0; Win64; x64) AppleWebKit/537.36 (KHTML, like Gecko) Chrome/108.0.0.0 Safari/537.36"
43.173.173.126 - - [25/Jun/2026:15:25:57 +0300] "GET /hava-durumu/ajax?sehir_isim=6 HTTP/1.1" 200 77 "https://yeniistiklal.com/haber/ankara-da-pazarcilar-tezgah-acmayacak-7-liraya-alip-474556" "Mozilla/5.0 (Windows NT 10.0; Win64; x64) AppleWebKit/537.36 (KHTML, like Gecko) Chrome/106.0.5249.119 Safari/537.36"
43.173.177.116 - - [25/Jun/2026:15:25:57 +0300] "GET /hava-durumu/ajax?sehir_isim=6 HTTP/1.1" 200 77 "https://yeniistiklal.com/public/haber/vodafone-business-sd-wan-ile-dijitallesen-sirketlerin-yenilikci-ag-yonetim-ihtiyaclarini-karsiliyor-517895" "Mozilla/5.0 (Windows NT 10.0; Win64; x64) AppleWebKit/537.36 (KHTML, like Gecko) Chrome/110.0.0.0 Safari/537.36"
47.128.124.113 - - [25/Jun/2026:15:25:59 +0300] "GET /public HTTP/1.1" 301 795 "-" "Mozilla/5.0 (Linux; Android 5.0) AppleWebKit/537.36 (KHTML, like Gecko) Mobile Safari/537.36 (compatible; Bytespider; spider-feedback@bytedance.com)"
65.109.100.157 - - [25/Jun/2026:15:26:00 +0300] "GET /haberler/merkel-icin-veda-toreni-434371 HTTP/1.1" 301 795 "-" "Mozilla/5.0 (compatible; SERankingBacklinksBot/1.0; +https://seranking.com/backlinks-crawler)"
65.109.100.157 - - [25/Jun/2026:15:26:00 +0300] "GET /haber/merkel-icin-veda-toreni-434371 HTTP/1.1" 302 219 "-" "Mozilla/5.0 (compatible; SERankingBacklinksBot/1.0; +https://seranking.com/backlinks-crawler)"
65.109.100.157 - - [25/Jun/2026:15:26:00 +0300] "GET /404 HTTP/1.1" 302 215 "-" "Mozilla/5.0 (compatible; SERankingBacklinksBot/1.0; +https://seranking.com/backlinks-crawler)"
65.109.100.157 - - [25/Jun/2026:15:26:00 +0300] "GET / HTTP/1.1" 200 17228 "-" "Mozilla/5.0 (compatible; SERankingBacklinksBot/1.0; +https://seranking.com/backlinks-crawler)"
98.82.63.147 - - [25/Jun/2026:15:26:02 +0300] "GET /public/index.php/haber/mart-ayinda-tencere-enflasyonu-yuzde-212-oldu-503753 HTTP/1.1" 200 14043 "-" "Mozilla/5.0 AppleWebKit/537.36 (KHTML, like Gecko; compatible; Amazonbot/0.1; +https://developer.amazon.com/support/amazonbot) Chrome/119.0.6045.214 Safari/537.36"
54.164.106.236 - - [25/Jun/2026:15:26:03 +0300] "GET /public/index.php/images/haberler/2022/04/mart-ayinda-tencere-enflasyonu-yuzde-212-oldu-HPjclSzT.jpg HTTP/1.1" 302 238 "-" "Mozilla/5.0 AppleWebKit/537.36 (KHTML, like Gecko; compatible; Amazonbot/0.1; +https://developer.amazon.com/support/amazonbot) Chrome/119.0.6045.214 Safari/537.36"
65.109.100.157 - - [25/Jun/2026:15:26:04 +0300] "GET /haberler/merkel-isminiz-klaus-veya-erika-olmasa-da-alman-olabilirsiniz-223467 HTTP/1.1" 301 795 "-" "Mozilla/5.0 (compatible; SERankingBacklinksBot/1.0; +https://seranking.com/backlinks-crawler)"
143.20.253.223 - - [25/Jun/2026:15:25:56 +0300] "GET /404 HTTP/1.1" 302 215 "-" "Mozilla/5.0 (iPhone; CPU iPhone OS 17_0_2 like Mac OS X) AppleWebKit/605.1.15 (KHTML, like Gecko) Version/17.0 Mobile/15E148 Safari/604.1 Ddg/17.0"
143.20.253.223 - - [25/Jun/2026:15:25:57 +0300] "GET / HTTP/1.1" 200 17236 "-" "Mozilla/5.0 (iPhone; CPU iPhone OS 17_0_2 like Mac OS X) AppleWebKit/605.1.15 (KHTML, like Gecko) Version/17.0 Mobile/15E148 Safari/604.1 Ddg/17.0"
5.255.231.27 - - [25/Jun/2026:15:25:57 +0300] "GET /public/rss/ekonomi-2 HTTP/1.1" 200 33529 "-" "Mozilla/5.0 (compatible; YandexBot/3.0; +http://yandex.com/bots)"
43.172.196.250 - - [25/Jun/2026:15:25:57 +0300] "GET /hava-durumu/ajax?sehir_isim=6 HTTP/1.1" 200 77 "https://yeniistiklal.com/haber/cukurova-belediye-baskani-soner-cetin-emeklilerle-sohbet-etti-537647" "Mozilla/5.0 (Windows NT 10.0; Win64; x64) AppleWebKit/537.36 (KHTML, like Gecko) Chrome/116.0.0.0 Safari/537.36"
52.54.15.103 - - [25/Jun/2026:15:25:58 +0300] "GET /public/index.php/haber/sakaryanin-timi-sabak-hayat-kurtaracak-527955 HTTP/1.1" 200 14196 "-" "Mozilla/5.0 AppleWebKit/537.36 (KHTML, like Gecko; compatible; Amazonbot/0.1; +https://developer.amazon.com/support/amazonbot) Chrome/119.0.6045.214 Safari/537.36"
43.173.173.95 - - [25/Jun/2026:15:25:58 +0300] "GET /hava-durumu/ajax?sehir_isim=6 HTTP/1.1" 200 77 "https://yeniistiklal.com/public/haber/izmirli-gencler-salonlari-doldurdu-519653" "Mozilla/5.0 (Windows NT 10.0; Win64; x64) AppleWebKit/537.36 (KHTML, like Gecko) Chrome/103.0.0.0 Safari/537.36"
177.52.43.74 - - [25/Jun/2026:15:25:59 +0300] "GET /public/images/haberler/2022/02/erdogan-afrikada-acikladi-feto-izi-2Llqa6Er.jpg HTTP/1.1" 302 225 "https://yeniistiklal.com/" "Mozilla/5.0 (Windows NT 10.0; Win64; x64) AppleWebKit/537.36 (KHTML, like Gecko) Chrome/120.0.0.0 Safari/537.36"
65.109.100.157 - - [25/Jun/2026:15:26:00 +0300] "GET /haberler/merkel-icin-veda-toreni-434371 HTTP/1.1" 301 795 "-" "Mozilla/5.0 (compatible; SERankingBacklinksBot/1.0; +https://seranking.com/backlinks-crawler)"
47.128.124.113 - - [25/Jun/2026:15:26:00 +0300] "GET /public/ HTTP/1.1" 200 17349 "-" "Mozilla/5.0 (Linux; Android 5.0) AppleWebKit/537.36 (KHTML, like Gecko) Mobile Safari/537.36 (compatible; Bytespider; spider-feedback@bytedance.com)"
65.109.100.157 - - [25/Jun/2026:15:26:00 +0300] "GET /haber/merkel-icin-veda-toreni-434371 HTTP/1.1" 302 219 "-" "Mozilla/5.0 (compatible; SERankingBacklinksBot/1.0; +https://seranking.com/backlinks-crawler)"
47.128.124.113 - - [25/Jun/2026:15:26:03 +0300] "GET /public/images/firmalar HTTP/1.1" 301 795 "https://yeniistiklal.com/public/" "Mozilla/5.0 (Linux; Android 5.0) AppleWebKit/537.36 (KHTML, like Gecko) Mobile Safari/537.36 (compatible; Bytespider; spider-feedback@bytedance.com)"
47.128.124.113 - - [25/Jun/2026:15:26:04 +0300] "GET /public/images/haberler/2024/01/iddaa-analizi-nasil-yapilir-1706624003.png HTTP/1.1" 302 225 "https://yeniistiklal.com/public/" "Mozilla/5.0 (Linux; Android 5.0) AppleWebKit/537.36 (KHTML, like Gecko) Mobile Safari/537.36 (compatible; Bytespider; spider-feedback@bytedance.com)"
47.128.124.113 - - [25/Jun/2026:15:26:05 +0300] "GET /hava-durumu/ajax?sehir_isim=6 HTTP/1.1" 200 77 "https://yeniistiklal.com/public/" "Mozilla/5.0 (Linux; Android 5.0) AppleWebKit/537.36 (KHTML, like Gecko) Mobile Safari/537.36 (compatible; Bytespider; spider-feedback@bytedance.com)"
47.128.124.113 - - [25/Jun/2026:15:26:05 +0300] "GET /public/images/firmalar/ HTTP/1.1" 403 787 "https://yeniistiklal.com/public/" "Mozilla/5.0 (Linux; Android 5.0) AppleWebKit/537.36 (KHTML, like Gecko) Mobile Safari/537.36 (compatible; Bytespider; spider-feedback@bytedance.com)"
47.128.124.113 - - [25/Jun/2026:15:26:05 +0300] "GET /public/404 HTTP/1.1" 302 220 "https://yeniistiklal.com/public/" "Mozilla/5.0 (Linux; Android 5.0) AppleWebKit/537.36 (KHTML, like Gecko) Mobile Safari/537.36 (compatible; Bytespider; spider-feedback@bytedance.com)"
65.109.100.157 - - [25/Jun/2026:15:26:04 +0300] "GET /haberler/merkel-isminiz-klaus-veya-erika-olmasa-da-alman-olabilirsiniz-223467 HTTP/1.1" 301 795 "-" "Mozilla/5.0 (compatible; SERankingBacklinksBot/1.0; +https://seranking.com/backlinks-crawler)"
47.128.124.113 - - [25/Jun/2026:15:26:04 +0300] "GET /public/images/haberler/2023/07/filenin-sultanlari-milletler-liginde-sampiyon-oldu-1689595616.png HTTP/1.1" 302 225 "https://yeniistiklal.com/public/" "Mozilla/5.0 (Linux; Android 5.0) AppleWebKit/537.36 (KHTML, like Gecko) Mobile Safari/537.36 (compatible; Bytespider; spider-feedback@bytedance.com)"
65.109.100.157 - - [25/Jun/2026:15:26:04 +0300] "GET /haber/merkel-isminiz-klaus-veya-erika-olmasa-da-alman-olabilirsiniz-223467 HTTP/1.1" 302 219 "-" "Mozilla/5.0 (compatible; SERankingBacklinksBot/1.0; +https://seranking.com/backlinks-crawler)"
47.128.124.113 - - [25/Jun/2026:15:26:04 +0300] "GET /public/images/haberler/2022/11/2022-dunya-kupasi-belcika-0-2-fas-1669566817.png HTTP/1.1" 302 225 "https://yeniistiklal.com/public/" "Mozilla/5.0 (Linux; Android 5.0) AppleWebKit/537.36 (KHTML, like Gecko) Mobile Safari/537.36 (compatible; Bytespider; spider-feedback@bytedance.com)"
65.109.100.157 - - [25/Jun/2026:15:26:04 +0300] "GET /404 HTTP/1.1" 302 215 "-" "Mozilla/5.0 (compatible; SERankingBacklinksBot/1.0; +https://seranking.com/backlinks-crawler)"
65.109.100.157 - - [25/Jun/2026:15:26:04 +0300] "GET / HTTP/1.1" 200 17236 "-" "Mozilla/5.0 (compatible; SERankingBacklinksBot/1.0; +https://seranking.com/backlinks-crawler)"
112.198.233.164 - - [25/Jun/2026:15:26:04 +0300] "GET /public/404 HTTP/1.1" 302 220 "https://yeniistiklal.com/" "Mozilla/5.0 (Windows NT 10.0; Win64; x64) AppleWebKit/537.36 (KHTML, like Gecko) Chrome/120.0.0.0 Safari/537.36"
156.207.145.123 - - [25/Jun/2026:15:26:06 +0300] "GET /public HTTP/1.1" 301 795 "https://yeniistiklal.com/" "Mozilla/5.0 (Windows NT 10.0; Win64; x64) AppleWebKit/537.36 (KHTML, like Gecko) Chrome/120.0.0.0 Safari/537.36"
47.128.124.113 - - [25/Jun/2026:15:26:06 +0300] "GET /public/404 HTTP/1.1" 302 220 "https://yeniistiklal.com/public/" "Mozilla/5.0 (Linux; Android 5.0) AppleWebKit/537.36 (KHTML, like Gecko) Mobile Safari/537.36 (compatible; Bytespider; spider-feedback@bytedance.com)"
98.80.130.239 - - [25/Jun/2026:15:26:07 +0300] "GET /public/index.php/haber/besicilerin-tatli-telasi-oglak-ve-kuzular-493914 HTTP/1.1" 200 14031 "-" "Mozilla/5.0 AppleWebKit/537.36 (KHTML, like Gecko; compatible; Amazonbot/0.1; +https://developer.amazon.com/support/amazonbot) Chrome/119.0.6045.214 Safari/537.36"
176.120.100.26 - - [25/Jun/2026:15:26:07 +0300] "GET /public/ HTTP/1.1" 200 17351 "https://yeniistiklal.com/" "Mozilla/5.0 (Windows NT 10.0; Win64; x64) AppleWebKit/537.36 (KHTML, like Gecko) Chrome/120.0.0.0 Safari/537.36"
65.109.100.157 - - [25/Jun/2026:15:26:08 +0300] "GET /haber/merkel-kitap-okuyup-uyuyacagim-380745 HTTP/1.1" 302 219 "-" "Mozilla/5.0 (compatible; SERankingBacklinksBot/1.0; +https://seranking.com/backlinks-crawler)"
65.109.100.157 - - [25/Jun/2026:15:26:08 +0300] "GET /haberler/merkel-kitap-okuyup-uyuyacagim-380745 HTTP/1.1" 301 795 "-" "Mozilla/5.0 (compatible; SERankingBacklinksBot/1.0; +https://seranking.com/backlinks-crawler)"
65.109.100.157 - - [25/Jun/2026:15:26:08 +0300] "GET /404 HTTP/1.1" 302 215 "-" "Mozilla/5.0 (compatible; SERankingBacklinksBot/1.0; +https://seranking.com/backlinks-crawler)"
87.250.224.214 - - [25/Jun/2026:15:26:08 +0300] "GET /public/rss/genel-0 HTTP/1.1" 200 196873 "-" "Mozilla/5.0 (compatible; YandexBot/3.0; +http://yandex.com/bots)"
95.108.213.3 - - [25/Jun/2026:15:26:09 +0300] "GET /public/rss/genel-0 HTTP/1.1" 200 196873 "-" "Mozilla/5.0 (compatible; YandexBot/3.0; +http://yandex.com/bots)"
66.249.66.3 - - [25/Jun/2026:15:26:09 +0300] "GET /public/404 HTTP/1.1" 302 225 "-" "Googlebot-Image/1.0"
66.249.66.194 - - [25/Jun/2026:15:26:09 +0300] "GET /public HTTP/1.1" 301 795 "-" "Googlebot-Image/1.0"
66.249.66.37 - - [25/Jun/2026:15:26:10 +0300] "GET /public/ HTTP/1.1" 200 17405 "-" "Googlebot-Image/1.0"
47.128.124.113 - - [25/Jun/2026:15:26:06 +0300] "GET /public/404 HTTP/1.1" 302 220 "https://yeniistiklal.com/public/" "Mozilla/5.0 (Linux; Android 5.0) AppleWebKit/537.36 (KHTML, like Gecko) Mobile Safari/537.36 (compatible; Bytespider; spider-feedback@bytedance.com)"
47.128.124.113 - - [25/Jun/2026:15:26:06 +0300] "GET /public/ HTTP/1.1" 200 17359 "https://yeniistiklal.com/public/" "Mozilla/5.0 (Linux; Android 5.0) AppleWebKit/537.36 (KHTML, like Gecko) Mobile Safari/537.36 (compatible; Bytespider; spider-feedback@bytedance.com)"
47.128.124.113 - - [25/Jun/2026:15:26:07 +0300] "GET /public/ HTTP/1.1" 200 17359 "https://yeniistiklal.com/public/" "Mozilla/5.0 (Linux; Android 5.0) AppleWebKit/537.36 (KHTML, like Gecko) Mobile Safari/537.36 (compatible; Bytespider; spider-feedback@bytedance.com)"
47.128.124.113 - - [25/Jun/2026:15:26:07 +0300] "GET /public/ HTTP/1.1" 200 17356 "https://yeniistiklal.com/public/" "Mozilla/5.0 (Linux; Android 5.0) AppleWebKit/537.36 (KHTML, like Gecko) Mobile Safari/537.36 (compatible; Bytespider; spider-feedback@bytedance.com)"
65.109.100.157 - - [25/Jun/2026:15:26:07 +0300] "GET /haberler/merkel-kitap-okuyup-uyuyacagim-380745 HTTP/1.1" 301 795 "-" "Mozilla/5.0 (compatible; SERankingBacklinksBot/1.0; +https://seranking.com/backlinks-crawler)"
65.109.100.157 - - [25/Jun/2026:15:26:08 +0300] "GET /haber/merkel-kitap-okuyup-uyuyacagim-380745 HTTP/1.1" 302 219 "-" "Mozilla/5.0 (compatible; SERankingBacklinksBot/1.0; +https://seranking.com/backlinks-crawler)"
185.191.171.13 - - [25/Jun/2026:15:26:08 +0300] "GET /haber/xiv-uluslararasi-kurumsal-yonetim-zirvesi-duzenlendi-514385 HTTP/1.1" 200 15197 "-" "Mozilla/5.0 (compatible; SemrushBot/7~bl; +http://www.semrush.com/bot.html)"
65.109.100.157 - - [25/Jun/2026:15:26:08 +0300] "GET / HTTP/1.1" 200 17234 "-" "Mozilla/5.0 (compatible; SERankingBacklinksBot/1.0; +https://seranking.com/backlinks-crawler)"
66.249.66.196 - - [25/Jun/2026:15:26:08 +0300] "GET /public/images/haberler/2022/03/tulutabaklar-balikesir-sokaklarinda-85c7jL4R.jpg HTTP/1.1" 302 230 "-" "Googlebot-Image/1.0"
66.249.66.194 - - [25/Jun/2026:15:26:09 +0300] "GET /public/images/haberler/2022/03/tulutabaklar-balikesir-sokaklarinda-85c7jL4R.jpg HTTP/1.1" 302 230 "-" "Googlebot-Image/1.0"
5.255.231.41 - - [25/Jun/2026:15:26:10 +0300] "GET /rss/genel-0 HTTP/1.1" 200 196772 "-" "Mozilla/5.0 (compatible; YandexBot/3.0; +http://yandex.com/bots)"
65.109.100.157 - - [25/Jun/2026:15:26:12 +0300] "GET /haberler/merkel-kremlinde-putin-ile-bulustu-derin-fikir-ayriliklarina-ragmen-konusuyoruz-177542 HTTP/1.1" 301 795 "-" "Mozilla/5.0 (compatible; SERankingBacklinksBot/1.0; +https://seranking.com/backlinks-crawler)"
65.109.100.157 - - [25/Jun/2026:15:26:12 +0300] "GET /haberler/merkel-kremlinde-putin-ile-bulustu-derin-fikir-ayriliklarina-ragmen-konusuyoruz-177542 HTTP/1.1" 301 795 "-" "Mozilla/5.0 (compatible; SERankingBacklinksBot/1.0; +https://seranking.com/backlinks-crawler)"
65.109.100.157 - - [25/Jun/2026:15:26:12 +0300] "GET /haber/merkel-kremlinde-putin-ile-bulustu-derin-fikir-ayriliklarina-ragmen-konusuyoruz-177542 HTTP/1.1" 302 219 "-" "Mozilla/5.0 (compatible; SERankingBacklinksBot/1.0; +https://seranking.com/backlinks-crawler)"
65.109.100.157 - - [25/Jun/2026:15:26:12 +0300] "GET / HTTP/1.1" 200 17227 "-" "Mozilla/5.0 (compatible; SERankingBacklinksBot/1.0; +https://seranking.com/backlinks-crawler)"
85.208.96.193 - - [25/Jun/2026:15:26:13 +0300] "GET /haber/eren-abluka-22de-bir-asker-sehit-527486 HTTP/1.1" 200 13613 "-" "Mozilla/5.0 (compatible; SemrushBot/7~bl; +http://www.semrush.com/bot.html)"
185.191.171.14 - - [25/Jun/2026:15:26:15 +0300] "GET /haber/39-yasindaki-engelli-kadin-su-kuyusunda-olu-bulundu-489444 HTTP/1.1" 200 13572 "-" "Mozilla/5.0 (compatible; SemrushBot/7~bl; +http://www.semrush.com/bot.html)"
