65.109.100.157 - - [25/Jun/2026:15:06:56 +0300] "GET /haberler/mehmet-ceyhandan-koronaviruste-4-bulas-yeri-hakkinda-kritik-uyari-323968 HTTP/1.1" 301 795 "-" "Mozilla/5.0 (compatible; SERankingBacklinksBot/1.0; +https://seranking.com/backlinks-crawler)"
65.109.100.157 - - [25/Jun/2026:15:06:57 +0300] "GET /404 HTTP/1.1" 302 215 "-" "Mozilla/5.0 (compatible; SERankingBacklinksBot/1.0; +https://seranking.com/backlinks-crawler)"
185.191.171.3 - - [25/Jun/2026:15:06:58 +0300] "GET /haber/cuneyt-arkin-recep-ivedik-filmiyle-ilgili-ne-dedi-480771 HTTP/1.1" 200 14280 "-" "Mozilla/5.0 (compatible; SemrushBot/7~bl; +http://www.semrush.com/bot.html)"
65.109.100.157 - - [25/Jun/2026:15:07:00 +0300] "GET /haberler/mehmet-ceyhandan-kurban-bayraminda-koronavirus-uyarisi-43888 HTTP/1.1" 301 795 "-" "Mozilla/5.0 (compatible; SERankingBacklinksBot/1.0; +https://seranking.com/backlinks-crawler)"
65.109.100.157 - - [25/Jun/2026:15:07:00 +0300] "GET /haber/mehmet-ceyhandan-kurban-bayraminda-koronavirus-uyarisi-43888 HTTP/1.1" 302 219 "-" "Mozilla/5.0 (compatible; SERankingBacklinksBot/1.0; +https://seranking.com/backlinks-crawler)"
65.109.100.157 - - [25/Jun/2026:15:07:00 +0300] "GET /haberler/mehmet-ceyhandan-kurban-bayraminda-koronavirus-uyarisi-43888 HTTP/1.1" 301 795 "-" "Mozilla/5.0 (compatible; SERankingBacklinksBot/1.0; +https://seranking.com/backlinks-crawler)"
65.109.100.157 - - [25/Jun/2026:15:07:01 +0300] "GET /404 HTTP/1.1" 302 215 "-" "Mozilla/5.0 (compatible; SERankingBacklinksBot/1.0; +https://seranking.com/backlinks-crawler)"
65.109.100.157 - - [25/Jun/2026:15:07:01 +0300] "GET / HTTP/1.1" 200 17238 "-" "Mozilla/5.0 (compatible; SERankingBacklinksBot/1.0; +https://seranking.com/backlinks-crawler)"
144.31.35.59 - - [25/Jun/2026:15:07:03 +0300] "GET /images/tn/2022/02/guzel-modelden-itiraf-hayat-guzel-insanlar-icin-daha-zor-O8r4VZZf.jpg HTTP/1.1" 302 219 "-" "Mozilla/5.0 (Windows NT 10.0; Win64; x64) AppleWebKit/537.36 (KHTML, like Gecko) Chrome/121.0.0.0 Safari/537.36 Edg/121.0.0.0"
144.31.35.59 - - [25/Jun/2026:15:07:04 +0300] "GET /404 HTTP/1.1" 302 215 "-" "Mozilla/5.0 (Windows NT 10.0; Win64; x64) AppleWebKit/537.36 (KHTML, like Gecko) Chrome/121.0.0.0 Safari/537.36 Edg/121.0.0.0"
65.109.100.157 - - [25/Jun/2026:15:07:04 +0300] "GET /haber/mehmet-ceyhandan-nagehan-alciya-aciyorum-haline-165566 HTTP/1.1" 302 219 "-" "Mozilla/5.0 (compatible; SERankingBacklinksBot/1.0; +https://seranking.com/backlinks-crawler)"
65.109.100.157 - - [25/Jun/2026:15:07:05 +0300] "GET /404 HTTP/1.1" 302 215 "-" "Mozilla/5.0 (compatible; SERankingBacklinksBot/1.0; +https://seranking.com/backlinks-crawler)"
65.109.100.157 - - [25/Jun/2026:15:07:08 +0300] "GET /haberler/mehmet-ceyhandan-nagehan-alciya-gozumde-degeri-olmayan-bir-insansiniz-166415 HTTP/1.1" 301 795 "-" "Mozilla/5.0 (compatible; SERankingBacklinksBot/1.0; +https://seranking.com/backlinks-crawler)"
65.109.100.157 - - [25/Jun/2026:15:07:09 +0300] "GET /404 HTTP/1.1" 302 215 "-" "Mozilla/5.0 (compatible; SERankingBacklinksBot/1.0; +https://seranking.com/backlinks-crawler)"
87.250.224.130 - - [25/Jun/2026:15:07:09 +0300] "GET /?p=302205 HTTP/1.1" 200 17231 "-" "Mozilla/5.0 (compatible; YandexBot/3.0; +http://yandex.com/bots)"
192.177.142.4 - - [25/Jun/2026:15:07:09 +0300] "GET /404 HTTP/1.1" 302 215 "-" "Mozilla/5.0 (compatible; crawler)"
65.109.100.157 - - [25/Jun/2026:15:07:12 +0300] "GET /haber/mehmet-ceyhandan-nagehan-alciya-sert-tepki-doktora-gorunmesinde-yarar-var-156494 HTTP/1.1" 302 219 "-" "Mozilla/5.0 (compatible; SERankingBacklinksBot/1.0; +https://seranking.com/backlinks-crawler)"
65.109.100.157 - - [25/Jun/2026:15:07:12 +0300] "GET /haberler/mehmet-ceyhandan-nagehan-alciya-sert-tepki-doktora-gorunmesinde-yarar-var-156494 HTTP/1.1" 301 795 "-" "Mozilla/5.0 (compatible; SERankingBacklinksBot/1.0; +https://seranking.com/backlinks-crawler)"
216.73.217.71 - - [25/Jun/2026:15:07:04 +0300] "GET /etiketler/kimpur-haberleri HTTP/1.1" 200 5590 "-" "Mozilla/5.0 AppleWebKit/537.36 (KHTML, like Gecko; compatible; ClaudeBot/1.0; +claudebot@anthropic.com)"
144.31.35.59 - - [25/Jun/2026:15:07:04 +0300] "GET / HTTP/1.1" 200 17242 "-" "Mozilla/5.0 (Windows NT 10.0; Win64; x64) AppleWebKit/537.36 (KHTML, like Gecko) Chrome/121.0.0.0 Safari/537.36 Edg/121.0.0.0"
65.109.100.157 - - [25/Jun/2026:15:07:04 +0300] "GET /haberler/mehmet-ceyhandan-nagehan-alciya-aciyorum-haline-165566 HTTP/1.1" 301 795 "-" "Mozilla/5.0 (compatible; SERankingBacklinksBot/1.0; +https://seranking.com/backlinks-crawler)"
65.109.100.157 - - [25/Jun/2026:15:07:04 +0300] "GET /haberler/mehmet-ceyhandan-nagehan-alciya-aciyorum-haline-165566 HTTP/1.1" 301 795 "-" "Mozilla/5.0 (compatible; SERankingBacklinksBot/1.0; +https://seranking.com/backlinks-crawler)"
65.109.100.157 - - [25/Jun/2026:15:07:05 +0300] "GET / HTTP/1.1" 200 17230 "-" "Mozilla/5.0 (compatible; SERankingBacklinksBot/1.0; +https://seranking.com/backlinks-crawler)"
85.208.96.194 - - [25/Jun/2026:15:07:05 +0300] "GET /haber/silan-topali-zorla-kaciran-esine-elektronik-kelepce-takildi-482945 HTTP/1.1" 200 13480 "-" "Mozilla/5.0 (compatible; SemrushBot/7~bl; +http://www.semrush.com/bot.html)"
192.177.142.4 - - [25/Jun/2026:15:07:08 +0300] "GET /wp-content/uploads/2021/08/ingiltereden-rusyaya-2-bin-kilometre-ucan-olimpik-yarasa-kedi-saldirisi-sonucu-oldu-PrOifc1I-370x185.jpg HTTP/1.1" 302 219 "-" "Mozilla/5.0 (compatible; crawler)"
65.109.100.157 - - [25/Jun/2026:15:07:08 +0300] "GET /haberler/mehmet-ceyhandan-nagehan-alciya-gozumde-degeri-olmayan-bir-insansiniz-166415 HTTP/1.1" 301 795 "-" "Mozilla/5.0 (compatible; SERankingBacklinksBot/1.0; +https://seranking.com/backlinks-crawler)"
65.109.100.157 - - [25/Jun/2026:15:07:08 +0300] "GET /haber/mehmet-ceyhandan-nagehan-alciya-gozumde-degeri-olmayan-bir-insansiniz-166415 HTTP/1.1" 302 219 "-" "Mozilla/5.0 (compatible; SERankingBacklinksBot/1.0; +https://seranking.com/backlinks-crawler)"
65.109.100.157 - - [25/Jun/2026:15:07:09 +0300] "GET / HTTP/1.1" 200 17231 "-" "Mozilla/5.0 (compatible; SERankingBacklinksBot/1.0; +https://seranking.com/backlinks-crawler)"
192.177.142.4 - - [25/Jun/2026:15:07:09 +0300] "GET / HTTP/1.1" 200 17231 "-" "Mozilla/5.0 (compatible; crawler)"
43.173.182.239 - - [25/Jun/2026:15:07:11 +0300] "GET /public/haber/tarihi-uzun-carsida-catinin-yanlari-kapatildi-546397 HTTP/1.1" 200 14841 "-" "Mozilla/5.0 (Windows NT 10.0; Win64; x64) AppleWebKit/537.36 (KHTML, like Gecko) Chrome/133.0.0.0 Safari/537.36"
43.173.180.112 - - [25/Jun/2026:15:07:11 +0300] "GET /public/haber/karsiyakada-nazan-oncel-ile-9-eylul-soleni-537554 HTTP/1.1" 200 16477 "-" "Mozilla/5.0 (Windows NT 10.0; Win64; x64) AppleWebKit/537.36 (KHTML, like Gecko) Chrome/117.0.0.0 Safari/537.36"
65.109.100.157 - - [25/Jun/2026:15:07:12 +0300] "GET /haberler/mehmet-ceyhandan-nagehan-alciya-sert-tepki-doktora-gorunmesinde-yarar-var-156494 HTTP/1.1" 301 795 "-" "Mozilla/5.0 (compatible; SERankingBacklinksBot/1.0; +https://seranking.com/backlinks-crawler)"
43.173.176.226 - - [25/Jun/2026:15:07:12 +0300] "GET /hava-durumu/ajax?sehir_isim=6 HTTP/1.1" 200 77 "https://yeniistiklal.com/public/haber/karsiyakada-nazan-oncel-ile-9-eylul-soleni-537554" "Mozilla/5.0 (Windows NT 10.0; Win64; x64) AppleWebKit/537.36 (KHTML, like Gecko) Chrome/117.0.0.0 Safari/537.36"
65.109.100.157 - - [25/Jun/2026:15:07:12 +0300] "GET /haber/mehmet-ceyhandan-nagehan-alciya-sert-tepki-doktora-gorunmesinde-yarar-var-156494 HTTP/1.1" 302 219 "-" "Mozilla/5.0 (compatible; SERankingBacklinksBot/1.0; +https://seranking.com/backlinks-crawler)"
65.109.100.157 - - [25/Jun/2026:15:07:13 +0300] "GET /404 HTTP/1.1" 302 215 "-" "Mozilla/5.0 (compatible; SERankingBacklinksBot/1.0; +https://seranking.com/backlinks-crawler)"
185.191.171.11 - - [25/Jun/2026:15:07:14 +0300] "GET /haber/survivorda-acun-ilicalidan-atakan-isiktutanin-sakatligi-hakkinda-aciklama-494019 HTTP/1.1" 200 13715 "-" "Mozilla/5.0 (compatible; SemrushBot/7~bl; +http://www.semrush.com/bot.html)"
43.172.195.137 - - [25/Jun/2026:15:07:13 +0300] "GET /hava-durumu/ajax?sehir_isim=6 HTTP/1.1" 200 77 "https://yeniistiklal.com/public/haber/tarihi-uzun-carsida-catinin-yanlari-kapatildi-546397" "Mozilla/5.0 (Windows NT 10.0; Win64; x64) AppleWebKit/537.36 (KHTML, like Gecko) Chrome/133.0.0.0 Safari/537.36"
65.109.100.157 - - [25/Jun/2026:15:07:13 +0300] "GET / HTTP/1.1" 200 17238 "-" "Mozilla/5.0 (compatible; SERankingBacklinksBot/1.0; +https://seranking.com/backlinks-crawler)"
23.109.208.165 - - [25/Jun/2026:15:07:13 +0300] "GET /haber/azerbaycan-tip-yok-denklik-sartlari-2026-turkiyede-gecerlilik-rehberi-552395 HTTP/1.1" 200 19060 "-" "Mozilla/5.0 (compatible; Googlebot/2.1; +http://www.google.com/bot.html)"
202.46.62.7 - - [25/Jun/2026:15:07:13 +0300] "GET /haber/asisizlara-test-sartinin-kaldirilmasina-mehmet-ceyhandan-cok-sert-tepki-hicbir-sekilde-bilimsel-degil-474852 HTTP/1.1" 200 14447 "-" "Mozilla/5.0 (Windows NT 10.0; Win64; x64) AppleWebKit/537.36 (KHTML, like Gecko) Chrome/133.0.6943.141 Safari/537.36"
65.109.100.157 - - [25/Jun/2026:15:07:17 +0300] "GET / HTTP/1.1" 200 17230 "-" "Mozilla/5.0 (compatible; SERankingBacklinksBot/1.0; +https://seranking.com/backlinks-crawler)"
202.46.62.98 - - [25/Jun/2026:15:07:18 +0300] "GET /images/haberler/2022/01/asisizlara-test-sartinin-kaldirilmasina-mehmet-ceyhandan-cok-sert-tepki-hicbir-sekilde-bilimsel-degil-WNic4D5g.jpg HTTP/1.1" 302 219 "https://yeniistiklal.com/haber/asisizlara-test-sartinin-kaldirilmasina-mehmet-ceyhandan-cok-sert-tepki-hicbir-sekilde-bilimsel-degil-474852" "Mozilla/5.0 (Windows NT 10.0; Win64; x64) AppleWebKit/537.36 (KHTML, like Gecko) Chrome/133.0.6943.141 Safari/537.36"
202.46.62.52 - - [25/Jun/2026:15:07:18 +0300] "GET /images/tn/2022/03/zamlar-akpli-belediyeyi-de-vurdu-NrD9KpO5.jpeg HTTP/1.1" 302 219 "https://yeniistiklal.com/haber/asisizlara-test-sartinin-kaldirilmasina-mehmet-ceyhandan-cok-sert-tepki-hicbir-sekilde-bilimsel-degil-474852" "Mozilla/5.0 (Windows NT 10.0; Win64; x64) AppleWebKit/537.36 (KHTML, like Gecko) Chrome/133.0.6943.141 Safari/537.36"
65.109.100.157 - - [25/Jun/2026:15:07:20 +0300] "GET /haber/mehmet-ceyhandan-yeni-asi-kararlarina-tepki-hastalananlara-yazik-oldu-155349 HTTP/1.1" 302 219 "-" "Mozilla/5.0 (compatible; SERankingBacklinksBot/1.0; +https://seranking.com/backlinks-crawler)"
65.109.100.157 - - [25/Jun/2026:15:07:20 +0300] "GET /haberler/mehmet-ceyhandan-yeni-asi-kararlarina-tepki-hastalananlara-yazik-oldu-155349 HTTP/1.1" 301 795 "-" "Mozilla/5.0 (compatible; SERankingBacklinksBot/1.0; +https://seranking.com/backlinks-crawler)"
65.109.100.157 - - [25/Jun/2026:15:07:20 +0300] "GET /haber/mehmet-ceyhandan-yeni-asi-kararlarina-tepki-hastalananlara-yazik-oldu-155349 HTTP/1.1" 302 219 "-" "Mozilla/5.0 (compatible; SERankingBacklinksBot/1.0; +https://seranking.com/backlinks-crawler)"
65.109.100.157 - - [25/Jun/2026:15:07:20 +0300] "GET /404 HTTP/1.1" 302 215 "-" "Mozilla/5.0 (compatible; SERankingBacklinksBot/1.0; +https://seranking.com/backlinks-crawler)"
66.249.92.196 - - [25/Jun/2026:15:07:21 +0300] "GET /public/index.php/haber/manisa-demircide-aatde-betonerme-imalat-suruyor-546125 HTTP/1.1" 200 13916 "-" "Mediapartners-Google"
94.138.204.171 - - [25/Jun/2026:15:07:22 +0300] "GET /feed HTTP/1.1" 301 795 "-" "Mozilla/5.0 (Macintosh; Intel Mac OS X 10_15_7) AppleWebKit/537.36 (KHTML, like Gecko) Chrome/126.0.0.0 Safari/537.36"
103.187.124.1 - - [25/Jun/2026:15:07:24 +0300] "GET /public/haber/milliyetci-is-insani-ibrahim-murat-gunduz-enver-pasaninda-dedigi-gibi-bizim-tukenmeye-hakkimiz-yok-552001 HTTP/1.1" 200 15056 "https://yeniistiklal.com" "Mozilla/5.0 (Windows NT 10.0; Win64; x64) AppleWebKit/537.36 (KHTML, like Gecko) Chrome/143.0.0.0 Safari/537.36"
65.109.100.157 - - [25/Jun/2026:15:07:24 +0300] "GET /haber/mehmet-demirkoldan-mesut-ozil-elestirisi-adi-mehmet-olsa-kadroya-giremez-172288 HTTP/1.1" 302 219 "-" "Mozilla/5.0 (compatible; SERankingBacklinksBot/1.0; +https://seranking.com/backlinks-crawler)"
65.109.100.157 - - [25/Jun/2026:15:07:16 +0300] "GET /haberler/mehmet-ceyhandan-tarihi-gecen-koronavirus-ilaclariyla-ilgili-aciklama-315346 HTTP/1.1" 301 795 "-" "Mozilla/5.0 (compatible; SERankingBacklinksBot/1.0; +https://seranking.com/backlinks-crawler)"
65.109.100.157 - - [25/Jun/2026:15:07:16 +0300] "GET /haber/mehmet-ceyhandan-tarihi-gecen-koronavirus-ilaclariyla-ilgili-aciklama-315346 HTTP/1.1" 302 219 "-" "Mozilla/5.0 (compatible; SERankingBacklinksBot/1.0; +https://seranking.com/backlinks-crawler)"
65.109.100.157 - - [25/Jun/2026:15:07:16 +0300] "GET /haberler/mehmet-ceyhandan-tarihi-gecen-koronavirus-ilaclariyla-ilgili-aciklama-315346 HTTP/1.1" 301 795 "-" "Mozilla/5.0 (compatible; SERankingBacklinksBot/1.0; +https://seranking.com/backlinks-crawler)"
65.109.100.157 - - [25/Jun/2026:15:07:16 +0300] "GET /haber/mehmet-ceyhandan-tarihi-gecen-koronavirus-ilaclariyla-ilgili-aciklama-315346 HTTP/1.1" 302 219 "-" "Mozilla/5.0 (compatible; SERankingBacklinksBot/1.0; +https://seranking.com/backlinks-crawler)"
65.109.100.157 - - [25/Jun/2026:15:07:16 +0300] "GET /404 HTTP/1.1" 302 215 "-" "Mozilla/5.0 (compatible; SERankingBacklinksBot/1.0; +https://seranking.com/backlinks-crawler)"
202.46.62.46 - - [25/Jun/2026:15:07:18 +0300] "GET /images/tn/2022/03/yaparsa-kadin-yapar.jpg HTTP/1.1" 302 219 "https://yeniistiklal.com/haber/asisizlara-test-sartinin-kaldirilmasina-mehmet-ceyhandan-cok-sert-tepki-hicbir-sekilde-bilimsel-degil-474852" "Mozilla/5.0 (Windows NT 10.0; Win64; x64) AppleWebKit/537.36 (KHTML, like Gecko) Chrome/133.0.6943.141 Safari/537.36"
202.46.62.94 - - [25/Jun/2026:15:07:18 +0300] "GET /images/tn/2022/03/guney-koreden-kuzey-korenin-devriye-gemisine-uyari-atesi-n6hQixg5.jpg HTTP/1.1" 302 219 "https://yeniistiklal.com/haber/asisizlara-test-sartinin-kaldirilmasina-mehmet-ceyhandan-cok-sert-tepki-hicbir-sekilde-bilimsel-degil-474852" "Mozilla/5.0 (Windows NT 10.0; Win64; x64) AppleWebKit/537.36 (KHTML, like Gecko) Chrome/133.0.6943.141 Safari/537.36"
202.46.62.111 - - [25/Jun/2026:15:07:18 +0300] "GET /hava-durumu/ajax?sehir_isim=6 HTTP/1.1" 200 77 "https://yeniistiklal.com/haber/asisizlara-test-sartinin-kaldirilmasina-mehmet-ceyhandan-cok-sert-tepki-hicbir-sekilde-bilimsel-degil-474852" "Mozilla/5.0 (Windows NT 10.0; Win64; x64) AppleWebKit/537.36 (KHTML, like Gecko) Chrome/133.0.6943.141 Safari/537.36"
65.109.100.157 - - [25/Jun/2026:15:07:20 +0300] "GET /haberler/mehmet-ceyhandan-yeni-asi-kararlarina-tepki-hastalananlara-yazik-oldu-155349 HTTP/1.1" 301 795 "-" "Mozilla/5.0 (compatible; SERankingBacklinksBot/1.0; +https://seranking.com/backlinks-crawler)"
216.73.217.71 - - [25/Jun/2026:15:07:20 +0300] "GET /galeri/2019-en-iyi-filmleri-5?page=5 HTTP/1.1" 200 7447 "-" "Mozilla/5.0 AppleWebKit/537.36 (KHTML, like Gecko; compatible; ClaudeBot/1.0; +claudebot@anthropic.com)"
65.109.100.157 - - [25/Jun/2026:15:07:21 +0300] "GET / HTTP/1.1" 200 17231 "-" "Mozilla/5.0 (compatible; SERankingBacklinksBot/1.0; +https://seranking.com/backlinks-crawler)"
66.249.92.196 - - [25/Jun/2026:15:07:22 +0300] "GET /public/haber/karsiyakada-nazan-oncel-ile-9-eylul-soleni-537554 HTTP/1.1" 200 16476 "-" "Mediapartners-Google"
65.109.100.157 - - [25/Jun/2026:15:07:24 +0300] "GET /haberler/mehmet-demirkoldan-mesut-ozil-elestirisi-adi-mehmet-olsa-kadroya-giremez-172288 HTTP/1.1" 301 795 "-" "Mozilla/5.0 (compatible; SERankingBacklinksBot/1.0; +https://seranking.com/backlinks-crawler)"
65.109.100.157 - - [25/Jun/2026:15:07:24 +0300] "GET /haberler/mehmet-demirkoldan-mesut-ozil-elestirisi-adi-mehmet-olsa-kadroya-giremez-172288 HTTP/1.1" 301 795 "-" "Mozilla/5.0 (compatible; SERankingBacklinksBot/1.0; +https://seranking.com/backlinks-crawler)"
87.250.224.117 - - [25/Jun/2026:15:07:25 +0300] "GET /rss/genel-0 HTTP/1.1" 200 196772 "-" "Mozilla/5.0 (compatible; YandexBot/3.0; +http://yandex.com/bots)"
143.14.6.125 - - [25/Jun/2026:15:07:27 +0300] "GET /images/haberler/2022/02/ucuz-iphone-se-2022nin-fiyati-belli-oldu-CPqU745Q.jpg HTTP/1.1" 302 219 "https://yeniistiklal.com/" "Mozilla/5.0 (Windows NT 10.0; Win64; x64) AppleWebKit/537.36 (KHTML, like Gecko) Chrome/111.0.0.0 Safari/537.36"
207.180.11.22 - - [25/Jun/2026:15:07:27 +0300] "GET /public/images/haberler/2022/08/baskan-bocekin-spora-destegi-karsiliksiz-kalmiyor-68tQjNsd.jpg HTTP/1.1" 302 225 "https://yeniistiklal.com/" "Mozilla/5.0 (Windows NT 10.0; Win64; x64) AppleWebKit/537.36 (KHTML, like Gecko) Chrome/105.0.0.0 Safari/537.3"
65.109.100.157 - - [25/Jun/2026:15:07:28 +0300] "GET /haberler/mehmet-eymur-anlatmaya-devam-ediyor-375102 HTTP/1.1" 301 795 "-" "Mozilla/5.0 (compatible; SERankingBacklinksBot/1.0; +https://seranking.com/backlinks-crawler)"
65.109.100.157 - - [25/Jun/2026:15:07:28 +0300] "GET /haberler/mehmet-eymur-anlatmaya-devam-ediyor-375102 HTTP/1.1" 301 795 "-" "Mozilla/5.0 (compatible; SERankingBacklinksBot/1.0; +https://seranking.com/backlinks-crawler)"
65.109.100.157 - - [25/Jun/2026:15:07:28 +0300] "GET /haber/mehmet-eymur-anlatmaya-devam-ediyor-375102 HTTP/1.1" 302 219 "-" "Mozilla/5.0 (compatible; SERankingBacklinksBot/1.0; +https://seranking.com/backlinks-crawler)"
65.109.100.157 - - [25/Jun/2026:15:07:28 +0300] "GET /404 HTTP/1.1" 302 215 "-" "Mozilla/5.0 (compatible; SERankingBacklinksBot/1.0; +https://seranking.com/backlinks-crawler)"
107.152.46.79 - - [25/Jun/2026:15:07:29 +0300] "GET /gundem/zonguldakta-dere-tasti-belde-su-altinda-kaldi-2920 HTTP/1.1" 301 795 "https://yeniistiklal.com/" "Mozilla/5.0 (Windows NT 10.0; Win64; x64) AppleWebKit/537.36 (KHTML, like Gecko) Chrome/114.0.0.0 YaBrowser/22.7.0 Yowser/2.5 Safari/537.36"
207.180.11.22 - - [25/Jun/2026:15:07:29 +0300] "GET /public/404 HTTP/1.1" 302 220 "https://yeniistiklal.com/" "Mozilla/5.0 (Windows NT 10.0; Win64; x64) AppleWebKit/537.36 (KHTML, like Gecko) Chrome/105.0.0.0 Safari/537.3"
207.180.11.22 - - [25/Jun/2026:15:07:30 +0300] "GET /public HTTP/1.1" 301 795 "https://yeniistiklal.com/" "Mozilla/5.0 (Windows NT 10.0; Win64; x64) AppleWebKit/537.36 (KHTML, like Gecko) Chrome/105.0.0.0 Safari/537.3"
207.180.11.22 - - [25/Jun/2026:15:07:31 +0300] "GET /public/ HTTP/1.1" 200 17354 "https://yeniistiklal.com/" "Mozilla/5.0 (Windows NT 10.0; Win64; x64) AppleWebKit/537.36 (KHTML, like Gecko) Chrome/105.0.0.0 Safari/537.3"
65.109.100.157 - - [25/Jun/2026:15:07:32 +0300] "GET /haberler/mehmet-eymur-iskenceleri-tek-tek-anlatti-kayip-mitciler-gladio-ve-ergenekon-itirafi-373577 HTTP/1.1" 301 795 "-" "Mozilla/5.0 (compatible; SERankingBacklinksBot/1.0; +https://seranking.com/backlinks-crawler)"
65.109.100.157 - - [25/Jun/2026:15:07:32 +0300] "GET /404 HTTP/1.1" 302 215 "-" "Mozilla/5.0 (compatible; SERankingBacklinksBot/1.0; +https://seranking.com/backlinks-crawler)"
65.109.100.157 - - [25/Jun/2026:15:07:32 +0300] "GET / HTTP/1.1" 200 17224 "-" "Mozilla/5.0 (compatible; SERankingBacklinksBot/1.0; +https://seranking.com/backlinks-crawler)"
91.92.33.35 - - [25/Jun/2026:15:07:33 +0300] "GET /.env HTTP/1.1" 302 219 "-" "Mozilla/5.0 (Windows NT 10.0; Win64; x64) AppleWebKit/537.36 (KHTML, like Gecko) Chrome/120.0.0.0 Safari/537.36"
143.14.6.125 - - [25/Jun/2026:15:07:34 +0300] "GET / HTTP/1.1" 200 17230 "https://yeniistiklal.com/" "Mozilla/5.0 (Windows NT 10.0; Win64; x64) AppleWebKit/537.36 (KHTML, like Gecko) Chrome/111.0.0.0 Safari/537.36"
185.191.171.1 - - [25/Jun/2026:15:07:35 +0300] "GET /haber/saitem-corendon-airlines-ile-gelecege-dogru-yol-aldi-516982 HTTP/1.1" 200 13993 "-" "Mozilla/5.0 (compatible; SemrushBot/7~bl; +http://www.semrush.com/bot.html)"
65.109.100.157 - - [25/Jun/2026:15:07:36 +0300] "GET /haber/mehmet-farac-akp-hayal-kaos-27-agustos-2021-sesli-kose-yazisi-dinle-202866 HTTP/1.1" 302 219 "-" "Mozilla/5.0 (compatible; SERankingBacklinksBot/1.0; +https://seranking.com/backlinks-crawler)"
65.109.100.157 - - [25/Jun/2026:15:07:24 +0300] "GET /haber/mehmet-demirkoldan-mesut-ozil-elestirisi-adi-mehmet-olsa-kadroya-giremez-172288 HTTP/1.1" 302 219 "-" "Mozilla/5.0 (compatible; SERankingBacklinksBot/1.0; +https://seranking.com/backlinks-crawler)"
65.109.100.157 - - [25/Jun/2026:15:07:24 +0300] "GET /404 HTTP/1.1" 302 215 "-" "Mozilla/5.0 (compatible; SERankingBacklinksBot/1.0; +https://seranking.com/backlinks-crawler)"
65.109.100.157 - - [25/Jun/2026:15:07:24 +0300] "GET / HTTP/1.1" 200 17247 "-" "Mozilla/5.0 (compatible; SERankingBacklinksBot/1.0; +https://seranking.com/backlinks-crawler)"
66.249.66.194 - - [25/Jun/2026:15:07:28 +0300] "GET /public/images/haberler/2022/09/karsiyakada-nazan-oncel-ile-9-eylul-soleni-sm4bC84S.jpg HTTP/1.1" 302 225 "-" "Googlebot-Image/1.0"
143.14.6.125 - - [25/Jun/2026:15:07:28 +0300] "GET /404 HTTP/1.1" 302 215 "https://yeniistiklal.com/" "Mozilla/5.0 (Windows NT 10.0; Win64; x64) AppleWebKit/537.36 (KHTML, like Gecko) Chrome/111.0.0.0 Safari/537.36"
65.109.100.157 - - [25/Jun/2026:15:07:28 +0300] "GET / HTTP/1.1" 200 17244 "-" "Mozilla/5.0 (compatible; SERankingBacklinksBot/1.0; +https://seranking.com/backlinks-crawler)"
107.152.46.79 - - [25/Jun/2026:15:07:29 +0300] "GET /haber/zonguldakta-dere-tasti-belde-su-altinda-kaldi-2920 HTTP/1.1" 302 219 "https://yeniistiklal.com/gundem/zonguldakta-dere-tasti-belde-su-altinda-kaldi-2920" "Mozilla/5.0 (Windows NT 10.0; Win64; x64) AppleWebKit/537.36 (KHTML, like Gecko) Chrome/114.0.0.0 YaBrowser/22.7.0 Yowser/2.5 Safari/537.36"
107.152.46.79 - - [25/Jun/2026:15:07:29 +0300] "GET /404 HTTP/1.1" 302 215 "https://yeniistiklal.com/haber/zonguldakta-dere-tasti-belde-su-altinda-kaldi-2920" "Mozilla/5.0 (Windows NT 10.0; Win64; x64) AppleWebKit/537.36 (KHTML, like Gecko) Chrome/114.0.0.0 YaBrowser/22.7.0 Yowser/2.5 Safari/537.36"
216.73.217.71 - - [25/Jun/2026:15:07:30 +0300] "GET /haber/sakaryaya-yeni-projeler-geliyor-529937 HTTP/1.1" 200 14024 "-" "Mozilla/5.0 AppleWebKit/537.36 (KHTML, like Gecko; compatible; ClaudeBot/1.0; +claudebot@anthropic.com)"
107.152.46.79 - - [25/Jun/2026:15:07:30 +0300] "GET / HTTP/1.1" 200 17237 "https://yeniistiklal.com/404" "Mozilla/5.0 (Windows NT 10.0; Win64; x64) AppleWebKit/537.36 (KHTML, like Gecko) Chrome/114.0.0.0 YaBrowser/22.7.0 Yowser/2.5 Safari/537.36"
107.152.46.79 - - [25/Jun/2026:15:07:30 +0300] "GET /haber/okul-saldirisinda-hayatini-kaybeden-ogretmen-ve-ogrenciler-icin-keciorendeki-camilerde-mevlit-okutuldu-552308 HTTP/1.1" 200 13612 "https://yeniistiklal.com" "Mozilla/5.0 (Windows NT 10.0; Win64; x64) AppleWebKit/537.36 (KHTML, like Gecko) Chrome/114.0.0.0 YaBrowser/22.7.0 Yowser/2.5 Safari/537.36"
65.109.100.157 - - [25/Jun/2026:15:07:32 +0300] "GET /haberler/mehmet-eymur-iskenceleri-tek-tek-anlatti-kayip-mitciler-gladio-ve-ergenekon-itirafi-373577 HTTP/1.1" 301 795 "-" "Mozilla/5.0 (compatible; SERankingBacklinksBot/1.0; +https://seranking.com/backlinks-crawler)"
65.109.100.157 - - [25/Jun/2026:15:07:32 +0300] "GET /haber/mehmet-eymur-iskenceleri-tek-tek-anlatti-kayip-mitciler-gladio-ve-ergenekon-itirafi-373577 HTTP/1.1" 302 219 "-" "Mozilla/5.0 (compatible; SERankingBacklinksBot/1.0; +https://seranking.com/backlinks-crawler)"
65.109.100.157 - - [25/Jun/2026:15:07:32 +0300] "GET /haber/mehmet-eymur-iskenceleri-tek-tek-anlatti-kayip-mitciler-gladio-ve-ergenekon-itirafi-373577 HTTP/1.1" 302 219 "-" "Mozilla/5.0 (compatible; SERankingBacklinksBot/1.0; +https://seranking.com/backlinks-crawler)"
109.239.229.221 - - [25/Jun/2026:15:07:34 +0300] "GET /haberler HTTP/1.1" 200 10660 "-" "Mozilla/5.0 (Macintosh; Intel Mac OS X 10_9_2) AppleWebKit/537.75.14 (KHTML, like Gecko) Version/7.0.3 Safari/537.75.14"
65.109.100.157 - - [25/Jun/2026:15:07:36 +0300] "GET /haberler/mehmet-farac-akp-hayal-kaos-27-agustos-2021-sesli-kose-yazisi-dinle-202866 HTTP/1.1" 301 795 "-" "Mozilla/5.0 (compatible; SERankingBacklinksBot/1.0; +https://seranking.com/backlinks-crawler)"
65.109.100.157 - - [25/Jun/2026:15:07:36 +0300] "GET /haber/mehmet-farac-akp-hayal-kaos-27-agustos-2021-sesli-kose-yazisi-dinle-202866 HTTP/1.1" 302 219 "-" "Mozilla/5.0 (compatible; SERankingBacklinksBot/1.0; +https://seranking.com/backlinks-crawler)"
65.109.100.157 - - [25/Jun/2026:15:07:36 +0300] "GET / HTTP/1.1" 200 17239 "-" "Mozilla/5.0 (compatible; SERankingBacklinksBot/1.0; +https://seranking.com/backlinks-crawler)"
65.109.100.157 - - [25/Jun/2026:15:07:40 +0300] "GET /haberler/mehmet-farac-amansiz-hastaligin-ahlaksiz-vurgunu-23-agustos-2021-sesli-kose-yazisi-dinle-187089 HTTP/1.1" 301 795 "-" "Mozilla/5.0 (compatible; SERankingBacklinksBot/1.0; +https://seranking.com/backlinks-crawler)"
65.109.100.157 - - [25/Jun/2026:15:07:40 +0300] "GET /haber/mehmet-farac-amansiz-hastaligin-ahlaksiz-vurgunu-23-agustos-2021-sesli-kose-yazisi-dinle-187089 HTTP/1.1" 302 219 "-" "Mozilla/5.0 (compatible; SERankingBacklinksBot/1.0; +https://seranking.com/backlinks-crawler)"
65.109.100.157 - - [25/Jun/2026:15:07:40 +0300] "GET /haberler/mehmet-farac-amansiz-hastaligin-ahlaksiz-vurgunu-23-agustos-2021-sesli-kose-yazisi-dinle-187089 HTTP/1.1" 301 795 "-" "Mozilla/5.0 (compatible; SERankingBacklinksBot/1.0; +https://seranking.com/backlinks-crawler)"
66.249.66.194 - - [25/Jun/2026:15:07:40 +0300] "GET /public/index.php/assets/frontend/tema9/images/a-decrease.png HTTP/1.1" 302 234 "-" "Googlebot-Image/1.0"
66.249.66.194 - - [25/Jun/2026:15:07:40 +0300] "GET /public/index.php/images/genel/yeni-istiklal-dogrunun-catisi-hedefimiz-istiklalimiz-logo-1639768690.png HTTP/1.1" 302 234 "-" "Googlebot-Image/1.0"
65.109.100.157 - - [25/Jun/2026:15:07:40 +0300] "GET /404 HTTP/1.1" 302 215 "-" "Mozilla/5.0 (compatible; SERankingBacklinksBot/1.0; +https://seranking.com/backlinks-crawler)"
202.46.62.96 - - [25/Jun/2026:15:07:40 +0300] "GET /hava-durumu/ajax?sehir_isim=6 HTTP/1.1" 200 77 "https://yeniistiklal.com/haber/beyaz-somine-ile-elektrikli-somine-konforunu-ve-estetigini-bir-arada-kesfedin-551689" "Mozilla/5.0 (Windows NT 10.0; Win64; x64) AppleWebKit/537.36 (KHTML, like Gecko) Chrome/133.0.6943.141 Safari/537.36"
66.249.66.194 - - [25/Jun/2026:15:07:40 +0300] "GET /public/index.php/assets/frontend/tema9/images/print.png HTTP/1.1" 302 234 "-" "Googlebot-Image/1.0"
65.109.100.157 - - [25/Jun/2026:15:07:40 +0300] "GET / HTTP/1.1" 200 17235 "-" "Mozilla/5.0 (compatible; SERankingBacklinksBot/1.0; +https://seranking.com/backlinks-crawler)"
66.249.66.194 - - [25/Jun/2026:15:07:40 +0300] "GET /public/index.php/assets/frontend/tema9/images/a-increase.png HTTP/1.1" 302 234 "-" "Googlebot-Image/1.0"
66.249.66.194 - - [25/Jun/2026:15:07:41 +0300] "GET /public/index.php/404 HTTP/1.1" 302 229 "-" "Googlebot-Image/1.0"
213.180.203.103 - - [25/Jun/2026:15:07:41 +0300] "GET /rss/genel-0 HTTP/1.1" 200 196772 "-" "Mozilla/5.0 (compatible; YandexBot/3.0; +http://yandex.com/bots)"
66.249.66.194 - - [25/Jun/2026:15:07:41 +0300] "GET /public/index.php/images/haberler/2022/10/manisa-demircide-aatde-betonerme-imalat-suruyor-s6ErBVeD.jpg HTTP/1.1" 302 234 "-" "Googlebot-Image/1.0"
66.249.66.194 - - [25/Jun/2026:15:07:42 +0300] "GET /public/index.php/404 HTTP/1.1" 302 229 "-" "Googlebot-Image/1.0"
66.249.66.194 - - [25/Jun/2026:15:07:42 +0300] "GET /public/index.php HTTP/1.1" 200 17481 "-" "Googlebot-Image/1.0"
65.109.100.157 - - [25/Jun/2026:15:07:43 +0300] "GET /haber/mehmet-farac-dehsete-donusen-ihanet-14-agustos-2021-sesli-kose-yazisi-dinle-145649 HTTP/1.1" 302 219 "-" "Mozilla/5.0 (compatible; SERankingBacklinksBot/1.0; +https://seranking.com/backlinks-crawler)"
65.109.100.157 - - [25/Jun/2026:15:07:44 +0300] "GET /haberler/mehmet-farac-dehsete-donusen-ihanet-14-agustos-2021-sesli-kose-yazisi-dinle-145649 HTTP/1.1" 301 795 "-" "Mozilla/5.0 (compatible; SERankingBacklinksBot/1.0; +https://seranking.com/backlinks-crawler)"
65.109.100.157 - - [25/Jun/2026:15:07:36 +0300] "GET /haberler/mehmet-farac-akp-hayal-kaos-27-agustos-2021-sesli-kose-yazisi-dinle-202866 HTTP/1.1" 301 795 "-" "Mozilla/5.0 (compatible; SERankingBacklinksBot/1.0; +https://seranking.com/backlinks-crawler)"
185.191.171.1 - - [25/Jun/2026:15:07:36 +0300] "GET /haber/14-aralik-2022-akaryakit-fiyatlari-548870 HTTP/1.1" 200 12762 "-" "Mozilla/5.0 (compatible; SemrushBot/7~bl; +http://www.semrush.com/bot.html)"
65.109.100.157 - - [25/Jun/2026:15:07:36 +0300] "GET /404 HTTP/1.1" 302 215 "-" "Mozilla/5.0 (compatible; SERankingBacklinksBot/1.0; +https://seranking.com/backlinks-crawler)"
95.108.213.192 - - [25/Jun/2026:15:07:39 +0300] "GET /public/rss/tanitim-21 HTTP/1.1" 200 95277 "-" "Mozilla/5.0 (compatible; YandexBot/3.0; +http://yandex.com/bots)"
202.46.62.57 - - [25/Jun/2026:15:07:40 +0300] "GET /images/haberler/2025/06/beyaz-somine-ile-elektrikli-somine-konforunu-ve-estetigini-bir-arada-kesfedin-1750414310.jpg HTTP/1.1" 200 29745 "https://yeniistiklal.com/haber/beyaz-somine-ile-elektrikli-somine-konforunu-ve-estetigini-bir-arada-kesfedin-551689" "Mozilla/5.0 (Windows NT 10.0; Win64; x64) AppleWebKit/537.36 (KHTML, like Gecko) Chrome/133.0.6943.141 Safari/537.36"
65.109.100.157 - - [25/Jun/2026:15:07:40 +0300] "GET /haber/mehmet-farac-amansiz-hastaligin-ahlaksiz-vurgunu-23-agustos-2021-sesli-kose-yazisi-dinle-187089 HTTP/1.1" 302 219 "-" "Mozilla/5.0 (compatible; SERankingBacklinksBot/1.0; +https://seranking.com/backlinks-crawler)"
66.249.66.194 - - [25/Jun/2026:15:07:41 +0300] "GET /public/index.php/404 HTTP/1.1" 302 229 "-" "Googlebot-Image/1.0"
66.249.66.194 - - [25/Jun/2026:15:07:41 +0300] "GET /public/index.php/404 HTTP/1.1" 302 229 "-" "Googlebot-Image/1.0"
85.208.96.194 - - [25/Jun/2026:15:07:42 +0300] "GET /haber/kadin-gozuyle-hayattan-kareler-dijital-sergileri-fotografseverler-ile-bulusuyor-532593 HTTP/1.1" 200 14232 "-" "Mozilla/5.0 (compatible; SemrushBot/7~bl; +http://www.semrush.com/bot.html)"
66.249.66.194 - - [25/Jun/2026:15:07:42 +0300] "GET /public/index.php HTTP/1.1" 200 17484 "-" "Googlebot-Image/1.0"
114.119.150.65 - - [25/Jun/2026:15:07:42 +0300] "GET /haber/ayhan-sicimoglu-38-dilek-turker-38-ozge-fiskin-38-cihan-kipcak-fatih-altayli-ile-bire-bir-9-03-2022-501233 HTTP/1.1" 200 13359 "http://yeniistiklal.com/haber/kilicdaroglu-diyarbakir-da-turkiye-yi-bu-hale-getirenin-allah-belasini-versin-501240" "Mozilla/5.0 (Linux; Android 7.0;) AppleWebKit/537.36 (HTML, like Gecko) Mobile Safari/537.36 (compatible; PetalBot;+https://webmaster.petalsearch.com/site/petalbot)"
66.249.66.194 - - [25/Jun/2026:15:07:42 +0300] "GET /public/index.php HTTP/1.1" 200 17475 "-" "Googlebot-Image/1.0"
66.249.66.194 - - [25/Jun/2026:15:07:43 +0300] "GET /public/index.php HTTP/1.1" 200 17475 "-" "Googlebot-Image/1.0"
65.109.100.157 - - [25/Jun/2026:15:07:43 +0300] "GET /haberler/mehmet-farac-dehsete-donusen-ihanet-14-agustos-2021-sesli-kose-yazisi-dinle-145649 HTTP/1.1" 301 795 "-" "Mozilla/5.0 (compatible; SERankingBacklinksBot/1.0; +https://seranking.com/backlinks-crawler)"
65.109.100.157 - - [25/Jun/2026:15:07:44 +0300] "GET /404 HTTP/1.1" 302 215 "-" "Mozilla/5.0 (compatible; SERankingBacklinksBot/1.0; +https://seranking.com/backlinks-crawler)"
65.109.100.157 - - [25/Jun/2026:15:07:44 +0300] "GET / HTTP/1.1" 200 17239 "-" "Mozilla/5.0 (compatible; SERankingBacklinksBot/1.0; +https://seranking.com/backlinks-crawler)"
65.109.100.157 - - [25/Jun/2026:15:07:48 +0300] "GET /404 HTTP/1.1" 302 215 "-" "Mozilla/5.0 (compatible; SERankingBacklinksBot/1.0; +https://seranking.com/backlinks-crawler)"
65.109.100.157 - - [25/Jun/2026:15:07:52 +0300] "GET /haber/mehmet-farac-fahrettin-koca-neden-susuyor-13-aralik-2021-sesli-kose-yazisi-dinle-453891 HTTP/1.1" 302 219 "-" "Mozilla/5.0 (compatible; SERankingBacklinksBot/1.0; +https://seranking.com/backlinks-crawler)"
65.109.100.157 - - [25/Jun/2026:15:07:44 +0300] "GET /haber/mehmet-farac-dehsete-donusen-ihanet-14-agustos-2021-sesli-kose-yazisi-dinle-145649 HTTP/1.1" 302 219 "-" "Mozilla/5.0 (compatible; SERankingBacklinksBot/1.0; +https://seranking.com/backlinks-crawler)"
185.191.171.16 - - [25/Jun/2026:15:07:46 +0300] "GET /haber/masterchefde-carsamba-gunu-elenen-isim-ifsa-oldu-direkt-finale-cikan-isimler-aciklandi-son-dakika-473452 HTTP/1.1" 200 14722 "-" "Mozilla/5.0 (compatible; SemrushBot/7~bl; +http://www.semrush.com/bot.html)"
62.244.225.226 - - [25/Jun/2026:15:07:46 +0300] "GET /googlenews.xml HTTP/1.1" 200 938069 "https://yeniistiklal.com/googlenews.xml" "Mozilla/5.0 (Windows NT 6.3; WOW64; rv:40.0) Gecko/20100101 Firefox/40.0"
62.244.225.226 - - [25/Jun/2026:15:07:47 +0300] "GET /sitemap.xml HTTP/1.1" 200 201 "https://yeniistiklal.com/sitemap.xml" "Mozilla/5.0 (X11; Linux x86_64) AppleWebKit/537.36 (KHTML, like Gecko) Ubuntu Chromium/37.0.2062.94 Chrome/37.0.2062.94 Safari/537.36"
65.109.100.157 - - [25/Jun/2026:15:07:47 +0300] "GET /haberler/mehmet-farac-ey-akp-hani-buyuk-turkiye-1-agustos-2021-sesli-kose-yazisi-dinle-86487 HTTP/1.1" 301 795 "-" "Mozilla/5.0 (compatible; SERankingBacklinksBot/1.0; +https://seranking.com/backlinks-crawler)"
65.109.100.157 - - [25/Jun/2026:15:07:47 +0300] "GET /haber/mehmet-farac-ey-akp-hani-buyuk-turkiye-1-agustos-2021-sesli-kose-yazisi-dinle-86487 HTTP/1.1" 302 219 "-" "Mozilla/5.0 (compatible; SERankingBacklinksBot/1.0; +https://seranking.com/backlinks-crawler)"
65.109.100.157 - - [25/Jun/2026:15:07:47 +0300] "GET /haberler/mehmet-farac-ey-akp-hani-buyuk-turkiye-1-agustos-2021-sesli-kose-yazisi-dinle-86487 HTTP/1.1" 301 795 "-" "Mozilla/5.0 (compatible; SERankingBacklinksBot/1.0; +https://seranking.com/backlinks-crawler)"
65.109.100.157 - - [25/Jun/2026:15:07:48 +0300] "GET /haber/mehmet-farac-ey-akp-hani-buyuk-turkiye-1-agustos-2021-sesli-kose-yazisi-dinle-86487 HTTP/1.1" 302 219 "-" "Mozilla/5.0 (compatible; SERankingBacklinksBot/1.0; +https://seranking.com/backlinks-crawler)"
65.109.100.157 - - [25/Jun/2026:15:07:48 +0300] "GET / HTTP/1.1" 200 17235 "-" "Mozilla/5.0 (compatible; SERankingBacklinksBot/1.0; +https://seranking.com/backlinks-crawler)"
185.191.171.17 - - [25/Jun/2026:15:07:49 +0300] "GET /haber/survivor-2022-allstar-1-bolum-2-fragmani-ilk-oyun-ve-kazanan-takim-survivor-yeni-bolum-fragman-474642 HTTP/1.1" 200 14273 "-" "Mozilla/5.0 (compatible; SemrushBot/7~bl; +http://www.semrush.com/bot.html)"
65.109.100.157 - - [25/Jun/2026:15:07:51 +0300] "GET /haberler/mehmet-farac-fahrettin-koca-neden-susuyor-13-aralik-2021-sesli-kose-yazisi-dinle-453891 HTTP/1.1" 301 795 "-" "Mozilla/5.0 (compatible; SERankingBacklinksBot/1.0; +https://seranking.com/backlinks-crawler)"
65.109.100.157 - - [25/Jun/2026:15:07:51 +0300] "GET /haber/mehmet-farac-fahrettin-koca-neden-susuyor-13-aralik-2021-sesli-kose-yazisi-dinle-453891 HTTP/1.1" 302 219 "-" "Mozilla/5.0 (compatible; SERankingBacklinksBot/1.0; +https://seranking.com/backlinks-crawler)"
65.109.100.157 - - [25/Jun/2026:15:07:51 +0300] "GET /haberler/mehmet-farac-fahrettin-koca-neden-susuyor-13-aralik-2021-sesli-kose-yazisi-dinle-453891 HTTP/1.1" 301 795 "-" "Mozilla/5.0 (compatible; SERankingBacklinksBot/1.0; +https://seranking.com/backlinks-crawler)"
65.109.100.157 - - [25/Jun/2026:15:07:52 +0300] "GET /404 HTTP/1.1" 302 215 "-" "Mozilla/5.0 (compatible; SERankingBacklinksBot/1.0; +https://seranking.com/backlinks-crawler)"
65.109.100.157 - - [25/Jun/2026:15:07:52 +0300] "GET / HTTP/1.1" 200 17236 "-" "Mozilla/5.0 (compatible; SERankingBacklinksBot/1.0; +https://seranking.com/backlinks-crawler)"
47.128.124.110 - - [25/Jun/2026:15:07:53 +0300] "GET /public/index.php/images/haberler/2025/12/kuzey-kibris-turk-cumhuriyetindeki-kktc-en-yuksek-bina-y-1765199017.png HTTP/1.1" 302 238 "https://www.yeniistiklal.com/public/index.php" "Mozilla/5.0 (Linux; Android 5.0) AppleWebKit/537.36 (KHTML, like Gecko) Mobile Safari/537.36 (compatible; Bytespider; spider-feedback@bytedance.com)"
85.208.96.201 - - [25/Jun/2026:15:07:53 +0300] "GET /haber/10-yilda-550-milyon-litre-su-tasarrufu-sagladi-535280 HTTP/1.1" 200 14221 "-" "Mozilla/5.0 (compatible; SemrushBot/7~bl; +http://www.semrush.com/bot.html)"
47.128.124.110 - - [25/Jun/2026:15:07:53 +0300] "GET /public/index.php/images/haberler/2025/10/kktc-doviz-kurlarindaki-son-durum-dolar-euro-sterlin-15-ekim-2025-1760527641.jpg HTTP/1.1" 302 238 "https://www.yeniistiklal.com/public/index.php" "Mozilla/5.0 (Linux; Android 5.0) AppleWebKit/537.36 (KHTML, like Gecko) Mobile Safari/537.36 (compatible; Bytespider; spider-feedback@bytedance.com)"
47.128.124.110 - - [25/Jun/2026:15:07:53 +0300] "GET /public/index.php/images/haberler/2025/08/serbest-piyasada-dolar-ve-euroda-son-durum-1754903576.jpeg HTTP/1.1" 302 238 "https://www.yeniistiklal.com/public/index.php" "Mozilla/5.0 (Linux; Android 5.0) AppleWebKit/537.36 (KHTML, like Gecko) Mobile Safari/537.36 (compatible; Bytespider; spider-feedback@bytedance.com)"
47.128.124.110 - - [25/Jun/2026:15:07:54 +0300] "GET /public/index.php/images/tn/2026/01/yaz-firsatlari-1768457002.png HTTP/1.1" 302 238 "https://www.yeniistiklal.com/public/index.php" "Mozilla/5.0 (Linux; Android 5.0) AppleWebKit/537.36 (KHTML, like Gecko) Mobile Safari/537.36 (compatible; Bytespider; spider-feedback@bytedance.com)"
47.128.124.110 - - [25/Jun/2026:15:07:54 +0300] "GET /public/index.php/images/tn/2026/01/bodrum-otelleri-1768456675.png HTTP/1.1" 302 238 "https://www.yeniistiklal.com/public/index.php" "Mozilla/5.0 (Linux; Android 5.0) AppleWebKit/537.36 (KHTML, like Gecko) Mobile Safari/537.36 (compatible; Bytespider; spider-feedback@bytedance.com)"
47.128.124.110 - - [25/Jun/2026:15:07:54 +0300] "GET /public/index.php/images/tn/2025/12/kuzey-kibris-turk-cumhuriyetindeki-kktc-en-yuksek-bina-1765199017.png HTTP/1.1" 302 238 "https://www.yeniistiklal.com/public/index.php" "Mozilla/5.0 (Linux; Android 5.0) AppleWebKit/537.36 (KHTML, like Gecko) Mobile Safari/537.36 (compatible; Bytespider; spider-feedback@bytedance.com)"
47.128.124.110 - - [25/Jun/2026:15:07:54 +0300] "GET /public/index.php/images/tn/2025/11/canik-kime-ait-turkiyenin-global-silah-devi-1762258557.jpeg HTTP/1.1" 302 238 "https://www.yeniistiklal.com/public/index.php" "Mozilla/5.0 (Linux; Android 5.0) AppleWebKit/537.36 (KHTML, like Gecko) Mobile Safari/537.36 (compatible; Bytespider; spider-feedback@bytedance.com)"
47.128.124.110 - - [25/Jun/2026:15:07:54 +0300] "GET /public/index.php/images/tn/2025/11/otokar-sahibi-kim-otokar-kime-ait-1762258385.jpeg HTTP/1.1" 302 238 "https://www.yeniistiklal.com/public/index.php" "Mozilla/5.0 (Linux; Android 5.0) AppleWebKit/537.36 (KHTML, like Gecko) Mobile Safari/537.36 (compatible; Bytespider; spider-feedback@bytedance.com)"
47.128.124.110 - - [25/Jun/2026:15:07:54 +0300] "GET /public/index.php/images/tn/2025/10/kktc-doviz-kurlarindaki-son-durum-dolar-euro-sterlin-15-ekim-2025-1760527641.jpg HTTP/1.1" 302 238 "https://www.yeniistiklal.com/public/index.php" "Mozilla/5.0 (Linux; Android 5.0) AppleWebKit/537.36 (KHTML, like Gecko) Mobile Safari/537.36 (compatible; Bytespider; spider-feedback@bytedance.com)"
47.128.124.110 - - [25/Jun/2026:15:07:54 +0300] "GET /public/index.php/images/tn/2025/10/kktcde-su-tesisatcisi-arayanlar-icin-oneriler-1760527324.png HTTP/1.1" 302 238 "https://www.yeniistiklal.com/public/index.php" "Mozilla/5.0 (Linux; Android 5.0) AppleWebKit/537.36 (KHTML, like Gecko) Mobile Safari/537.36 (compatible; Bytespider; spider-feedback@bytedance.com)"
47.128.124.110 - - [25/Jun/2026:15:07:55 +0300] "GET /public/index.php/404 HTTP/1.1" 302 232 "https://www.yeniistiklal.com/public/index.php" "Mozilla/5.0 (Linux; Android 5.0) AppleWebKit/537.36 (KHTML, like Gecko) Mobile Safari/537.36 (compatible; Bytespider; spider-feedback@bytedance.com)"
65.109.100.157 - - [25/Jun/2026:15:07:55 +0300] "GET /haber/mehmet-farac-ihanetin-tomruk-taarruzu-16-agustos-2021-sesli-kose-yazisi-dinle-153847 HTTP/1.1" 302 219 "-" "Mozilla/5.0 (compatible; SERankingBacklinksBot/1.0; +https://seranking.com/backlinks-crawler)"
47.128.124.110 - - [25/Jun/2026:15:07:52 +0300] "GET /public/index.php HTTP/1.1" 200 17476 "-" "Mozilla/5.0 (Linux; Android 5.0) AppleWebKit/537.36 (KHTML, like Gecko) Mobile Safari/537.36 (compatible; Bytespider; spider-feedback@bytedance.com)"
47.128.124.110 - - [25/Jun/2026:15:07:53 +0300] "GET /public/index.php/images/haberler/2025/12/survivor-2026-yarismacilari-tam-liste-y-1765786623.png HTTP/1.1" 302 238 "https://www.yeniistiklal.com/public/index.php" "Mozilla/5.0 (Linux; Android 5.0) AppleWebKit/537.36 (KHTML, like Gecko) Mobile Safari/537.36 (compatible; Bytespider; spider-feedback@bytedance.com)"
47.128.124.110 - - [25/Jun/2026:15:07:53 +0300] "GET /public/index.php/images/haberler/2025/11/dunyanin-en-buyuk-dagi-hangisidir-everest-mi-mauna-kea-mi-y-1762260895.png HTTP/1.1" 302 238 "https://www.yeniistiklal.com/public/index.php" "Mozilla/5.0 (Linux; Android 5.0) AppleWebKit/537.36 (KHTML, like Gecko) Mobile Safari/537.36 (compatible; Bytespider; spider-feedback@bytedance.com)"
47.128.124.110 - - [25/Jun/2026:15:07:53 +0300] "GET /public/index.php/images/haberler/2025/11/aksa-kimin-aksa-enerjinin-sahibi-kimdir-y-1762258173.png HTTP/1.1" 302 238 "https://www.yeniistiklal.com/public/index.php" "Mozilla/5.0 (Linux; Android 5.0) AppleWebKit/537.36 (KHTML, like Gecko) Mobile Safari/537.36 (compatible; Bytespider; spider-feedback@bytedance.com)"
47.128.124.110 - - [25/Jun/2026:15:07:53 +0300] "GET /public/index.php/images/haberler/2025/10/kktcde-su-tesisatcisi-arayanlar-icin-oneriler-y-1760527324.png HTTP/1.1" 302 238 "https://www.yeniistiklal.com/public/index.php" "Mozilla/5.0 (Linux; Android 5.0) AppleWebKit/537.36 (KHTML, like Gecko) Mobile Safari/537.36 (compatible; Bytespider; spider-feedback@bytedance.com)"
47.128.124.110 - - [25/Jun/2026:15:07:53 +0300] "GET /public/index.php/images/haberler/2025/08/piyasalar-sallaniyor-gram-altin-tarihi-zirvelere-kosuyor-y-1754648723.jpeg HTTP/1.1" 302 238 "https://www.yeniistiklal.com/public/index.php" "Mozilla/5.0 (Linux; Android 5.0) AppleWebKit/537.36 (KHTML, like Gecko) Mobile Safari/537.36 (compatible; Bytespider; spider-feedback@bytedance.com)"
47.128.124.110 - - [25/Jun/2026:15:07:54 +0300] "GET /public/index.php/images/tn/2026/01/antalya-otelleri-1768456799.png HTTP/1.1" 302 238 "https://www.yeniistiklal.com/public/index.php" "Mozilla/5.0 (Linux; Android 5.0) AppleWebKit/537.36 (KHTML, like Gecko) Mobile Safari/537.36 (compatible; Bytespider; spider-feedback@bytedance.com)"
47.128.124.110 - - [25/Jun/2026:15:07:54 +0300] "GET /public/index.php/images/tn/2025/08/24-saat-boyunca-ac-kalirsak-ne-olur-1755454218.jpeg HTTP/1.1" 302 238 "https://www.yeniistiklal.com/public/index.php" "Mozilla/5.0 (Linux; Android 5.0) AppleWebKit/537.36 (KHTML, like Gecko) Mobile Safari/537.36 (compatible; Bytespider; spider-feedback@bytedance.com)"
47.128.124.110 - - [25/Jun/2026:15:07:54 +0300] "GET /public/index.php/images/transparent.gif HTTP/1.1" 302 238 "https://www.yeniistiklal.com/public/index.php" "Mozilla/5.0 (Linux; Android 5.0) AppleWebKit/537.36 (KHTML, like Gecko) Mobile Safari/537.36 (compatible; Bytespider; spider-feedback@bytedance.com)"
185.191.171.5 - - [25/Jun/2026:15:07:54 +0300] "GET /haber/bu-on-satis-kacmaz-huobi-primelist-launchblock-on-satis-katilim-lbp-nedir-501238 HTTP/1.1" 200 13574 "-" "Mozilla/5.0 (compatible; SemrushBot/7~bl; +http://www.semrush.com/bot.html)"
65.109.100.157 - - [25/Jun/2026:15:07:55 +0300] "GET /haberler/mehmet-farac-ihanetin-tomruk-taarruzu-16-agustos-2021-sesli-kose-yazisi-dinle-153847 HTTP/1.1" 301 795 "-" "Mozilla/5.0 (compatible; SERankingBacklinksBot/1.0; +https://seranking.com/backlinks-crawler)"
65.109.100.157 - - [25/Jun/2026:15:07:55 +0300] "GET /haberler/mehmet-farac-ihanetin-tomruk-taarruzu-16-agustos-2021-sesli-kose-yazisi-dinle-153847 HTTP/1.1" 301 795 "-" "Mozilla/5.0 (compatible; SERankingBacklinksBot/1.0; +https://seranking.com/backlinks-crawler)"
65.109.100.157 - - [25/Jun/2026:15:07:55 +0300] "GET /haber/mehmet-farac-ihanetin-tomruk-taarruzu-16-agustos-2021-sesli-kose-yazisi-dinle-153847 HTTP/1.1" 302 219 "-" "Mozilla/5.0 (compatible; SERankingBacklinksBot/1.0; +https://seranking.com/backlinks-crawler)"
47.128.124.110 - - [25/Jun/2026:15:07:55 +0300] "GET /public/index.php HTTP/1.1" 200 17477 "https://www.yeniistiklal.com/public/index.php" "Mozilla/5.0 (Linux; Android 5.0) AppleWebKit/537.36 (KHTML, like Gecko) Mobile Safari/537.36 (compatible; Bytespider; spider-feedback@bytedance.com)"
47.128.124.110 - - [25/Jun/2026:15:07:56 +0300] "GET /public/index.php/404 HTTP/1.1" 302 232 "https://www.yeniistiklal.com/public/index.php" "Mozilla/5.0 (Linux; Android 5.0) AppleWebKit/537.36 (KHTML, like Gecko) Mobile Safari/537.36 (compatible; Bytespider; spider-feedback@bytedance.com)"
47.128.124.110 - - [25/Jun/2026:15:07:56 +0300] "GET /public/index.php/404 HTTP/1.1" 302 232 "https://www.yeniistiklal.com/public/index.php" "Mozilla/5.0 (Linux; Android 5.0) AppleWebKit/537.36 (KHTML, like Gecko) Mobile Safari/537.36 (compatible; Bytespider; spider-feedback@bytedance.com)"
47.128.124.110 - - [25/Jun/2026:15:07:56 +0300] "GET /public/index.php HTTP/1.1" 200 17485 "https://www.yeniistiklal.com/public/index.php" "Mozilla/5.0 (Linux; Android 5.0) AppleWebKit/537.36 (KHTML, like Gecko) Mobile Safari/537.36 (compatible; Bytespider; spider-feedback@bytedance.com)"
85.208.96.205 - - [25/Jun/2026:15:07:56 +0300] "GET /haber/kahve-fiyatlarinda-25-30-artis-ongoruluyor-471282 HTTP/1.1" 200 13716 "-" "Mozilla/5.0 (compatible; SemrushBot/7~bl; +http://www.semrush.com/bot.html)"
47.128.124.110 - - [25/Jun/2026:15:07:56 +0300] "GET /public/index.php/404 HTTP/1.1" 302 232 "https://www.yeniistiklal.com/public/index.php" "Mozilla/5.0 (Linux; Android 5.0) AppleWebKit/537.36 (KHTML, like Gecko) Mobile Safari/537.36 (compatible; Bytespider; spider-feedback@bytedance.com)"
47.128.124.110 - - [25/Jun/2026:15:07:56 +0300] "GET /public/index.php/404 HTTP/1.1" 302 232 "https://www.yeniistiklal.com/public/index.php" "Mozilla/5.0 (Linux; Android 5.0) AppleWebKit/537.36 (KHTML, like Gecko) Mobile Safari/537.36 (compatible; Bytespider; spider-feedback@bytedance.com)"
185.191.171.7 - - [25/Jun/2026:15:07:56 +0300] "GET /haber/kayseri-talasta-onarim-timleri-is-basinda-535910 HTTP/1.1" 200 14091 "-" "Mozilla/5.0 (compatible; SemrushBot/7~bl; +http://www.semrush.com/bot.html)"
47.128.124.110 - - [25/Jun/2026:15:07:57 +0300] "GET /public/index.php HTTP/1.1" 200 17480 "https://www.yeniistiklal.com/public/index.php" "Mozilla/5.0 (Linux; Android 5.0) AppleWebKit/537.36 (KHTML, like Gecko) Mobile Safari/537.36 (compatible; Bytespider; spider-feedback@bytedance.com)"
47.128.124.110 - - [25/Jun/2026:15:07:57 +0300] "GET /public/index.php/404 HTTP/1.1" 302 232 "https://www.yeniistiklal.com/public/index.php" "Mozilla/5.0 (Linux; Android 5.0) AppleWebKit/537.36 (KHTML, like Gecko) Mobile Safari/537.36 (compatible; Bytespider; spider-feedback@bytedance.com)"
47.128.124.110 - - [25/Jun/2026:15:07:57 +0300] "GET /public/index.php HTTP/1.1" 200 17474 "https://www.yeniistiklal.com/public/index.php" "Mozilla/5.0 (Linux; Android 5.0) AppleWebKit/537.36 (KHTML, like Gecko) Mobile Safari/537.36 (compatible; Bytespider; spider-feedback@bytedance.com)"
47.128.124.110 - - [25/Jun/2026:15:07:57 +0300] "GET /public/index.php/404 HTTP/1.1" 302 232 "https://www.yeniistiklal.com/public/index.php" "Mozilla/5.0 (Linux; Android 5.0) AppleWebKit/537.36 (KHTML, like Gecko) Mobile Safari/537.36 (compatible; Bytespider; spider-feedback@bytedance.com)"
47.128.124.110 - - [25/Jun/2026:15:07:58 +0300] "GET /public/index.php/404 HTTP/1.1" 302 232 "https://www.yeniistiklal.com/public/index.php" "Mozilla/5.0 (Linux; Android 5.0) AppleWebKit/537.36 (KHTML, like Gecko) Mobile Safari/537.36 (compatible; Bytespider; spider-feedback@bytedance.com)"
47.128.124.110 - - [25/Jun/2026:15:07:55 +0300] "GET /public/index.php/404 HTTP/1.1" 302 232 "https://www.yeniistiklal.com/public/index.php" "Mozilla/5.0 (Linux; Android 5.0) AppleWebKit/537.36 (KHTML, like Gecko) Mobile Safari/537.36 (compatible; Bytespider; spider-feedback@bytedance.com)"
47.128.124.110 - - [25/Jun/2026:15:07:55 +0300] "OPTIONS /hava-durumu/ajax?sehir_isim=6 HTTP/1.1" 200 20 "https://www.yeniistiklal.com/" "Mozilla/5.0 (Linux; Android 5.0) AppleWebKit/537.36 (KHTML, like Gecko) Mobile Safari/537.36 (compatible; Bytespider; spider-feedback@bytedance.com)"
65.109.100.157 - - [25/Jun/2026:15:07:56 +0300] "GET /404 HTTP/1.1" 302 215 "-" "Mozilla/5.0 (compatible; SERankingBacklinksBot/1.0; +https://seranking.com/backlinks-crawler)"
65.109.100.157 - - [25/Jun/2026:15:07:56 +0300] "GET / HTTP/1.1" 200 17238 "-" "Mozilla/5.0 (compatible; SERankingBacklinksBot/1.0; +https://seranking.com/backlinks-crawler)"
47.128.124.110 - - [25/Jun/2026:15:07:56 +0300] "GET /public/index.php HTTP/1.1" 200 17477 "https://www.yeniistiklal.com/public/index.php" "Mozilla/5.0 (Linux; Android 5.0) AppleWebKit/537.36 (KHTML, like Gecko) Mobile Safari/537.36 (compatible; Bytespider; spider-feedback@bytedance.com)"
47.128.124.110 - - [25/Jun/2026:15:07:57 +0300] "GET /public/index.php/404 HTTP/1.1" 302 232 "https://www.yeniistiklal.com/public/index.php" "Mozilla/5.0 (Linux; Android 5.0) AppleWebKit/537.36 (KHTML, like Gecko) Mobile Safari/537.36 (compatible; Bytespider; spider-feedback@bytedance.com)"
47.128.124.110 - - [25/Jun/2026:15:07:57 +0300] "GET /public/index.php HTTP/1.1" 200 17476 "https://www.yeniistiklal.com/public/index.php" "Mozilla/5.0 (Linux; Android 5.0) AppleWebKit/537.36 (KHTML, like Gecko) Mobile Safari/537.36 (compatible; Bytespider; spider-feedback@bytedance.com)"
47.128.124.110 - - [25/Jun/2026:15:07:58 +0300] "GET /public/index.php/404 HTTP/1.1" 302 232 "https://www.yeniistiklal.com/public/index.php" "Mozilla/5.0 (Linux; Android 5.0) AppleWebKit/537.36 (KHTML, like Gecko) Mobile Safari/537.36 (compatible; Bytespider; spider-feedback@bytedance.com)"
47.128.124.110 - - [25/Jun/2026:15:07:58 +0300] "GET /public/index.php/404 HTTP/1.1" 302 232 "https://www.yeniistiklal.com/public/index.php" "Mozilla/5.0 (Linux; Android 5.0) AppleWebKit/537.36 (KHTML, like Gecko) Mobile Safari/537.36 (compatible; Bytespider; spider-feedback@bytedance.com)"
47.128.124.110 - - [25/Jun/2026:15:07:58 +0300] "GET /public/index.php/404 HTTP/1.1" 302 232 "https://www.yeniistiklal.com/public/index.php" "Mozilla/5.0 (Linux; Android 5.0) AppleWebKit/537.36 (KHTML, like Gecko) Mobile Safari/537.36 (compatible; Bytespider; spider-feedback@bytedance.com)"
