yeniistiklal.com-ssl_log
| 6.5 MB | Satir:
0
| com-ssl_log
Geri
185.191.171.1 - - [25/Jun/2026:15:02:04 +0300] "GET /haber/final-yapmaya-hazirlaniyordu-fox-tv-dizisi-elkizinin-yayin-gunu-degisti-472117 HTTP/1.1" 200 13856 "-" "Mozilla/5.0 (compatible; SemrushBot/7~bl; +http://www.semrush.com/bot.html)"
65.109.100.157 - - [25/Jun/2026:15:02:04 +0300] "GET /haberler/mecidiyekoyde-cam-siliciler-bicak-ve-sopayla-kafe-basti-267798 HTTP/1.1" 301 795 "-" "Mozilla/5.0 (compatible; SERankingBacklinksBot/1.0; +https://seranking.com/backlinks-crawler)"
65.109.100.157 - - [25/Jun/2026:15:02:05 +0300] "GET /haberler/mecidiyekoyde-cam-siliciler-bicak-ve-sopayla-kafe-basti-267798 HTTP/1.1" 301 795 "-" "Mozilla/5.0 (compatible; SERankingBacklinksBot/1.0; +https://seranking.com/backlinks-crawler)"
65.109.100.157 - - [25/Jun/2026:15:02:05 +0300] "GET /haber/mecidiyekoyde-cam-siliciler-bicak-ve-sopayla-kafe-basti-267798 HTTP/1.1" 302 219 "-" "Mozilla/5.0 (compatible; SERankingBacklinksBot/1.0; +https://seranking.com/backlinks-crawler)"
65.109.100.157 - - [25/Jun/2026:15:02:05 +0300] "GET /404 HTTP/1.1" 302 215 "-" "Mozilla/5.0 (compatible; SERankingBacklinksBot/1.0; +https://seranking.com/backlinks-crawler)"
66.249.66.196 - - [25/Jun/2026:15:02:05 +0300] "GET /public/haber/calisma-hayatiyla-ilgili-sorunlar-alo-170-ile-cozuldu-497053 HTTP/1.1" 200 13979 "-" "Mozilla/5.0 (Linux; Android 6.0.1; Nexus 5X Build/MMB29P) AppleWebKit/537.36 (KHTML, like Gecko) Chrome/148.0.7778.96 Mobile Safari/537.36 (compatible; Googlebot/2.1; +http://www.google.com/bot.html)"
34.196.6.199 - - [25/Jun/2026:15:02:06 +0300] "GET /haber/dort-milletlerarasi-anlasma-resmilesti-535228 HTTP/1.1" 200 14880 "-" "Mozilla/5.0 AppleWebKit/537.36 (KHTML, like Gecko; compatible; Amazonbot/0.1; +https://developer.amazon.com/support/amazonbot) Chrome/119.0.6045.214 Safari/537.36"
3.229.95.193 - - [25/Jun/2026:15:02:08 +0300] "GET /haber/balikesirde-vilayetler-evinde-mavi-gurur-520024 HTTP/1.1" 200 13862 "-" "Mozilla/5.0 AppleWebKit/537.36 (KHTML, like Gecko; compatible; Amazonbot/0.1; +https://developer.amazon.com/support/amazonbot) Chrome/119.0.6045.214 Safari/537.36"
65.109.100.157 - - [25/Jun/2026:15:02:08 +0300] "GET /haber/mecidiyekoyde-zincirleme-kaza-143012 HTTP/1.1" 302 219 "-" "Mozilla/5.0 (compatible; SERankingBacklinksBot/1.0; +https://seranking.com/backlinks-crawler)"
85.208.96.201 - - [25/Jun/2026:15:02:09 +0300] "GET /haber/escarus-turkiye-cevre-haftasinda-dunyanin-kritik-bir-etaba-girdigine-isaret-etti-518386 HTTP/1.1" 200 15517 "-" "Mozilla/5.0 (compatible; SemrushBot/7~bl; +http://www.semrush.com/bot.html)"
65.109.100.157 - - [25/Jun/2026:15:02:09 +0300] "GET /404 HTTP/1.1" 302 215 "-" "Mozilla/5.0 (compatible; SERankingBacklinksBot/1.0; +https://seranking.com/backlinks-crawler)"
65.109.100.157 - - [25/Jun/2026:15:02:09 +0300] "GET / HTTP/1.1" 200 17232 "-" "Mozilla/5.0 (compatible; SERankingBacklinksBot/1.0; +https://seranking.com/backlinks-crawler)"
43.172.198.175 - - [25/Jun/2026:15:02:10 +0300] "GET /hava-durumu/ajax?sehir_isim=6 HTTP/1.1" 200 77 "https://yeniistiklal.com/haber/hz-adem-ve-hz-havva-ya-hakaret-eden-unluler-sezenaksu-aleynatilki-479796" "Mozilla/5.0 (Windows NT 10.0; Win64; x64) AppleWebKit/537.36 (KHTML, like Gecko) Chrome/111.0.0.0 Safari/537.36"
185.191.171.6 - - [25/Jun/2026:15:02:11 +0300] "GET /haber/van-ve-kahramanmaras-sallandi-544290 HTTP/1.1" 200 13436 "-" "Mozilla/5.0 (compatible; SemrushBot/7~bl; +http://www.semrush.com/bot.html)"
65.109.100.157 - - [25/Jun/2026:15:02:12 +0300] "GET /haber/meclis-1-ekimde-aciliyor-iste-turkiyenin-tartisacagi-basliklar-272448 HTTP/1.1" 302 219 "-" "Mozilla/5.0 (compatible; SERankingBacklinksBot/1.0; +https://seranking.com/backlinks-crawler)"
65.109.100.157 - - [25/Jun/2026:15:02:12 +0300] "GET /haberler/meclis-1-ekimde-aciliyor-iste-turkiyenin-tartisacagi-basliklar-272448 HTTP/1.1" 301 795 "-" "Mozilla/5.0 (compatible; SERankingBacklinksBot/1.0; +https://seranking.com/backlinks-crawler)"
85.254.40.137 - - [25/Jun/2026:15:02:03 +0300] "GET /haber/gardrops-iade-talebi-nasil-yapilir-551447 HTTP/1.1" 200 13460 "-" "Mozilla/5.0 (Macintosh; Intel Mac OS X 10_15_7) AppleWebKit/537.36 (KHTML, like Gecko) Chrome/142.0.0.0 Safari/537.36"
65.109.100.157 - - [25/Jun/2026:15:02:04 +0300] "GET /haber/mecidiyekoyde-cam-siliciler-bicak-ve-sopayla-kafe-basti-267798 HTTP/1.1" 302 219 "-" "Mozilla/5.0 (compatible; SERankingBacklinksBot/1.0; +https://seranking.com/backlinks-crawler)"
65.109.100.157 - - [25/Jun/2026:15:02:05 +0300] "GET / HTTP/1.1" 200 17241 "-" "Mozilla/5.0 (compatible; SERankingBacklinksBot/1.0; +https://seranking.com/backlinks-crawler)"
185.191.171.10 - - [25/Jun/2026:15:02:07 +0300] "GET /haber/canik-belediye-baskani-ibrahim-sandikci-canik-hayvan-pazarini-ziyaret-etti-525166 HTTP/1.1" 200 13844 "-" "Mozilla/5.0 (compatible; SemrushBot/7~bl; +http://www.semrush.com/bot.html)"
85.208.96.198 - - [25/Jun/2026:15:02:07 +0300] "GET /haber/15-haziran-dunya-ruzgar-gunu-ruzgar-enerjisi-837-gw-kapasiteye-ulasti-520646 HTTP/1.1" 200 15106 "-" "Mozilla/5.0 (compatible; SemrushBot/7~bl; +http://www.semrush.com/bot.html)"
65.109.100.157 - - [25/Jun/2026:15:02:08 +0300] "GET /haberler/mecidiyekoyde-zincirleme-kaza-143012 HTTP/1.1" 301 795 "-" "Mozilla/5.0 (compatible; SERankingBacklinksBot/1.0; +https://seranking.com/backlinks-crawler)"
65.109.100.157 - - [25/Jun/2026:15:02:09 +0300] "GET /haberler/mecidiyekoyde-zincirleme-kaza-143012 HTTP/1.1" 301 795 "-" "Mozilla/5.0 (compatible; SERankingBacklinksBot/1.0; +https://seranking.com/backlinks-crawler)"
65.109.100.157 - - [25/Jun/2026:15:02:09 +0300] "GET /haber/mecidiyekoyde-zincirleme-kaza-143012 HTTP/1.1" 302 219 "-" "Mozilla/5.0 (compatible; SERankingBacklinksBot/1.0; +https://seranking.com/backlinks-crawler)"
85.208.96.194 - - [25/Jun/2026:15:02:09 +0300] "GET /haber/istanbulda-bes-arac-birbirine-girdi-uc-yarali-var-490600 HTTP/1.1" 200 13901 "-" "Mozilla/5.0 (compatible; SemrushBot/7~bl; +http://www.semrush.com/bot.html)"
3.226.34.98 - - [25/Jun/2026:15:02:09 +0300] "GET /haber/turkiye-genelinde-stok-ve-fiyat-denetimleri-basladi-488743 HTTP/1.1" 200 14852 "-" "Mozilla/5.0 AppleWebKit/537.36 (KHTML, like Gecko; compatible; Amazonbot/0.1; +https://developer.amazon.com/support/amazonbot) Chrome/119.0.6045.214 Safari/537.36"
43.173.178.148 - - [25/Jun/2026:15:02:09 +0300] "GET /haber/hz-adem-ve-hz-havva-ya-hakaret-eden-unluler-sezenaksu-aleynatilki-479796 HTTP/1.1" 200 13822 "-" "Mozilla/5.0 (Windows NT 10.0; Win64; x64) AppleWebKit/537.36 (KHTML, like Gecko) Chrome/111.0.0.0 Safari/537.36"
65.109.100.157 - - [25/Jun/2026:15:02:12 +0300] "GET /haberler/meclis-1-ekimde-aciliyor-iste-turkiyenin-tartisacagi-basliklar-272448 HTTP/1.1" 301 795 "-" "Mozilla/5.0 (compatible; SERankingBacklinksBot/1.0; +https://seranking.com/backlinks-crawler)"
65.109.100.157 - - [25/Jun/2026:15:02:13 +0300] "GET /haber/meclis-1-ekimde-aciliyor-iste-turkiyenin-tartisacagi-basliklar-272448 HTTP/1.1" 302 219 "-" "Mozilla/5.0 (compatible; SERankingBacklinksBot/1.0; +https://seranking.com/backlinks-crawler)"
65.109.100.157 - - [25/Jun/2026:15:02:13 +0300] "GET /404 HTTP/1.1" 302 215 "-" "Mozilla/5.0 (compatible; SERankingBacklinksBot/1.0; +https://seranking.com/backlinks-crawler)"
65.109.100.157 - - [25/Jun/2026:15:02:13 +0300] "GET / HTTP/1.1" 200 17234 "-" "Mozilla/5.0 (compatible; SERankingBacklinksBot/1.0; +https://seranking.com/backlinks-crawler)"
47.128.16.120 - - [25/Jun/2026:15:02:13 +0300] "GET /public/ HTTP/1.1" 200 17354 "-" "Mozilla/5.0 (Linux; Android 5.0) AppleWebKit/537.36 (KHTML, like Gecko) Mobile Safari/537.36 (compatible; TikTokSpider; ttspider-feedback@tiktok.com)"
44.217.255.167 - - [25/Jun/2026:15:02:13 +0300] "GET /haber/muharrem-ince-cumhurbaskanina-hakaretten-ifade-verdi-495188 HTTP/1.1" 200 14072 "-" "Mozilla/5.0 AppleWebKit/537.36 (KHTML, like Gecko; compatible; Amazonbot/0.1; +https://developer.amazon.com/support/amazonbot) Chrome/119.0.6045.214 Safari/537.36"
185.191.171.1 - - [25/Jun/2026:15:02:13 +0300] "GET /haber/turkiye-turizmde-farkli-pazarlara-acilmali-503299 HTTP/1.1" 200 15972 "-" "Mozilla/5.0 (compatible; SemrushBot/7~bl; +http://www.semrush.com/bot.html)"
47.128.16.120 - - [25/Jun/2026:15:02:13 +0300] "GET /public/images/firmalar HTTP/1.1" 301 795 "https://yeniistiklal.com/public/" "Mozilla/5.0 (Linux; Android 5.0) AppleWebKit/537.36 (KHTML, like Gecko) Mobile Safari/537.36 (compatible; TikTokSpider; ttspider-feedback@tiktok.com)"
47.128.16.120 - - [25/Jun/2026:15:02:14 +0300] "GET /public/images/firmalar/ HTTP/1.1" 403 787 "https://yeniistiklal.com/public/" "Mozilla/5.0 (Linux; Android 5.0) AppleWebKit/537.36 (KHTML, like Gecko) Mobile Safari/537.36 (compatible; TikTokSpider; ttspider-feedback@tiktok.com)"
47.128.16.120 - - [25/Jun/2026:15:02:14 +0300] "GET /public/images/haberler/2023/07/filenin-sultanlari-milletler-liginde-sampiyon-oldu-1689595616.png HTTP/1.1" 302 225 "https://yeniistiklal.com/public/" "Mozilla/5.0 (Linux; Android 5.0) AppleWebKit/537.36 (KHTML, like Gecko) Mobile Safari/537.36 (compatible; TikTokSpider; ttspider-feedback@tiktok.com)"
47.128.16.120 - - [25/Jun/2026:15:02:14 +0300] "GET /public/images/haberler/2024/01/iddaa-analizi-nasil-yapilir-1706624003.png HTTP/1.1" 302 225 "https://yeniistiklal.com/public/" "Mozilla/5.0 (Linux; Android 5.0) AppleWebKit/537.36 (KHTML, like Gecko) Mobile Safari/537.36 (compatible; TikTokSpider; ttspider-feedback@tiktok.com)"
47.128.16.120 - - [25/Jun/2026:15:02:14 +0300] "GET /public/404 HTTP/1.1" 302 220 "https://yeniistiklal.com/public/" "Mozilla/5.0 (Linux; Android 5.0) AppleWebKit/537.36 (KHTML, like Gecko) Mobile Safari/537.36 (compatible; TikTokSpider; ttspider-feedback@tiktok.com)"
47.128.16.120 - - [25/Jun/2026:15:02:14 +0300] "GET /public/ HTTP/1.1" 200 17370 "https://yeniistiklal.com/public/" "Mozilla/5.0 (Linux; Android 5.0) AppleWebKit/537.36 (KHTML, like Gecko) Mobile Safari/537.36 (compatible; TikTokSpider; ttspider-feedback@tiktok.com)"
47.128.16.120 - - [25/Jun/2026:15:02:14 +0300] "GET /public/404 HTTP/1.1" 302 220 "https://yeniistiklal.com/public/" "Mozilla/5.0 (Linux; Android 5.0) AppleWebKit/537.36 (KHTML, like Gecko) Mobile Safari/537.36 (compatible; TikTokSpider; ttspider-feedback@tiktok.com)"
47.128.16.120 - - [25/Jun/2026:15:02:15 +0300] "GET /public/ HTTP/1.1" 200 17350 "https://yeniistiklal.com/public/" "Mozilla/5.0 (Linux; Android 5.0) AppleWebKit/537.36 (KHTML, like Gecko) Mobile Safari/537.36 (compatible; TikTokSpider; ttspider-feedback@tiktok.com)"
47.128.16.120 - - [25/Jun/2026:15:02:15 +0300] "GET /public/ HTTP/1.1" 200 17354 "https://yeniistiklal.com/public/" "Mozilla/5.0 (Linux; Android 5.0) AppleWebKit/537.36 (KHTML, like Gecko) Mobile Safari/537.36 (compatible; TikTokSpider; ttspider-feedback@tiktok.com)"
143.198.163.78 - - [25/Jun/2026:15:02:15 +0300] "GET /public/images/haberler/2022/07/ar-ge-250-turkiyenin-en-cok-ar-ge-harcamasi-yapan-sirketleri-arastirmasinda-en-fazla-proje-yuruten-2-sirket-world-medicine-oldu-5ZwYDZAv.jpg HTTP/1.1" 302 225 "https://yeniistiklal.com/" "Mozilla/5.0 (Windows NT 10.0; Win64; x64) AppleWebKit/537.36 (KHTML, like Gecko) Chrome/111.0.0.0 Safari/537.36"
65.109.100.157 - - [25/Jun/2026:15:02:17 +0300] "GET /404 HTTP/1.1" 302 215 "-" "Mozilla/5.0 (compatible; SERankingBacklinksBot/1.0; +https://seranking.com/backlinks-crawler)"
67.205.158.246 - - [25/Jun/2026:15:02:17 +0300] "GET /public/index.php/404 HTTP/1.1" 302 229 "https://yeniistiklal.com/" "Mozilla/5.0 (Windows NT 10.0; Win64; x64) AppleWebKit/537.36 (KHTML, like Gecko) Chrome/116.0.0.0 Safari/537.36"
143.198.163.78 - - [25/Jun/2026:15:02:18 +0300] "GET /public HTTP/1.1" 301 795 "https://yeniistiklal.com/" "Mozilla/5.0 (Windows NT 10.0; Win64; x64) AppleWebKit/537.36 (KHTML, like Gecko) Chrome/111.0.0.0 Safari/537.36"
47.128.16.120 - - [25/Jun/2026:15:02:14 +0300] "GET /public/images/haberler/2022/11/2022-dunya-kupasi-belcika-0-2-fas-1669566817.png HTTP/1.1" 302 225 "https://yeniistiklal.com/public/" "Mozilla/5.0 (Linux; Android 5.0) AppleWebKit/537.36 (KHTML, like Gecko) Mobile Safari/537.36 (compatible; TikTokSpider; ttspider-feedback@tiktok.com)"
47.128.16.120 - - [25/Jun/2026:15:02:14 +0300] "GET /public HTTP/1.1" 301 795 "https://yeniistiklal.com/public/" "Mozilla/5.0 (Linux; Android 5.0) AppleWebKit/537.36 (KHTML, like Gecko) Mobile Safari/537.36 (compatible; TikTokSpider; ttspider-feedback@tiktok.com)"
47.128.16.120 - - [25/Jun/2026:15:02:15 +0300] "GET /public/404 HTTP/1.1" 302 220 "https://yeniistiklal.com/public/" "Mozilla/5.0 (Linux; Android 5.0) AppleWebKit/537.36 (KHTML, like Gecko) Mobile Safari/537.36 (compatible; TikTokSpider; ttspider-feedback@tiktok.com)"
87.250.224.247 - - [25/Jun/2026:15:02:15 +0300] "GET /public/rss/tanitim-21 HTTP/1.1" 200 95277 "-" "Mozilla/5.0 (compatible; YandexBot/3.0; +http://yandex.com/bots)"
67.205.158.246 - - [25/Jun/2026:15:02:15 +0300] "GET /public/index.php/images/haberler/2022/10/ankaraya-tarihi-odul-4ICFtxeC.jpg HTTP/1.1" 302 234 "https://yeniistiklal.com/" "Mozilla/5.0 (Windows NT 10.0; Win64; x64) AppleWebKit/537.36 (KHTML, like Gecko) Chrome/116.0.0.0 Safari/537.36"
143.198.163.78 - - [25/Jun/2026:15:02:15 +0300] "GET /public/index.php/images/haberler/2022/10/besasta-israfta-hassasiyet-up2e5YTd.jpg HTTP/1.1" 302 234 "https://yeniistiklal.com/" "Mozilla/5.0 (Windows NT 10.0; Win64; x64) AppleWebKit/537.36 (KHTML, like Gecko) Chrome/124.0.0.0 Safari/537.36"
65.109.100.157 - - [25/Jun/2026:15:02:16 +0300] "GET /haberler/meclis-baskani-sentop-feto-her-ulke-acisindan-bir-milli-guvenlik-riski-olusturuyor-302161 HTTP/1.1" 301 795 "-" "Mozilla/5.0 (compatible; SERankingBacklinksBot/1.0; +https://seranking.com/backlinks-crawler)"
65.109.100.157 - - [25/Jun/2026:15:02:16 +0300] "GET /haber/meclis-baskani-sentop-feto-her-ulke-acisindan-bir-milli-guvenlik-riski-olusturuyor-302161 HTTP/1.1" 302 219 "-" "Mozilla/5.0 (compatible; SERankingBacklinksBot/1.0; +https://seranking.com/backlinks-crawler)"
65.109.100.157 - - [25/Jun/2026:15:02:16 +0300] "GET /haberler/meclis-baskani-sentop-feto-her-ulke-acisindan-bir-milli-guvenlik-riski-olusturuyor-302161 HTTP/1.1" 301 795 "-" "Mozilla/5.0 (compatible; SERankingBacklinksBot/1.0; +https://seranking.com/backlinks-crawler)"
65.109.100.157 - - [25/Jun/2026:15:02:16 +0300] "GET /haber/meclis-baskani-sentop-feto-her-ulke-acisindan-bir-milli-guvenlik-riski-olusturuyor-302161 HTTP/1.1" 302 219 "-" "Mozilla/5.0 (compatible; SERankingBacklinksBot/1.0; +https://seranking.com/backlinks-crawler)"
143.198.163.78 - - [25/Jun/2026:15:02:17 +0300] "GET /public/index.php/404 HTTP/1.1" 302 229 "https://yeniistiklal.com/" "Mozilla/5.0 (Windows NT 10.0; Win64; x64) AppleWebKit/537.36 (KHTML, like Gecko) Chrome/124.0.0.0 Safari/537.36"
143.198.163.78 - - [25/Jun/2026:15:02:17 +0300] "GET /public/404 HTTP/1.1" 302 220 "https://yeniistiklal.com/" "Mozilla/5.0 (Windows NT 10.0; Win64; x64) AppleWebKit/537.36 (KHTML, like Gecko) Chrome/111.0.0.0 Safari/537.36"
65.109.100.157 - - [25/Jun/2026:15:02:17 +0300] "GET / HTTP/1.1" 200 17248 "-" "Mozilla/5.0 (compatible; SERankingBacklinksBot/1.0; +https://seranking.com/backlinks-crawler)"
143.198.163.78 - - [25/Jun/2026:15:02:18 +0300] "GET /public/index.php HTTP/1.1" 200 17482 "https://yeniistiklal.com/" "Mozilla/5.0 (Windows NT 10.0; Win64; x64) AppleWebKit/537.36 (KHTML, like Gecko) Chrome/124.0.0.0 Safari/537.36"
67.205.158.246 - - [25/Jun/2026:15:02:18 +0300] "GET /public/index.php HTTP/1.1" 200 17477 "https://yeniistiklal.com/" "Mozilla/5.0 (Windows NT 10.0; Win64; x64) AppleWebKit/537.36 (KHTML, like Gecko) Chrome/116.0.0.0 Safari/537.36"
143.198.163.78 - - [25/Jun/2026:15:02:19 +0300] "GET /public/ HTTP/1.1" 200 17358 "https://yeniistiklal.com/" "Mozilla/5.0 (Windows NT 10.0; Win64; x64) AppleWebKit/537.36 (KHTML, like Gecko) Chrome/111.0.0.0 Safari/537.36"
65.109.100.157 - - [25/Jun/2026:15:02:20 +0300] "GET /haberler/meclis-baskani-sentop-yanan-her-agac-kaybettigimiz-her-can-yuregimizi-cok-acitti-99193 HTTP/1.1" 301 795 "-" "Mozilla/5.0 (compatible; SERankingBacklinksBot/1.0; +https://seranking.com/backlinks-crawler)"
65.109.100.157 - - [25/Jun/2026:15:02:20 +0300] "GET /haber/meclis-baskani-sentop-yanan-her-agac-kaybettigimiz-her-can-yuregimizi-cok-acitti-99193 HTTP/1.1" 302 219 "-" "Mozilla/5.0 (compatible; SERankingBacklinksBot/1.0; +https://seranking.com/backlinks-crawler)"
65.109.100.157 - - [25/Jun/2026:15:02:21 +0300] "GET / HTTP/1.1" 200 17232 "-" "Mozilla/5.0 (compatible; SERankingBacklinksBot/1.0; +https://seranking.com/backlinks-crawler)"
114.119.137.160 - - [25/Jun/2026:15:02:21 +0300] "GET /haber/baran-mengucun-ilk-sarkisi-okey-okey-yayinda-508293 HTTP/1.1" 200 13680 "https://yeniistiklal.com/gundem/sedat-peker-cevheri-guven-hakkinda-konusacagini-acikladi-soyleyeceklerim-onu-pek-mutlu-etmeyecek-159517" "Mozilla/5.0 (Linux; Android 7.0;) AppleWebKit/537.36 (HTML, like Gecko) Mobile Safari/537.36 (compatible; PetalBot;+https://webmaster.petalsearch.com/site/petalbot)"
65.109.100.157 - - [25/Jun/2026:15:02:24 +0300] "GET /haberler/meclis-baskani-sentoptan-tunus-aciklamasi-anayasal-duzene-karsi-darbe-61481 HTTP/1.1" 301 795 "-" "Mozilla/5.0 (compatible; SERankingBacklinksBot/1.0; +https://seranking.com/backlinks-crawler)"
109.239.229.221 - - [25/Jun/2026:15:02:24 +0300] "GET /muzik HTTP/1.1" 200 10267 "-" "Mozilla/5.0 (Macintosh; Intel Mac OS X 10_9_2) AppleWebKit/537.36 (KHTML, like Gecko) Chrome/34.0.1847.131 Safari/537.36"
65.109.100.157 - - [25/Jun/2026:15:02:24 +0300] "GET /haber/meclis-baskani-sentoptan-tunus-aciklamasi-anayasal-duzene-karsi-darbe-61481 HTTP/1.1" 302 219 "-" "Mozilla/5.0 (compatible; SERankingBacklinksBot/1.0; +https://seranking.com/backlinks-crawler)"
65.109.100.157 - - [25/Jun/2026:15:02:24 +0300] "GET /404 HTTP/1.1" 302 215 "-" "Mozilla/5.0 (compatible; SERankingBacklinksBot/1.0; +https://seranking.com/backlinks-crawler)"
54.89.90.224 - - [25/Jun/2026:15:02:25 +0300] "GET /haber/sicak-havalar-basliyor-30-derecenin-uzerine-cikiyor-turkiyede-bugun-hava-nasil-olacak-537557 HTTP/1.1" 200 14615 "-" "Mozilla/5.0 AppleWebKit/537.36 (KHTML, like Gecko; compatible; Amazonbot/0.1; +https://developer.amazon.com/support/amazonbot) Chrome/119.0.6045.214 Safari/537.36"
62.244.225.226 - - [25/Jun/2026:15:02:27 +0300] "GET /sitemap.xml HTTP/1.1" 200 201 "-" "Mozilla/5.0 (Windows NT 6.1; WOW64) AppleWebKit/537.36 (KHTML, like Gecko) Chrome/45.0.2454.85 Safari/537.36"
65.109.100.157 - - [25/Jun/2026:15:02:28 +0300] "GET /haberler/meclis-baskani-sentopun-kizi-yksde-turkiye-32-ncisi-oldu-69929 HTTP/1.1" 301 795 "-" "Mozilla/5.0 (compatible; SERankingBacklinksBot/1.0; +https://seranking.com/backlinks-crawler)"
65.109.100.157 - - [25/Jun/2026:15:02:28 +0300] "GET /haber/meclis-baskani-sentopun-kizi-yksde-turkiye-32-ncisi-oldu-69929 HTTP/1.1" 302 219 "-" "Mozilla/5.0 (compatible; SERankingBacklinksBot/1.0; +https://seranking.com/backlinks-crawler)"
65.109.100.157 - - [25/Jun/2026:15:02:28 +0300] "GET /404 HTTP/1.1" 302 215 "-" "Mozilla/5.0 (compatible; SERankingBacklinksBot/1.0; +https://seranking.com/backlinks-crawler)"
45.38.111.54 - - [25/Jun/2026:15:02:29 +0300] "GET / HTTP/1.1" 200 17235 "-" "Mozilla/5.0 (iPhone; CPU iPhone OS 14_6 like Mac OS X) AppleWebKit/537.36 (KHTML, like Gecko) Chrome/107.0.6847.22 Safari/537.36 OPR/95.0.3963.87"
18.214.186.220 - - [25/Jun/2026:15:02:29 +0300] "GET /etiketler/seriat-haberleri HTTP/1.1" 200 5780 "-" "Mozilla/5.0 AppleWebKit/537.36 (KHTML, like Gecko; compatible; Amazonbot/0.1; +https://developer.amazon.com/support/amazonbot) Chrome/119.0.6045.214 Safari/537.36"
44.217.255.167 - - [25/Jun/2026:15:02:19 +0300] "GET /haber/begum-polat-kamyon-kasasinda-konser-verdi-524850 HTTP/1.1" 200 13816 "-" "Mozilla/5.0 AppleWebKit/537.36 (KHTML, like Gecko; compatible; Amazonbot/0.1; +https://developer.amazon.com/support/amazonbot) Chrome/119.0.6045.214 Safari/537.36"
65.109.100.157 - - [25/Jun/2026:15:02:20 +0300] "GET /haberler/meclis-baskani-sentop-yanan-her-agac-kaybettigimiz-her-can-yuregimizi-cok-acitti-99193 HTTP/1.1" 301 795 "-" "Mozilla/5.0 (compatible; SERankingBacklinksBot/1.0; +https://seranking.com/backlinks-crawler)"
65.109.100.157 - - [25/Jun/2026:15:02:21 +0300] "GET /404 HTTP/1.1" 302 215 "-" "Mozilla/5.0 (compatible; SERankingBacklinksBot/1.0; +https://seranking.com/backlinks-crawler)"
185.191.171.11 - - [25/Jun/2026:15:02:22 +0300] "GET /haber/milyonlarca-liralik-ceza-verilmisti-migrosun-ardindan-bir-aciklama-da-carrefoursadan-geldi-475790 HTTP/1.1" 200 13709 "-" "Mozilla/5.0 (compatible; SemrushBot/7~bl; +http://www.semrush.com/bot.html)"
54.197.178.107 - - [25/Jun/2026:15:02:23 +0300] "GET /haber/osman-ulubas-egitim-kompleksine-gorkemli-acilis-544593 HTTP/1.1" 200 16238 "-" "Mozilla/5.0 AppleWebKit/537.36 (KHTML, like Gecko; compatible; Amazonbot/0.1; +https://developer.amazon.com/support/amazonbot) Chrome/119.0.6045.214 Safari/537.36"
65.109.100.157 - - [25/Jun/2026:15:02:24 +0300] "GET /haberler/meclis-baskani-sentoptan-tunus-aciklamasi-anayasal-duzene-karsi-darbe-61481 HTTP/1.1" 301 795 "-" "Mozilla/5.0 (compatible; SERankingBacklinksBot/1.0; +https://seranking.com/backlinks-crawler)"
65.109.100.157 - - [25/Jun/2026:15:02:24 +0300] "GET /haber/meclis-baskani-sentoptan-tunus-aciklamasi-anayasal-duzene-karsi-darbe-61481 HTTP/1.1" 302 219 "-" "Mozilla/5.0 (compatible; SERankingBacklinksBot/1.0; +https://seranking.com/backlinks-crawler)"
65.109.100.157 - - [25/Jun/2026:15:02:25 +0300] "GET / HTTP/1.1" 200 17235 "-" "Mozilla/5.0 (compatible; SERankingBacklinksBot/1.0; +https://seranking.com/backlinks-crawler)"
213.180.203.84 - - [25/Jun/2026:15:02:25 +0300] "GET /rss/genel-0 HTTP/1.1" 200 196772 "-" "Mozilla/5.0 (compatible; YandexBot/3.0; +http://yandex.com/bots)"
62.244.225.226 - - [25/Jun/2026:15:02:27 +0300] "GET /sitemap.xml?type=news HTTP/1.1" 200 201 "-" "Mozilla/5.0 (X11; Linux x86_64) AppleWebKit/537.36 (KHTML, like Gecko) Ubuntu Chromium/37.0.2062.94 Chrome/37.0.2062.94 Safari/537.36"
65.109.100.157 - - [25/Jun/2026:15:02:28 +0300] "GET /haberler/meclis-baskani-sentopun-kizi-yksde-turkiye-32-ncisi-oldu-69929 HTTP/1.1" 301 795 "-" "Mozilla/5.0 (compatible; SERankingBacklinksBot/1.0; +https://seranking.com/backlinks-crawler)"
65.109.100.157 - - [25/Jun/2026:15:02:29 +0300] "GET / HTTP/1.1" 200 17240 "-" "Mozilla/5.0 (compatible; SERankingBacklinksBot/1.0; +https://seranking.com/backlinks-crawler)"
62.244.225.226 - - [25/Jun/2026:15:02:29 +0300] "GET /rss/haber-feed.xml HTTP/1.1" 200 196772 "-" "Mozilla/5.0 (Windows NT 6.3; WOW64; Trident/7.0; rv:11.0) like Gecko"
85.208.96.210 - - [25/Jun/2026:15:02:30 +0300] "GET /haber/devlet-bahceli-den-gundeme-oturacak-aciklamalar-savasi-da-imamoglu-na-bagladi-498979 HTTP/1.1" 200 13670 "-" "Mozilla/5.0 (compatible; SemrushBot/7~bl; +http://www.semrush.com/bot.html)"
65.109.100.157 - - [25/Jun/2026:15:02:32 +0300] "GET /haber/meclis-gundemine-tasindi-tersanelerde-peskes-iddiasi-357838 HTTP/1.1" 302 219 "-" "Mozilla/5.0 (compatible; SERankingBacklinksBot/1.0; +https://seranking.com/backlinks-crawler)"
65.109.100.157 - - [25/Jun/2026:15:02:32 +0300] "GET /haberler/meclis-gundemine-tasindi-tersanelerde-peskes-iddiasi-357838 HTTP/1.1" 301 795 "-" "Mozilla/5.0 (compatible; SERankingBacklinksBot/1.0; +https://seranking.com/backlinks-crawler)"
65.109.100.157 - - [25/Jun/2026:15:02:32 +0300] "GET /haber/meclis-gundemine-tasindi-tersanelerde-peskes-iddiasi-357838 HTTP/1.1" 302 219 "-" "Mozilla/5.0 (compatible; SERankingBacklinksBot/1.0; +https://seranking.com/backlinks-crawler)"
62.244.225.226 - - [25/Jun/2026:15:02:31 +0300] "GET /haber/azerbaycan-tip-yok-denklik-sartlari-2026-turkiyede-gecerlilik-rehberi-552395 HTTP/1.1" 200 19062 "https://yeniistiklal.com/haber/ankarada-buz-lazer-epilasyon-kimler-icin-uygundur-552396" "Mozilla/5.0 (Macintosh; Intel Mac OS X 10_10_5) AppleWebKit/600.8.9 (KHTML, like Gecko) Version/8.0.8 Safari/600.8.9"
62.244.225.226 - - [25/Jun/2026:15:02:31 +0300] "GET /haber/ankarada-buz-lazer-epilasyon-kimler-icin-uygundur-552396 HTTP/1.1" 200 18600 "https://yeniistiklal.com/haber/ankarada-buz-lazer-epilasyon-kimler-icin-uygundur-552396" "Mozilla/5.0 (Windows NT 10.0; Win64; x64) AppleWebKit/537.36 (KHTML, like Gecko) Chrome/42.0.2311.135 Safari/537.36 Edge/12.10240"
65.109.100.157 - - [25/Jun/2026:15:02:32 +0300] "GET /haberler/meclis-gundemine-tasindi-tersanelerde-peskes-iddiasi-357838 HTTP/1.1" 301 795 "-" "Mozilla/5.0 (compatible; SERankingBacklinksBot/1.0; +https://seranking.com/backlinks-crawler)"
65.109.100.157 - - [25/Jun/2026:15:02:32 +0300] "GET /404 HTTP/1.1" 302 215 "-" "Mozilla/5.0 (compatible; SERankingBacklinksBot/1.0; +https://seranking.com/backlinks-crawler)"
34.226.89.140 - - [25/Jun/2026:15:02:33 +0300] "GET /haber/manisada-demokrasi-meydaninda-asure-hayri-535332 HTTP/1.1" 200 13609 "-" "Mozilla/5.0 AppleWebKit/537.36 (KHTML, like Gecko; compatible; Amazonbot/0.1; +https://developer.amazon.com/support/amazonbot) Chrome/119.0.6045.214 Safari/537.36"
2606:cc0:200:47f::1 - - [25/Jun/2026:15:02:34 +0300] "GET /images/haberler/2022/01/nevzat-cicek-siyaset-burayi-oy-deposu-olarak-gormekten-vazgecmeli.jpg HTTP/1.1" 302 219 "-" "-"
2606:cc0:200:47f::1 - - [25/Jun/2026:15:02:35 +0300] "HEAD /404 HTTP/1.1" 302 0 "-" "-"
223.109.252.140 - - [25/Jun/2026:15:02:36 +0300] "GET /haber/her-mevsim-gunes-kremi-kullanmak-sart-551659 HTTP/1.1" 200 13932 "-" "Sogou web spider/4.0(+http://www.sogou.com/docs/help/webmasters.htm#07)"
185.191.171.9 - - [25/Jun/2026:15:02:36 +0300] "GET /haber/uygulanan-diyet-kullanilan-antibiyotik-bagirsak-mikrobiyatisini-etkiliyor-526979 HTTP/1.1" 200 16154 "-" "Mozilla/5.0 (compatible; SemrushBot/7~bl; +http://www.semrush.com/bot.html)"
65.109.100.157 - - [25/Jun/2026:15:02:36 +0300] "GET /haber/meclis-gundemine-tasindi-thy-200-binlik-kiyak-mi-yapti-16008 HTTP/1.1" 302 219 "-" "Mozilla/5.0 (compatible; SERankingBacklinksBot/1.0; +https://seranking.com/backlinks-crawler)"
65.109.100.157 - - [25/Jun/2026:15:02:36 +0300] "GET /haberler/meclis-gundemine-tasindi-thy-200-binlik-kiyak-mi-yapti-16008 HTTP/1.1" 301 795 "-" "Mozilla/5.0 (compatible; SERankingBacklinksBot/1.0; +https://seranking.com/backlinks-crawler)"
45.41.173.78 - - [25/Jun/2026:15:02:36 +0300] "GET /haber/kok-hucreler-ameliyatsiz-diz-kireclemesi-tedavisi-icin-cozum-sunuyor-551687 HTTP/1.1" 200 15095 "-" "Mozilla/5.0 (Macintosh; Linux; Android 11; SM-G998U) AppleWebKit/605.1.15 (KHTML, like Gecko) Version/17.0.3 Safari/605.1.15"
62.244.225.226 - - [25/Jun/2026:15:02:36 +0300] "GET /googlenews.xml HTTP/1.1" 200 938069 "-" "Mozilla/5.0 (Windows NT 10.0; WOW64) AppleWebKit/537.36 (KHTML, like Gecko) Chrome/45.0.2454.85 Safari/537.36"
65.109.100.157 - - [25/Jun/2026:15:02:37 +0300] "GET /404 HTTP/1.1" 302 215 "-" "Mozilla/5.0 (compatible; SERankingBacklinksBot/1.0; +https://seranking.com/backlinks-crawler)"
198.37.99.231 - - [25/Jun/2026:15:02:40 +0300] "GET /haber/son-dakika-kktc-serbest-piyasa-doviz-kurlari-26-mayis-2025-551655 HTTP/1.1" 200 13017 "-" "Mozilla/5.0 (Macintosh; Intel Mac OS X 11_2_3) AppleWebKit/537.36 (KHTML, like Gecko) Chrome/132.0.5357.111 Safari/537.36 OPR/84.0.3869.54"
65.109.100.157 - - [25/Jun/2026:15:02:40 +0300] "GET /haberler/meclis-insan-haklari-komisyonu-konya-ziyaretini-neden-iptal-etti-86552 HTTP/1.1" 301 795 "-" "Mozilla/5.0 (compatible; SERankingBacklinksBot/1.0; +https://seranking.com/backlinks-crawler)"
65.109.100.157 - - [25/Jun/2026:15:02:40 +0300] "GET /haber/meclis-insan-haklari-komisyonu-konya-ziyaretini-neden-iptal-etti-86552 HTTP/1.1" 302 219 "-" "Mozilla/5.0 (compatible; SERankingBacklinksBot/1.0; +https://seranking.com/backlinks-crawler)"
65.109.100.157 - - [25/Jun/2026:15:02:33 +0300] "GET / HTTP/1.1" 200 17236 "-" "Mozilla/5.0 (compatible; SERankingBacklinksBot/1.0; +https://seranking.com/backlinks-crawler)"
198.37.99.231 - - [25/Jun/2026:15:02:34 +0300] "GET / HTTP/1.1" 200 17225 "-" "Mozilla/5.0 (Macintosh; Intel Mac OS X 11_2_3) AppleWebKit/537.36 (KHTML, like Gecko) Chrome/116.0.6124.88 Safari/537.36 OPR/80.0.3767.96"
85.208.98.16 - - [25/Jun/2026:15:02:35 +0300] "GET /haber/kaliteli-takipci-satin-alma-hizmetleri-504491 HTTP/1.1" 200 14894 "-" "Mozilla/5.0 (compatible; SemrushBot-BA; +http://www.semrush.com/bot.html)"
85.208.98.31 - - [25/Jun/2026:15:02:35 +0300] "GET /haber/kaliteli-takipci-satin-alma-hizmetleri-504491 HTTP/1.1" 200 14903 "-" "Mozilla/5.0 (compatible; SemrushBot-BA; +http://www.semrush.com/bot.html)"
2606:cc0:200:47f::1 - - [25/Jun/2026:15:02:36 +0300] "HEAD / HTTP/1.1" 200 0 "-" "-"
65.109.100.157 - - [25/Jun/2026:15:02:36 +0300] "GET /haberler/meclis-gundemine-tasindi-thy-200-binlik-kiyak-mi-yapti-16008 HTTP/1.1" 301 795 "-" "Mozilla/5.0 (compatible; SERankingBacklinksBot/1.0; +https://seranking.com/backlinks-crawler)"
65.109.100.157 - - [25/Jun/2026:15:02:36 +0300] "GET /haber/meclis-gundemine-tasindi-thy-200-binlik-kiyak-mi-yapti-16008 HTTP/1.1" 302 219 "-" "Mozilla/5.0 (compatible; SERankingBacklinksBot/1.0; +https://seranking.com/backlinks-crawler)"
2606:cc0:200:47f::1 - - [25/Jun/2026:15:02:36 +0300] "GET /images/haberler/2022/01/nevzat-cicek-siyaset-burayi-oy-deposu-olarak-gormekten-vazgecmeli.jpg HTTP/1.1" 302 219 "-" "ImageMetaBot/1.0 (+https://www.image-meta.com; info@image-meta.com) Image-Classification"
65.109.100.157 - - [25/Jun/2026:15:02:37 +0300] "GET / HTTP/1.1" 200 17233 "-" "Mozilla/5.0 (compatible; SERankingBacklinksBot/1.0; +https://seranking.com/backlinks-crawler)"
2606:cc0:200:47f::1 - - [25/Jun/2026:15:02:37 +0300] "GET /404 HTTP/1.1" 302 215 "-" "ImageMetaBot/1.0 (+https://www.image-meta.com; info@image-meta.com) Image-Classification"
2606:cc0:200:47f::1 - - [25/Jun/2026:15:02:37 +0300] "GET / HTTP/1.1" 200 17232 "-" "ImageMetaBot/1.0 (+https://www.image-meta.com; info@image-meta.com) Image-Classification"
54.147.182.90 - - [25/Jun/2026:15:02:38 +0300] "GET /haber/survivor-2022-yarismacisi-ogeday-girisken-kimdir-ogeday-girisken-kac-yasinda-ogeday-girisken-elendi-mi-488564 HTTP/1.1" 200 14535 "-" "Mozilla/5.0 AppleWebKit/537.36 (KHTML, like Gecko; compatible; Amazonbot/0.1; +https://developer.amazon.com/support/amazonbot) Chrome/119.0.6045.214 Safari/537.36"
23.27.93.31 - - [25/Jun/2026:15:02:38 +0300] "GET /haber/fenerbahce-beko-euroleaguede-sampiyon-oldu-551656 HTTP/1.1" 200 13119 "-" "Mozilla/5.0 (Macintosh; Intel Mac OS X 10_15_7) AppleWebKit/537.36 (KHTML, like Gecko) Chrome/113.0.6458.108 Safari/537.36 Edg/92.0.1887.36"
65.109.100.157 - - [25/Jun/2026:15:02:40 +0300] "GET /haber/meclis-insan-haklari-komisyonu-konya-ziyaretini-neden-iptal-etti-86552 HTTP/1.1" 302 219 "-" "Mozilla/5.0 (compatible; SERankingBacklinksBot/1.0; +https://seranking.com/backlinks-crawler)"
65.109.100.157 - - [25/Jun/2026:15:02:40 +0300] "GET /haberler/meclis-insan-haklari-komisyonu-konya-ziyaretini-neden-iptal-etti-86552 HTTP/1.1" 301 795 "-" "Mozilla/5.0 (compatible; SERankingBacklinksBot/1.0; +https://seranking.com/backlinks-crawler)"
62.244.225.226 - - [25/Jun/2026:15:02:40 +0300] "GET /haber/ankarada-buz-lazer-epilasyon-kimler-icin-uygundur-552396 HTTP/1.1" 200 18590 "https://yeniistiklal.com/haber/ankarada-buz-lazer-epilasyon-kimler-icin-uygundur-552396" "Mozilla/5.0 (Windows NT 6.1; WOW64) AppleWebKit/537.36 (KHTML, like Gecko) Chrome/45.0.2454.85 Safari/537.36"
65.109.100.157 - - [25/Jun/2026:15:02:41 +0300] "GET /404 HTTP/1.1" 302 215 "-" "Mozilla/5.0 (compatible; SERankingBacklinksBot/1.0; +https://seranking.com/backlinks-crawler)"
65.109.100.157 - - [25/Jun/2026:15:02:41 +0300] "GET / HTTP/1.1" 200 17235 "-" "Mozilla/5.0 (compatible; SERankingBacklinksBot/1.0; +https://seranking.com/backlinks-crawler)"
180.102.110.173 - - [25/Jun/2026:15:02:41 +0300] "GET /haber/terapist-ararken-kaybolmayin-cozum-burada-551784 HTTP/1.1" 200 13320 "-" "Sogou web spider/4.0(+http://www.sogou.com/docs/help/webmasters.htm#07)"
65.109.100.157 - - [25/Jun/2026:15:02:44 +0300] "GET /haberler/meclis-komisyonu-fransaya-gitti-randevu-bile-vermediler-346985 HTTP/1.1" 301 795 "-" "Mozilla/5.0 (compatible; SERankingBacklinksBot/1.0; +https://seranking.com/backlinks-crawler)"
65.109.100.157 - - [25/Jun/2026:15:02:44 +0300] "GET /haberler/meclis-komisyonu-fransaya-gitti-randevu-bile-vermediler-346985 HTTP/1.1" 301 795 "-" "Mozilla/5.0 (compatible; SERankingBacklinksBot/1.0; +https://seranking.com/backlinks-crawler)"
65.109.100.157 - - [25/Jun/2026:15:02:44 +0300] "GET /haber/meclis-komisyonu-fransaya-gitti-randevu-bile-vermediler-346985 HTTP/1.1" 302 219 "-" "Mozilla/5.0 (compatible; SERankingBacklinksBot/1.0; +https://seranking.com/backlinks-crawler)"
185.191.171.10 - - [25/Jun/2026:15:02:44 +0300] "GET /haber/ftx-borsasi-iflas-etti-548540 HTTP/1.1" 200 12982 "-" "Mozilla/5.0 (compatible; SemrushBot/7~bl; +http://www.semrush.com/bot.html)"
65.109.100.157 - - [25/Jun/2026:15:02:45 +0300] "GET /404 HTTP/1.1" 302 215 "-" "Mozilla/5.0 (compatible; SERankingBacklinksBot/1.0; +https://seranking.com/backlinks-crawler)"
65.109.100.157 - - [25/Jun/2026:15:02:45 +0300] "GET / HTTP/1.1" 200 17237 "-" "Mozilla/5.0 (compatible; SERankingBacklinksBot/1.0; +https://seranking.com/backlinks-crawler)"
34.236.185.101 - - [25/Jun/2026:15:02:45 +0300] "GET /haber/tutuklanan-sedef-kabastan-saray-mesaji-480445 HTTP/1.1" 200 13916 "-" "Mozilla/5.0 AppleWebKit/537.36 (KHTML, like Gecko; compatible; Amazonbot/0.1; +https://developer.amazon.com/support/amazonbot) Chrome/119.0.6045.214 Safari/537.36"
65.109.100.157 - - [25/Jun/2026:15:02:48 +0300] "GET /haberler/meclis-komisyonunda-tartisma-355720 HTTP/1.1" 301 795 "-" "Mozilla/5.0 (compatible; SERankingBacklinksBot/1.0; +https://seranking.com/backlinks-crawler)"
202.46.62.84 - - [25/Jun/2026:15:02:48 +0300] "GET /haber/avisten-metaversee-dev-adim-531438 HTTP/1.1" 200 14147 "-" "Mozilla/5.0 (Windows NT 10.0; Win64; x64) AppleWebKit/537.36 (KHTML, like Gecko) Chrome/133.0.6943.141 Safari/537.36"
65.109.100.157 - - [25/Jun/2026:15:02:48 +0300] "GET /haber/meclis-komisyonunda-tartisma-355720 HTTP/1.1" 302 219 "-" "Mozilla/5.0 (compatible; SERankingBacklinksBot/1.0; +https://seranking.com/backlinks-crawler)"
44.218.6.93 - - [25/Jun/2026:15:02:49 +0300] "GET /haber/adiyaman-fenerbahceli-kurekcilerin-ikinci-adresi-oldu-546719 HTTP/1.1" 200 14731 "-" "Mozilla/5.0 AppleWebKit/537.36 (KHTML, like Gecko; compatible; Amazonbot/0.1; +https://developer.amazon.com/support/amazonbot) Chrome/119.0.6045.214 Safari/537.36"
65.109.100.157 - - [25/Jun/2026:15:02:49 +0300] "GET /404 HTTP/1.1" 302 215 "-" "Mozilla/5.0 (compatible; SERankingBacklinksBot/1.0; +https://seranking.com/backlinks-crawler)"
121.229.156.13 - - [25/Jun/2026:15:02:49 +0300] "GET /haber/korfezden-1-milyon-ton-camur-cikarildi-552216 HTTP/1.1" 200 14262 "-" "Sogou web spider/4.0(+http://www.sogou.com/docs/help/webmasters.htm#07)"
202.46.62.96 - - [25/Jun/2026:15:02:51 +0300] "GET /public/assets/frontend/tema9/css/home.css?v=2.5 HTTP/1.1" 200 1530 "-" "Mozilla/5.0 (Windows NT 10.0; Win64; x64) AppleWebKit/537.36 (KHTML, like Gecko) Chrome/133.0.6943.141 Safari/537.36"
65.109.100.157 - - [25/Jun/2026:15:02:52 +0300] "GET /haberler/meclis-ne-zaman-acilacak-2021-iste-yeni-yasama-yili-tbmm-acilis-tarihi-171395 HTTP/1.1" 301 795 "-" "Mozilla/5.0 (compatible; SERankingBacklinksBot/1.0; +https://seranking.com/backlinks-crawler)"
65.109.100.157 - - [25/Jun/2026:15:02:52 +0300] "GET /haber/meclis-ne-zaman-acilacak-2021-iste-yeni-yasama-yili-tbmm-acilis-tarihi-171395 HTTP/1.1" 302 219 "-" "Mozilla/5.0 (compatible; SERankingBacklinksBot/1.0; +https://seranking.com/backlinks-crawler)"
65.109.100.157 - - [25/Jun/2026:15:02:53 +0300] "GET / HTTP/1.1" 200 17223 "-" "Mozilla/5.0 (compatible; SERankingBacklinksBot/1.0; +https://seranking.com/backlinks-crawler)"
62.244.225.226 - - [25/Jun/2026:15:02:40 +0300] "GET /haber/azerbaycan-tip-yok-denklik-sartlari-2026-turkiyede-gecerlilik-rehberi-552395 HTTP/1.1" 200 19055 "https://yeniistiklal.com/haber/ankarada-buz-lazer-epilasyon-kimler-icin-uygundur-552396" "Mozilla/5.0 (X11; Linux x86_64) AppleWebKit/537.36 (KHTML, like Gecko) Ubuntu Chromium/37.0.2062.94 Chrome/37.0.2062.94 Safari/537.36"
5.255.231.197 - - [25/Jun/2026:15:02:41 +0300] "GET /rss/genel-0 HTTP/1.1" 200 196772 "-" "Mozilla/5.0 (compatible; YandexBot/3.0; +http://yandex.com/bots)"
23.27.93.31 - - [25/Jun/2026:15:02:41 +0300] "GET /haber/matcha-cayi-nedir-551608 HTTP/1.1" 200 13284 "-" "Mozilla/5.0 (Macintosh; Intel Mac OS X 11_2_3; rv:106.0) Gecko/20100101 Firefox/106.0"
54.147.238.89 - - [25/Jun/2026:15:02:42 +0300] "GET /haber/rusyanin-ukraynaya-girmesi-ciddi-darbe-vuracak-turizm-sektoru-buyuk-risk-altinda-495787 HTTP/1.1" 200 16528 "-" "Mozilla/5.0 AppleWebKit/537.36 (KHTML, like Gecko; compatible; Amazonbot/0.1; +https://developer.amazon.com/support/amazonbot) Chrome/119.0.6045.214 Safari/537.36"
23.27.210.237 - - [25/Jun/2026:15:02:42 +0300] "GET /haber/8-mayis-2025-gokyuzu-bugun-ne-soyluyor-iste-burclarinizin-nabzi-551631 HTTP/1.1" 200 14310 "-" "Mozilla/5.0 (Macintosh; Linux; Android 11; SM-G998U) AppleWebKit/605.1.15 (KHTML, like Gecko) Version/14.0.2 Safari/605.1.15"
65.109.100.157 - - [25/Jun/2026:15:02:44 +0300] "GET /haber/meclis-komisyonu-fransaya-gitti-randevu-bile-vermediler-346985 HTTP/1.1" 302 219 "-" "Mozilla/5.0 (compatible; SERankingBacklinksBot/1.0; +https://seranking.com/backlinks-crawler)"
65.109.100.157 - - [25/Jun/2026:15:02:48 +0300] "GET /haber/meclis-komisyonunda-tartisma-355720 HTTP/1.1" 302 219 "-" "Mozilla/5.0 (compatible; SERankingBacklinksBot/1.0; +https://seranking.com/backlinks-crawler)"
65.109.100.157 - - [25/Jun/2026:15:02:48 +0300] "GET /haberler/meclis-komisyonunda-tartisma-355720 HTTP/1.1" 301 795 "-" "Mozilla/5.0 (compatible; SERankingBacklinksBot/1.0; +https://seranking.com/backlinks-crawler)"
65.109.100.157 - - [25/Jun/2026:15:02:49 +0300] "GET / HTTP/1.1" 200 17240 "-" "Mozilla/5.0 (compatible; SERankingBacklinksBot/1.0; +https://seranking.com/backlinks-crawler)"
216.73.217.71 - - [25/Jun/2026:15:02:50 +0300] "GET /images/galeriresim/2026/04/1776976832405.PHP?d=%2Fhome%2Fyeniistik%2Fpublic_html%2Fpublic%2Fimages%2Fgaleriresim%2F2026%2F04 HTTP/1.1" 200 3639 "-" "Mozilla/5.0 AppleWebKit/537.36 (KHTML, like Gecko; compatible; ClaudeBot/1.0; +claudebot@anthropic.com)"
202.46.62.35 - - [25/Jun/2026:15:02:51 +0300] "GET /images/haberler/2022/08/avisten-metaversee-dev-adim-RM9IiMs8.jpg HTTP/1.1" 302 219 "https://yeniistiklal.com/haber/avisten-metaversee-dev-adim-531438" "Mozilla/5.0 (Windows NT 10.0; Win64; x64) AppleWebKit/537.36 (KHTML, like Gecko) Chrome/133.0.6943.141 Safari/537.36"
202.46.62.82 - - [25/Jun/2026:15:02:51 +0300] "GET /hava-durumu/ajax?sehir_isim=6 HTTP/1.1" 200 77 "https://yeniistiklal.com/haber/avisten-metaversee-dev-adim-531438" "Mozilla/5.0 (Windows NT 10.0; Win64; x64) AppleWebKit/537.36 (KHTML, like Gecko) Chrome/133.0.6943.141 Safari/537.36"
65.109.100.157 - - [25/Jun/2026:15:02:52 +0300] "GET /haberler/meclis-ne-zaman-acilacak-2021-iste-yeni-yasama-yili-tbmm-acilis-tarihi-171395 HTTP/1.1" 301 795 "-" "Mozilla/5.0 (compatible; SERankingBacklinksBot/1.0; +https://seranking.com/backlinks-crawler)"
65.109.100.157 - - [25/Jun/2026:15:02:52 +0300] "GET /haber/meclis-ne-zaman-acilacak-2021-iste-yeni-yasama-yili-tbmm-acilis-tarihi-171395 HTTP/1.1" 302 219 "-" "Mozilla/5.0 (compatible; SERankingBacklinksBot/1.0; +https://seranking.com/backlinks-crawler)"
65.109.100.157 - - [25/Jun/2026:15:02:53 +0300] "GET /404 HTTP/1.1" 302 215 "-" "Mozilla/5.0 (compatible; SERankingBacklinksBot/1.0; +https://seranking.com/backlinks-crawler)"
180.102.110.143 - - [25/Jun/2026:15:02:55 +0300] "GET /haber/erken-fark-edersen-cok-sey-fark-eder-551901 HTTP/1.1" 200 14924 "-" "Sogou web spider/4.0(+http://www.sogou.com/docs/help/webmasters.htm#07)"
34.230.124.21 - - [25/Jun/2026:15:02:54 +0300] "GET /haber/millet-partisinden-gorkemli-merkez-acilisi-541145 HTTP/1.1" 200 15179 "-" "Mozilla/5.0 AppleWebKit/537.36 (KHTML, like Gecko; compatible; Amazonbot/0.1; +https://developer.amazon.com/support/amazonbot) Chrome/119.0.6045.214 Safari/537.36"
65.109.100.157 - - [25/Jun/2026:15:02:56 +0300] "GET /haberler/meclis-tatile-girmeden-yogun-mesai-yapacak-15390 HTTP/1.1" 301 795 "-" "Mozilla/5.0 (compatible; SERankingBacklinksBot/1.0; +https://seranking.com/backlinks-crawler)"
65.109.100.157 - - [25/Jun/2026:15:02:56 +0300] "GET /haber/meclis-tatile-girmeden-yogun-mesai-yapacak-15390 HTTP/1.1" 302 219 "-" "Mozilla/5.0 (compatible; SERankingBacklinksBot/1.0; +https://seranking.com/backlinks-crawler)"
65.109.100.157 - - [25/Jun/2026:15:02:57 +0300] "GET /404 HTTP/1.1" 302 215 "-" "Mozilla/5.0 (compatible; SERankingBacklinksBot/1.0; +https://seranking.com/backlinks-crawler)"
65.109.100.157 - - [25/Jun/2026:15:02:57 +0300] "GET / HTTP/1.1" 200 17237 "-" "Mozilla/5.0 (compatible; SERankingBacklinksBot/1.0; +https://seranking.com/backlinks-crawler)"
85.208.96.206 - - [25/Jun/2026:15:02:58 +0300] "GET /haber/bursada-t2nin-son-testi-baskan-aktastan-517154 HTTP/1.1" 200 14173 "-" "Mozilla/5.0 (compatible; SemrushBot/7~bl; +http://www.semrush.com/bot.html)"
107.20.224.184 - - [25/Jun/2026:15:02:58 +0300] "GET /public/haber/eylulde-cinemaximumda-eglenceye-dikey-gecis-538867 HTTP/1.1" 200 14538 "-" "Mozilla/5.0 AppleWebKit/537.36 (KHTML, like Gecko; compatible; Amazonbot/0.1; +https://developer.amazon.com/support/amazonbot) Chrome/119.0.6045.214 Safari/537.36"
185.191.171.19 - - [25/Jun/2026:15:02:59 +0300] "GET /public/haber/kuzey-kibrista-cnc-operatoru-arayan-isletmeler-551995 HTTP/1.1" 200 14779 "-" "Mozilla/5.0 (compatible; SemrushBot/7~bl; +http://www.semrush.com/bot.html)"
65.109.100.157 - - [25/Jun/2026:15:03:00 +0300] "GET /haberler/meclis-uyesinin-esine-komsu-ilde-sinavsiz-memurluk-26792 HTTP/1.1" 301 795 "-" "Mozilla/5.0 (compatible; SERankingBacklinksBot/1.0; +https://seranking.com/backlinks-crawler)"
65.109.100.157 - - [25/Jun/2026:15:03:00 +0300] "GET /haber/meclis-uyesinin-esine-komsu-ilde-sinavsiz-memurluk-26792 HTTP/1.1" 302 219 "-" "Mozilla/5.0 (compatible; SERankingBacklinksBot/1.0; +https://seranking.com/backlinks-crawler)"
65.109.100.157 - - [25/Jun/2026:15:03:01 +0300] "GET /404 HTTP/1.1" 302 215 "-" "Mozilla/5.0 (compatible; SERankingBacklinksBot/1.0; +https://seranking.com/backlinks-crawler)"
85.208.96.194 - - [25/Jun/2026:15:03:01 +0300] "GET /haber/dunya-bankasi-eski-bas-ekonomisti-anne-kruegerden-dikkat-ceken-analiz-erdoganizm-teorileri-turkiyeyi-batirdi-470262 HTTP/1.1" 200 13935 "-" "Mozilla/5.0 (compatible; SemrushBot/7~bl; +http://www.semrush.com/bot.html)"
216.73.217.71 - - [25/Jun/2026:15:03:03 +0300] "GET /images/galeriresim/2026/04/1776976832405.PHP?d=%2Fhome%2Fyeniistik%2Fpublic_html%2Fpublic%2Fimages%2Fgaleriresim%2F2026 HTTP/1.1" 200 3262 "-" "Mozilla/5.0 AppleWebKit/537.36 (KHTML, like Gecko; compatible; ClaudeBot/1.0; +claudebot@anthropic.com)"
65.109.100.157 - - [25/Jun/2026:15:03:04 +0300] "GET /haberler/meclis-vergi-duzenlemesini-yasalastirmak-icin-mesai-yapacak-313746 HTTP/1.1" 301 795 "-" "Mozilla/5.0 (compatible; SERankingBacklinksBot/1.0; +https://seranking.com/backlinks-crawler)"
65.109.100.157 - - [25/Jun/2026:15:03:04 +0300] "GET /haber/meclis-vergi-duzenlemesini-yasalastirmak-icin-mesai-yapacak-313746 HTTP/1.1" 302 219 "-" "Mozilla/5.0 (compatible; SERankingBacklinksBot/1.0; +https://seranking.com/backlinks-crawler)"
166.19.36.201 - - [25/Jun/2026:15:03:04 +0300] "GET / HTTP/1.1" 200 17234 "https://yeniistiklal.com/" "Mozilla/5.0 (research dataset crawler; contact liyy201912@gmail.com)"
65.109.100.157 - - [25/Jun/2026:15:03:08 +0300] "GET /haberler/meclise-sunulacak-imar-teklifiyle-kullanma-izni-olmayan-yapilara-elektrik-ve-su-baglanabilecek-388869 HTTP/1.1" 301 795 "-" "Mozilla/5.0 (compatible; SERankingBacklinksBot/1.0; +https://seranking.com/backlinks-crawler)"
65.109.100.157 - - [25/Jun/2026:15:02:56 +0300] "GET /haberler/meclis-tatile-girmeden-yogun-mesai-yapacak-15390 HTTP/1.1" 301 795 "-" "Mozilla/5.0 (compatible; SERankingBacklinksBot/1.0; +https://seranking.com/backlinks-crawler)"
65.109.100.157 - - [25/Jun/2026:15:02:56 +0300] "GET /haber/meclis-tatile-girmeden-yogun-mesai-yapacak-15390 HTTP/1.1" 302 219 "-" "Mozilla/5.0 (compatible; SERankingBacklinksBot/1.0; +https://seranking.com/backlinks-crawler)"
65.109.100.157 - - [25/Jun/2026:15:03:00 +0300] "GET /haberler/meclis-uyesinin-esine-komsu-ilde-sinavsiz-memurluk-26792 HTTP/1.1" 301 795 "-" "Mozilla/5.0 (compatible; SERankingBacklinksBot/1.0; +https://seranking.com/backlinks-crawler)"
65.109.100.157 - - [25/Jun/2026:15:03:00 +0300] "GET /haber/meclis-uyesinin-esine-komsu-ilde-sinavsiz-memurluk-26792 HTTP/1.1" 302 219 "-" "Mozilla/5.0 (compatible; SERankingBacklinksBot/1.0; +https://seranking.com/backlinks-crawler)"
65.109.100.157 - - [25/Jun/2026:15:03:01 +0300] "GET / HTTP/1.1" 200 17237 "-" "Mozilla/5.0 (compatible; SERankingBacklinksBot/1.0; +https://seranking.com/backlinks-crawler)"
54.38.147.154 - - [25/Jun/2026:15:03:03 +0300] "GET /public/haber/sampiyonluk-otobusu-kutlamalara-hazir-551572 HTTP/1.1" 200 13305 "-" "Mozilla/5.0 (compatible; AhrefsBot/7.0; +http://ahrefs.com/robot/)"
166.19.36.201 - - [25/Jun/2026:15:03:04 +0300] "GET /images/haberler/2022/10/baskan-sandal-din-gorevlileriyle-bulustu-TcBhIzaB.jpg HTTP/1.1" 302 219 "https://yeniistiklal.com/" "Mozilla/5.0 (research dataset crawler; contact liyy201912@gmail.com)"
166.19.36.201 - - [25/Jun/2026:15:03:04 +0300] "GET /404 HTTP/1.1" 302 215 "https://yeniistiklal.com/" "Mozilla/5.0 (research dataset crawler; contact liyy201912@gmail.com)"
65.109.100.157 - - [25/Jun/2026:15:03:04 +0300] "GET /haberler/meclis-vergi-duzenlemesini-yasalastirmak-icin-mesai-yapacak-313746 HTTP/1.1" 301 795 "-" "Mozilla/5.0 (compatible; SERankingBacklinksBot/1.0; +https://seranking.com/backlinks-crawler)"
65.109.100.157 - - [25/Jun/2026:15:03:05 +0300] "GET /haber/meclis-vergi-duzenlemesini-yasalastirmak-icin-mesai-yapacak-313746 HTTP/1.1" 302 219 "-" "Mozilla/5.0 (compatible; SERankingBacklinksBot/1.0; +https://seranking.com/backlinks-crawler)"
65.109.100.157 - - [25/Jun/2026:15:03:05 +0300] "GET /404 HTTP/1.1" 302 215 "-" "Mozilla/5.0 (compatible; SERankingBacklinksBot/1.0; +https://seranking.com/backlinks-crawler)"
65.109.100.157 - - [25/Jun/2026:15:03:05 +0300] "GET / HTTP/1.1" 200 17232 "-" "Mozilla/5.0 (compatible; SERankingBacklinksBot/1.0; +https://seranking.com/backlinks-crawler)"
65.109.100.157 - - [25/Jun/2026:15:03:08 +0300] "GET /haber/meclise-sunulacak-imar-teklifiyle-kullanma-izni-olmayan-yapilara-elektrik-ve-su-baglanabilecek-388869 HTTP/1.1" 302 219 "-" "Mozilla/5.0 (compatible; SERankingBacklinksBot/1.0; +https://seranking.com/backlinks-crawler)"
65.109.100.157 - - [25/Jun/2026:15:03:09 +0300] "GET /404 HTTP/1.1" 302 215 "-" "Mozilla/5.0 (compatible; SERankingBacklinksBot/1.0; +https://seranking.com/backlinks-crawler)"
65.109.100.157 - - [25/Jun/2026:15:03:12 +0300] "GET /haberler/meclisi-karistiran-sozler-372669 HTTP/1.1" 301 795 "-" "Mozilla/5.0 (compatible; SERankingBacklinksBot/1.0; +https://seranking.com/backlinks-crawler)"
65.109.100.157 - - [25/Jun/2026:15:03:12 +0300] "GET /haber/meclisi-karistiran-sozler-372669 HTTP/1.1" 302 219 "-" "Mozilla/5.0 (compatible; SERankingBacklinksBot/1.0; +https://seranking.com/backlinks-crawler)"
65.109.100.157 - - [25/Jun/2026:15:03:13 +0300] "GET /404 HTTP/1.1" 302 215 "-" "Mozilla/5.0 (compatible; SERankingBacklinksBot/1.0; +https://seranking.com/backlinks-crawler)"
65.109.100.157 - - [25/Jun/2026:15:03:16 +0300] "GET /haberler/mecliste-halk-gunu-uygulamasi-yeniden-basladi-24772 HTTP/1.1" 301 795 "-" "Mozilla/5.0 (compatible; SERankingBacklinksBot/1.0; +https://seranking.com/backlinks-crawler)"
65.109.100.157 - - [25/Jun/2026:15:03:17 +0300] "GET /404 HTTP/1.1" 302 215 "-" "Mozilla/5.0 (compatible; SERankingBacklinksBot/1.0; +https://seranking.com/backlinks-crawler)"
65.109.100.157 - - [25/Jun/2026:15:03:08 +0300] "GET /haberler/meclise-sunulacak-imar-teklifiyle-kullanma-izni-olmayan-yapilara-elektrik-ve-su-baglanabilecek-388869 HTTP/1.1" 301 795 "-" "Mozilla/5.0 (compatible; SERankingBacklinksBot/1.0; +https://seranking.com/backlinks-crawler)"
65.109.100.157 - - [25/Jun/2026:15:03:09 +0300] "GET / HTTP/1.1" 200 17244 "-" "Mozilla/5.0 (compatible; SERankingBacklinksBot/1.0; +https://seranking.com/backlinks-crawler)"
65.109.100.157 - - [25/Jun/2026:15:03:12 +0300] "GET /haberler/meclisi-karistiran-sozler-372669 HTTP/1.1" 301 795 "-" "Mozilla/5.0 (compatible; SERankingBacklinksBot/1.0; +https://seranking.com/backlinks-crawler)"
65.109.100.157 - - [25/Jun/2026:15:03:13 +0300] "GET / HTTP/1.1" 200 17225 "-" "Mozilla/5.0 (compatible; SERankingBacklinksBot/1.0; +https://seranking.com/backlinks-crawler)"
65.109.100.157 - - [25/Jun/2026:15:03:16 +0300] "GET /haberler/mecliste-halk-gunu-uygulamasi-yeniden-basladi-24772 HTTP/1.1" 301 795 "-" "Mozilla/5.0 (compatible; SERankingBacklinksBot/1.0; +https://seranking.com/backlinks-crawler)"
65.109.100.157 - - [25/Jun/2026:15:03:16 +0300] "GET /haber/mecliste-halk-gunu-uygulamasi-yeniden-basladi-24772 HTTP/1.1" 302 219 "-" "Mozilla/5.0 (compatible; SERankingBacklinksBot/1.0; +https://seranking.com/backlinks-crawler)"
65.109.100.157 - - [25/Jun/2026:15:03:16 +0300] "GET /haber/mecliste-halk-gunu-uygulamasi-yeniden-basladi-24772 HTTP/1.1" 302 219 "-" "Mozilla/5.0 (compatible; SERankingBacklinksBot/1.0; +https://seranking.com/backlinks-crawler)"
65.109.100.157 - - [25/Jun/2026:15:03:17 +0300] "GET / HTTP/1.1" 200 17222 "-" "Mozilla/5.0 (compatible; SERankingBacklinksBot/1.0; +https://seranking.com/backlinks-crawler)"
185.191.171.12 - - [25/Jun/2026:15:03:17 +0300] "GET /haber/abd-tahvil-faizleri-2-yilin-zirvesinde-476054 HTTP/1.1" 200 13674 "-" "Mozilla/5.0 (compatible; SemrushBot/7~bl; +http://www.semrush.com/bot.html)"
216.75.132.245 - - [25/Jun/2026:15:03:18 +0300] "GET /public/images/haberler/2022/02/gozler-bogazlara-dondu-simdi-ne-olacak-semih-cetin-ve-nusret-guner-anlatti-6pNHz16l.jpg HTTP/1.1" 302 225 "https://yeniistiklal.com/" "Mozilla/5.0 (Windows NT 10.0; Win64; x64) AppleWebKit/537.36 (KHTML, like Gecko) Chrome/120.0.0.0 Safari/537.36"
