47.128.123.76 - - [25/Jun/2026:15:27:21 +0300] "GET /404 HTTP/1.1" 302 219 "https://www.yeniistiklal.com/" "Mozilla/5.0 (Linux; Android 5.0) AppleWebKit/537.36 (KHTML, like Gecko) Mobile Safari/537.36 (compatible; Bytespider; spider-feedback@bytedance.com)"
87.250.224.34 - - [25/Jun/2026:15:27:22 +0300] "GET /rss/genel-0 HTTP/1.1" 200 196772 "-" "Mozilla/5.0 (compatible; YandexBot/3.0; +http://yandex.com/bots)"
65.109.100.157 - - [25/Jun/2026:15:27:22 +0300] "GET /haber/merkelin-koltugu-icin-tvde-kapistilar-217084 HTTP/1.1" 302 219 "-" "Mozilla/5.0 (compatible; SERankingBacklinksBot/1.0; +https://seranking.com/backlinks-crawler)"
47.128.123.76 - - [25/Jun/2026:15:27:23 +0300] "GET / HTTP/1.1" 200 17300 "https://www.yeniistiklal.com/" "Mozilla/5.0 (Linux; Android 5.0) AppleWebKit/537.36 (KHTML, like Gecko) Mobile Safari/537.36 (compatible; Bytespider; spider-feedback@bytedance.com)"
66.249.92.195 - - [25/Jun/2026:15:27:23 +0300] "GET /public/index.php/haber/icislerinden-sonbahar-kis-ablukasi-542539 HTTP/1.1" 200 14762 "-" "Mediapartners-Google"
66.249.92.195 - - [25/Jun/2026:15:27:23 +0300] "GET /public/haber/metin-ozulku-hey-corc-versene-borc-sarkisiyla-borclarimizi-odedik-494258 HTTP/1.1" 200 13641 "-" "Mediapartners-Google"
66.249.92.196 - - [25/Jun/2026:15:27:23 +0300] "GET /public/haber/izmirli-gencler-salonlari-doldurdu-519653 HTTP/1.1" 200 14946 "-" "Mediapartners-Google"
66.249.92.196 - - [25/Jun/2026:15:27:24 +0300] "GET /public/haber/chpden-es-zamanli-kaftancioglu-aciklamasi-514288 HTTP/1.1" 200 13909 "-" "Mediapartners-Google"
65.109.100.157 - - [25/Jun/2026:15:27:18 +0300] "GET /haberler/merkelin-eski-dis-politika-danismani-kelime-dagarcigimdan-bati-kelimesini-cikardim-rusya-ve-cinin-negatif-tanim-icin-kullandigi-bir-terim-278923 HTTP/1.1" 301 795 "-" "Mozilla/5.0 (compatible; SERankingBacklinksBot/1.0; +https://seranking.com/backlinks-crawler)"
65.109.100.157 - - [25/Jun/2026:15:27:18 +0300] "GET /haber/merkelin-eski-dis-politika-danismani-kelime-dagarcigimdan-bati-kelimesini-cikardim-rusya-ve-cinin-negatif-tanim-icin-kullandigi-bir-terim-278923 HTTP/1.1" 302 219 "-" "Mozilla/5.0 (compatible; SERankingBacklinksBot/1.0; +https://seranking.com/backlinks-crawler)"
85.208.96.212 - - [25/Jun/2026:15:27:19 +0300] "GET /haber/lubbey-koyu-nerededir-turkiyenin-hayalet-koyu-youtuberlar-dadandi-paranormal-videolar-cekiyorlar-499328 HTTP/1.1" 200 15821 "-" "Mozilla/5.0 (compatible; SemrushBot/7~bl; +http://www.semrush.com/bot.html)"
65.109.100.157 - - [25/Jun/2026:15:27:19 +0300] "GET /404 HTTP/1.1" 302 215 "-" "Mozilla/5.0 (compatible; SERankingBacklinksBot/1.0; +https://seranking.com/backlinks-crawler)"
65.109.100.157 - - [25/Jun/2026:15:27:19 +0300] "GET / HTTP/1.1" 200 17246 "-" "Mozilla/5.0 (compatible; SERankingBacklinksBot/1.0; +https://seranking.com/backlinks-crawler)"
47.128.123.76 - - [25/Jun/2026:15:27:19 +0300] "OPTIONS /hava-durumu/ajax?sehir_isim=6 HTTP/1.1" 200 20 "https://www.yeniistiklal.com/" "Mozilla/5.0 (Linux; Android 5.0) AppleWebKit/537.36 (KHTML, like Gecko) Mobile Safari/537.36 (compatible; Bytespider; spider-feedback@bytedance.com)"
47.128.123.76 - - [25/Jun/2026:15:27:20 +0300] "GET /public/images/firmalar/ HTTP/1.1" 403 787 "https://www.yeniistiklal.com/" "Mozilla/5.0 (Linux; Android 5.0) AppleWebKit/537.36 (KHTML, like Gecko) Mobile Safari/537.36 (compatible; Bytespider; spider-feedback@bytedance.com)"
47.128.123.76 - - [25/Jun/2026:15:27:22 +0300] "GET / HTTP/1.1" 200 17301 "https://www.yeniistiklal.com/" "Mozilla/5.0 (Linux; Android 5.0) AppleWebKit/537.36 (KHTML, like Gecko) Mobile Safari/537.36 (compatible; Bytespider; spider-feedback@bytedance.com)"
65.109.100.157 - - [25/Jun/2026:15:27:22 +0300] "GET /haberler/merkelin-koltugu-icin-tvde-kapistilar-217084 HTTP/1.1" 301 795 "-" "Mozilla/5.0 (compatible; SERankingBacklinksBot/1.0; +https://seranking.com/backlinks-crawler)"
65.109.100.157 - - [25/Jun/2026:15:27:22 +0300] "GET /haber/merkelin-koltugu-icin-tvde-kapistilar-217084 HTTP/1.1" 302 219 "-" "Mozilla/5.0 (compatible; SERankingBacklinksBot/1.0; +https://seranking.com/backlinks-crawler)"
65.109.100.157 - - [25/Jun/2026:15:27:22 +0300] "GET /haberler/merkelin-koltugu-icin-tvde-kapistilar-217084 HTTP/1.1" 301 795 "-" "Mozilla/5.0 (compatible; SERankingBacklinksBot/1.0; +https://seranking.com/backlinks-crawler)"
66.249.92.196 - - [25/Jun/2026:15:27:23 +0300] "GET /haber/cukurova-belediye-baskani-soner-cetin-emeklilerle-sohbet-etti-537647 HTTP/1.1" 200 14036 "-" "Mediapartners-Google"
65.109.100.157 - - [25/Jun/2026:15:27:23 +0300] "GET /404 HTTP/1.1" 302 215 "-" "Mozilla/5.0 (compatible; SERankingBacklinksBot/1.0; +https://seranking.com/backlinks-crawler)"
66.249.92.196 - - [25/Jun/2026:15:27:23 +0300] "GET /haber/nebatiden-is-kadinlarina-kdvde-sadelesmeye-gidilecek-471807 HTTP/1.1" 200 14832 "-" "Mediapartners-Google"
65.109.100.157 - - [25/Jun/2026:15:27:23 +0300] "GET / HTTP/1.1" 200 17227 "-" "Mozilla/5.0 (compatible; SERankingBacklinksBot/1.0; +https://seranking.com/backlinks-crawler)"
47.128.123.76 - - [25/Jun/2026:15:27:23 +0300] "GET / HTTP/1.1" 200 17309 "https://www.yeniistiklal.com/" "Mozilla/5.0 (Linux; Android 5.0) AppleWebKit/537.36 (KHTML, like Gecko) Mobile Safari/537.36 (compatible; Bytespider; spider-feedback@bytedance.com)"
66.249.92.194 - - [25/Jun/2026:15:27:24 +0300] "GET /public/haber/vodafone-business-sd-wan-ile-dijitallesen-sirketlerin-yenilikci-ag-yonetim-ihtiyaclarini-karsiliyor-517895 HTTP/1.1" 200 14039 "-" "Mediapartners-Google"
66.249.92.194 - - [25/Jun/2026:15:27:24 +0300] "GET /haber/emine-erdogandan-sevindiren-haber-491960 HTTP/1.1" 200 13461 "-" "Mediapartners-Google"
44.206.65.8 - - [25/Jun/2026:15:27:26 +0300] "GET /public/index.php/haber/diyarbakirda-ulasimda-klima-isyani-527074 HTTP/1.1" 200 13700 "-" "Mozilla/5.0 AppleWebKit/537.36 (KHTML, like Gecko; compatible; Amazonbot/0.1; +https://developer.amazon.com/support/amazonbot) Chrome/119.0.6045.214 Safari/537.36"
65.109.100.157 - - [25/Jun/2026:15:27:26 +0300] "GET /haberler/merkelin-uykulari-kaciyor-mu-346653 HTTP/1.1" 301 795 "-" "Mozilla/5.0 (compatible; SERankingBacklinksBot/1.0; +https://seranking.com/backlinks-crawler)"
65.109.100.157 - - [25/Jun/2026:15:27:26 +0300] "GET /haber/merkelin-uykulari-kaciyor-mu-346653 HTTP/1.1" 302 219 "-" "Mozilla/5.0 (compatible; SERankingBacklinksBot/1.0; +https://seranking.com/backlinks-crawler)"
65.109.100.157 - - [25/Jun/2026:15:27:27 +0300] "GET /404 HTTP/1.1" 302 215 "-" "Mozilla/5.0 (compatible; SERankingBacklinksBot/1.0; +https://seranking.com/backlinks-crawler)"
65.109.100.157 - - [25/Jun/2026:15:27:30 +0300] "GET /haberler/merkez-bankasi-baskani-kavcioglu-yilin-ucuncu-enflasyon-raporunu-acikliyor-74228 HTTP/1.1" 301 795 "-" "Mozilla/5.0 (compatible; SERankingBacklinksBot/1.0; +https://seranking.com/backlinks-crawler)"
66.249.66.194 - - [25/Jun/2026:15:27:30 +0300] "GET /public/index.php/images/haberler/2022/10/icislerinden-sonbahar-kis-ablukasi-4lQuaWEg.jpg HTTP/1.1" 302 234 "-" "Googlebot-Image/1.0"
65.109.100.157 - - [25/Jun/2026:15:27:30 +0300] "GET /haber/merkez-bankasi-baskani-kavcioglu-yilin-ucuncu-enflasyon-raporunu-acikliyor-74228 HTTP/1.1" 302 219 "-" "Mozilla/5.0 (compatible; SERankingBacklinksBot/1.0; +https://seranking.com/backlinks-crawler)"
65.109.100.157 - - [25/Jun/2026:15:27:30 +0300] "GET /haberler/merkez-bankasi-baskani-kavcioglu-yilin-ucuncu-enflasyon-raporunu-acikliyor-74228 HTTP/1.1" 301 795 "-" "Mozilla/5.0 (compatible; SERankingBacklinksBot/1.0; +https://seranking.com/backlinks-crawler)"
65.109.100.157 - - [25/Jun/2026:15:27:30 +0300] "GET /haber/merkez-bankasi-baskani-kavcioglu-yilin-ucuncu-enflasyon-raporunu-acikliyor-74228 HTTP/1.1" 302 219 "-" "Mozilla/5.0 (compatible; SERankingBacklinksBot/1.0; +https://seranking.com/backlinks-crawler)"
65.109.100.157 - - [25/Jun/2026:15:27:31 +0300] "GET /404 HTTP/1.1" 302 215 "-" "Mozilla/5.0 (compatible; SERankingBacklinksBot/1.0; +https://seranking.com/backlinks-crawler)"
66.249.66.194 - - [25/Jun/2026:15:27:31 +0300] "GET /public/index.php/404 HTTP/1.1" 302 229 "-" "Googlebot-Image/1.0"
66.249.66.194 - - [25/Jun/2026:15:27:31 +0300] "GET /public/index.php HTTP/1.1" 200 17476 "-" "Googlebot-Image/1.0"
66.249.66.44 - - [25/Jun/2026:15:27:34 +0300] "GET /public/images/haberler/2022/02/metin-ozulku-hey-corc-versene-borc-sarkisiyla-borclarimizi-odedik-GuuZEqN5.jpg HTTP/1.1" 302 225 "-" "Googlebot-Image/1.0"
65.109.100.157 - - [25/Jun/2026:15:27:34 +0300] "GET /haber/merkez-bankasi-baskani-sahap-kavcioglu-sessizligini-bozdu-284540 HTTP/1.1" 302 219 "-" "Mozilla/5.0 (compatible; SERankingBacklinksBot/1.0; +https://seranking.com/backlinks-crawler)"
65.109.100.157 - - [25/Jun/2026:15:27:35 +0300] "GET /404 HTTP/1.1" 302 215 "-" "Mozilla/5.0 (compatible; SERankingBacklinksBot/1.0; +https://seranking.com/backlinks-crawler)"
52.200.93.170 - - [25/Jun/2026:15:27:35 +0300] "GET /public/index.php/images/haberler/2022/07/izmir-buca-kizilay-yardimlarda-hiz-kesmiyor-YISDDgae.jpg HTTP/1.1" 302 238 "-" "Mozilla/5.0 AppleWebKit/537.36 (KHTML, like Gecko; compatible; Amazonbot/0.1; +https://developer.amazon.com/support/amazonbot) Chrome/119.0.6045.214 Safari/537.36"
185.191.171.4 - - [25/Jun/2026:15:27:35 +0300] "GET /haber/xiaomi-12-ultra-tasarimi-belli-oldu-500302 HTTP/1.1" 200 14139 "-" "Mozilla/5.0 (compatible; SemrushBot/7~bl; +http://www.semrush.com/bot.html)"
34.202.88.37 - - [25/Jun/2026:15:27:38 +0300] "GET /public/index.php/haber/meteoroloji-gun-verdi-acikladi-sicakliklar-degisiyor-490384 HTTP/1.1" 200 14289 "-" "Mozilla/5.0 AppleWebKit/537.36 (KHTML, like Gecko; compatible; Amazonbot/0.1; +https://developer.amazon.com/support/amazonbot) Chrome/119.0.6045.214 Safari/537.36"
52.205.222.214 - - [25/Jun/2026:15:27:24 +0300] "GET /public/index.php/haber/kritik-duzenlemede-komisyona-dezenformasyon-sunumu-517728 HTTP/1.1" 200 14751 "-" "Mozilla/5.0 AppleWebKit/537.36 (KHTML, like Gecko; compatible; Amazonbot/0.1; +https://developer.amazon.com/support/amazonbot) Chrome/119.0.6045.214 Safari/537.36"
185.191.171.6 - - [25/Jun/2026:15:27:26 +0300] "GET /haber/ilo-mikro-kucuk-ve-orta-olcekli-sirketlerin-kayitli-istihdama-gecisini-desteklemek-uzere-bes-yeni-bilgi-merkezi-daha-acti-538308 HTTP/1.1" 200 14996 "-" "Mozilla/5.0 (compatible; SemrushBot/7~bl; +http://www.semrush.com/bot.html)"
65.109.100.157 - - [25/Jun/2026:15:27:26 +0300] "GET /haberler/merkelin-uykulari-kaciyor-mu-346653 HTTP/1.1" 301 795 "-" "Mozilla/5.0 (compatible; SERankingBacklinksBot/1.0; +https://seranking.com/backlinks-crawler)"
65.109.100.157 - - [25/Jun/2026:15:27:27 +0300] "GET / HTTP/1.1" 200 17238 "-" "Mozilla/5.0 (compatible; SERankingBacklinksBot/1.0; +https://seranking.com/backlinks-crawler)"
52.204.253.129 - - [25/Jun/2026:15:27:30 +0300] "GET /public/index.php/haber/izmir-buca-kizilay-yardimlarda-hiz-kesmiyor-526601 HTTP/1.1" 200 13905 "-" "Mozilla/5.0 AppleWebKit/537.36 (KHTML, like Gecko; compatible; Amazonbot/0.1; +https://developer.amazon.com/support/amazonbot) Chrome/119.0.6045.214 Safari/537.36"
66.249.66.195 - - [25/Jun/2026:15:27:30 +0300] "GET /public/index.php/images/haberler/2022/10/icislerinden-sonbahar-kis-ablukasi-4lQuaWEg.jpg HTTP/1.1" 302 234 "-" "Googlebot-Image/1.0"
65.109.100.157 - - [25/Jun/2026:15:27:31 +0300] "GET / HTTP/1.1" 200 17243 "-" "Mozilla/5.0 (compatible; SERankingBacklinksBot/1.0; +https://seranking.com/backlinks-crawler)"
5.255.231.194 - - [25/Jun/2026:15:27:32 +0300] "GET /rss/genel-0 HTTP/1.1" 200 196772 "-" "Mozilla/5.0 (compatible; YandexBot/3.0; +http://yandex.com/bots)"
54.209.100.30 - - [25/Jun/2026:15:27:34 +0300] "GET /public/index.php/haber/gida-perakendeciligine-indirim-marketleri-dopingi-494874 HTTP/1.1" 200 14661 "-" "Mozilla/5.0 AppleWebKit/537.36 (KHTML, like Gecko; compatible; Amazonbot/0.1; +https://developer.amazon.com/support/amazonbot) Chrome/119.0.6045.214 Safari/537.36"
65.109.100.157 - - [25/Jun/2026:15:27:34 +0300] "GET /haberler/merkez-bankasi-baskani-sahap-kavcioglu-sessizligini-bozdu-284540 HTTP/1.1" 301 795 "-" "Mozilla/5.0 (compatible; SERankingBacklinksBot/1.0; +https://seranking.com/backlinks-crawler)"
65.109.100.157 - - [25/Jun/2026:15:27:34 +0300] "GET /haberler/merkez-bankasi-baskani-sahap-kavcioglu-sessizligini-bozdu-284540 HTTP/1.1" 301 795 "-" "Mozilla/5.0 (compatible; SERankingBacklinksBot/1.0; +https://seranking.com/backlinks-crawler)"
65.109.100.157 - - [25/Jun/2026:15:27:34 +0300] "GET /haber/merkez-bankasi-baskani-sahap-kavcioglu-sessizligini-bozdu-284540 HTTP/1.1" 302 219 "-" "Mozilla/5.0 (compatible; SERankingBacklinksBot/1.0; +https://seranking.com/backlinks-crawler)"
65.109.100.157 - - [25/Jun/2026:15:27:35 +0300] "GET / HTTP/1.1" 200 17239 "-" "Mozilla/5.0 (compatible; SERankingBacklinksBot/1.0; +https://seranking.com/backlinks-crawler)"
66.249.66.44 - - [25/Jun/2026:15:27:41 +0300] "GET /public/images/haberler/2022/06/izmirli-gencler-salonlari-doldurdu-qedmhrFF.jpg HTTP/1.1" 302 225 "-" "Googlebot-Image/1.0"
35.169.119.108 - - [25/Jun/2026:15:27:42 +0300] "GET /public/index.php/haber/bursada-adliye-kavsaginda-calismalar-tam-gaz-507077 HTTP/1.1" 200 13986 "-" "Mozilla/5.0 AppleWebKit/537.36 (KHTML, like Gecko; compatible; Amazonbot/0.1; +https://developer.amazon.com/support/amazonbot) Chrome/119.0.6045.214 Safari/537.36"
66.249.66.44 - - [25/Jun/2026:15:27:42 +0300] "GET /images/haberler/2022/02/emine-erdogandan-sevindiren-haber-OVVEy7wh.jpg HTTP/1.1" 302 219 "-" "Googlebot-Image/1.0"
65.109.100.157 - - [25/Jun/2026:15:27:42 +0300] "GET /haberler/merkez-bankasi-faiz-kararini-acikladi-28244 HTTP/1.1" 301 795 "-" "Mozilla/5.0 (compatible; SERankingBacklinksBot/1.0; +https://seranking.com/backlinks-crawler)"
65.109.100.157 - - [25/Jun/2026:15:27:42 +0300] "GET /haber/merkez-bankasi-faiz-kararini-acikladi-28244 HTTP/1.1" 302 219 "-" "Mozilla/5.0 (compatible; SERankingBacklinksBot/1.0; +https://seranking.com/backlinks-crawler)"
65.109.100.157 - - [25/Jun/2026:15:27:42 +0300] "GET /haberler/merkez-bankasi-faiz-kararini-acikladi-28244 HTTP/1.1" 301 795 "-" "Mozilla/5.0 (compatible; SERankingBacklinksBot/1.0; +https://seranking.com/backlinks-crawler)"
65.109.100.157 - - [25/Jun/2026:15:27:43 +0300] "GET /haber/merkez-bankasi-faiz-kararini-acikladi-28244 HTTP/1.1" 302 219 "-" "Mozilla/5.0 (compatible; SERankingBacklinksBot/1.0; +https://seranking.com/backlinks-crawler)"
65.109.100.157 - - [25/Jun/2026:15:27:43 +0300] "GET /404 HTTP/1.1" 302 215 "-" "Mozilla/5.0 (compatible; SERankingBacklinksBot/1.0; +https://seranking.com/backlinks-crawler)"
87.250.224.221 - - [25/Jun/2026:15:27:43 +0300] "GET / HTTP/1.1" 200 17225 "-" "Mozilla/5.0 (compatible; YandexBot/3.0; +http://yandex.com/bots) AppleWebKit/537.36 (KHTML, like Gecko) Chrome/108.0.0.0"
65.109.100.157 - - [25/Jun/2026:15:27:43 +0300] "GET / HTTP/1.1" 200 17225 "-" "Mozilla/5.0 (compatible; SERankingBacklinksBot/1.0; +https://seranking.com/backlinks-crawler)"
47.128.16.109 - - [25/Jun/2026:15:27:44 +0300] "GET /images/firmalar HTTP/1.1" 301 795 "https://www.yeniistiklal.com/" "Mozilla/5.0 (Linux; Android 5.0) AppleWebKit/537.36 (KHTML, like Gecko) Mobile Safari/537.36 (compatible; TikTokSpider; ttspider-feedback@tiktok.com)"
47.128.16.109 - - [25/Jun/2026:15:27:44 +0300] "GET /images/haberler/2022/11/2022-dunya-kupasi-belcika-0-2-fas-1669566817.png HTTP/1.1" 302 224 "https://www.yeniistiklal.com/" "Mozilla/5.0 (Linux; Android 5.0) AppleWebKit/537.36 (KHTML, like Gecko) Mobile Safari/537.36 (compatible; TikTokSpider; ttspider-feedback@tiktok.com)"
47.128.16.109 - - [25/Jun/2026:15:27:44 +0300] "GET /images/haberler/2023/07/filenin-sultanlari-milletler-liginde-sampiyon-oldu-1689595616.png HTTP/1.1" 302 224 "https://www.yeniistiklal.com/" "Mozilla/5.0 (Linux; Android 5.0) AppleWebKit/537.36 (KHTML, like Gecko) Mobile Safari/537.36 (compatible; TikTokSpider; ttspider-feedback@tiktok.com)"
47.128.16.109 - - [25/Jun/2026:15:27:44 +0300] "GET /404 HTTP/1.1" 302 219 "https://www.yeniistiklal.com/" "Mozilla/5.0 (Linux; Android 5.0) AppleWebKit/537.36 (KHTML, like Gecko) Mobile Safari/537.36 (compatible; TikTokSpider; ttspider-feedback@tiktok.com)"
62.244.225.226 - - [25/Jun/2026:15:27:44 +0300] "GET /sitemap.xml HTTP/1.1" 200 201 "https://yeniistiklal.com/sitemap.xml" "Mozilla/5.0 (Windows NT 10.0; Win64; x64) AppleWebKit/537.36 (KHTML, like Gecko) Chrome/42.0.2311.135 Safari/537.36 Edge/12.10240"
47.128.16.109 - - [25/Jun/2026:15:27:45 +0300] "GET /404 HTTP/1.1" 302 219 "https://www.yeniistiklal.com/" "Mozilla/5.0 (Linux; Android 5.0) AppleWebKit/537.36 (KHTML, like Gecko) Mobile Safari/537.36 (compatible; TikTokSpider; ttspider-feedback@tiktok.com)"
47.128.16.109 - - [25/Jun/2026:15:27:45 +0300] "GET / HTTP/1.1" 200 17310 "https://www.yeniistiklal.com/" "Mozilla/5.0 (Linux; Android 5.0) AppleWebKit/537.36 (KHTML, like Gecko) Mobile Safari/537.36 (compatible; TikTokSpider; ttspider-feedback@tiktok.com)"
198.244.242.32 - - [25/Jun/2026:15:27:45 +0300] "GET /public/haber/elektrikli-otomobil-fiyatlari-dustu-turkiye-pazari-canlandi-iste-nisan-2025in-en-uygun-secenekleri-551586 HTTP/1.1" 200 14054 "-" "Mozilla/5.0 (compatible; AhrefsBot/7.0; +http://ahrefs.com/robot/)"
65.109.100.157 - - [25/Jun/2026:15:27:46 +0300] "GET /haberler/merkez-bankasi-faizi-pas-gececek-mi-15060 HTTP/1.1" 301 795 "-" "Mozilla/5.0 (compatible; SERankingBacklinksBot/1.0; +https://seranking.com/backlinks-crawler)"
52.54.249.218 - - [25/Jun/2026:15:27:46 +0300] "GET /public/index.php/haber/kayseri-sekerspor-turkiye-ikincisi-oldu-502064 HTTP/1.1" 200 13894 "-" "Mozilla/5.0 AppleWebKit/537.36 (KHTML, like Gecko; compatible; Amazonbot/0.1; +https://developer.amazon.com/support/amazonbot) Chrome/119.0.6045.214 Safari/537.36"
65.109.100.157 - - [25/Jun/2026:15:27:38 +0300] "GET /magazin/adele-resmen-ilan-etti-269832 HTTP/1.1" 301 795 "-" "Mozilla/5.0 (compatible; SERankingBacklinksBot/1.0; +https://seranking.com/backlinks-crawler)"
65.109.100.157 - - [25/Jun/2026:15:27:38 +0300] "GET /haber/adele-resmen-ilan-etti-269832 HTTP/1.1" 302 219 "-" "Mozilla/5.0 (compatible; SERankingBacklinksBot/1.0; +https://seranking.com/backlinks-crawler)"
65.109.100.157 - - [25/Jun/2026:15:27:38 +0300] "GET /magazin/adele-resmen-ilan-etti-269832 HTTP/1.1" 301 795 "-" "Mozilla/5.0 (compatible; SERankingBacklinksBot/1.0; +https://seranking.com/backlinks-crawler)"
65.109.100.157 - - [25/Jun/2026:15:27:39 +0300] "GET /haber/adele-resmen-ilan-etti-269832 HTTP/1.1" 302 219 "-" "Mozilla/5.0 (compatible; SERankingBacklinksBot/1.0; +https://seranking.com/backlinks-crawler)"
65.109.100.157 - - [25/Jun/2026:15:27:39 +0300] "GET /404 HTTP/1.1" 302 215 "-" "Mozilla/5.0 (compatible; SERankingBacklinksBot/1.0; +https://seranking.com/backlinks-crawler)"
65.109.100.157 - - [25/Jun/2026:15:27:39 +0300] "GET / HTTP/1.1" 200 17238 "-" "Mozilla/5.0 (compatible; SERankingBacklinksBot/1.0; +https://seranking.com/backlinks-crawler)"
47.128.16.109 - - [25/Jun/2026:15:27:43 +0300] "GET / HTTP/1.1" 200 17310 "-" "Mozilla/5.0 (Linux; Android 5.0) AppleWebKit/537.36 (KHTML, like Gecko) Mobile Safari/537.36 (compatible; TikTokSpider; ttspider-feedback@tiktok.com)"
47.128.16.109 - - [25/Jun/2026:15:27:44 +0300] "GET /public/images/firmalar/ HTTP/1.1" 403 787 "https://www.yeniistiklal.com/" "Mozilla/5.0 (Linux; Android 5.0) AppleWebKit/537.36 (KHTML, like Gecko) Mobile Safari/537.36 (compatible; TikTokSpider; ttspider-feedback@tiktok.com)"
47.128.16.109 - - [25/Jun/2026:15:27:44 +0300] "GET /images/haberler/2024/01/iddaa-analizi-nasil-yapilir-1706624003.png HTTP/1.1" 302 224 "https://www.yeniistiklal.com/" "Mozilla/5.0 (Linux; Android 5.0) AppleWebKit/537.36 (KHTML, like Gecko) Mobile Safari/537.36 (compatible; TikTokSpider; ttspider-feedback@tiktok.com)"
216.73.217.71 - - [25/Jun/2026:15:27:44 +0300] "GET /public/haber/uskupte-yasayan-neriman-amca-turkiyenin-hangi-seviyede-oldugunu-gormuyorlar-mi-yoksa-korler-mi-488999 HTTP/1.1" 200 14506 "-" "Mozilla/5.0 AppleWebKit/537.36 (KHTML, like Gecko; compatible; ClaudeBot/1.0; +claudebot@anthropic.com)"
47.128.16.109 - - [25/Jun/2026:15:27:44 +0300] "GET /404 HTTP/1.1" 302 219 "https://www.yeniistiklal.com/" "Mozilla/5.0 (Linux; Android 5.0) AppleWebKit/537.36 (KHTML, like Gecko) Mobile Safari/537.36 (compatible; TikTokSpider; ttspider-feedback@tiktok.com)"
47.128.16.109 - - [25/Jun/2026:15:27:45 +0300] "GET / HTTP/1.1" 200 17289 "https://www.yeniistiklal.com/" "Mozilla/5.0 (Linux; Android 5.0) AppleWebKit/537.36 (KHTML, like Gecko) Mobile Safari/537.36 (compatible; TikTokSpider; ttspider-feedback@tiktok.com)"
85.208.96.197 - - [25/Jun/2026:15:27:45 +0300] "GET /haber/hatay-buyuksehir-ekipleri-insan-ve-cevre-sagligi-icin-calisiyor-505361 HTTP/1.1" 200 13663 "-" "Mozilla/5.0 (compatible; SemrushBot/7~bl; +http://www.semrush.com/bot.html)"
47.128.16.109 - - [25/Jun/2026:15:27:45 +0300] "GET / HTTP/1.1" 200 17310 "https://www.yeniistiklal.com/" "Mozilla/5.0 (Linux; Android 5.0) AppleWebKit/537.36 (KHTML, like Gecko) Mobile Safari/537.36 (compatible; TikTokSpider; ttspider-feedback@tiktok.com)"
65.109.100.157 - - [25/Jun/2026:15:27:46 +0300] "GET /haber/merkez-bankasi-faizi-pas-gececek-mi-15060 HTTP/1.1" 302 219 "-" "Mozilla/5.0 (compatible; SERankingBacklinksBot/1.0; +https://seranking.com/backlinks-crawler)"
65.109.100.157 - - [25/Jun/2026:15:27:46 +0300] "GET /haberler/merkez-bankasi-faizi-pas-gececek-mi-15060 HTTP/1.1" 301 795 "-" "Mozilla/5.0 (compatible; SERankingBacklinksBot/1.0; +https://seranking.com/backlinks-crawler)"
65.109.100.157 - - [25/Jun/2026:15:27:46 +0300] "GET /haber/merkez-bankasi-faizi-pas-gececek-mi-15060 HTTP/1.1" 302 219 "-" "Mozilla/5.0 (compatible; SERankingBacklinksBot/1.0; +https://seranking.com/backlinks-crawler)"
65.109.100.157 - - [25/Jun/2026:15:27:47 +0300] "GET /404 HTTP/1.1" 302 215 "-" "Mozilla/5.0 (compatible; SERankingBacklinksBot/1.0; +https://seranking.com/backlinks-crawler)"
66.249.66.44 - - [25/Jun/2026:15:27:49 +0300] "GET /public/images/haberler/2022/06/vodafone-business-sd-wan-ile-dijitallesen-sirketlerin-yenilikci-ag-yonetim-ihtiyaclarini-karsiliyor-qUWmbRRY.jpg HTTP/1.1" 302 225 "-" "Googlebot-Image/1.0"
185.187.187.138 - - [25/Jun/2026:15:27:49 +0300] "GET /magazin HTTP/1.1" 200 10475 "-" "Mozilla/5.0 (compatible; ArtiwiseBot/1.0; +http://www.artiwise.com/bot.html)"
185.187.187.138 - - [25/Jun/2026:15:27:50 +0300] "GET /spor HTTP/1.1" 200 10031 "-" "Mozilla/5.0 (compatible; ArtiwiseBot/1.0; +http://www.artiwise.com/bot.html)"
65.109.100.157 - - [25/Jun/2026:15:27:50 +0300] "GET /haberler/merkez-bankasi-kaynaklari-kararin-gecikme-nedeni-teknik-sorun-2-403483 HTTP/1.1" 301 795 "-" "Mozilla/5.0 (compatible; SERankingBacklinksBot/1.0; +https://seranking.com/backlinks-crawler)"
65.109.100.157 - - [25/Jun/2026:15:27:50 +0300] "GET /haberler/merkez-bankasi-kaynaklari-kararin-gecikme-nedeni-teknik-sorun-2-403483 HTTP/1.1" 301 795 "-" "Mozilla/5.0 (compatible; SERankingBacklinksBot/1.0; +https://seranking.com/backlinks-crawler)"
65.109.100.157 - - [25/Jun/2026:15:27:51 +0300] "GET /404 HTTP/1.1" 302 215 "-" "Mozilla/5.0 (compatible; SERankingBacklinksBot/1.0; +https://seranking.com/backlinks-crawler)"
34.195.60.66 - - [25/Jun/2026:15:27:51 +0300] "GET /public/index.php/etiketler/kumas-haberleri HTTP/1.1" 200 5940 "-" "Mozilla/5.0 AppleWebKit/537.36 (KHTML, like Gecko; compatible; Amazonbot/0.1; +https://developer.amazon.com/support/amazonbot) Chrome/119.0.6045.214 Safari/537.36"
185.187.187.138 - - [25/Jun/2026:15:27:51 +0300] "GET /dunya HTTP/1.1" 200 10114 "-" "Mozilla/5.0 (compatible; ArtiwiseBot/1.0; +http://www.artiwise.com/bot.html)"
167.62.61.204 - - [25/Jun/2026:15:27:51 +0300] "GET /haber/meteorolojiden-6-ile-uyari-510496 HTTP/1.1" 200 13971 "-" "Mozilla/5.0 (Macintosh; Intel Mac OS X 10_11_6) AppleWebKit/537.36 (KHTML, like Gecko) Chrome/96.0.4664.93 Safari/537.36"
185.187.187.138 - - [25/Jun/2026:15:27:52 +0300] "GET /yazarlar HTTP/1.1" 200 5244 "-" "Mozilla/5.0 (compatible; ArtiwiseBot/1.0; +http://www.artiwise.com/bot.html)"
65.109.100.157 - - [25/Jun/2026:15:27:54 +0300] "GET /haber/merkez-bankasindan-fiyat-istikrari-vurgusu-44481 HTTP/1.1" 302 219 "-" "Mozilla/5.0 (compatible; SERankingBacklinksBot/1.0; +https://seranking.com/backlinks-crawler)"
65.109.100.157 - - [25/Jun/2026:15:27:55 +0300] "GET / HTTP/1.1" 200 17222 "-" "Mozilla/5.0 (compatible; SERankingBacklinksBot/1.0; +https://seranking.com/backlinks-crawler)"
104.248.117.189 - - [25/Jun/2026:15:27:55 +0300] "GET /public/images/haberler/2022/02/prof-dr-duran-bulbul-den-merkez-bankasi-kararlari-ile-ilgili-olay-aciklama-yok-hukmundedir.jpg HTTP/1.1" 302 225 "https://yeniistiklal.com/" "Mozilla/5.0 (Windows NT 10.0; Win64; x64) AppleWebKit/537.36 (KHTML, like Gecko) Chrome/103.0.0.0 Safari/537.36"
52.54.15.103 - - [25/Jun/2026:15:27:56 +0300] "GET /public/index.php/haber/kadinlarin-ekmek-kapisi-oldu-toroslarin-eteginde-yetisiyor-turkiyenin-farkli-kentlerine-gonderiliyor-494333 HTTP/1.1" 200 15307 "-" "Mozilla/5.0 AppleWebKit/537.36 (KHTML, like Gecko; compatible; Amazonbot/0.1; +https://developer.amazon.com/support/amazonbot) Chrome/119.0.6045.214 Safari/537.36"
104.248.117.189 - - [25/Jun/2026:15:27:56 +0300] "GET /public/404 HTTP/1.1" 302 220 "https://yeniistiklal.com/" "Mozilla/5.0 (Windows NT 10.0; Win64; x64) AppleWebKit/537.36 (KHTML, like Gecko) Chrome/103.0.0.0 Safari/537.36"
104.248.117.189 - - [25/Jun/2026:15:27:58 +0300] "GET /public HTTP/1.1" 301 795 "https://yeniistiklal.com/" "Mozilla/5.0 (Windows NT 10.0; Win64; x64) AppleWebKit/537.36 (KHTML, like Gecko) Chrome/103.0.0.0 Safari/537.36"
65.109.100.157 - - [25/Jun/2026:15:27:58 +0300] "GET /haber/merkez-bankasindan-iban-sistemine-yeni-duzenleme-2-104731 HTTP/1.1" 302 219 "-" "Mozilla/5.0 (compatible; SERankingBacklinksBot/1.0; +https://seranking.com/backlinks-crawler)"
65.109.100.157 - - [25/Jun/2026:15:27:47 +0300] "GET / HTTP/1.1" 200 17234 "-" "Mozilla/5.0 (compatible; SERankingBacklinksBot/1.0; +https://seranking.com/backlinks-crawler)"
66.249.66.44 - - [25/Jun/2026:15:27:48 +0300] "GET /images/haberler/2022/09/cukurova-belediye-baskani-soner-cetin-emeklilerle-sohbet-etti-FcjLkhUb.jpg HTTP/1.1" 302 219 "-" "Googlebot-Image/1.0"
185.187.187.138 - - [25/Jun/2026:15:27:48 +0300] "GET / HTTP/1.1" 200 17244 "-" "Mozilla/5.0 (compatible; ArtiwiseBot/1.0; +http://www.artiwise.com/bot.html)"
185.187.187.138 - - [25/Jun/2026:15:27:49 +0300] "GET /ekonomi HTTP/1.1" 200 9976 "-" "Mozilla/5.0 (compatible; ArtiwiseBot/1.0; +http://www.artiwise.com/bot.html)"
185.187.187.138 - - [25/Jun/2026:15:27:49 +0300] "GET /gundem HTTP/1.1" 200 10640 "-" "Mozilla/5.0 (compatible; ArtiwiseBot/1.0; +http://www.artiwise.com/bot.html)"
185.187.187.138 - - [25/Jun/2026:15:27:50 +0300] "GET /teknoloji HTTP/1.1" 200 10187 "-" "Mozilla/5.0 (compatible; ArtiwiseBot/1.0; +http://www.artiwise.com/bot.html)"
185.187.187.138 - - [25/Jun/2026:15:27:50 +0300] "GET /saglik HTTP/1.1" 200 9723 "-" "Mozilla/5.0 (compatible; ArtiwiseBot/1.0; +http://www.artiwise.com/bot.html)"
65.109.100.157 - - [25/Jun/2026:15:27:50 +0300] "GET /haber/merkez-bankasi-kaynaklari-kararin-gecikme-nedeni-teknik-sorun-2-403483 HTTP/1.1" 302 219 "-" "Mozilla/5.0 (compatible; SERankingBacklinksBot/1.0; +https://seranking.com/backlinks-crawler)"
185.187.187.138 - - [25/Jun/2026:15:27:51 +0300] "GET /egitim HTTP/1.1" 200 10147 "-" "Mozilla/5.0 (compatible; ArtiwiseBot/1.0; +http://www.artiwise.com/bot.html)"
65.109.100.157 - - [25/Jun/2026:15:27:51 +0300] "GET / HTTP/1.1" 200 17227 "-" "Mozilla/5.0 (compatible; SERankingBacklinksBot/1.0; +https://seranking.com/backlinks-crawler)"
185.187.187.138 - - [25/Jun/2026:15:27:51 +0300] "GET /webtv HTTP/1.1" 200 8335 "-" "Mozilla/5.0 (compatible; ArtiwiseBot/1.0; +http://www.artiwise.com/bot.html)"
65.109.100.157 - - [25/Jun/2026:15:27:54 +0300] "GET /haberler/merkez-bankasindan-fiyat-istikrari-vurgusu-44481 HTTP/1.1" 301 795 "-" "Mozilla/5.0 (compatible; SERankingBacklinksBot/1.0; +https://seranking.com/backlinks-crawler)"
65.109.100.157 - - [25/Jun/2026:15:27:54 +0300] "GET /haber/merkez-bankasindan-fiyat-istikrari-vurgusu-44481 HTTP/1.1" 302 219 "-" "Mozilla/5.0 (compatible; SERankingBacklinksBot/1.0; +https://seranking.com/backlinks-crawler)"
65.109.100.157 - - [25/Jun/2026:15:27:54 +0300] "GET /haberler/merkez-bankasindan-fiyat-istikrari-vurgusu-44481 HTTP/1.1" 301 795 "-" "Mozilla/5.0 (compatible; SERankingBacklinksBot/1.0; +https://seranking.com/backlinks-crawler)"
65.109.100.157 - - [25/Jun/2026:15:27:55 +0300] "GET /404 HTTP/1.1" 302 215 "-" "Mozilla/5.0 (compatible; SERankingBacklinksBot/1.0; +https://seranking.com/backlinks-crawler)"
65.109.100.157 - - [25/Jun/2026:15:27:58 +0300] "GET /haberler/merkez-bankasindan-iban-sistemine-yeni-duzenleme-2-104731 HTTP/1.1" 301 795 "-" "Mozilla/5.0 (compatible; SERankingBacklinksBot/1.0; +https://seranking.com/backlinks-crawler)"
65.109.100.157 - - [25/Jun/2026:15:27:58 +0300] "GET /haber/merkez-bankasindan-iban-sistemine-yeni-duzenleme-2-104731 HTTP/1.1" 302 219 "-" "Mozilla/5.0 (compatible; SERankingBacklinksBot/1.0; +https://seranking.com/backlinks-crawler)"
65.109.100.157 - - [25/Jun/2026:15:27:59 +0300] "GET /404 HTTP/1.1" 302 215 "-" "Mozilla/5.0 (compatible; SERankingBacklinksBot/1.0; +https://seranking.com/backlinks-crawler)"
65.109.100.157 - - [25/Jun/2026:15:27:59 +0300] "GET / HTTP/1.1" 200 17225 "-" "Mozilla/5.0 (compatible; SERankingBacklinksBot/1.0; +https://seranking.com/backlinks-crawler)"
104.248.117.189 - - [25/Jun/2026:15:27:59 +0300] "GET /public/ HTTP/1.1" 200 17357 "https://yeniistiklal.com/" "Mozilla/5.0 (Windows NT 10.0; Win64; x64) AppleWebKit/537.36 (KHTML, like Gecko) Chrome/103.0.0.0 Safari/537.36"
65.109.100.157 - - [25/Jun/2026:15:28:02 +0300] "GET /haberler/merkez-bankasinin-karari-dolari-nasil-etkileyecek-128194 HTTP/1.1" 301 795 "-" "Mozilla/5.0 (compatible; SERankingBacklinksBot/1.0; +https://seranking.com/backlinks-crawler)"
65.109.100.157 - - [25/Jun/2026:15:28:02 +0300] "GET /haber/merkez-bankasinin-karari-dolari-nasil-etkileyecek-128194 HTTP/1.1" 302 219 "-" "Mozilla/5.0 (compatible; SERankingBacklinksBot/1.0; +https://seranking.com/backlinks-crawler)"
65.109.100.157 - - [25/Jun/2026:15:28:02 +0300] "GET /haberler/merkez-bankasinin-karari-dolari-nasil-etkileyecek-128194 HTTP/1.1" 301 795 "-" "Mozilla/5.0 (compatible; SERankingBacklinksBot/1.0; +https://seranking.com/backlinks-crawler)"
65.109.100.157 - - [25/Jun/2026:15:28:03 +0300] "GET / HTTP/1.1" 200 17242 "-" "Mozilla/5.0 (compatible; SERankingBacklinksBot/1.0; +https://seranking.com/backlinks-crawler)"
213.180.203.105 - - [25/Jun/2026:15:28:05 +0300] "GET /public/rss/genel-0 HTTP/1.1" 200 196873 "-" "Mozilla/5.0 (compatible; YandexBot/3.0; +http://yandex.com/bots)"
65.109.100.157 - - [25/Jun/2026:15:28:06 +0300] "GET /haberler/merkez-bankasinin-para-kasalari-sokak-hayvanlarina-yuva-oluyor-175459 HTTP/1.1" 301 795 "-" "Mozilla/5.0 (compatible; SERankingBacklinksBot/1.0; +https://seranking.com/backlinks-crawler)"
65.109.100.157 - - [25/Jun/2026:15:28:06 +0300] "GET /haber/merkez-bankasinin-para-kasalari-sokak-hayvanlarina-yuva-oluyor-175459 HTTP/1.1" 302 219 "-" "Mozilla/5.0 (compatible; SERankingBacklinksBot/1.0; +https://seranking.com/backlinks-crawler)"
65.109.100.157 - - [25/Jun/2026:15:28:06 +0300] "GET /haberler/merkez-bankasinin-para-kasalari-sokak-hayvanlarina-yuva-oluyor-175459 HTTP/1.1" 301 795 "-" "Mozilla/5.0 (compatible; SERankingBacklinksBot/1.0; +https://seranking.com/backlinks-crawler)"
65.109.100.157 - - [25/Jun/2026:15:28:07 +0300] "GET /404 HTTP/1.1" 302 215 "-" "Mozilla/5.0 (compatible; SERankingBacklinksBot/1.0; +https://seranking.com/backlinks-crawler)"
65.109.100.157 - - [25/Jun/2026:15:28:07 +0300] "GET / HTTP/1.1" 200 17244 "-" "Mozilla/5.0 (compatible; SERankingBacklinksBot/1.0; +https://seranking.com/backlinks-crawler)"
18.209.137.234 - - [25/Jun/2026:15:28:08 +0300] "GET /public/index.php/haber/bilecikte-2-dakika-arayla-ayni-kavsakta-trafik-kazasi-5-yarali-543952 HTTP/1.1" 200 13689 "-" "Mozilla/5.0 AppleWebKit/537.36 (KHTML, like Gecko; compatible; Amazonbot/0.1; +https://developer.amazon.com/support/amazonbot) Chrome/119.0.6045.214 Safari/537.36"
43.173.182.69 - - [25/Jun/2026:15:28:09 +0300] "GET /public/haber/ilber-ortaylidan-suleymaniye-camisi-tepkisi-484172 HTTP/1.1" 200 13798 "-" "Mozilla/5.0 (Windows NT 10.0; Win64; x64) AppleWebKit/537.36 (KHTML, like Gecko) Chrome/109.0.0.0 Safari/537.36"
43.173.174.163 - - [25/Jun/2026:15:28:10 +0300] "GET /haber/kriptomeda-cointelegraph-turkiye-ile-is-birligi-yapti-hedef-cointelegraphin-bolgedeki-varligini-guclendirmek-533982 HTTP/1.1" 200 14478 "-" "Mozilla/5.0 (Windows NT 10.0; Win64; x64) AppleWebKit/537.36 (KHTML, like Gecko) Chrome/105.0.0.0 Safari/537.3"
65.109.100.157 - - [25/Jun/2026:15:28:10 +0300] "GET /haberler/merkez-bankasinin-rezervleri-artti-75667 HTTP/1.1" 301 795 "-" "Mozilla/5.0 (compatible; SERankingBacklinksBot/1.0; +https://seranking.com/backlinks-crawler)"
65.109.100.157 - - [25/Jun/2026:15:28:10 +0300] "GET /haber/merkez-bankasinin-rezervleri-artti-75667 HTTP/1.1" 302 219 "-" "Mozilla/5.0 (compatible; SERankingBacklinksBot/1.0; +https://seranking.com/backlinks-crawler)"
34.239.197.197 - - [25/Jun/2026:15:28:10 +0300] "GET /public/index.php/haber/maden-yasasina-tepkiler-suruyor-akpnin-doga-ile-savasi-hic-bitmedi-498468 HTTP/1.1" 200 14917 "-" "Mozilla/5.0 AppleWebKit/537.36 (KHTML, like Gecko; compatible; Amazonbot/0.1; +https://developer.amazon.com/support/amazonbot) Chrome/119.0.6045.214 Safari/537.36"
65.109.100.157 - - [25/Jun/2026:15:28:11 +0300] "GET /404 HTTP/1.1" 302 215 "-" "Mozilla/5.0 (compatible; SERankingBacklinksBot/1.0; +https://seranking.com/backlinks-crawler)"
65.109.100.157 - - [25/Jun/2026:15:27:58 +0300] "GET /haberler/merkez-bankasindan-iban-sistemine-yeni-duzenleme-2-104731 HTTP/1.1" 301 795 "-" "Mozilla/5.0 (compatible; SERankingBacklinksBot/1.0; +https://seranking.com/backlinks-crawler)"
98.82.39.241 - - [25/Jun/2026:15:28:01 +0300] "GET /public/index.php/haber/kayseri-kocasinan-kirsalinda-yaz-mesaisi-527096 HTTP/1.1" 200 14157 "-" "Mozilla/5.0 AppleWebKit/537.36 (KHTML, like Gecko; compatible; Amazonbot/0.1; +https://developer.amazon.com/support/amazonbot) Chrome/119.0.6045.214 Safari/537.36"
65.109.100.157 - - [25/Jun/2026:15:28:02 +0300] "GET /haber/merkez-bankasinin-karari-dolari-nasil-etkileyecek-128194 HTTP/1.1" 302 219 "-" "Mozilla/5.0 (compatible; SERankingBacklinksBot/1.0; +https://seranking.com/backlinks-crawler)"
65.109.100.157 - - [25/Jun/2026:15:28:03 +0300] "GET /404 HTTP/1.1" 302 215 "-" "Mozilla/5.0 (compatible; SERankingBacklinksBot/1.0; +https://seranking.com/backlinks-crawler)"
34.230.124.21 - - [25/Jun/2026:15:28:03 +0300] "GET /public/index.php/etiketler/sinema-haberleri HTTP/1.1" 200 8626 "-" "Mozilla/5.0 AppleWebKit/537.36 (KHTML, like Gecko; compatible; Amazonbot/0.1; +https://developer.amazon.com/support/amazonbot) Chrome/119.0.6045.214 Safari/537.36"
65.109.100.157 - - [25/Jun/2026:15:28:06 +0300] "GET /haber/merkez-bankasinin-para-kasalari-sokak-hayvanlarina-yuva-oluyor-175459 HTTP/1.1" 302 219 "-" "Mozilla/5.0 (compatible; SERankingBacklinksBot/1.0; +https://seranking.com/backlinks-crawler)"
185.191.171.15 - - [25/Jun/2026:15:28:07 +0300] "GET /haber/berksan-in-son-hali-gorenleri-saskina-cevirdi-muge-ve-gulsen-le-2-sayfa-91-bolum-475670 HTTP/1.1" 200 13410 "-" "Mozilla/5.0 (compatible; SemrushBot/7~bl; +http://www.semrush.com/bot.html)"
43.173.182.136 - - [25/Jun/2026:15:28:09 +0300] "GET /public/index.php/haber/elon-musktan-twitter-anketi-musk-yine-soruyor-504161 HTTP/1.1" 200 13786 "-" "Mozilla/5.0 (Windows NT 10.0; Win64; x64) AppleWebKit/537.36 (KHTML, like Gecko) Chrome/109.0.0.0 Safari/537.36"
62.244.225.226 - - [25/Jun/2026:15:28:08 +0300] "GET /googlenews.xml HTTP/1.1" 200 938069 "https://yeniistiklal.com/googlenews.xml" "Mozilla/5.0 (Windows NT 6.1; WOW64; Trident/7.0; rv:11.0) like Gecko"
43.172.197.183 - - [25/Jun/2026:15:28:10 +0300] "GET /hava-durumu/ajax?sehir_isim=6 HTTP/1.1" 200 77 "https://yeniistiklal.com/public/haber/ilber-ortaylidan-suleymaniye-camisi-tepkisi-484172" "Mozilla/5.0 (Windows NT 10.0; Win64; x64) AppleWebKit/537.36 (KHTML, like Gecko) Chrome/109.0.0.0 Safari/537.36"
65.109.100.157 - - [25/Jun/2026:15:28:10 +0300] "GET /haberler/merkez-bankasinin-rezervleri-artti-75667 HTTP/1.1" 301 795 "-" "Mozilla/5.0 (compatible; SERankingBacklinksBot/1.0; +https://seranking.com/backlinks-crawler)"
65.109.100.157 - - [25/Jun/2026:15:28:10 +0300] "GET /haber/merkez-bankasinin-rezervleri-artti-75667 HTTP/1.1" 302 219 "-" "Mozilla/5.0 (compatible; SERankingBacklinksBot/1.0; +https://seranking.com/backlinks-crawler)"
43.173.178.194 - - [25/Jun/2026:15:28:10 +0300] "GET /hava-durumu/ajax?sehir_isim=6 HTTP/1.1" 200 77 "https://yeniistiklal.com/public/index.php/haber/elon-musktan-twitter-anketi-musk-yine-soruyor-504161" "Mozilla/5.0 (Windows NT 10.0; Win64; x64) AppleWebKit/537.36 (KHTML, like Gecko) Chrome/109.0.0.0 Safari/537.36"
65.109.100.157 - - [25/Jun/2026:15:28:11 +0300] "GET / HTTP/1.1" 200 17242 "-" "Mozilla/5.0 (compatible; SERankingBacklinksBot/1.0; +https://seranking.com/backlinks-crawler)"
65.109.100.157 - - [25/Jun/2026:15:28:14 +0300] "GET /haberler/merkez-bankasinin-siki-ve-temkinli-durusuna-devam-etmesi-bekleniyor-23332 HTTP/1.1" 301 795 "-" "Mozilla/5.0 (compatible; SERankingBacklinksBot/1.0; +https://seranking.com/backlinks-crawler)"
213.180.203.167 - - [25/Jun/2026:15:28:14 +0300] "GET /haber/bursada-t2nin-son-testi-baskan-aktastan-517154 HTTP/1.1" 200 14182 "-" "Mozilla/5.0 (compatible; YandexBot/3.0; +http://yandex.com/bots)"
43.172.198.4 - - [25/Jun/2026:15:28:11 +0300] "GET /hava-durumu/ajax?sehir_isim=6 HTTP/1.1" 200 77 "https://yeniistiklal.com/haber/kriptomeda-cointelegraph-turkiye-ile-is-birligi-yapti-hedef-cointelegraphin-bolgedeki-varligini-guclendirmek-533982" "Mozilla/5.0 (Windows NT 10.0; Win64; x64) AppleWebKit/537.36 (KHTML, like Gecko) Chrome/105.0.0.0 Safari/537.3"
65.109.100.157 - - [25/Jun/2026:15:28:14 +0300] "GET /haber/merkez-bankasinin-siki-ve-temkinli-durusuna-devam-etmesi-bekleniyor-23332 HTTP/1.1" 302 219 "-" "Mozilla/5.0 (compatible; SERankingBacklinksBot/1.0; +https://seranking.com/backlinks-crawler)"
44.217.177.142 - - [25/Jun/2026:15:28:15 +0300] "GET /public/index.php/haber/bakan-soyluya-oktay-ve-nebatiden-yol-arkadasligi-ziyareti-511551 HTTP/1.1" 200 13943 "-" "Mozilla/5.0 AppleWebKit/537.36 (KHTML, like Gecko; compatible; Amazonbot/0.1; +https://developer.amazon.com/support/amazonbot) Chrome/119.0.6045.214 Safari/537.36"
3.250.143.199 - - [25/Jun/2026:15:28:16 +0300] "GET /haber/kriptomeda-cointelegraph-turkiye-ile-is-birligi-yapti-hedef-cointelegraphin-bolgedeki-varligini-guclendirmek-533982 HTTP/1.1" 200 14479 "-" "Mozilla/5.0 (Windows NT 10.0; Win64; x64) AppleWebKit/537.36 (KHTML, like Gecko) Chrome/124.0.0.0 Safari/537.36"
87.250.224.206 - - [25/Jun/2026:15:28:16 +0300] "GET /rss/genel-0 HTTP/1.1" 200 196772 "-" "Mozilla/5.0 (compatible; YandexBot/3.0; +http://yandex.com/bots)"
66.249.66.68 - - [25/Jun/2026:15:28:17 +0300] "GET /public/images/haberler/2022/05/chpden-es-zamanli-kaftancioglu-aciklamasi-5eEtun1e.jpg HTTP/1.1" 302 225 "-" "Googlebot-Image/1.0"
65.109.100.157 - - [25/Jun/2026:15:28:18 +0300] "GET /haber/merkez-pas-gecti-dolar-ne-olacak-137924 HTTP/1.1" 302 219 "-" "Mozilla/5.0 (compatible; SERankingBacklinksBot/1.0; +https://seranking.com/backlinks-crawler)"
65.109.100.157 - - [25/Jun/2026:15:28:18 +0300] "GET /haberler/merkez-pas-gecti-dolar-ne-olacak-137924 HTTP/1.1" 301 795 "-" "Mozilla/5.0 (compatible; SERankingBacklinksBot/1.0; +https://seranking.com/backlinks-crawler)"
5.255.231.182 - - [25/Jun/2026:15:28:18 +0300] "GET /public/rss/genel-0 HTTP/1.1" 200 196873 "-" "Mozilla/5.0 (compatible; YandexBot/3.0; +http://yandex.com/bots)"
85.208.96.208 - - [25/Jun/2026:15:28:20 +0300] "GET /haber/manisa-demircide-icme-suyu-tadilati-541756 HTTP/1.1" 200 13567 "-" "Mozilla/5.0 (compatible; SemrushBot/7~bl; +http://www.semrush.com/bot.html)"
66.249.66.196 - - [25/Jun/2026:15:28:21 +0300] "GET /images/haberler/2022/01/nebatiden-is-kadinlarina-kdvde-sadelesmeye-gidilecek-0-tDp9yapd.jpg HTTP/1.1" 302 219 "-" "Googlebot-Image/1.0"
207.46.13.153 - - [25/Jun/2026:15:28:21 +0300] "GET /images/haberler/2022/02/kagit-uzerinde-hazir-olan-proje-dikkat-cekiyor-FHtLLww6.webp HTTP/1.1" 302 219 "-" "Mozilla/5.0 AppleWebKit/537.36 (KHTML, like Gecko; compatible; bingbot/2.0; +http://www.bing.com/bingbot.htm) Chrome/116.0.1938.76 Safari/537.36"
23.23.180.225 - - [25/Jun/2026:15:28:22 +0300] "GET /public/index.php/haber/new-york-times-muslumanlar-fransayi-sessizce-terk-ediyor-490848 HTTP/1.1" 200 15501 "-" "Mozilla/5.0 AppleWebKit/537.36 (KHTML, like Gecko; compatible; Amazonbot/0.1; +https://developer.amazon.com/support/amazonbot) Chrome/119.0.6045.214 Safari/537.36"
65.109.100.157 - - [25/Jun/2026:15:28:22 +0300] "GET /haber/merkezi-yonetim-brut-borc-stoku-2-trilyon-0268-milyar-lira-64038 HTTP/1.1" 302 219 "-" "Mozilla/5.0 (compatible; SERankingBacklinksBot/1.0; +https://seranking.com/backlinks-crawler)"
65.109.100.157 - - [25/Jun/2026:15:28:22 +0300] "GET /haber/merkezi-yonetim-brut-borc-stoku-2-trilyon-0268-milyar-lira-64038 HTTP/1.1" 302 219 "-" "Mozilla/5.0 (compatible; SERankingBacklinksBot/1.0; +https://seranking.com/backlinks-crawler)"
65.109.100.157 - - [25/Jun/2026:15:28:22 +0300] "GET /404 HTTP/1.1" 302 215 "-" "Mozilla/5.0 (compatible; SERankingBacklinksBot/1.0; +https://seranking.com/backlinks-crawler)"
65.109.100.157 - - [25/Jun/2026:15:28:23 +0300] "GET / HTTP/1.1" 200 17223 "-" "Mozilla/5.0 (compatible; SERankingBacklinksBot/1.0; +https://seranking.com/backlinks-crawler)"
65.109.100.157 - - [25/Jun/2026:15:28:14 +0300] "GET /haberler/merkez-bankasinin-siki-ve-temkinli-durusuna-devam-etmesi-bekleniyor-23332 HTTP/1.1" 301 795 "-" "Mozilla/5.0 (compatible; SERankingBacklinksBot/1.0; +https://seranking.com/backlinks-crawler)"
65.109.100.157 - - [25/Jun/2026:15:28:15 +0300] "GET /404 HTTP/1.1" 302 215 "-" "Mozilla/5.0 (compatible; SERankingBacklinksBot/1.0; +https://seranking.com/backlinks-crawler)"
65.109.100.157 - - [25/Jun/2026:15:28:15 +0300] "GET / HTTP/1.1" 200 17234 "-" "Mozilla/5.0 (compatible; SERankingBacklinksBot/1.0; +https://seranking.com/backlinks-crawler)"
85.208.96.205 - - [25/Jun/2026:15:28:17 +0300] "GET /haber/bursa-yildirima-bir-odul-daha-514251 HTTP/1.1" 200 14770 "-" "Mozilla/5.0 (compatible; SemrushBot/7~bl; +http://www.semrush.com/bot.html)"
65.109.100.157 - - [25/Jun/2026:15:28:18 +0300] "GET /haberler/merkez-pas-gecti-dolar-ne-olacak-137924 HTTP/1.1" 301 795 "-" "Mozilla/5.0 (compatible; SERankingBacklinksBot/1.0; +https://seranking.com/backlinks-crawler)"
65.109.100.157 - - [25/Jun/2026:15:28:18 +0300] "GET /haber/merkez-pas-gecti-dolar-ne-olacak-137924 HTTP/1.1" 302 219 "-" "Mozilla/5.0 (compatible; SERankingBacklinksBot/1.0; +https://seranking.com/backlinks-crawler)"
65.109.100.157 - - [25/Jun/2026:15:28:19 +0300] "GET /404 HTTP/1.1" 302 215 "-" "Mozilla/5.0 (compatible; SERankingBacklinksBot/1.0; +https://seranking.com/backlinks-crawler)"
65.109.100.157 - - [25/Jun/2026:15:28:19 +0300] "GET / HTTP/1.1" 200 17234 "-" "Mozilla/5.0 (compatible; SERankingBacklinksBot/1.0; +https://seranking.com/backlinks-crawler)"
54.162.69.192 - - [25/Jun/2026:15:28:19 +0300] "GET /public/index.php/haber/cumhurbaskani-erdogandan-goruntulu-tesekkur-523580 HTTP/1.1" 200 14380 "-" "Mozilla/5.0 AppleWebKit/537.36 (KHTML, like Gecko; compatible; Amazonbot/0.1; +https://developer.amazon.com/support/amazonbot) Chrome/119.0.6045.214 Safari/537.36"
66.249.66.194 - - [25/Jun/2026:15:28:21 +0300] "GET /images/haberler/2022/01/nebatiden-is-kadinlarina-kdvde-sadelesmeye-gidilecek-jFxzLPtC.jpg HTTP/1.1" 302 219 "-" "Googlebot-Image/1.0"
65.109.100.157 - - [25/Jun/2026:15:28:22 +0300] "GET /haberler/merkezi-yonetim-brut-borc-stoku-2-trilyon-0268-milyar-lira-64038 HTTP/1.1" 301 795 "-" "Mozilla/5.0 (compatible; SERankingBacklinksBot/1.0; +https://seranking.com/backlinks-crawler)"
65.109.100.157 - - [25/Jun/2026:15:28:22 +0300] "GET /haberler/merkezi-yonetim-brut-borc-stoku-2-trilyon-0268-milyar-lira-64038 HTTP/1.1" 301 795 "-" "Mozilla/5.0 (compatible; SERankingBacklinksBot/1.0; +https://seranking.com/backlinks-crawler)"
15.235.96.131 - - [25/Jun/2026:15:28:24 +0300] "GET /public/haber/italyan-italyanca-kursu-551883 HTTP/1.1" 200 14294 "-" "Mozilla/5.0 (compatible; AhrefsBot/7.0; +http://ahrefs.com/robot/)"
40.77.167.158 - - [25/Jun/2026:15:28:24 +0300] "GET /haber/en-ucuz-sigara-22-85-tl-olacak-469648 HTTP/1.1" 200 13325 "-" "Mozilla/5.0 AppleWebKit/537.36 (KHTML, like Gecko; compatible; bingbot/2.0; +http://www.bing.com/bingbot.htm) Chrome/116.0.1938.76 Safari/537.36"
143.14.6.112 - - [25/Jun/2026:15:28:25 +0300] "GET /images/tn/2022/06/baskan-altinok-keciorende-cocuk-olmak-guzel-ZuVDnPs9.jpg HTTP/1.1" 302 219 "-" "Mozilla/5.0 (Windows NT 10.0; Win64; x64) AppleWebKit/537.36 (KHTML, like Gecko) Chrome/122.0.0.0 Safari/537.36"
65.109.100.157 - - [25/Jun/2026:15:28:26 +0300] "GET /haber/merkezi-yonetim-harcama-belgeleri-yonetmeliginde-degisiklik-yapildi-73411 HTTP/1.1" 302 219 "-" "Mozilla/5.0 (compatible; SERankingBacklinksBot/1.0; +https://seranking.com/backlinks-crawler)"
65.109.100.157 - - [25/Jun/2026:15:28:26 +0300] "GET /haber/merkezi-yonetim-harcama-belgeleri-yonetmeliginde-degisiklik-yapildi-73411 HTTP/1.1" 302 219 "-" "Mozilla/5.0 (compatible; SERankingBacklinksBot/1.0; +https://seranking.com/backlinks-crawler)"
54.223.239.108 - - [25/Jun/2026:15:28:28 +0300] "GET /images/haberler/2022/04/madridde-cansu-dere-ruzgari-jHSmWgTO.jpg HTTP/1.1" 302 219 "-" "Mozilla/5.0 (compatible; crawler)"
62.244.225.226 - - [25/Jun/2026:15:28:23 +0300] "GET /sitemap.xml?type=news HTTP/1.1" 200 201 "https://yeniistiklal.com/sitemap.xml?type=news" "Mozilla/5.0 (Windows NT 6.3; WOW64; Trident/7.0; rv:11.0) like Gecko"
202.46.62.26 - - [25/Jun/2026:15:28:24 +0300] "GET /public/index.php/haber/turk-telekom-istanbul-24-saat-boostrace-heyecani-basliyor-538342 HTTP/1.1" 200 14893 "-" "Mozilla/5.0 (Windows NT 10.0; Win64; x64) AppleWebKit/537.36 (KHTML, like Gecko) Chrome/133.0.6943.141 Safari/537.36"
185.191.171.14 - - [25/Jun/2026:15:28:24 +0300] "GET /haber/rektor-budak-eu-ailesi-ile-bayramlasti-526068 HTTP/1.1" 200 13771 "-" "Mozilla/5.0 (compatible; SemrushBot/7~bl; +http://www.semrush.com/bot.html)"
65.109.100.157 - - [25/Jun/2026:15:28:26 +0300] "GET /haberler/merkezi-yonetim-harcama-belgeleri-yonetmeliginde-degisiklik-yapildi-73411 HTTP/1.1" 301 795 "-" "Mozilla/5.0 (compatible; SERankingBacklinksBot/1.0; +https://seranking.com/backlinks-crawler)"
143.14.6.112 - - [25/Jun/2026:15:28:26 +0300] "GET /404 HTTP/1.1" 302 215 "-" "Mozilla/5.0 (Windows NT 10.0; Win64; x64) AppleWebKit/537.36 (KHTML, like Gecko) Chrome/122.0.0.0 Safari/537.36"
65.109.100.157 - - [25/Jun/2026:15:28:26 +0300] "GET /haberler/merkezi-yonetim-harcama-belgeleri-yonetmeliginde-degisiklik-yapildi-73411 HTTP/1.1" 301 795 "-" "Mozilla/5.0 (compatible; SERankingBacklinksBot/1.0; +https://seranking.com/backlinks-crawler)"
143.14.6.112 - - [25/Jun/2026:15:28:26 +0300] "GET / HTTP/1.1" 200 17240 "-" "Mozilla/5.0 (Windows NT 10.0; Win64; x64) AppleWebKit/537.36 (KHTML, like Gecko) Chrome/122.0.0.0 Safari/537.36"
185.191.171.5 - - [25/Jun/2026:15:28:26 +0300] "GET /public/index.php/haber/basarili-reklam-pr-danismani-gokalp-tekmanli-mutlu-yillar-dileriz-552360 HTTP/1.1" 200 13104 "-" "Mozilla/5.0 (compatible; SemrushBot/7~bl; +http://www.semrush.com/bot.html)"
65.109.100.157 - - [25/Jun/2026:15:28:26 +0300] "GET /404 HTTP/1.1" 302 215 "-" "Mozilla/5.0 (compatible; SERankingBacklinksBot/1.0; +https://seranking.com/backlinks-crawler)"
65.109.100.157 - - [25/Jun/2026:15:28:26 +0300] "GET / HTTP/1.1" 200 17225 "-" "Mozilla/5.0 (compatible; SERankingBacklinksBot/1.0; +https://seranking.com/backlinks-crawler)"
62.244.225.226 - - [25/Jun/2026:15:28:26 +0300] "GET /rss/haber-feed.xml HTTP/1.1" 200 196772 "https://yeniistiklal.com/rss/haber-feed.xml" "Mozilla/5.0 (Windows NT 6.1; WOW64; Trident/7.0; rv:11.0) like Gecko"
52.204.37.237 - - [25/Jun/2026:15:28:28 +0300] "GET /public/index.php/haber/8-torun-4-cocuk-sahibi-cift-yeniden-gelinlik-ve-damatlik-giydi-493926 HTTP/1.1" 200 15234 "-" "Mozilla/5.0 AppleWebKit/537.36 (KHTML, like Gecko; compatible; Amazonbot/0.1; +https://developer.amazon.com/support/amazonbot) Chrome/119.0.6045.214 Safari/537.36"
54.223.239.108 - - [25/Jun/2026:15:28:29 +0300] "GET /404 HTTP/1.1" 302 215 "-" "Mozilla/5.0 (compatible; crawler)"
54.223.239.108 - - [25/Jun/2026:15:28:29 +0300] "GET / HTTP/1.1" 200 17238 "-" "Mozilla/5.0 (compatible; crawler)"
52.200.142.199 - - [25/Jun/2026:15:28:30 +0300] "GET /public/index.php/haber/kanadada-kamyoncu-ayaklanmasi-olaganustu-hal-ilan-edildi-485618 HTTP/1.1" 200 14997 "-" "Mozilla/5.0 AppleWebKit/537.36 (KHTML, like Gecko; compatible; Amazonbot/0.1; +https://developer.amazon.com/support/amazonbot) Chrome/119.0.6045.214 Safari/537.36"
65.109.100.157 - - [25/Jun/2026:15:28:30 +0300] "GET /haber/mermer-ocagi-mucadelesinde-oldurulen-cevreci-ciftin-mezarinda-mermer-kullanilmadi-11086 HTTP/1.1" 302 219 "-" "Mozilla/5.0 (compatible; SERankingBacklinksBot/1.0; +https://seranking.com/backlinks-crawler)"
65.109.100.157 - - [25/Jun/2026:15:28:31 +0300] "GET /404 HTTP/1.1" 302 215 "-" "Mozilla/5.0 (compatible; SERankingBacklinksBot/1.0; +https://seranking.com/backlinks-crawler)"
87.250.224.123 - - [25/Jun/2026:15:28:29 +0300] "GET /rss/genel-0 HTTP/1.1" 200 196772 "-" "Mozilla/5.0 (compatible; YandexBot/3.0; +http://yandex.com/bots)"
85.208.96.196 - - [25/Jun/2026:15:28:30 +0300] "GET /haber/holokost-kurbanlarini-anma-gunu-bir-toplu-mezarin-kiyisindaydim-buyuk-amcam-onlardan-biriydi-478943 HTTP/1.1" 200 18034 "-" "Mozilla/5.0 (compatible; SemrushBot/7~bl; +http://www.semrush.com/bot.html)"
65.109.100.157 - - [25/Jun/2026:15:28:30 +0300] "GET /haberler/mermer-ocagi-mucadelesinde-oldurulen-cevreci-ciftin-mezarinda-mermer-kullanilmadi-11086 HTTP/1.1" 301 795 "-" "Mozilla/5.0 (compatible; SERankingBacklinksBot/1.0; +https://seranking.com/backlinks-crawler)"
