47.128.124.110 - - [25/Jun/2026:15:08:11 +0300] "GET /public/index.php/404 HTTP/1.1" 302 232 "https://www.yeniistiklal.com/public/index.php" "Mozilla/5.0 (Linux; Android 5.0) AppleWebKit/537.36 (KHTML, like Gecko) Mobile Safari/537.36 (compatible; Bytespider; spider-feedback@bytedance.com)"
65.109.100.157 - - [25/Jun/2026:15:08:11 +0300] "GET /haberler/mehmet-metiner-canli-yayinda-cildirdi-279852 HTTP/1.1" 301 795 "-" "Mozilla/5.0 (compatible; SERankingBacklinksBot/1.0; +https://seranking.com/backlinks-crawler)"
47.128.124.110 - - [25/Jun/2026:15:08:11 +0300] "GET /public/index.php HTTP/1.1" 200 17492 "https://www.yeniistiklal.com/public/index.php" "Mozilla/5.0 (Linux; Android 5.0) AppleWebKit/537.36 (KHTML, like Gecko) Mobile Safari/537.36 (compatible; Bytespider; spider-feedback@bytedance.com)"
65.109.100.157 - - [25/Jun/2026:15:08:11 +0300] "GET /404 HTTP/1.1" 302 215 "-" "Mozilla/5.0 (compatible; SERankingBacklinksBot/1.0; +https://seranking.com/backlinks-crawler)"
47.128.124.110 - - [25/Jun/2026:15:08:13 +0300] "GET /public/index.php/404 HTTP/1.1" 302 232 "https://www.yeniistiklal.com/public/index.php" "Mozilla/5.0 (Linux; Android 5.0) AppleWebKit/537.36 (KHTML, like Gecko) Mobile Safari/537.36 (compatible; Bytespider; spider-feedback@bytedance.com)"
47.128.124.110 - - [25/Jun/2026:15:08:13 +0300] "GET /public/index.php/images/haberler/2026/05/huawei-watch-fit-5-pro-teknoloji-ve-stil-bulusmasi-1779377071.jpeg HTTP/1.1" 302 238 "https://www.yeniistiklal.com/public/index.php" "Mozilla/5.0 (Linux; Android 5.0) AppleWebKit/537.36 (KHTML, like Gecko) Mobile Safari/537.36 (compatible; Bytespider; spider-feedback@bytedance.com)"
47.128.124.110 - - [25/Jun/2026:15:08:13 +0300] "GET /public/index.php HTTP/1.1" 200 17487 "https://www.yeniistiklal.com/public/index.php" "Mozilla/5.0 (Linux; Android 5.0) AppleWebKit/537.36 (KHTML, like Gecko) Mobile Safari/537.36 (compatible; Bytespider; spider-feedback@bytedance.com)"
47.128.124.110 - - [25/Jun/2026:15:08:13 +0300] "GET /public/index.php/404 HTTP/1.1" 302 232 "https://www.yeniistiklal.com/public/index.php" "Mozilla/5.0 (Linux; Android 5.0) AppleWebKit/537.36 (KHTML, like Gecko) Mobile Safari/537.36 (compatible; Bytespider; spider-feedback@bytedance.com)"
47.128.124.110 - - [25/Jun/2026:15:08:12 +0300] "GET /public/index.php HTTP/1.1" 200 17475 "https://www.yeniistiklal.com/public/index.php" "Mozilla/5.0 (Linux; Android 5.0) AppleWebKit/537.36 (KHTML, like Gecko) Mobile Safari/537.36 (compatible; Bytespider; spider-feedback@bytedance.com)"
47.128.124.110 - - [25/Jun/2026:15:08:12 +0300] "GET /public/index.php/404 HTTP/1.1" 302 232 "https://www.yeniistiklal.com/public/index.php" "Mozilla/5.0 (Linux; Android 5.0) AppleWebKit/537.36 (KHTML, like Gecko) Mobile Safari/537.36 (compatible; Bytespider; spider-feedback@bytedance.com)"
47.128.124.110 - - [25/Jun/2026:15:08:13 +0300] "GET /public/index.php HTTP/1.1" 200 17471 "https://www.yeniistiklal.com/public/index.php" "Mozilla/5.0 (Linux; Android 5.0) AppleWebKit/537.36 (KHTML, like Gecko) Mobile Safari/537.36 (compatible; Bytespider; spider-feedback@bytedance.com)"
47.128.124.110 - - [25/Jun/2026:15:08:13 +0300] "GET /public/index.php HTTP/1.1" 200 17482 "https://www.yeniistiklal.com/public/index.php" "Mozilla/5.0 (Linux; Android 5.0) AppleWebKit/537.36 (KHTML, like Gecko) Mobile Safari/537.36 (compatible; Bytespider; spider-feedback@bytedance.com)"
47.128.124.110 - - [25/Jun/2026:15:08:13 +0300] "GET /public/index.php/404 HTTP/1.1" 302 232 "https://www.yeniistiklal.com/public/index.php" "Mozilla/5.0 (Linux; Android 5.0) AppleWebKit/537.36 (KHTML, like Gecko) Mobile Safari/537.36 (compatible; Bytespider; spider-feedback@bytedance.com)"
47.128.124.110 - - [25/Jun/2026:15:08:14 +0300] "GET /public/index.php HTTP/1.1" 200 17474 "https://www.yeniistiklal.com/public/index.php" "Mozilla/5.0 (Linux; Android 5.0) AppleWebKit/537.36 (KHTML, like Gecko) Mobile Safari/537.36 (compatible; Bytespider; spider-feedback@bytedance.com)"
47.128.124.110 - - [25/Jun/2026:15:08:14 +0300] "GET /public/index.php/404 HTTP/1.1" 302 232 "https://www.yeniistiklal.com/public/index.php" "Mozilla/5.0 (Linux; Android 5.0) AppleWebKit/537.36 (KHTML, like Gecko) Mobile Safari/537.36 (compatible; Bytespider; spider-feedback@bytedance.com)"
65.109.100.157 - - [25/Jun/2026:15:08:15 +0300] "GET /haber/mehmet-metiner-vs-salim-sen-_-mehmet-metiner-tarihi-itiraf-205955 HTTP/1.1" 302 219 "-" "Mozilla/5.0 (compatible; SERankingBacklinksBot/1.0; +https://seranking.com/backlinks-crawler)"
47.128.124.110 - - [25/Jun/2026:15:08:15 +0300] "GET /public/index.php/404 HTTP/1.1" 302 232 "https://www.yeniistiklal.com/public/index.php" "Mozilla/5.0 (Linux; Android 5.0) AppleWebKit/537.36 (KHTML, like Gecko) Mobile Safari/537.36 (compatible; Bytespider; spider-feedback@bytedance.com)"
65.109.100.157 - - [25/Jun/2026:15:08:15 +0300] "GET /404 HTTP/1.1" 302 215 "-" "Mozilla/5.0 (compatible; SERankingBacklinksBot/1.0; +https://seranking.com/backlinks-crawler)"
47.128.124.110 - - [25/Jun/2026:15:08:15 +0300] "GET /public/index.php HTTP/1.1" 200 17487 "https://www.yeniistiklal.com/public/index.php" "Mozilla/5.0 (Linux; Android 5.0) AppleWebKit/537.36 (KHTML, like Gecko) Mobile Safari/537.36 (compatible; Bytespider; spider-feedback@bytedance.com)"
47.128.124.110 - - [25/Jun/2026:15:08:15 +0300] "GET /public/index.php/404 HTTP/1.1" 302 232 "https://www.yeniistiklal.com/public/index.php" "Mozilla/5.0 (Linux; Android 5.0) AppleWebKit/537.36 (KHTML, like Gecko) Mobile Safari/537.36 (compatible; Bytespider; spider-feedback@bytedance.com)"
47.128.124.110 - - [25/Jun/2026:15:08:15 +0300] "GET /public/index.php/images/haberler/2026/05/enerjisa-enerji-2026-yilinin-ilk-ceyreginde-yatirim-kararliligini-surdurdu-1777974451.jpg HTTP/1.1" 302 238 "https://www.yeniistiklal.com/public/index.php" "Mozilla/5.0 (Linux; Android 5.0) AppleWebKit/537.36 (KHTML, like Gecko) Mobile Safari/537.36 (compatible; Bytespider; spider-feedback@bytedance.com)"
47.128.124.110 - - [25/Jun/2026:15:08:16 +0300] "GET /public/index.php HTTP/1.1" 200 17482 "https://www.yeniistiklal.com/public/index.php" "Mozilla/5.0 (Linux; Android 5.0) AppleWebKit/537.36 (KHTML, like Gecko) Mobile Safari/537.36 (compatible; Bytespider; spider-feedback@bytedance.com)"
47.128.124.110 - - [25/Jun/2026:15:08:14 +0300] "GET /public/index.php/404 HTTP/1.1" 302 232 "https://www.yeniistiklal.com/public/index.php" "Mozilla/5.0 (Linux; Android 5.0) AppleWebKit/537.36 (KHTML, like Gecko) Mobile Safari/537.36 (compatible; Bytespider; spider-feedback@bytedance.com)"
47.128.124.110 - - [25/Jun/2026:15:08:14 +0300] "GET /public/index.php HTTP/1.1" 200 17467 "https://www.yeniistiklal.com/public/index.php" "Mozilla/5.0 (Linux; Android 5.0) AppleWebKit/537.36 (KHTML, like Gecko) Mobile Safari/537.36 (compatible; Bytespider; spider-feedback@bytedance.com)"
65.109.100.157 - - [25/Jun/2026:15:08:15 +0300] "GET /haberler/mehmet-metiner-vs-salim-sen-_-mehmet-metiner-tarihi-itiraf-205955 HTTP/1.1" 301 795 "-" "Mozilla/5.0 (compatible; SERankingBacklinksBot/1.0; +https://seranking.com/backlinks-crawler)"
47.128.124.110 - - [25/Jun/2026:15:08:15 +0300] "GET /public/index.php HTTP/1.1" 200 17483 "https://www.yeniistiklal.com/public/index.php" "Mozilla/5.0 (Linux; Android 5.0) AppleWebKit/537.36 (KHTML, like Gecko) Mobile Safari/537.36 (compatible; Bytespider; spider-feedback@bytedance.com)"
47.128.124.110 - - [25/Jun/2026:15:08:15 +0300] "GET /public/index.php/404 HTTP/1.1" 302 232 "https://www.yeniistiklal.com/public/index.php" "Mozilla/5.0 (Linux; Android 5.0) AppleWebKit/537.36 (KHTML, like Gecko) Mobile Safari/537.36 (compatible; Bytespider; spider-feedback@bytedance.com)"
65.109.100.157 - - [25/Jun/2026:15:08:15 +0300] "GET /haber/mehmet-metiner-vs-salim-sen-_-mehmet-metiner-tarihi-itiraf-205955 HTTP/1.1" 302 219 "-" "Mozilla/5.0 (compatible; SERankingBacklinksBot/1.0; +https://seranking.com/backlinks-crawler)"
65.109.100.157 - - [25/Jun/2026:15:08:15 +0300] "GET /haberler/mehmet-metiner-vs-salim-sen-_-mehmet-metiner-tarihi-itiraf-205955 HTTP/1.1" 301 795 "-" "Mozilla/5.0 (compatible; SERankingBacklinksBot/1.0; +https://seranking.com/backlinks-crawler)"
47.128.124.110 - - [25/Jun/2026:15:08:15 +0300] "GET /public/index.php HTTP/1.1" 200 17481 "https://www.yeniistiklal.com/public/index.php" "Mozilla/5.0 (Linux; Android 5.0) AppleWebKit/537.36 (KHTML, like Gecko) Mobile Safari/537.36 (compatible; Bytespider; spider-feedback@bytedance.com)"
65.109.100.157 - - [25/Jun/2026:15:08:15 +0300] "GET / HTTP/1.1" 200 17242 "-" "Mozilla/5.0 (compatible; SERankingBacklinksBot/1.0; +https://seranking.com/backlinks-crawler)"
47.128.124.110 - - [25/Jun/2026:15:08:16 +0300] "GET /public/index.php/images/haberler/2026/05/mendereste-engelsiz-festival-1777974447.jpg HTTP/1.1" 302 238 "https://www.yeniistiklal.com/public/index.php" "Mozilla/5.0 (Linux; Android 5.0) AppleWebKit/537.36 (KHTML, like Gecko) Mobile Safari/537.36 (compatible; Bytespider; spider-feedback@bytedance.com)"
47.128.124.110 - - [25/Jun/2026:15:08:16 +0300] "GET /public/index.php/404 HTTP/1.1" 302 232 "https://www.yeniistiklal.com/public/index.php" "Mozilla/5.0 (Linux; Android 5.0) AppleWebKit/537.36 (KHTML, like Gecko) Mobile Safari/537.36 (compatible; Bytespider; spider-feedback@bytedance.com)"
47.128.124.110 - - [25/Jun/2026:15:08:16 +0300] "GET /public/index.php/404 HTTP/1.1" 302 232 "https://www.yeniistiklal.com/public/index.php" "Mozilla/5.0 (Linux; Android 5.0) AppleWebKit/537.36 (KHTML, like Gecko) Mobile Safari/537.36 (compatible; Bytespider; spider-feedback@bytedance.com)"
47.128.124.110 - - [25/Jun/2026:15:08:17 +0300] "GET /public/index.php/404 HTTP/1.1" 302 232 "https://www.yeniistiklal.com/public/index.php" "Mozilla/5.0 (Linux; Android 5.0) AppleWebKit/537.36 (KHTML, like Gecko) Mobile Safari/537.36 (compatible; Bytespider; spider-feedback@bytedance.com)"
216.73.217.71 - - [25/Jun/2026:15:08:17 +0300] "GET /haber/golden-bratkartoffel-patties-rezept-wie-man-kartoffelpureekuchen-von-grund-auf-neu-macht-483917 HTTP/1.1" 200 13570 "-" "Mozilla/5.0 AppleWebKit/537.36 (KHTML, like Gecko; compatible; ClaudeBot/1.0; +claudebot@anthropic.com)"
47.128.124.110 - - [25/Jun/2026:15:08:16 +0300] "GET /public/index.php/404 HTTP/1.1" 302 232 "https://www.yeniistiklal.com/public/index.php" "Mozilla/5.0 (Linux; Android 5.0) AppleWebKit/537.36 (KHTML, like Gecko) Mobile Safari/537.36 (compatible; Bytespider; spider-feedback@bytedance.com)"
47.128.124.110 - - [25/Jun/2026:15:08:16 +0300] "GET /public/index.php HTTP/1.1" 200 17485 "https://www.yeniistiklal.com/public/index.php" "Mozilla/5.0 (Linux; Android 5.0) AppleWebKit/537.36 (KHTML, like Gecko) Mobile Safari/537.36 (compatible; Bytespider; spider-feedback@bytedance.com)"
47.128.124.110 - - [25/Jun/2026:15:08:16 +0300] "GET /public/index.php/images/haberler/2026/05/kirmizi-et-uretim-istatistikleri-2025-1777974443.jpg HTTP/1.1" 302 238 "https://www.yeniistiklal.com/public/index.php" "Mozilla/5.0 (Linux; Android 5.0) AppleWebKit/537.36 (KHTML, like Gecko) Mobile Safari/537.36 (compatible; Bytespider; spider-feedback@bytedance.com)"
47.128.124.110 - - [25/Jun/2026:15:08:16 +0300] "GET /public/index.php HTTP/1.1" 200 17470 "https://www.yeniistiklal.com/public/index.php" "Mozilla/5.0 (Linux; Android 5.0) AppleWebKit/537.36 (KHTML, like Gecko) Mobile Safari/537.36 (compatible; Bytespider; spider-feedback@bytedance.com)"
47.128.124.110 - - [25/Jun/2026:15:08:17 +0300] "GET /public/index.php HTTP/1.1" 200 17481 "https://www.yeniistiklal.com/public/index.php" "Mozilla/5.0 (Linux; Android 5.0) AppleWebKit/537.36 (KHTML, like Gecko) Mobile Safari/537.36 (compatible; Bytespider; spider-feedback@bytedance.com)"
47.128.124.110 - - [25/Jun/2026:15:08:17 +0300] "GET /public/index.php HTTP/1.1" 200 17488 "https://www.yeniistiklal.com/public/index.php" "Mozilla/5.0 (Linux; Android 5.0) AppleWebKit/537.36 (KHTML, like Gecko) Mobile Safari/537.36 (compatible; Bytespider; spider-feedback@bytedance.com)"
47.128.124.110 - - [25/Jun/2026:15:08:17 +0300] "GET /public/index.php/images/haberler/2026/06/dalaman-arac-kiralama-1781882897.jpeg HTTP/1.1" 302 238 "https://www.yeniistiklal.com/public/index.php" "Mozilla/5.0 (Linux; Android 5.0) AppleWebKit/537.36 (KHTML, like Gecko) Mobile Safari/537.36 (compatible; Bytespider; spider-feedback@bytedance.com)"
47.128.124.110 - - [25/Jun/2026:15:08:18 +0300] "GET /public/index.php/images/haberler/2026/05/huawei-watch-fit-5-pro-teknoloji-ve-stil-bulusmasi-1779377071.jpeg HTTP/1.1" 302 238 "https://www.yeniistiklal.com/public/index.php" "Mozilla/5.0 (Linux; Android 5.0) AppleWebKit/537.36 (KHTML, like Gecko) Mobile Safari/537.36 (compatible; Bytespider; spider-feedback@bytedance.com)"
47.128.124.110 - - [25/Jun/2026:15:08:18 +0300] "GET /public/index.php HTTP/1.1" 200 17485 "https://www.yeniistiklal.com/public/index.php" "Mozilla/5.0 (Linux; Android 5.0) AppleWebKit/537.36 (KHTML, like Gecko) Mobile Safari/537.36 (compatible; Bytespider; spider-feedback@bytedance.com)"
47.128.124.110 - - [25/Jun/2026:15:08:18 +0300] "GET /public/index.php/404 HTTP/1.1" 302 232 "https://www.yeniistiklal.com/public/index.php" "Mozilla/5.0 (Linux; Android 5.0) AppleWebKit/537.36 (KHTML, like Gecko) Mobile Safari/537.36 (compatible; Bytespider; spider-feedback@bytedance.com)"
47.128.124.110 - - [25/Jun/2026:15:08:18 +0300] "GET /public/index.php/images/haberler/2026/05/enerjisa-enerji-2026-yilinin-ilk-ceyreginde-yatirim-kararliligini-surdurdu-1777974451.jpg HTTP/1.1" 302 238 "https://www.yeniistiklal.com/public/index.php" "Mozilla/5.0 (Linux; Android 5.0) AppleWebKit/537.36 (KHTML, like Gecko) Mobile Safari/537.36 (compatible; Bytespider; spider-feedback@bytedance.com)"
47.128.124.110 - - [25/Jun/2026:15:08:18 +0300] "GET /public/index.php/images/haberler/2026/05/mendereste-engelsiz-festival-1777974447.jpg HTTP/1.1" 302 238 "https://www.yeniistiklal.com/public/index.php" "Mozilla/5.0 (Linux; Android 5.0) AppleWebKit/537.36 (KHTML, like Gecko) Mobile Safari/537.36 (compatible; Bytespider; spider-feedback@bytedance.com)"
47.128.124.110 - - [25/Jun/2026:15:08:17 +0300] "GET /public/index.php HTTP/1.1" 200 17478 "https://www.yeniistiklal.com/public/index.php" "Mozilla/5.0 (Linux; Android 5.0) AppleWebKit/537.36 (KHTML, like Gecko) Mobile Safari/537.36 (compatible; Bytespider; spider-feedback@bytedance.com)"
47.128.124.110 - - [25/Jun/2026:15:08:18 +0300] "GET /public/index.php/404 HTTP/1.1" 302 232 "https://www.yeniistiklal.com/public/index.php" "Mozilla/5.0 (Linux; Android 5.0) AppleWebKit/537.36 (KHTML, like Gecko) Mobile Safari/537.36 (compatible; Bytespider; spider-feedback@bytedance.com)"
47.128.124.110 - - [25/Jun/2026:15:08:18 +0300] "GET /public/index.php/images/haberler/2026/05/orka-banyo-yesil-donusumunu-tamamliyor-2030-yol-haritasi-hazir-1777974434.jpg HTTP/1.1" 302 238 "https://www.yeniistiklal.com/public/index.php" "Mozilla/5.0 (Linux; Android 5.0) AppleWebKit/537.36 (KHTML, like Gecko) Mobile Safari/537.36 (compatible; Bytespider; spider-feedback@bytedance.com)"
47.128.124.110 - - [25/Jun/2026:15:08:18 +0300] "GET /public/index.php HTTP/1.1" 200 17476 "https://www.yeniistiklal.com/public/index.php" "Mozilla/5.0 (Linux; Android 5.0) AppleWebKit/537.36 (KHTML, like Gecko) Mobile Safari/537.36 (compatible; Bytespider; spider-feedback@bytedance.com)"
47.128.124.110 - - [25/Jun/2026:15:08:18 +0300] "GET /public/index.php/404 HTTP/1.1" 302 232 "https://www.yeniistiklal.com/public/index.php" "Mozilla/5.0 (Linux; Android 5.0) AppleWebKit/537.36 (KHTML, like Gecko) Mobile Safari/537.36 (compatible; Bytespider; spider-feedback@bytedance.com)"
65.109.100.157 - - [25/Jun/2026:15:08:19 +0300] "GET /haberler/mehmet-metiner-vs-salim-sen-mehmet-metiner-tarihi-itiraf-146870 HTTP/1.1" 301 795 "-" "Mozilla/5.0 (compatible; SERankingBacklinksBot/1.0; +https://seranking.com/backlinks-crawler)"
47.128.124.110 - - [25/Jun/2026:15:08:19 +0300] "GET /public/index.php/404 HTTP/1.1" 302 232 "https://www.yeniistiklal.com/public/index.php" "Mozilla/5.0 (Linux; Android 5.0) AppleWebKit/537.36 (KHTML, like Gecko) Mobile Safari/537.36 (compatible; Bytespider; spider-feedback@bytedance.com)"
65.109.100.157 - - [25/Jun/2026:15:08:19 +0300] "GET /haber/mehmet-metiner-vs-salim-sen-mehmet-metiner-tarihi-itiraf-146870 HTTP/1.1" 302 219 "-" "Mozilla/5.0 (compatible; SERankingBacklinksBot/1.0; +https://seranking.com/backlinks-crawler)"
47.128.124.110 - - [25/Jun/2026:15:08:19 +0300] "GET /public/index.php/images/haberler/2026/05/kirmizi-et-uretim-istatistikleri-2025-1777974443.jpg HTTP/1.1" 302 238 "https://www.yeniistiklal.com/public/index.php" "Mozilla/5.0 (Linux; Android 5.0) AppleWebKit/537.36 (KHTML, like Gecko) Mobile Safari/537.36 (compatible; Bytespider; spider-feedback@bytedance.com)"
47.128.124.110 - - [25/Jun/2026:15:08:19 +0300] "GET /public/index.php HTTP/1.1" 200 17480 "https://www.yeniistiklal.com/public/index.php" "Mozilla/5.0 (Linux; Android 5.0) AppleWebKit/537.36 (KHTML, like Gecko) Mobile Safari/537.36 (compatible; Bytespider; spider-feedback@bytedance.com)"
65.109.100.157 - - [25/Jun/2026:15:08:19 +0300] "GET /404 HTTP/1.1" 302 215 "-" "Mozilla/5.0 (compatible; SERankingBacklinksBot/1.0; +https://seranking.com/backlinks-crawler)"
47.128.124.110 - - [25/Jun/2026:15:08:19 +0300] "GET /public/index.php/images/haberler/2026/06/dalaman-arac-kiralama-1781882897.jpeg HTTP/1.1" 302 238 "https://www.yeniistiklal.com/public/index.php" "Mozilla/5.0 (Linux; Android 5.0) AppleWebKit/537.36 (KHTML, like Gecko) Mobile Safari/537.36 (compatible; Bytespider; spider-feedback@bytedance.com)"
213.180.203.4 - - [25/Jun/2026:15:08:19 +0300] "GET /rss/genel-0 HTTP/1.1" 200 196772 "-" "Mozilla/5.0 (compatible; YandexBot/3.0; +http://yandex.com/bots)"
47.128.124.110 - - [25/Jun/2026:15:08:20 +0300] "GET /public/index.php HTTP/1.1" 200 17480 "https://www.yeniistiklal.com/public/index.php" "Mozilla/5.0 (Linux; Android 5.0) AppleWebKit/537.36 (KHTML, like Gecko) Mobile Safari/537.36 (compatible; Bytespider; spider-feedback@bytedance.com)"
47.128.124.110 - - [25/Jun/2026:15:08:19 +0300] "GET /public/index.php HTTP/1.1" 200 17480 "https://www.yeniistiklal.com/public/index.php" "Mozilla/5.0 (Linux; Android 5.0) AppleWebKit/537.36 (KHTML, like Gecko) Mobile Safari/537.36 (compatible; Bytespider; spider-feedback@bytedance.com)"
87.250.224.34 - - [25/Jun/2026:15:08:18 +0300] "GET /public/rss/tanitim-21 HTTP/1.1" 200 95277 "-" "Mozilla/5.0 (compatible; YandexBot/3.0; +http://yandex.com/bots)"
65.109.100.157 - - [25/Jun/2026:15:08:19 +0300] "GET /haberler/mehmet-metiner-vs-salim-sen-mehmet-metiner-tarihi-itiraf-146870 HTTP/1.1" 301 795 "-" "Mozilla/5.0 (compatible; SERankingBacklinksBot/1.0; +https://seranking.com/backlinks-crawler)"
43.172.198.244 - - [25/Jun/2026:15:08:19 +0300] "GET /public/haber/busra-pekin-ayberk-perkcanin-olumu-ile-sarsildi-gozyaslarimi-tutamiyorum-477918 HTTP/1.1" 200 14006 "-" "Mozilla/5.0 (Windows NT 10.0; Win64; x64) AppleWebKit/537.36 (KHTML, like Gecko) Chrome/124.0.0.0 Safari/537.36"
47.128.124.110 - - [25/Jun/2026:15:08:19 +0300] "GET /public/index.php/404 HTTP/1.1" 302 232 "https://www.yeniistiklal.com/public/index.php" "Mozilla/5.0 (Linux; Android 5.0) AppleWebKit/537.36 (KHTML, like Gecko) Mobile Safari/537.36 (compatible; Bytespider; spider-feedback@bytedance.com)"
65.109.100.157 - - [25/Jun/2026:15:08:19 +0300] "GET / HTTP/1.1" 200 17230 "-" "Mozilla/5.0 (compatible; SERankingBacklinksBot/1.0; +https://seranking.com/backlinks-crawler)"
47.128.124.110 - - [25/Jun/2026:15:08:19 +0300] "GET /public/index.php HTTP/1.1" 200 17474 "https://www.yeniistiklal.com/public/index.php" "Mozilla/5.0 (Linux; Android 5.0) AppleWebKit/537.36 (KHTML, like Gecko) Mobile Safari/537.36 (compatible; Bytespider; spider-feedback@bytedance.com)"
47.128.124.110 - - [25/Jun/2026:15:08:19 +0300] "GET /public/index.php/404 HTTP/1.1" 302 232 "https://www.yeniistiklal.com/public/index.php" "Mozilla/5.0 (Linux; Android 5.0) AppleWebKit/537.36 (KHTML, like Gecko) Mobile Safari/537.36 (compatible; Bytespider; spider-feedback@bytedance.com)"
47.128.124.110 - - [25/Jun/2026:15:08:20 +0300] "GET /public/index.php HTTP/1.1" 200 17480 "https://www.yeniistiklal.com/public/index.php" "Mozilla/5.0 (Linux; Android 5.0) AppleWebKit/537.36 (KHTML, like Gecko) Mobile Safari/537.36 (compatible; Bytespider; spider-feedback@bytedance.com)"
47.128.124.110 - - [25/Jun/2026:15:08:20 +0300] "GET /public/index.php/images/haberler/2026/05/orka-banyo-yesil-donusumunu-tamamliyor-2030-yol-haritasi-hazir-1777974434.jpg HTTP/1.1" 302 238 "https://www.yeniistiklal.com/public/index.php" "Mozilla/5.0 (Linux; Android 5.0) AppleWebKit/537.36 (KHTML, like Gecko) Mobile Safari/537.36 (compatible; Bytespider; spider-feedback@bytedance.com)"
47.128.124.110 - - [25/Jun/2026:15:08:21 +0300] "GET /public/index.php/404 HTTP/1.1" 302 232 "https://www.yeniistiklal.com/public/index.php" "Mozilla/5.0 (Linux; Android 5.0) AppleWebKit/537.36 (KHTML, like Gecko) Mobile Safari/537.36 (compatible; Bytespider; spider-feedback@bytedance.com)"
47.128.124.110 - - [25/Jun/2026:15:08:21 +0300] "GET /public/index.php HTTP/1.1" 200 17477 "https://www.yeniistiklal.com/public/index.php" "Mozilla/5.0 (Linux; Android 5.0) AppleWebKit/537.36 (KHTML, like Gecko) Mobile Safari/537.36 (compatible; Bytespider; spider-feedback@bytedance.com)"
47.128.124.110 - - [25/Jun/2026:15:08:21 +0300] "GET /public/index.php HTTP/1.1" 200 17472 "https://www.yeniistiklal.com/public/index.php" "Mozilla/5.0 (Linux; Android 5.0) AppleWebKit/537.36 (KHTML, like Gecko) Mobile Safari/537.36 (compatible; Bytespider; spider-feedback@bytedance.com)"
65.109.100.157 - - [25/Jun/2026:15:08:22 +0300] "GET /haberler/mehmet-ocaktan-bugunku-tecrubeler-empati-kulturunu-gelistirmeli-330747 HTTP/1.1" 301 795 "-" "Mozilla/5.0 (compatible; SERankingBacklinksBot/1.0; +https://seranking.com/backlinks-crawler)"
65.109.100.157 - - [25/Jun/2026:15:08:23 +0300] "GET /haber/mehmet-ocaktan-bugunku-tecrubeler-empati-kulturunu-gelistirmeli-330747 HTTP/1.1" 302 219 "-" "Mozilla/5.0 (compatible; SERankingBacklinksBot/1.0; +https://seranking.com/backlinks-crawler)"
47.128.124.110 - - [25/Jun/2026:15:08:20 +0300] "GET /public/index.php/404 HTTP/1.1" 302 232 "https://www.yeniistiklal.com/public/index.php" "Mozilla/5.0 (Linux; Android 5.0) AppleWebKit/537.36 (KHTML, like Gecko) Mobile Safari/537.36 (compatible; Bytespider; spider-feedback@bytedance.com)"
43.173.180.153 - - [25/Jun/2026:15:08:20 +0300] "GET /hava-durumu/ajax?sehir_isim=6 HTTP/1.1" 200 77 "https://yeniistiklal.com/public/haber/busra-pekin-ayberk-perkcanin-olumu-ile-sarsildi-gozyaslarimi-tutamiyorum-477918" "Mozilla/5.0 (Windows NT 10.0; Win64; x64) AppleWebKit/537.36 (KHTML, like Gecko) Chrome/124.0.0.0 Safari/537.36"
62.244.225.226 - - [25/Jun/2026:15:08:20 +0300] "GET /rss/haber-feed.xml HTTP/1.1" 200 196772 "https://yeniistiklal.com/rss/haber-feed.xml" "Mozilla/5.0 (X11; Linux x86_64) AppleWebKit/537.36 (KHTML, like Gecko) Ubuntu Chromium/37.0.2062.94 Chrome/37.0.2062.94 Safari/537.36"
47.128.124.110 - - [25/Jun/2026:15:08:20 +0300] "GET /public/index.php HTTP/1.1" 200 17472 "https://www.yeniistiklal.com/public/index.php" "Mozilla/5.0 (Linux; Android 5.0) AppleWebKit/537.36 (KHTML, like Gecko) Mobile Safari/537.36 (compatible; Bytespider; spider-feedback@bytedance.com)"
65.109.100.157 - - [25/Jun/2026:15:08:23 +0300] "GET /haberler/mehmet-ocaktan-bugunku-tecrubeler-empati-kulturunu-gelistirmeli-330747 HTTP/1.1" 301 795 "-" "Mozilla/5.0 (compatible; SERankingBacklinksBot/1.0; +https://seranking.com/backlinks-crawler)"
47.128.124.110 - - [25/Jun/2026:15:08:23 +0300] "GET /public/index.php/images/haberler/2026/05/enparadan-kaskoda-ezber-bozan-teklif-15-nakit-iade-1777974431.jpg HTTP/1.1" 302 238 "https://www.yeniistiklal.com/public/index.php" "Mozilla/5.0 (Linux; Android 5.0) AppleWebKit/537.36 (KHTML, like Gecko) Mobile Safari/537.36 (compatible; Bytespider; spider-feedback@bytedance.com)"
47.128.124.110 - - [25/Jun/2026:15:08:23 +0300] "GET /public/index.php/404 HTTP/1.1" 302 232 "https://www.yeniistiklal.com/public/index.php" "Mozilla/5.0 (Linux; Android 5.0) AppleWebKit/537.36 (KHTML, like Gecko) Mobile Safari/537.36 (compatible; Bytespider; spider-feedback@bytedance.com)"
47.128.124.110 - - [25/Jun/2026:15:08:24 +0300] "GET /public/index.php HTTP/1.1" 200 17473 "https://www.yeniistiklal.com/public/index.php" "Mozilla/5.0 (Linux; Android 5.0) AppleWebKit/537.36 (KHTML, like Gecko) Mobile Safari/537.36 (compatible; Bytespider; spider-feedback@bytedance.com)"
47.128.124.110 - - [25/Jun/2026:15:08:25 +0300] "GET /public/index.php HTTP/1.1" 200 17488 "https://www.yeniistiklal.com/public/index.php" "Mozilla/5.0 (Linux; Android 5.0) AppleWebKit/537.36 (KHTML, like Gecko) Mobile Safari/537.36 (compatible; Bytespider; spider-feedback@bytedance.com)"
65.109.100.157 - - [25/Jun/2026:15:08:26 +0300] "GET /haberler/mehmet-ocaktan-meger-ummet-talibani-bekliyormus-23-agustos-2021-sesli-kose-yazisi-dinle-186831 HTTP/1.1" 301 795 "-" "Mozilla/5.0 (compatible; SERankingBacklinksBot/1.0; +https://seranking.com/backlinks-crawler)"
65.109.100.157 - - [25/Jun/2026:15:08:27 +0300] "GET /haber/mehmet-ocaktan-meger-ummet-talibani-bekliyormus-23-agustos-2021-sesli-kose-yazisi-dinle-186831 HTTP/1.1" 302 219 "-" "Mozilla/5.0 (compatible; SERankingBacklinksBot/1.0; +https://seranking.com/backlinks-crawler)"
65.109.100.157 - - [25/Jun/2026:15:08:27 +0300] "GET /404 HTTP/1.1" 302 215 "-" "Mozilla/5.0 (compatible; SERankingBacklinksBot/1.0; +https://seranking.com/backlinks-crawler)"
65.109.100.157 - - [25/Jun/2026:15:08:27 +0300] "GET / HTTP/1.1" 200 17240 "-" "Mozilla/5.0 (compatible; SERankingBacklinksBot/1.0; +https://seranking.com/backlinks-crawler)"
23.95.255.102 - - [25/Jun/2026:15:08:28 +0300] "GET /haber/ankarada-buz-lazer-epilasyon-kimler-icin-uygundur-552396 HTTP/1.1" 200 18589 "-" "Mozilla/5.0 (compatible; Googlebot/2.1; +http://www.google.com/bot.html)"
52.8.24.185 - - [25/Jun/2026:15:08:30 +0300] "GET /teknoloji/rss HTTP/1.1" 302 224 "-" "Mozilla/5.0 RSS reader"
52.8.24.185 - - [25/Jun/2026:15:08:30 +0300] "GET /rss/teknoloji.xml HTTP/1.1" 302 205 "-" "Mozilla/5.0 RSS reader"
65.109.100.157 - - [25/Jun/2026:15:08:23 +0300] "GET /haber/mehmet-ocaktan-bugunku-tecrubeler-empati-kulturunu-gelistirmeli-330747 HTTP/1.1" 302 219 "-" "Mozilla/5.0 (compatible; SERankingBacklinksBot/1.0; +https://seranking.com/backlinks-crawler)"
65.109.100.157 - - [25/Jun/2026:15:08:23 +0300] "GET /404 HTTP/1.1" 302 215 "-" "Mozilla/5.0 (compatible; SERankingBacklinksBot/1.0; +https://seranking.com/backlinks-crawler)"
65.109.100.157 - - [25/Jun/2026:15:08:23 +0300] "GET / HTTP/1.1" 200 17235 "-" "Mozilla/5.0 (compatible; SERankingBacklinksBot/1.0; +https://seranking.com/backlinks-crawler)"
47.128.124.110 - - [25/Jun/2026:15:08:24 +0300] "GET /public/index.php/images/haberler/2026/05/enparadan-kaskoda-ezber-bozan-teklif-15-nakit-iade-1777974431.jpg HTTP/1.1" 302 238 "https://www.yeniistiklal.com/public/index.php" "Mozilla/5.0 (Linux; Android 5.0) AppleWebKit/537.36 (KHTML, like Gecko) Mobile Safari/537.36 (compatible; Bytespider; spider-feedback@bytedance.com)"
85.208.96.207 - - [25/Jun/2026:15:08:24 +0300] "GET /haber/inegolde-yayalara-oncelik-hayata-saygi-durusu-etkinligi-yapildi-542072 HTTP/1.1" 200 15407 "-" "Mozilla/5.0 (compatible; SemrushBot/7~bl; +http://www.semrush.com/bot.html)"
47.128.124.110 - - [25/Jun/2026:15:08:25 +0300] "GET /public/index.php/404 HTTP/1.1" 302 232 "https://www.yeniistiklal.com/public/index.php" "Mozilla/5.0 (Linux; Android 5.0) AppleWebKit/537.36 (KHTML, like Gecko) Mobile Safari/537.36 (compatible; Bytespider; spider-feedback@bytedance.com)"
65.109.100.157 - - [25/Jun/2026:15:08:27 +0300] "GET /haber/mehmet-ocaktan-meger-ummet-talibani-bekliyormus-23-agustos-2021-sesli-kose-yazisi-dinle-186831 HTTP/1.1" 302 219 "-" "Mozilla/5.0 (compatible; SERankingBacklinksBot/1.0; +https://seranking.com/backlinks-crawler)"
65.109.100.157 - - [25/Jun/2026:15:08:27 +0300] "GET /haberler/mehmet-ocaktan-meger-ummet-talibani-bekliyormus-23-agustos-2021-sesli-kose-yazisi-dinle-186831 HTTP/1.1" 301 795 "-" "Mozilla/5.0 (compatible; SERankingBacklinksBot/1.0; +https://seranking.com/backlinks-crawler)"
180.102.110.147 - - [25/Jun/2026:15:08:27 +0300] "GET /haber/keyubu-ile-guclu-ve-uygun-fiyatli-sunucu-cozumleri-551838 HTTP/1.1" 200 15262 "-" "Sogou web spider/4.0(+http://www.sogou.com/docs/help/webmasters.htm#07)"
185.191.171.12 - - [25/Jun/2026:15:08:29 +0300] "GET /haber/bilecikte-urunleri-zarar-goren-ciftciye-8-milyon-destek-531496 HTTP/1.1" 200 13794 "-" "Mozilla/5.0 (compatible; SemrushBot/7~bl; +http://www.semrush.com/bot.html)"
52.8.24.185 - - [25/Jun/2026:15:08:30 +0300] "GET /feed/teknoloji HTTP/1.1" 301 795 "-" "Mozilla/5.0 RSS reader"
52.8.24.185 - - [25/Jun/2026:15:08:30 +0300] "GET /rss/teknoloji HTTP/1.1" 302 205 "-" "Mozilla/5.0 RSS reader"
52.8.24.185 - - [25/Jun/2026:15:08:30 +0300] "GET /404 HTTP/1.1" 302 219 "-" "Mozilla/5.0 RSS reader"
52.8.24.185 - - [25/Jun/2026:15:08:31 +0300] "GET / HTTP/1.1" 200 17301 "-" "Mozilla/5.0 RSS reader"
65.109.100.157 - - [25/Jun/2026:15:08:31 +0300] "GET /haber/mehmet-ocaktan-muslumana-daha-az-akil-verilmis-olabilir-mi-18-agustos-2021-sesli-kose-yazisi-163997 HTTP/1.1" 302 219 "-" "Mozilla/5.0 (compatible; SERankingBacklinksBot/1.0; +https://seranking.com/backlinks-crawler)"
52.8.24.185 - - [25/Jun/2026:15:08:30 +0300] "GET /rss/genel-0 HTTP/1.1" 200 196810 "-" "Mozilla/5.0 RSS reader"
185.191.171.18 - - [25/Jun/2026:15:08:31 +0300] "GET /haber/sokak-kedisi-konserde-dikkat-seyirciler-arasinda-provokator-var-471543 HTTP/1.1" 200 14535 "-" "Mozilla/5.0 (compatible; SemrushBot/7~bl; +http://www.semrush.com/bot.html)"
213.180.203.31 - - [25/Jun/2026:15:08:32 +0300] "GET /rss/genel-0 HTTP/1.1" 200 196772 "-" "Mozilla/5.0 (compatible; YandexBot/3.0; +http://yandex.com/bots)"
65.109.100.157 - - [25/Jun/2026:15:08:35 +0300] "GET /haberler/mehmet-ocaktan-sizin-yeni-anayasa-yapma-hakkiniz-yok-ki-15-eylul-2021-sesli-kose-yazisi-dinle-261026 HTTP/1.1" 301 795 "-" "Mozilla/5.0 (compatible; SERankingBacklinksBot/1.0; +https://seranking.com/backlinks-crawler)"
65.109.100.157 - - [25/Jun/2026:15:08:30 +0300] "GET /haberler/mehmet-ocaktan-muslumana-daha-az-akil-verilmis-olabilir-mi-18-agustos-2021-sesli-kose-yazisi-163997 HTTP/1.1" 301 795 "-" "Mozilla/5.0 (compatible; SERankingBacklinksBot/1.0; +https://seranking.com/backlinks-crawler)"
52.8.24.185 - - [25/Jun/2026:15:08:30 +0300] "GET /404 HTTP/1.1" 302 219 "-" "Mozilla/5.0 RSS reader"
52.8.24.185 - - [25/Jun/2026:15:08:30 +0300] "GET /404 HTTP/1.1" 302 219 "-" "Mozilla/5.0 RSS reader"
65.109.100.157 - - [25/Jun/2026:15:08:30 +0300] "GET /haber/mehmet-ocaktan-muslumana-daha-az-akil-verilmis-olabilir-mi-18-agustos-2021-sesli-kose-yazisi-163997 HTTP/1.1" 302 219 "-" "Mozilla/5.0 (compatible; SERankingBacklinksBot/1.0; +https://seranking.com/backlinks-crawler)"
65.109.100.157 - - [25/Jun/2026:15:08:31 +0300] "GET /haberler/mehmet-ocaktan-muslumana-daha-az-akil-verilmis-olabilir-mi-18-agustos-2021-sesli-kose-yazisi-163997 HTTP/1.1" 301 795 "-" "Mozilla/5.0 (compatible; SERankingBacklinksBot/1.0; +https://seranking.com/backlinks-crawler)"
52.8.24.185 - - [25/Jun/2026:15:08:31 +0300] "GET / HTTP/1.1" 200 17293 "-" "Mozilla/5.0 RSS reader"
52.8.24.185 - - [25/Jun/2026:15:08:31 +0300] "GET / HTTP/1.1" 200 17300 "-" "Mozilla/5.0 RSS reader"
65.109.100.157 - - [25/Jun/2026:15:08:31 +0300] "GET /404 HTTP/1.1" 302 215 "-" "Mozilla/5.0 (compatible; SERankingBacklinksBot/1.0; +https://seranking.com/backlinks-crawler)"
65.109.100.157 - - [25/Jun/2026:15:08:31 +0300] "GET / HTTP/1.1" 200 17241 "-" "Mozilla/5.0 (compatible; SERankingBacklinksBot/1.0; +https://seranking.com/backlinks-crawler)"
65.109.100.157 - - [25/Jun/2026:15:08:34 +0300] "GET /haberler/mehmet-ocaktan-sizin-yeni-anayasa-yapma-hakkiniz-yok-ki-15-eylul-2021-sesli-kose-yazisi-dinle-261026 HTTP/1.1" 301 795 "-" "Mozilla/5.0 (compatible; SERankingBacklinksBot/1.0; +https://seranking.com/backlinks-crawler)"
65.109.100.157 - - [25/Jun/2026:15:08:34 +0300] "GET /haber/mehmet-ocaktan-sizin-yeni-anayasa-yapma-hakkiniz-yok-ki-15-eylul-2021-sesli-kose-yazisi-dinle-261026 HTTP/1.1" 302 219 "-" "Mozilla/5.0 (compatible; SERankingBacklinksBot/1.0; +https://seranking.com/backlinks-crawler)"
65.109.100.157 - - [25/Jun/2026:15:08:35 +0300] "GET /haber/mehmet-ocaktan-sizin-yeni-anayasa-yapma-hakkiniz-yok-ki-15-eylul-2021-sesli-kose-yazisi-dinle-261026 HTTP/1.1" 302 219 "-" "Mozilla/5.0 (compatible; SERankingBacklinksBot/1.0; +https://seranking.com/backlinks-crawler)"
65.109.100.157 - - [25/Jun/2026:15:08:38 +0300] "GET /haberler/mehmet-ocaktan-talibana-uyum-yasasi-mi-geliyor-1-eylul-2021-sesli-kose-yazisi-dinle-221936 HTTP/1.1" 301 795 "-" "Mozilla/5.0 (compatible; SERankingBacklinksBot/1.0; +https://seranking.com/backlinks-crawler)"
87.250.224.236 - - [25/Jun/2026:15:08:38 +0300] "GET /rss/muzik-7 HTTP/1.1" 200 91099 "-" "Mozilla/5.0 (compatible; YandexBot/3.0; +http://yandex.com/bots)"
65.109.100.157 - - [25/Jun/2026:15:08:38 +0300] "GET /haber/mehmet-ocaktan-talibana-uyum-yasasi-mi-geliyor-1-eylul-2021-sesli-kose-yazisi-dinle-221936 HTTP/1.1" 302 219 "-" "Mozilla/5.0 (compatible; SERankingBacklinksBot/1.0; +https://seranking.com/backlinks-crawler)"
65.109.100.157 - - [25/Jun/2026:15:08:38 +0300] "GET /haberler/mehmet-ocaktan-talibana-uyum-yasasi-mi-geliyor-1-eylul-2021-sesli-kose-yazisi-dinle-221936 HTTP/1.1" 301 795 "-" "Mozilla/5.0 (compatible; SERankingBacklinksBot/1.0; +https://seranking.com/backlinks-crawler)"
47.128.16.167 - - [25/Jun/2026:15:08:39 +0300] "GET /public/index.php HTTP/1.1" 200 17475 "-" "Mozilla/5.0 (Linux; Android 5.0) AppleWebKit/537.36 (KHTML, like Gecko) Mobile Safari/537.36 (compatible; TikTokSpider; ttspider-feedback@tiktok.com)"
47.128.16.167 - - [25/Jun/2026:15:08:40 +0300] "GET /public/index.php/images/haberler/2025/12/kuzey-kibris-turk-cumhuriyetindeki-kktc-en-yuksek-bina-y-1765199017.png HTTP/1.1" 302 238 "https://www.yeniistiklal.com/public/index.php" "Mozilla/5.0 (Linux; Android 5.0) AppleWebKit/537.36 (KHTML, like Gecko) Mobile Safari/537.36 (compatible; TikTokSpider; ttspider-feedback@tiktok.com)"
65.109.100.157 - - [25/Jun/2026:15:08:35 +0300] "GET /404 HTTP/1.1" 302 215 "-" "Mozilla/5.0 (compatible; SERankingBacklinksBot/1.0; +https://seranking.com/backlinks-crawler)"
65.109.100.157 - - [25/Jun/2026:15:08:35 +0300] "GET / HTTP/1.1" 200 17225 "-" "Mozilla/5.0 (compatible; SERankingBacklinksBot/1.0; +https://seranking.com/backlinks-crawler)"
2a03:2880:2ff:43:: - - [25/Jun/2026:15:08:38 +0300] "GET /public/haber/saadet-partisi-ile-cubbeli-ahmet-arasindaki-kavga-buyudu-israil-mudafaacisi-yaptilar-beni-ya-488247 HTTP/1.1" 200 14970 "-" "meta-webindexer/1.1 (+https://developers.facebook.com/docs/sharing/webmasters/crawler)"
65.109.100.157 - - [25/Jun/2026:15:08:39 +0300] "GET /haber/mehmet-ocaktan-talibana-uyum-yasasi-mi-geliyor-1-eylul-2021-sesli-kose-yazisi-dinle-221936 HTTP/1.1" 302 219 "-" "Mozilla/5.0 (compatible; SERankingBacklinksBot/1.0; +https://seranking.com/backlinks-crawler)"
65.109.100.157 - - [25/Jun/2026:15:08:39 +0300] "GET /404 HTTP/1.1" 302 215 "-" "Mozilla/5.0 (compatible; SERankingBacklinksBot/1.0; +https://seranking.com/backlinks-crawler)"
65.109.100.157 - - [25/Jun/2026:15:08:39 +0300] "GET / HTTP/1.1" 200 17238 "-" "Mozilla/5.0 (compatible; SERankingBacklinksBot/1.0; +https://seranking.com/backlinks-crawler)"
47.128.16.167 - - [25/Jun/2026:15:08:40 +0300] "GET /public/index.php/images/haberler/2025/12/survivor-2026-yarismacilari-tam-liste-y-1765786623.png HTTP/1.1" 302 238 "https://www.yeniistiklal.com/public/index.php" "Mozilla/5.0 (Linux; Android 5.0) AppleWebKit/537.36 (KHTML, like Gecko) Mobile Safari/537.36 (compatible; TikTokSpider; ttspider-feedback@tiktok.com)"
47.128.16.167 - - [25/Jun/2026:15:08:40 +0300] "GET /public/index.php/images/firmalar HTTP/1.1" 302 238 "https://www.yeniistiklal.com/public/index.php" "Mozilla/5.0 (Linux; Android 5.0) AppleWebKit/537.36 (KHTML, like Gecko) Mobile Safari/537.36 (compatible; TikTokSpider; ttspider-feedback@tiktok.com)"
47.128.16.167 - - [25/Jun/2026:15:08:40 +0300] "GET /public/index.php/images/tn/2026/06/gozluk-ve-lens-kullananlar-yaz-aylarinda-lazer-goz-ameliyatini-daha-fazla-merak-ediyor-1782227846.jpeg HTTP/1.1" 302 238 "https://www.yeniistiklal.com/public/index.php" "Mozilla/5.0 (Linux; Android 5.0) AppleWebKit/537.36 (KHTML, like Gecko) Mobile Safari/537.36 (compatible; TikTokSpider; ttspider-feedback@tiktok.com)"
47.128.16.167 - - [25/Jun/2026:15:08:40 +0300] "GET /public/index.php/images/haberler/2025/11/aksa-kimin-aksa-enerjinin-sahibi-kimdir-y-1762258173.png HTTP/1.1" 302 238 "https://www.yeniistiklal.com/public/index.php" "Mozilla/5.0 (Linux; Android 5.0) AppleWebKit/537.36 (KHTML, like Gecko) Mobile Safari/537.36 (compatible; TikTokSpider; ttspider-feedback@tiktok.com)"
47.128.16.167 - - [25/Jun/2026:15:08:40 +0300] "GET /public/index.php/images/haberler/2025/08/altin-fiyatlarinda-son-durum-gram-ve-ceyrek-altin-ne-kadar-oldu-y-1754903378.jpeg HTTP/1.1" 302 238 "https://www.yeniistiklal.com/public/index.php" "Mozilla/5.0 (Linux; Android 5.0) AppleWebKit/537.36 (KHTML, like Gecko) Mobile Safari/537.36 (compatible; TikTokSpider; ttspider-feedback@tiktok.com)"
47.128.16.167 - - [25/Jun/2026:15:08:40 +0300] "GET /public/index.php/images/haberler/2025/05/lefkosalefkegazimagusa-kibrista-kac-sehir-var-y-1746698952.jpeg HTTP/1.1" 302 238 "https://www.yeniistiklal.com/public/index.php" "Mozilla/5.0 (Linux; Android 5.0) AppleWebKit/537.36 (KHTML, like Gecko) Mobile Safari/537.36 (compatible; TikTokSpider; ttspider-feedback@tiktok.com)"
47.128.16.167 - - [25/Jun/2026:15:08:40 +0300] "GET /public/index.php/images/tn/2026/01/antalya-otelleri-1768456799.png HTTP/1.1" 302 238 "https://www.yeniistiklal.com/public/index.php" "Mozilla/5.0 (Linux; Android 5.0) AppleWebKit/537.36 (KHTML, like Gecko) Mobile Safari/537.36 (compatible; TikTokSpider; ttspider-feedback@tiktok.com)"
47.128.16.167 - - [25/Jun/2026:15:08:40 +0300] "GET /public/index.php/images/haberler/2025/08/serbest-piyasada-dolar-ve-euroda-son-durum-1754903576.jpeg HTTP/1.1" 302 238 "https://www.yeniistiklal.com/public/index.php" "Mozilla/5.0 (Linux; Android 5.0) AppleWebKit/537.36 (KHTML, like Gecko) Mobile Safari/537.36 (compatible; TikTokSpider; ttspider-feedback@tiktok.com)"
47.128.16.167 - - [25/Jun/2026:15:08:40 +0300] "GET /public/index.php/images/haberler/2025/10/kktcde-su-tesisatcisi-arayanlar-icin-oneriler-y-1760527324.png HTTP/1.1" 302 238 "https://www.yeniistiklal.com/public/index.php" "Mozilla/5.0 (Linux; Android 5.0) AppleWebKit/537.36 (KHTML, like Gecko) Mobile Safari/537.36 (compatible; TikTokSpider; ttspider-feedback@tiktok.com)"
47.128.16.167 - - [25/Jun/2026:15:08:40 +0300] "GET /public/index.php/images/haberler/2025/08/yavas-ve-bilincli-adimlarin-dansi-japon-yuruyusu-y-1754032734.jpeg HTTP/1.1" 302 238 "https://www.yeniistiklal.com/public/index.php" "Mozilla/5.0 (Linux; Android 5.0) AppleWebKit/537.36 (KHTML, like Gecko) Mobile Safari/537.36 (compatible; TikTokSpider; ttspider-feedback@tiktok.com)"
47.128.16.167 - - [25/Jun/2026:15:08:40 +0300] "GET /public/index.php/images/haberler/2025/11/dunyanin-en-buyuk-dagi-hangisidir-everest-mi-mauna-kea-mi-y-1762260895.png HTTP/1.1" 302 238 "https://www.yeniistiklal.com/public/index.php" "Mozilla/5.0 (Linux; Android 5.0) AppleWebKit/537.36 (KHTML, like Gecko) Mobile Safari/537.36 (compatible; TikTokSpider; ttspider-feedback@tiktok.com)"
47.128.16.167 - - [25/Jun/2026:15:08:40 +0300] "GET /public/index.php/images/haberler/2025/05/kibrista-dolar-euro-fiyalari-yok-artik-dedirtti-y-1746622070.jpeg HTTP/1.1" 302 238 "https://www.yeniistiklal.com/public/index.php" "Mozilla/5.0 (Linux; Android 5.0) AppleWebKit/537.36 (KHTML, like Gecko) Mobile Safari/537.36 (compatible; TikTokSpider; ttspider-feedback@tiktok.com)"
47.128.16.167 - - [25/Jun/2026:15:08:40 +0300] "GET /public/index.php/images/haberler/2025/10/kktc-doviz-kurlarindaki-son-durum-dolar-euro-sterlin-15-ekim-2025-1760527641.jpg HTTP/1.1" 302 238 "https://www.yeniistiklal.com/public/index.php" "Mozilla/5.0 (Linux; Android 5.0) AppleWebKit/537.36 (KHTML, like Gecko) Mobile Safari/537.36 (compatible; TikTokSpider; ttspider-feedback@tiktok.com)"
47.128.16.167 - - [25/Jun/2026:15:08:40 +0300] "GET /public/index.php/images/tn/2025/08/saclar-neden-beyazlar-yaslanmanin-gorunur-izi-ve-genetik-sirlari-1754209237.jpeg HTTP/1.1" 302 238 "https://www.yeniistiklal.com/public/index.php" "Mozilla/5.0 (Linux; Android 5.0) AppleWebKit/537.36 (KHTML, like Gecko) Mobile Safari/537.36 (compatible; TikTokSpider; ttspider-feedback@tiktok.com)"
47.128.16.167 - - [25/Jun/2026:15:08:40 +0300] "GET /public/index.php/images/tn/2025/05/maca-cayi-nedir-1746249155.jpeg HTTP/1.1" 302 238 "https://www.yeniistiklal.com/public/index.php" "Mozilla/5.0 (Linux; Android 5.0) AppleWebKit/537.36 (KHTML, like Gecko) Mobile Safari/537.36 (compatible; TikTokSpider; ttspider-feedback@tiktok.com)"
47.128.16.167 - - [25/Jun/2026:15:08:40 +0300] "GET /public/index.php/images/transparent.gif HTTP/1.1" 302 238 "https://www.yeniistiklal.com/public/index.php" "Mozilla/5.0 (Linux; Android 5.0) AppleWebKit/537.36 (KHTML, like Gecko) Mobile Safari/537.36 (compatible; TikTokSpider; ttspider-feedback@tiktok.com)"
47.128.16.167 - - [25/Jun/2026:15:08:40 +0300] "GET /public/index.php/images/haberler/2025/08/kamu-iscileri-icin-zam-teklifinde-yeni-gelisme-1754022164.jpeg HTTP/1.1" 302 238 "https://www.yeniistiklal.com/public/index.php" "Mozilla/5.0 (Linux; Android 5.0) AppleWebKit/537.36 (KHTML, like Gecko) Mobile Safari/537.36 (compatible; TikTokSpider; ttspider-feedback@tiktok.com)"
47.128.16.167 - - [25/Jun/2026:15:08:40 +0300] "GET /public/index.php/images/haberler/2025/05/ercan-havalimani-girne-arasi-ulasim-kac-tl-y-1746706412.jpeg HTTP/1.1" 302 238 "https://www.yeniistiklal.com/public/index.php" "Mozilla/5.0 (Linux; Android 5.0) AppleWebKit/537.36 (KHTML, like Gecko) Mobile Safari/537.36 (compatible; TikTokSpider; ttspider-feedback@tiktok.com)"
47.128.16.167 - - [25/Jun/2026:15:08:40 +0300] "GET /public/index.php/images/tn/2025/12/kuzey-kibris-turk-cumhuriyetindeki-kktc-en-yuksek-bina-1765199017.png HTTP/1.1" 302 238 "https://www.yeniistiklal.com/public/index.php" "Mozilla/5.0 (Linux; Android 5.0) AppleWebKit/537.36 (KHTML, like Gecko) Mobile Safari/537.36 (compatible; TikTokSpider; ttspider-feedback@tiktok.com)"
47.128.16.167 - - [25/Jun/2026:15:08:40 +0300] "GET /public/index.php/images/haberler/2025/05/super-ligde-35-hafta-hakemleri-belli-oldu-nefesler-tutuldu-y-1746707520.jpeg HTTP/1.1" 302 238 "https://www.yeniistiklal.com/public/index.php" "Mozilla/5.0 (Linux; Android 5.0) AppleWebKit/537.36 (KHTML, like Gecko) Mobile Safari/537.36 (compatible; TikTokSpider; ttspider-feedback@tiktok.com)"
47.128.16.167 - - [25/Jun/2026:15:08:40 +0300] "GET /public/index.php/images/tn/2025/11/otokar-sahibi-kim-otokar-kime-ait-1762258385.jpeg HTTP/1.1" 302 238 "https://www.yeniistiklal.com/public/index.php" "Mozilla/5.0 (Linux; Android 5.0) AppleWebKit/537.36 (KHTML, like Gecko) Mobile Safari/537.36 (compatible; TikTokSpider; ttspider-feedback@tiktok.com)"
47.128.16.167 - - [25/Jun/2026:15:08:40 +0300] "GET /public/index.php/images/haberler/2025/05/son-dakika-kktc-serbest-piyasa-doviz-kurlari-26-mayis-2025-y-1748258647.jpeg HTTP/1.1" 302 238 "https://www.yeniistiklal.com/public/index.php" "Mozilla/5.0 (Linux; Android 5.0) AppleWebKit/537.36 (KHTML, like Gecko) Mobile Safari/537.36 (compatible; TikTokSpider; ttspider-feedback@tiktok.com)"
47.128.16.167 - - [25/Jun/2026:15:08:40 +0300] "GET /public/index.php/images/haberler/2025/08/piyasalar-sallaniyor-gram-altin-tarihi-zirvelere-kosuyor-y-1754648723.jpeg HTTP/1.1" 302 238 "https://www.yeniistiklal.com/public/index.php" "Mozilla/5.0 (Linux; Android 5.0) AppleWebKit/537.36 (KHTML, like Gecko) Mobile Safari/537.36 (compatible; TikTokSpider; ttspider-feedback@tiktok.com)"
47.128.16.167 - - [25/Jun/2026:15:08:40 +0300] "GET /public/index.php/images/tn/2025/10/kktcde-su-tesisatcisi-arayanlar-icin-oneriler-1760527324.png HTTP/1.1" 302 238 "https://www.yeniistiklal.com/public/index.php" "Mozilla/5.0 (Linux; Android 5.0) AppleWebKit/537.36 (KHTML, like Gecko) Mobile Safari/537.36 (compatible; TikTokSpider; ttspider-feedback@tiktok.com)"
47.128.16.167 - - [25/Jun/2026:15:08:40 +0300] "GET /public/index.php/images/tn/2026/06/sialendoskopi-tukuruk-bezi-hastaliklarinda-ameliyatsiz-cozum-1782285429.jpg HTTP/1.1" 302 238 "https://www.yeniistiklal.com/public/index.php" "Mozilla/5.0 (Linux; Android 5.0) AppleWebKit/537.36 (KHTML, like Gecko) Mobile Safari/537.36 (compatible; TikTokSpider; ttspider-feedback@tiktok.com)"
47.128.16.167 - - [25/Jun/2026:15:08:40 +0300] "GET /public/index.php/images/haberler/2025/08/yeni-tarifeler-petrol-piyasasini-nasil-etkiliyor-y-1754022979.jpeg HTTP/1.1" 302 238 "https://www.yeniistiklal.com/public/index.php" "Mozilla/5.0 (Linux; Android 5.0) AppleWebKit/537.36 (KHTML, like Gecko) Mobile Safari/537.36 (compatible; TikTokSpider; ttspider-feedback@tiktok.com)"
47.128.16.167 - - [25/Jun/2026:15:08:40 +0300] "GET /public/index.php/images/haberler/2025/08/gunes-yanigina-veda-edin-aciyi-dindiren-ev-yapimi-cozumler-y-1754642979.jpeg HTTP/1.1" 302 238 "https://www.yeniistiklal.com/public/index.php" "Mozilla/5.0 (Linux; Android 5.0) AppleWebKit/537.36 (KHTML, like Gecko) Mobile Safari/537.36 (compatible; TikTokSpider; ttspider-feedback@tiktok.com)"
47.128.16.167 - - [25/Jun/2026:15:08:40 +0300] "GET /public/index.php/images/firmalar/deha-patent-anonim-sirketi-1729864745.jpg HTTP/1.1" 302 238 "https://www.yeniistiklal.com/public/index.php" "Mozilla/5.0 (Linux; Android 5.0) AppleWebKit/537.36 (KHTML, like Gecko) Mobile Safari/537.36 (compatible; TikTokSpider; ttspider-feedback@tiktok.com)"
47.128.16.167 - - [25/Jun/2026:15:08:40 +0300] "GET /public/index.php/images/haberler/2025/05/fenerbahce-beko-euroleaguede-sampiyon-oldu-y-1748258787.jpeg HTTP/1.1" 302 238 "https://www.yeniistiklal.com/public/index.php" "Mozilla/5.0 (Linux; Android 5.0) AppleWebKit/537.36 (KHTML, like Gecko) Mobile Safari/537.36 (compatible; TikTokSpider; ttspider-feedback@tiktok.com)"
47.128.16.167 - - [25/Jun/2026:15:08:40 +0300] "GET /public/index.php/images/tn/2025/08/24-saat-boyunca-ac-kalirsak-ne-olur-1755454218.jpeg HTTP/1.1" 302 238 "https://www.yeniistiklal.com/public/index.php" "Mozilla/5.0 (Linux; Android 5.0) AppleWebKit/537.36 (KHTML, like Gecko) Mobile Safari/537.36 (compatible; TikTokSpider; ttspider-feedback@tiktok.com)"
47.128.16.167 - - [25/Jun/2026:15:08:40 +0300] "GET /public/index.php/images/tn/2025/10/kktc-doviz-kurlarindaki-son-durum-dolar-euro-sterlin-15-ekim-2025-1760527641.jpg HTTP/1.1" 302 238 "https://www.yeniistiklal.com/public/index.php" "Mozilla/5.0 (Linux; Android 5.0) AppleWebKit/537.36 (KHTML, like Gecko) Mobile Safari/537.36 (compatible; TikTokSpider; ttspider-feedback@tiktok.com)"
47.128.16.167 - - [25/Jun/2026:15:08:40 +0300] "GET /public/index.php/images/tn/2026/01/bodrum-otelleri-1768456675.png HTTP/1.1" 302 238 "https://www.yeniistiklal.com/public/index.php" "Mozilla/5.0 (Linux; Android 5.0) AppleWebKit/537.36 (KHTML, like Gecko) Mobile Safari/537.36 (compatible; TikTokSpider; ttspider-feedback@tiktok.com)"
47.128.16.167 - - [25/Jun/2026:15:08:40 +0300] "GET /public/index.php/images/tn/2025/05/hametan-merhem-2025-fiyatlari-1746092676.jpeg HTTP/1.1" 302 238 "https://www.yeniistiklal.com/public/index.php" "Mozilla/5.0 (Linux; Android 5.0) AppleWebKit/537.36 (KHTML, like Gecko) Mobile Safari/537.36 (compatible; TikTokSpider; ttspider-feedback@tiktok.com)"
47.128.16.167 - - [25/Jun/2026:15:08:40 +0300] "GET /public/index.php/images/tn/2025/11/hurda-fiyatlari-2025-hurda-bakir-aluminyum-kablo-fiyatlari-1762255122.png HTTP/1.1" 302 238 "https://www.yeniistiklal.com/public/index.php" "Mozilla/5.0 (Linux; Android 5.0) AppleWebKit/537.36 (KHTML, like Gecko) Mobile Safari/537.36 (compatible; TikTokSpider; ttspider-feedback@tiktok.com)"
47.128.16.167 - - [25/Jun/2026:15:08:40 +0300] "GET /public/index.php/images/haberler/2024/01/iddaa-analizi-nasil-yapilir-1706624003.png HTTP/1.1" 302 238 "https://www.yeniistiklal.com/public/index.php" "Mozilla/5.0 (Linux; Android 5.0) AppleWebKit/537.36 (KHTML, like Gecko) Mobile Safari/537.36 (compatible; TikTokSpider; ttspider-feedback@tiktok.com)"
47.128.16.167 - - [25/Jun/2026:15:08:40 +0300] "GET /public/index.php/images/firmalar/besiktas-su-tesisatcisi-hizmetleri-1717325782.jpg HTTP/1.1" 302 238 "https://www.yeniistiklal.com/public/index.php" "Mozilla/5.0 (Linux; Android 5.0) AppleWebKit/537.36 (KHTML, like Gecko) Mobile Safari/537.36 (compatible; TikTokSpider; ttspider-feedback@tiktok.com)"
47.128.16.167 - - [25/Jun/2026:15:08:40 +0300] "GET /public/index.php/images/genel/15573935975cd3f0bd01cee.jpg HTTP/1.1" 302 238 "https://www.yeniistiklal.com/public/index.php" "Mozilla/5.0 (Linux; Android 5.0) AppleWebKit/537.36 (KHTML, like Gecko) Mobile Safari/537.36 (compatible; TikTokSpider; ttspider-feedback@tiktok.com)"
47.128.16.167 - - [25/Jun/2026:15:08:40 +0300] "GET /public/index.php/images/haberler/2022/11/2022-dunya-kupasi-belcika-0-2-fas-1669566817.png HTTP/1.1" 302 238 "https://www.yeniistiklal.com/public/index.php" "Mozilla/5.0 (Linux; Android 5.0) AppleWebKit/537.36 (KHTML, like Gecko) Mobile Safari/537.36 (compatible; TikTokSpider; ttspider-feedback@tiktok.com)"
47.128.16.167 - - [25/Jun/2026:15:08:40 +0300] "GET /public/index.php/images/haberler/2025/08/24-saat-boyunca-ac-kalirsak-ne-olur-1755454218.jpeg HTTP/1.1" 302 238 "https://www.yeniistiklal.com/public/index.php" "Mozilla/5.0 (Linux; Android 5.0) AppleWebKit/537.36 (KHTML, like Gecko) Mobile Safari/537.36 (compatible; TikTokSpider; ttspider-feedback@tiktok.com)"
