65.109.100.157 - - [25/Jun/2026:15:14:55 +0300] "GET /haberler/melanianin-gul-kavgasi-153134 HTTP/1.1" 301 795 "-" "Mozilla/5.0 (compatible; SERankingBacklinksBot/1.0; +https://seranking.com/backlinks-crawler)"
98.83.72.38 - - [25/Jun/2026:15:14:57 +0300] "GET /public/haber/425-milyon-liralik-tarimsal-destek-hesaplarda-544324 HTTP/1.1" 200 13479 "-" "Mozilla/5.0 AppleWebKit/537.36 (KHTML, like Gecko; compatible; Amazonbot/0.1; +https://developer.amazon.com/support/amazonbot) Chrome/119.0.6045.214 Safari/537.36"
65.109.100.157 - - [25/Jun/2026:15:14:59 +0300] "GET /haber/melek-ipekin-tahliyesine-yapilan-itiraz-istinaf-mahkemesince-reddedildi-314927 HTTP/1.1" 302 219 "-" "Mozilla/5.0 (compatible; SERankingBacklinksBot/1.0; +https://seranking.com/backlinks-crawler)"
47.128.124.128 - - [25/Jun/2026:15:14:52 +0300] "GET /public/images/haberler/2024/01/iddaa-analizi-nasil-yapilir-1706624003.png HTTP/1.1" 302 225 "https://yeniistiklal.com/public/" "Mozilla/5.0 (Linux; Android 5.0) AppleWebKit/537.36 (KHTML, like Gecko) Mobile Safari/537.36 (compatible; Bytespider; spider-feedback@bytedance.com)"
47.128.124.128 - - [25/Jun/2026:15:14:52 +0300] "GET /public/images/haberler/2023/07/filenin-sultanlari-milletler-liginde-sampiyon-oldu-1689595616.png HTTP/1.1" 302 225 "https://yeniistiklal.com/public/" "Mozilla/5.0 (Linux; Android 5.0) AppleWebKit/537.36 (KHTML, like Gecko) Mobile Safari/537.36 (compatible; Bytespider; spider-feedback@bytedance.com)"
47.128.124.128 - - [25/Jun/2026:15:14:52 +0300] "GET /public/404 HTTP/1.1" 302 220 "https://yeniistiklal.com/public/" "Mozilla/5.0 (Linux; Android 5.0) AppleWebKit/537.36 (KHTML, like Gecko) Mobile Safari/537.36 (compatible; Bytespider; spider-feedback@bytedance.com)"
47.128.124.128 - - [25/Jun/2026:15:14:52 +0300] "GET /public/404 HTTP/1.1" 302 220 "https://yeniistiklal.com/public/" "Mozilla/5.0 (Linux; Android 5.0) AppleWebKit/537.36 (KHTML, like Gecko) Mobile Safari/537.36 (compatible; Bytespider; spider-feedback@bytedance.com)"
47.128.124.128 - - [25/Jun/2026:15:14:52 +0300] "GET /public/ HTTP/1.1" 200 17358 "https://yeniistiklal.com/public/" "Mozilla/5.0 (Linux; Android 5.0) AppleWebKit/537.36 (KHTML, like Gecko) Mobile Safari/537.36 (compatible; Bytespider; spider-feedback@bytedance.com)"
47.128.124.128 - - [25/Jun/2026:15:14:53 +0300] "GET /public/ HTTP/1.1" 200 17353 "https://yeniistiklal.com/public/" "Mozilla/5.0 (Linux; Android 5.0) AppleWebKit/537.36 (KHTML, like Gecko) Mobile Safari/537.36 (compatible; Bytespider; spider-feedback@bytedance.com)"
47.128.124.128 - - [25/Jun/2026:15:14:53 +0300] "GET /public/ HTTP/1.1" 200 17367 "https://yeniistiklal.com/public/" "Mozilla/5.0 (Linux; Android 5.0) AppleWebKit/537.36 (KHTML, like Gecko) Mobile Safari/537.36 (compatible; Bytespider; spider-feedback@bytedance.com)"
65.109.100.157 - - [25/Jun/2026:15:14:55 +0300] "GET /haber/melanianin-gul-kavgasi-153134 HTTP/1.1" 302 219 "-" "Mozilla/5.0 (compatible; SERankingBacklinksBot/1.0; +https://seranking.com/backlinks-crawler)"
65.109.100.157 - - [25/Jun/2026:15:14:55 +0300] "GET /404 HTTP/1.1" 302 215 "-" "Mozilla/5.0 (compatible; SERankingBacklinksBot/1.0; +https://seranking.com/backlinks-crawler)"
65.109.100.157 - - [25/Jun/2026:15:14:55 +0300] "GET / HTTP/1.1" 200 17240 "-" "Mozilla/5.0 (compatible; SERankingBacklinksBot/1.0; +https://seranking.com/backlinks-crawler)"
52.22.64.232 - - [25/Jun/2026:15:14:57 +0300] "GET /images/haberler/2022/09/turkiyenin-en-populer-fantezi-futbol-oyunu-petrol-ofisi-sosyal-lig-yeni-sezona-hizli-giris-yapti-NcjxIIMK.jpg HTTP/1.1" 302 224 "-" "Mozilla/5.0 AppleWebKit/537.36 (KHTML, like Gecko; compatible; Amazonbot/0.1; +https://developer.amazon.com/support/amazonbot) Chrome/119.0.6045.214 Safari/537.36"
65.109.100.157 - - [25/Jun/2026:15:14:58 +0300] "GET /haberler/melek-ipekin-tahliyesine-yapilan-itiraz-istinaf-mahkemesince-reddedildi-314927 HTTP/1.1" 301 795 "-" "Mozilla/5.0 (compatible; SERankingBacklinksBot/1.0; +https://seranking.com/backlinks-crawler)"
65.109.100.157 - - [25/Jun/2026:15:14:59 +0300] "GET /haberler/melek-ipekin-tahliyesine-yapilan-itiraz-istinaf-mahkemesince-reddedildi-314927 HTTP/1.1" 301 795 "-" "Mozilla/5.0 (compatible; SERankingBacklinksBot/1.0; +https://seranking.com/backlinks-crawler)"
65.109.100.157 - - [25/Jun/2026:15:14:59 +0300] "GET /404 HTTP/1.1" 302 215 "-" "Mozilla/5.0 (compatible; SERankingBacklinksBot/1.0; +https://seranking.com/backlinks-crawler)"
65.109.100.157 - - [25/Jun/2026:15:14:59 +0300] "GET / HTTP/1.1" 200 17236 "-" "Mozilla/5.0 (compatible; SERankingBacklinksBot/1.0; +https://seranking.com/backlinks-crawler)"
185.191.171.4 - - [25/Jun/2026:15:15:02 +0300] "GET /haber/siddet-neden-artiyor-543621 HTTP/1.1" 200 15594 "-" "Mozilla/5.0 (compatible; SemrushBot/7~bl; +http://www.semrush.com/bot.html)"
85.208.96.197 - - [25/Jun/2026:15:15:01 +0300] "GET /haber/sadece-kahramanmarasta-yasayan-yeni-orumcek-cinsi-kesfedildi-turkocranum-488171 HTTP/1.1" 200 14635 "-" "Mozilla/5.0 (compatible; SemrushBot/7~bl; +http://www.semrush.com/bot.html)"
202.46.62.58 - - [25/Jun/2026:15:15:02 +0300] "GET /haber/michelin-yildizli-alman-sef-julia-komp-ve-sef-aylin-yazicioglu-gastronomi-ogrencileri-ve-genc-sektor-profesyonelleriyle-gastronometroda-bir-araya-geldi-546823 HTTP/1.1" 200 14769 "-" "Mozilla/5.0 (Windows NT 10.0; Win64; x64) AppleWebKit/537.36 (KHTML, like Gecko) Chrome/133.0.6943.141 Safari/537.36"
65.109.100.157 - - [25/Jun/2026:15:15:03 +0300] "GET /haberler/melek-mossodan-yaz-surprizi-hayatim-kaymis-141928 HTTP/1.1" 301 795 "-" "Mozilla/5.0 (compatible; SERankingBacklinksBot/1.0; +https://seranking.com/backlinks-crawler)"
223.109.255.165 - - [25/Jun/2026:15:15:02 +0300] "GET /haber/izmirde-bilimsel-temelli-klinik-psikolog-prof-dr-kursat-sahin-yildirimer-552075 HTTP/1.1" 200 17029 "-" "Sogou web spider/4.0(+http://www.sogou.com/docs/help/webmasters.htm#07)"
65.109.100.157 - - [25/Jun/2026:15:15:03 +0300] "GET /haber/melek-mossodan-yaz-surprizi-hayatim-kaymis-141928 HTTP/1.1" 302 219 "-" "Mozilla/5.0 (compatible; SERankingBacklinksBot/1.0; +https://seranking.com/backlinks-crawler)"
65.109.100.157 - - [25/Jun/2026:15:15:03 +0300] "GET /haber/melek-mossodan-yaz-surprizi-hayatim-kaymis-141928 HTTP/1.1" 302 219 "-" "Mozilla/5.0 (compatible; SERankingBacklinksBot/1.0; +https://seranking.com/backlinks-crawler)"
54.89.90.224 - - [25/Jun/2026:15:15:03 +0300] "GET /public/index.php/haber/ulasimparktan-gercegi-aratmayan-tatbikat-523286 HTTP/1.1" 200 14244 "-" "Mozilla/5.0 AppleWebKit/537.36 (KHTML, like Gecko; compatible; Amazonbot/0.1; +https://developer.amazon.com/support/amazonbot) Chrome/119.0.6045.214 Safari/537.36"
65.109.100.157 - - [25/Jun/2026:15:15:04 +0300] "GET / HTTP/1.1" 200 17236 "-" "Mozilla/5.0 (compatible; SERankingBacklinksBot/1.0; +https://seranking.com/backlinks-crawler)"
44.207.69.106 - - [25/Jun/2026:15:15:05 +0300] "GET /haber/sahnelere-uzak-kalan-sanatcilarin-programlari-netlesiyor-510837 HTTP/1.1" 200 13816 "-" "Mozilla/5.0 AppleWebKit/537.36 (KHTML, like Gecko; compatible; Amazonbot/0.1; +https://developer.amazon.com/support/amazonbot) Chrome/119.0.6045.214 Safari/537.36"
185.191.171.19 - - [25/Jun/2026:15:15:06 +0300] "GET /haber/iphone-14-pro-tasarimi-nasil-olacak-iddialar-gucleniyor-470984 HTTP/1.1" 200 14099 "-" "Mozilla/5.0 (compatible; SemrushBot/7~bl; +http://www.semrush.com/bot.html)"
65.109.100.157 - - [25/Jun/2026:15:15:09 +0300] "GET /404 HTTP/1.1" 302 215 "-" "Mozilla/5.0 (compatible; SERankingBacklinksBot/1.0; +https://seranking.com/backlinks-crawler)"
23.23.104.107 - - [25/Jun/2026:15:15:00 +0300] "GET /public/haber/istanbullular-dikkat-7-ilcede-su-kesintisi-olacak-497401 HTTP/1.1" 200 14048 "-" "Mozilla/5.0 AppleWebKit/537.36 (KHTML, like Gecko; compatible; Amazonbot/0.1; +https://developer.amazon.com/support/amazonbot) Chrome/119.0.6045.214 Safari/537.36"
185.191.171.3 - - [25/Jun/2026:15:15:09 +0300] "GET /haber/bulent-arinc-cezaevinde-olen-feto-hukumlusunun-ardindan-yazdi-sana-da-kendime-de-faydali-olamadim-491058 HTTP/1.1" 200 15979 "-" "Mozilla/5.0 (compatible; SemrushBot/7~bl; +http://www.semrush.com/bot.html)"
65.109.100.157 - - [25/Jun/2026:15:15:13 +0300] "GET /haberler/meleklerle-yasamak-kitabinin-yazari-beki-ikala-erikliyi-olduren-sanigin-cezasi-onandi-394241 HTTP/1.1" 301 795 "-" "Mozilla/5.0 (compatible; SERankingBacklinksBot/1.0; +https://seranking.com/backlinks-crawler)"
65.109.100.157 - - [25/Jun/2026:15:15:13 +0300] "GET /haberler/meleklerle-yasamak-kitabinin-yazari-beki-ikala-erikliyi-olduren-sanigin-cezasi-onandi-394241 HTTP/1.1" 301 795 "-" "Mozilla/5.0 (compatible; SERankingBacklinksBot/1.0; +https://seranking.com/backlinks-crawler)"
65.109.100.157 - - [25/Jun/2026:15:15:03 +0300] "GET /haberler/melek-mossodan-yaz-surprizi-hayatim-kaymis-141928 HTTP/1.1" 301 795 "-" "Mozilla/5.0 (compatible; SERankingBacklinksBot/1.0; +https://seranking.com/backlinks-crawler)"
65.109.100.157 - - [25/Jun/2026:15:15:03 +0300] "GET /404 HTTP/1.1" 302 215 "-" "Mozilla/5.0 (compatible; SERankingBacklinksBot/1.0; +https://seranking.com/backlinks-crawler)"
187.73.199.247 - - [25/Jun/2026:15:15:06 +0300] "GET /haber/200-ureticinin-yararlanacagi-tesise-manisa-buyuksehir-destegi-506420 HTTP/1.1" 200 14087 "-" "Mozilla/5.0 (Macintosh; Intel Mac OS X 10_14_5) AppleWebKit/537.36 (KHTML, like Gecko) Chrome/89.0.4389.90 Safari/537.36"
34.206.212.24 - - [25/Jun/2026:15:15:08 +0300] "GET /public/haber/cognitiwe-4-kitada-30-musteriye-ulasti-544194 HTTP/1.1" 200 15441 "-" "Mozilla/5.0 AppleWebKit/537.36 (KHTML, like Gecko; compatible; Amazonbot/0.1; +https://developer.amazon.com/support/amazonbot) Chrome/119.0.6045.214 Safari/537.36"
65.109.100.157 - - [25/Jun/2026:15:15:08 +0300] "GET /haberler/melek-ozcagan-rahat-ol-181845 HTTP/1.1" 301 795 "-" "Mozilla/5.0 (compatible; SERankingBacklinksBot/1.0; +https://seranking.com/backlinks-crawler)"
65.109.100.157 - - [25/Jun/2026:15:15:08 +0300] "GET /haberler/melek-ozcagan-rahat-ol-181845 HTTP/1.1" 301 795 "-" "Mozilla/5.0 (compatible; SERankingBacklinksBot/1.0; +https://seranking.com/backlinks-crawler)"
157.55.39.52 - - [25/Jun/2026:15:15:08 +0300] "GET /haber/bm-sudanda-2022de-14-milyondan-fazla-kisi-insani-yardima-ihtiyac-duyacak-440910 HTTP/1.1" 302 219 "-" "Mozilla/5.0 AppleWebKit/537.36 (KHTML, like Gecko; compatible; bingbot/2.0; +http://www.bing.com/bingbot.htm) Chrome/116.0.1938.76 Safari/537.36"
65.109.100.157 - - [25/Jun/2026:15:15:08 +0300] "GET /haber/melek-ozcagan-rahat-ol-181845 HTTP/1.1" 302 219 "-" "Mozilla/5.0 (compatible; SERankingBacklinksBot/1.0; +https://seranking.com/backlinks-crawler)"
65.109.100.157 - - [25/Jun/2026:15:15:08 +0300] "GET /haber/melek-ozcagan-rahat-ol-181845 HTTP/1.1" 302 219 "-" "Mozilla/5.0 (compatible; SERankingBacklinksBot/1.0; +https://seranking.com/backlinks-crawler)"
157.55.39.52 - - [25/Jun/2026:15:15:09 +0300] "GET /404 HTTP/1.1" 302 215 "-" "Mozilla/5.0 AppleWebKit/537.36 (KHTML, like Gecko; compatible; bingbot/2.0; +http://www.bing.com/bingbot.htm) Chrome/116.0.1938.76 Safari/537.36"
65.109.100.157 - - [25/Jun/2026:15:15:09 +0300] "GET / HTTP/1.1" 200 17239 "-" "Mozilla/5.0 (compatible; SERankingBacklinksBot/1.0; +https://seranking.com/backlinks-crawler)"
52.70.209.13 - - [25/Jun/2026:15:15:10 +0300] "GET /public/haber/masumlar-apartmani-59-bolum-de-kirmizi-oda-ile-birlesiyor-masumlar-apartmani-59-bolum-fragmani-493624 HTTP/1.1" 200 13403 "-" "Mozilla/5.0 AppleWebKit/537.36 (KHTML, like Gecko; compatible; Amazonbot/0.1; +https://developer.amazon.com/support/amazonbot) Chrome/119.0.6045.214 Safari/537.36"
65.109.100.157 - - [25/Jun/2026:15:15:13 +0300] "GET /haber/meleklerle-yasamak-kitabinin-yazari-beki-ikala-erikliyi-olduren-sanigin-cezasi-onandi-394241 HTTP/1.1" 302 219 "-" "Mozilla/5.0 (compatible; SERankingBacklinksBot/1.0; +https://seranking.com/backlinks-crawler)"
65.109.100.157 - - [25/Jun/2026:15:15:13 +0300] "GET / HTTP/1.1" 200 17234 "-" "Mozilla/5.0 (compatible; SERankingBacklinksBot/1.0; +https://seranking.com/backlinks-crawler)"
184.73.35.182 - - [25/Jun/2026:15:15:15 +0300] "GET /images/haberler/2022/05/sahnelere-uzak-kalan-sanatcilarin-programlari-netlesiyor-xPMHiY56.jpg HTTP/1.1" 302 224 "-" "Mozilla/5.0 AppleWebKit/537.36 (KHTML, like Gecko; compatible; Amazonbot/0.1; +https://developer.amazon.com/support/amazonbot) Chrome/119.0.6045.214 Safari/537.36"
47.128.16.127 - - [25/Jun/2026:15:15:16 +0300] "GET /public/images/haberler/2024/01/iddaa-analizi-nasil-yapilir-1706624003.png HTTP/1.1" 302 225 "https://yeniistiklal.com/public/" "Mozilla/5.0 (Linux; Android 5.0) AppleWebKit/537.36 (KHTML, like Gecko) Mobile Safari/537.36 (compatible; TikTokSpider; ttspider-feedback@tiktok.com)"
65.109.100.157 - - [25/Jun/2026:15:15:13 +0300] "GET /haber/meleklerle-yasamak-kitabinin-yazari-beki-ikala-erikliyi-olduren-sanigin-cezasi-onandi-394241 HTTP/1.1" 302 219 "-" "Mozilla/5.0 (compatible; SERankingBacklinksBot/1.0; +https://seranking.com/backlinks-crawler)"
65.109.100.157 - - [25/Jun/2026:15:15:13 +0300] "GET /404 HTTP/1.1" 302 215 "-" "Mozilla/5.0 (compatible; SERankingBacklinksBot/1.0; +https://seranking.com/backlinks-crawler)"
18.207.79.144 - - [25/Jun/2026:15:15:13 +0300] "GET /public/images/haberler/2022/02/masumlar-apartmani-59-bolum-de-kirmizi-oda-ile-birlesiyor-masumlar-apartmani-59-bolum-fragmani.jpg HTTP/1.1" 302 225 "-" "Mozilla/5.0 AppleWebKit/537.36 (KHTML, like Gecko; compatible; Amazonbot/0.1; +https://developer.amazon.com/support/amazonbot) Chrome/119.0.6045.214 Safari/537.36"
47.128.16.127 - - [25/Jun/2026:15:15:15 +0300] "GET /public/ HTTP/1.1" 200 17345 "-" "Mozilla/5.0 (Linux; Android 5.0) AppleWebKit/537.36 (KHTML, like Gecko) Mobile Safari/537.36 (compatible; TikTokSpider; ttspider-feedback@tiktok.com)"
47.128.16.127 - - [25/Jun/2026:15:15:15 +0300] "GET /public/images/firmalar HTTP/1.1" 301 795 "https://yeniistiklal.com/public/" "Mozilla/5.0 (Linux; Android 5.0) AppleWebKit/537.36 (KHTML, like Gecko) Mobile Safari/537.36 (compatible; TikTokSpider; ttspider-feedback@tiktok.com)"
47.128.16.127 - - [25/Jun/2026:15:15:16 +0300] "GET /public/images/firmalar/ HTTP/1.1" 403 787 "https://yeniistiklal.com/public/" "Mozilla/5.0 (Linux; Android 5.0) AppleWebKit/537.36 (KHTML, like Gecko) Mobile Safari/537.36 (compatible; TikTokSpider; ttspider-feedback@tiktok.com)"
47.128.16.127 - - [25/Jun/2026:15:15:16 +0300] "GET /public/images/haberler/2022/11/2022-dunya-kupasi-belcika-0-2-fas-1669566817.png HTTP/1.1" 302 225 "https://yeniistiklal.com/public/" "Mozilla/5.0 (Linux; Android 5.0) AppleWebKit/537.36 (KHTML, like Gecko) Mobile Safari/537.36 (compatible; TikTokSpider; ttspider-feedback@tiktok.com)"
47.128.16.127 - - [25/Jun/2026:15:15:16 +0300] "GET /public/404 HTTP/1.1" 302 220 "https://yeniistiklal.com/public/" "Mozilla/5.0 (Linux; Android 5.0) AppleWebKit/537.36 (KHTML, like Gecko) Mobile Safari/537.36 (compatible; TikTokSpider; ttspider-feedback@tiktok.com)"
202.46.62.96 - - [25/Jun/2026:15:15:16 +0300] "GET /images/haberler/2022/10/ankara-yeni-mahalleli-kadin-hentbolcular-avrupda-ucuncu-turda-y79EU2x9.jpg HTTP/1.1" 302 219 "https://yeniistiklal.com/haber/ankara-yeni-mahalleli-kadin-hentbolcular-avrupda-ucuncu-turda-545734" "Mozilla/5.0 (Windows NT 10.0; Win64; x64) AppleWebKit/537.36 (KHTML, like Gecko) Chrome/133.0.6943.141 Safari/537.36"
47.128.16.127 - - [25/Jun/2026:15:15:16 +0300] "GET /public/404 HTTP/1.1" 302 220 "https://yeniistiklal.com/public/" "Mozilla/5.0 (Linux; Android 5.0) AppleWebKit/537.36 (KHTML, like Gecko) Mobile Safari/537.36 (compatible; TikTokSpider; ttspider-feedback@tiktok.com)"
202.46.62.78 - - [25/Jun/2026:15:15:16 +0300] "GET /hava-durumu/ajax?sehir_isim=6 HTTP/1.1" 200 77 "https://yeniistiklal.com/haber/ankara-yeni-mahalleli-kadin-hentbolcular-avrupda-ucuncu-turda-545734" "Mozilla/5.0 (Windows NT 10.0; Win64; x64) AppleWebKit/537.36 (KHTML, like Gecko) Chrome/133.0.6943.141 Safari/537.36"
47.128.16.127 - - [25/Jun/2026:15:15:17 +0300] "GET /public/404 HTTP/1.1" 302 220 "https://yeniistiklal.com/public/" "Mozilla/5.0 (Linux; Android 5.0) AppleWebKit/537.36 (KHTML, like Gecko) Mobile Safari/537.36 (compatible; TikTokSpider; ttspider-feedback@tiktok.com)"
65.109.100.157 - - [25/Jun/2026:15:15:17 +0300] "GET /haber/melih-bulu-ceo-oldu-mu-aciklama-geldi-38286 HTTP/1.1" 302 219 "-" "Mozilla/5.0 (compatible; SERankingBacklinksBot/1.0; +https://seranking.com/backlinks-crawler)"
157.55.39.52 - - [25/Jun/2026:15:15:17 +0300] "GET /haber/son-dakika-turk-hava-yollarinda-bir-istifa-haberi-daha-emine-erdoganin-yegeniydi-479217 HTTP/1.1" 200 14099 "-" "Mozilla/5.0 AppleWebKit/537.36 (KHTML, like Gecko; compatible; bingbot/2.0; +http://www.bing.com/bingbot.htm) Chrome/116.0.1938.76 Safari/537.36"
47.128.16.127 - - [25/Jun/2026:15:15:16 +0300] "GET /public/images/haberler/2023/07/filenin-sultanlari-milletler-liginde-sampiyon-oldu-1689595616.png HTTP/1.1" 302 225 "https://yeniistiklal.com/public/" "Mozilla/5.0 (Linux; Android 5.0) AppleWebKit/537.36 (KHTML, like Gecko) Mobile Safari/537.36 (compatible; TikTokSpider; ttspider-feedback@tiktok.com)"
47.128.16.127 - - [25/Jun/2026:15:15:17 +0300] "GET /public HTTP/1.1" 301 795 "https://yeniistiklal.com/public/" "Mozilla/5.0 (Linux; Android 5.0) AppleWebKit/537.36 (KHTML, like Gecko) Mobile Safari/537.36 (compatible; TikTokSpider; ttspider-feedback@tiktok.com)"
65.109.100.157 - - [25/Jun/2026:15:15:17 +0300] "GET /haberler/melih-bulu-ceo-oldu-mu-aciklama-geldi-38286 HTTP/1.1" 301 795 "-" "Mozilla/5.0 (compatible; SERankingBacklinksBot/1.0; +https://seranking.com/backlinks-crawler)"
47.128.16.127 - - [25/Jun/2026:15:15:17 +0300] "GET /public/ HTTP/1.1" 200 17361 "https://yeniistiklal.com/public/" "Mozilla/5.0 (Linux; Android 5.0) AppleWebKit/537.36 (KHTML, like Gecko) Mobile Safari/537.36 (compatible; TikTokSpider; ttspider-feedback@tiktok.com)"
65.109.100.157 - - [25/Jun/2026:15:15:17 +0300] "GET /haberler/melih-bulu-ceo-oldu-mu-aciklama-geldi-38286 HTTP/1.1" 301 795 "-" "Mozilla/5.0 (compatible; SERankingBacklinksBot/1.0; +https://seranking.com/backlinks-crawler)"
47.128.16.127 - - [25/Jun/2026:15:15:17 +0300] "GET /public/ HTTP/1.1" 200 17346 "https://yeniistiklal.com/public/" "Mozilla/5.0 (Linux; Android 5.0) AppleWebKit/537.36 (KHTML, like Gecko) Mobile Safari/537.36 (compatible; TikTokSpider; ttspider-feedback@tiktok.com)"
65.109.100.157 - - [25/Jun/2026:15:15:17 +0300] "GET /404 HTTP/1.1" 302 215 "-" "Mozilla/5.0 (compatible; SERankingBacklinksBot/1.0; +https://seranking.com/backlinks-crawler)"
65.109.100.157 - - [25/Jun/2026:15:15:18 +0300] "GET / HTTP/1.1" 200 17238 "-" "Mozilla/5.0 (compatible; SERankingBacklinksBot/1.0; +https://seranking.com/backlinks-crawler)"
34.224.9.144 - - [25/Jun/2026:15:15:19 +0300] "GET /haber/yazin-gelmesiyle-one-cikan-bahce-sandalyeleri-secim-rehberi-551091 HTTP/1.1" 200 14384 "-" "Mozilla/5.0 AppleWebKit/537.36 (KHTML, like Gecko; compatible; Amazonbot/0.1; +https://developer.amazon.com/support/amazonbot) Chrome/119.0.6045.214 Safari/537.36"
65.109.100.157 - - [25/Jun/2026:15:15:21 +0300] "GET /haberler/melih-bulu-gitti-sirada-kim-var-ali-tarakci-ile-gundemi-degerlendiriyoruz-31789 HTTP/1.1" 301 795 "-" "Mozilla/5.0 (compatible; SERankingBacklinksBot/1.0; +https://seranking.com/backlinks-crawler)"
65.109.100.157 - - [25/Jun/2026:15:15:21 +0300] "GET /haberler/melih-bulu-gitti-sirada-kim-var-ali-tarakci-ile-gundemi-degerlendiriyoruz-31789 HTTP/1.1" 301 795 "-" "Mozilla/5.0 (compatible; SERankingBacklinksBot/1.0; +https://seranking.com/backlinks-crawler)"
65.109.100.157 - - [25/Jun/2026:15:15:21 +0300] "GET /haber/melih-bulu-gitti-sirada-kim-var-ali-tarakci-ile-gundemi-degerlendiriyoruz-31789 HTTP/1.1" 302 219 "-" "Mozilla/5.0 (compatible; SERankingBacklinksBot/1.0; +https://seranking.com/backlinks-crawler)"
66.249.92.130 - - [25/Jun/2026:15:15:22 +0300] "GET /public/haber/baskan-soyer-demokrasinin-barisin-ve-zaferin-iki-yuzuncu-yilini-birlikte-selamlayalim-537288 HTTP/1.1" 200 16054 "-" "Mediapartners-Google"
66.249.92.45 - - [25/Jun/2026:15:15:22 +0300] "GET /haber/xiaomi-12-ultra-cikis-tarihi-belli-oldu-502579 HTTP/1.1" 200 14297 "-" "Mediapartners-Google"
95.108.213.179 - - [25/Jun/2026:15:15:23 +0300] "GET /rss/genel-0 HTTP/1.1" 200 196772 "-" "Mozilla/5.0 (compatible; YandexBot/3.0; +http://yandex.com/bots)"
185.191.171.9 - - [25/Jun/2026:15:15:23 +0300] "GET /haber/sebastian-vettel-sonunda-instagramda-529573 HTTP/1.1" 200 14054 "-" "Mozilla/5.0 (compatible; SemrushBot/7~bl; +http://www.semrush.com/bot.html)"
5.255.231.23 - - [25/Jun/2026:15:15:23 +0300] "GET /public/rss/genel-0 HTTP/1.1" 200 196873 "-" "Mozilla/5.0 (compatible; YandexBot/3.0; +http://yandex.com/bots)"
47.128.16.127 - - [25/Jun/2026:15:15:18 +0300] "GET /public/ HTTP/1.1" 200 17355 "https://yeniistiklal.com/public/" "Mozilla/5.0 (Linux; Android 5.0) AppleWebKit/537.36 (KHTML, like Gecko) Mobile Safari/537.36 (compatible; TikTokSpider; ttspider-feedback@tiktok.com)"
51.89.129.166 - - [25/Jun/2026:15:15:20 +0300] "GET /public/haber/koruncuk-vakfi-basari-sart-mi-kampanyasiyla-iki-altin-effie-kazandi-551581 HTTP/1.1" 200 13666 "-" "Mozilla/5.0 (compatible; AhrefsBot/7.0; +http://ahrefs.com/robot/)"
44.220.2.97 - - [25/Jun/2026:15:15:21 +0300] "GET /haber/fotograf-tutkunlari-icin-kaliteli-aksesuarlar-551413 HTTP/1.1" 200 14148 "-" "Mozilla/5.0 AppleWebKit/537.36 (KHTML, like Gecko; compatible; Amazonbot/0.1; +https://developer.amazon.com/support/amazonbot) Chrome/119.0.6045.214 Safari/537.36"
65.109.100.157 - - [25/Jun/2026:15:15:21 +0300] "GET /haber/melih-bulu-gitti-sirada-kim-var-ali-tarakci-ile-gundemi-degerlendiriyoruz-31789 HTTP/1.1" 302 219 "-" "Mozilla/5.0 (compatible; SERankingBacklinksBot/1.0; +https://seranking.com/backlinks-crawler)"
65.109.100.157 - - [25/Jun/2026:15:15:22 +0300] "GET /404 HTTP/1.1" 302 215 "-" "Mozilla/5.0 (compatible; SERankingBacklinksBot/1.0; +https://seranking.com/backlinks-crawler)"
66.249.92.45 - - [25/Jun/2026:15:15:22 +0300] "GET /public/haber/sampiyon-sporculardan-baskan-atabaya-ziyaret-525681 HTTP/1.1" 200 13653 "-" "Mediapartners-Google"
65.109.100.157 - - [25/Jun/2026:15:15:22 +0300] "GET / HTTP/1.1" 200 17232 "-" "Mozilla/5.0 (compatible; SERankingBacklinksBot/1.0; +https://seranking.com/backlinks-crawler)"
40.77.167.51 - - [25/Jun/2026:15:15:23 +0300] "GET /public/haber/kornisonda-hedef-200-milyon-dolar-515885 HTTP/1.1" 200 14454 "-" "Mozilla/5.0 AppleWebKit/537.36 (KHTML, like Gecko; compatible; bingbot/2.0; +http://www.bing.com/bingbot.htm) Chrome/116.0.1938.76 Safari/537.36"
65.109.100.157 - - [25/Jun/2026:15:15:26 +0300] "GET /haberler/melih-bulu-gorevden-alindi-giris-yasagi-kaldirildi-32735 HTTP/1.1" 301 795 "-" "Mozilla/5.0 (compatible; SERankingBacklinksBot/1.0; +https://seranking.com/backlinks-crawler)"
65.109.100.157 - - [25/Jun/2026:15:15:26 +0300] "GET /haber/melih-bulu-gorevden-alindi-giris-yasagi-kaldirildi-32735 HTTP/1.1" 302 219 "-" "Mozilla/5.0 (compatible; SERankingBacklinksBot/1.0; +https://seranking.com/backlinks-crawler)"
65.109.100.157 - - [25/Jun/2026:15:15:26 +0300] "GET /404 HTTP/1.1" 302 215 "-" "Mozilla/5.0 (compatible; SERankingBacklinksBot/1.0; +https://seranking.com/backlinks-crawler)"
65.109.100.157 - - [25/Jun/2026:15:15:26 +0300] "GET / HTTP/1.1" 200 17235 "-" "Mozilla/5.0 (compatible; SERankingBacklinksBot/1.0; +https://seranking.com/backlinks-crawler)"
66.249.66.45 - - [25/Jun/2026:15:15:27 +0300] "GET /images/haberler/2022/03/xiaomi-12-ultra-cikis-tarihi-belli-oldu-QNIbDE1Y.jpg HTTP/1.1" 302 219 "-" "Googlebot-Image/1.0"
65.109.100.157 - - [25/Jun/2026:15:15:30 +0300] "GET /haber/melih-bulu-gorevden-alinmasina-iliskin-yalan-haber-dedigi-paylasimini-sildi-2-30518 HTTP/1.1" 302 219 "-" "Mozilla/5.0 (compatible; SERankingBacklinksBot/1.0; +https://seranking.com/backlinks-crawler)"
65.109.100.157 - - [25/Jun/2026:15:15:30 +0300] "GET /404 HTTP/1.1" 302 215 "-" "Mozilla/5.0 (compatible; SERankingBacklinksBot/1.0; +https://seranking.com/backlinks-crawler)"
40.77.167.116 - - [25/Jun/2026:15:15:33 +0300] "GET /images/haberler/2022/02/egzersize-motivasyonunuz-yok-mu-bir-de-bu-6-yontemi-deneyin-9H97Qpzy.jpg HTTP/1.1" 302 219 "-" "Mozilla/5.0 AppleWebKit/537.36 (KHTML, like Gecko; compatible; bingbot/2.0; +http://www.bing.com/bingbot.htm) Chrome/116.0.1938.76 Safari/537.36"
65.109.100.157 - - [25/Jun/2026:15:15:34 +0300] "GET /haberler/melih-bulu-gorevden-alinmasina-iliskin-yalan-haber-dedigi-paylasimini-sildi-30512 HTTP/1.1" 301 795 "-" "Mozilla/5.0 (compatible; SERankingBacklinksBot/1.0; +https://seranking.com/backlinks-crawler)"
65.109.100.157 - - [25/Jun/2026:15:15:26 +0300] "GET /haberler/melih-bulu-gorevden-alindi-giris-yasagi-kaldirildi-32735 HTTP/1.1" 301 795 "-" "Mozilla/5.0 (compatible; SERankingBacklinksBot/1.0; +https://seranking.com/backlinks-crawler)"
92.249.63.130 - - [25/Jun/2026:15:15:26 +0300] "GET / HTTP/1.1" 200 17234 "https://yeniistiklal.com/" "Mozilla/5.0 (Windows NT 6.1; Win64; x64) AppleWebKit/537.36 (KHTML, like Gecko) Chrome/62.0.3202.94 Safari/537.36"
65.109.100.157 - - [25/Jun/2026:15:15:26 +0300] "GET /haber/melih-bulu-gorevden-alindi-giris-yasagi-kaldirildi-32735 HTTP/1.1" 302 219 "-" "Mozilla/5.0 (compatible; SERankingBacklinksBot/1.0; +https://seranking.com/backlinks-crawler)"
65.109.100.157 - - [25/Jun/2026:15:15:30 +0300] "GET /haberler/melih-bulu-gorevden-alinmasina-iliskin-yalan-haber-dedigi-paylasimini-sildi-2-30518 HTTP/1.1" 301 795 "-" "Mozilla/5.0 (compatible; SERankingBacklinksBot/1.0; +https://seranking.com/backlinks-crawler)"
65.109.100.157 - - [25/Jun/2026:15:15:30 +0300] "GET /haberler/melih-bulu-gorevden-alinmasina-iliskin-yalan-haber-dedigi-paylasimini-sildi-2-30518 HTTP/1.1" 301 795 "-" "Mozilla/5.0 (compatible; SERankingBacklinksBot/1.0; +https://seranking.com/backlinks-crawler)"
65.109.100.157 - - [25/Jun/2026:15:15:30 +0300] "GET /haber/melih-bulu-gorevden-alinmasina-iliskin-yalan-haber-dedigi-paylasimini-sildi-2-30518 HTTP/1.1" 302 219 "-" "Mozilla/5.0 (compatible; SERankingBacklinksBot/1.0; +https://seranking.com/backlinks-crawler)"
65.109.100.157 - - [25/Jun/2026:15:15:30 +0300] "GET / HTTP/1.1" 200 17235 "-" "Mozilla/5.0 (compatible; SERankingBacklinksBot/1.0; +https://seranking.com/backlinks-crawler)"
65.109.100.157 - - [25/Jun/2026:15:15:34 +0300] "GET /haber/melih-bulu-gorevden-alinmasina-iliskin-yalan-haber-dedigi-paylasimini-sildi-30512 HTTP/1.1" 302 219 "-" "Mozilla/5.0 (compatible; SERankingBacklinksBot/1.0; +https://seranking.com/backlinks-crawler)"
65.109.100.157 - - [25/Jun/2026:15:15:34 +0300] "GET /404 HTTP/1.1" 302 215 "-" "Mozilla/5.0 (compatible; SERankingBacklinksBot/1.0; +https://seranking.com/backlinks-crawler)"
65.109.100.157 - - [25/Jun/2026:15:15:34 +0300] "GET / HTTP/1.1" 200 17247 "-" "Mozilla/5.0 (compatible; SERankingBacklinksBot/1.0; +https://seranking.com/backlinks-crawler)"
65.109.100.157 - - [25/Jun/2026:15:15:38 +0300] "GET /haberler/melih-bulu-ile-ilgili-carpici-iddia-43845 HTTP/1.1" 301 795 "-" "Mozilla/5.0 (compatible; SERankingBacklinksBot/1.0; +https://seranking.com/backlinks-crawler)"
65.109.100.157 - - [25/Jun/2026:15:15:38 +0300] "GET / HTTP/1.1" 200 17240 "-" "Mozilla/5.0 (compatible; SERankingBacklinksBot/1.0; +https://seranking.com/backlinks-crawler)"
66.249.66.162 - - [25/Jun/2026:15:15:39 +0300] "GET /public/images/haberler/2022/09/baskan-soyer-demokrasinin-barisin-ve-zaferin-iki-yuzuncu-yilini-birlikte-selamlayalim-hjfSHPUS.jpg HTTP/1.1" 302 225 "-" "Googlebot-Image/1.0"
65.109.100.157 - - [25/Jun/2026:15:15:42 +0300] "GET /haber/melih-bulu-neden-gorevden-alindi-2-33822 HTTP/1.1" 302 219 "-" "Mozilla/5.0 (compatible; SERankingBacklinksBot/1.0; +https://seranking.com/backlinks-crawler)"
65.109.100.157 - - [25/Jun/2026:15:15:42 +0300] "GET /haberler/melih-bulu-neden-gorevden-alindi-2-33822 HTTP/1.1" 301 795 "-" "Mozilla/5.0 (compatible; SERankingBacklinksBot/1.0; +https://seranking.com/backlinks-crawler)"
142.147.219.221 - - [25/Jun/2026:15:15:43 +0300] "GET /haber/gardrops-iade-talebi-nasil-yapilir-551447 HTTP/1.1" 200 13456 "-" "Mozilla/5.0 (Macintosh; Intel Mac OS X 10_15_7) AppleWebKit/537.36 (KHTML, like Gecko) Chrome/142.0.0.0 Safari/537.36"
216.231.35.132 - - [25/Jun/2026:15:15:44 +0300] "GET /404 HTTP/1.1" 302 215 "-" "Mozilla/5.0 (compatible; crawler)"
216.231.35.132 - - [25/Jun/2026:15:15:44 +0300] "GET / HTTP/1.1" 200 17239 "-" "Mozilla/5.0 (compatible; crawler)"
43.172.198.34 - - [25/Jun/2026:15:15:45 +0300] "GET /haber/akpde-toplu-istifa-45-kisi-birden-482449 HTTP/1.1" 200 13486 "-" "Mozilla/5.0 (Windows NT 10.0; Win64; x64) AppleWebKit/537.36 (KHTML, like Gecko) Chrome/131.0.0.0 Safari/537.36"
65.109.100.157 - - [25/Jun/2026:15:15:34 +0300] "GET /haberler/melih-bulu-gorevden-alinmasina-iliskin-yalan-haber-dedigi-paylasimini-sildi-30512 HTTP/1.1" 301 795 "-" "Mozilla/5.0 (compatible; SERankingBacklinksBot/1.0; +https://seranking.com/backlinks-crawler)"
40.77.167.116 - - [25/Jun/2026:15:15:34 +0300] "GET /404 HTTP/1.1" 302 215 "-" "Mozilla/5.0 AppleWebKit/537.36 (KHTML, like Gecko; compatible; bingbot/2.0; +http://www.bing.com/bingbot.htm) Chrome/116.0.1938.76 Safari/537.36"
40.77.167.116 - - [25/Jun/2026:15:15:35 +0300] "GET / HTTP/1.1" 200 17233 "-" "Mozilla/5.0 AppleWebKit/537.36 (KHTML, like Gecko; compatible; bingbot/2.0; +http://www.bing.com/bingbot.htm) Chrome/116.0.1938.76 Safari/537.36"
65.109.100.157 - - [25/Jun/2026:15:15:38 +0300] "GET /haberler/melih-bulu-ile-ilgili-carpici-iddia-43845 HTTP/1.1" 301 795 "-" "Mozilla/5.0 (compatible; SERankingBacklinksBot/1.0; +https://seranking.com/backlinks-crawler)"
65.109.100.157 - - [25/Jun/2026:15:15:38 +0300] "GET /haber/melih-bulu-ile-ilgili-carpici-iddia-43845 HTTP/1.1" 302 219 "-" "Mozilla/5.0 (compatible; SERankingBacklinksBot/1.0; +https://seranking.com/backlinks-crawler)"
65.109.100.157 - - [25/Jun/2026:15:15:38 +0300] "GET /haber/melih-bulu-ile-ilgili-carpici-iddia-43845 HTTP/1.1" 302 219 "-" "Mozilla/5.0 (compatible; SERankingBacklinksBot/1.0; +https://seranking.com/backlinks-crawler)"
65.109.100.157 - - [25/Jun/2026:15:15:38 +0300] "GET /404 HTTP/1.1" 302 215 "-" "Mozilla/5.0 (compatible; SERankingBacklinksBot/1.0; +https://seranking.com/backlinks-crawler)"
65.109.100.157 - - [25/Jun/2026:15:15:42 +0300] "GET /haberler/melih-bulu-neden-gorevden-alindi-2-33822 HTTP/1.1" 301 795 "-" "Mozilla/5.0 (compatible; SERankingBacklinksBot/1.0; +https://seranking.com/backlinks-crawler)"
65.109.100.157 - - [25/Jun/2026:15:15:42 +0300] "GET /haber/melih-bulu-neden-gorevden-alindi-2-33822 HTTP/1.1" 302 219 "-" "Mozilla/5.0 (compatible; SERankingBacklinksBot/1.0; +https://seranking.com/backlinks-crawler)"
65.109.100.157 - - [25/Jun/2026:15:15:42 +0300] "GET /404 HTTP/1.1" 302 215 "-" "Mozilla/5.0 (compatible; SERankingBacklinksBot/1.0; +https://seranking.com/backlinks-crawler)"
65.109.100.157 - - [25/Jun/2026:15:15:42 +0300] "GET / HTTP/1.1" 200 17232 "-" "Mozilla/5.0 (compatible; SERankingBacklinksBot/1.0; +https://seranking.com/backlinks-crawler)"
216.231.35.132 - - [25/Jun/2026:15:15:43 +0300] "GET /images/haberler/2022/06/bursa-osmekten-yilsonu-sergisi-KEPeLHyj.jpg HTTP/1.1" 302 219 "-" "Mozilla/5.0 (compatible; crawler)"
65.109.100.157 - - [25/Jun/2026:15:15:46 +0300] "GET /haber/melih-bulu-neden-gorevden-alindi-33793 HTTP/1.1" 302 219 "-" "Mozilla/5.0 (compatible; SERankingBacklinksBot/1.0; +https://seranking.com/backlinks-crawler)"
65.109.100.157 - - [25/Jun/2026:15:15:46 +0300] "GET /haberler/melih-bulu-neden-gorevden-alindi-33793 HTTP/1.1" 301 795 "-" "Mozilla/5.0 (compatible; SERankingBacklinksBot/1.0; +https://seranking.com/backlinks-crawler)"
65.109.100.157 - - [25/Jun/2026:15:15:46 +0300] "GET /404 HTTP/1.1" 302 215 "-" "Mozilla/5.0 (compatible; SERankingBacklinksBot/1.0; +https://seranking.com/backlinks-crawler)"
65.109.100.157 - - [25/Jun/2026:15:15:46 +0300] "GET / HTTP/1.1" 200 17230 "-" "Mozilla/5.0 (compatible; SERankingBacklinksBot/1.0; +https://seranking.com/backlinks-crawler)"
65.109.100.157 - - [25/Jun/2026:15:15:50 +0300] "GET /haberler/melih-bulunun-atanmasini-akpli-vekil-istemis-36935 HTTP/1.1" 301 795 "-" "Mozilla/5.0 (compatible; SERankingBacklinksBot/1.0; +https://seranking.com/backlinks-crawler)"
65.109.100.157 - - [25/Jun/2026:15:15:50 +0300] "GET /404 HTTP/1.1" 302 215 "-" "Mozilla/5.0 (compatible; SERankingBacklinksBot/1.0; +https://seranking.com/backlinks-crawler)"
65.109.100.157 - - [25/Jun/2026:15:15:50 +0300] "GET / HTTP/1.1" 200 17238 "-" "Mozilla/5.0 (compatible; SERankingBacklinksBot/1.0; +https://seranking.com/backlinks-crawler)"
43.172.198.7 - - [25/Jun/2026:15:15:46 +0300] "GET /hava-durumu/ajax?sehir_isim=6 HTTP/1.1" 200 77 "https://yeniistiklal.com/haber/akpde-toplu-istifa-45-kisi-birden-482449" "Mozilla/5.0 (Windows NT 10.0; Win64; x64) AppleWebKit/537.36 (KHTML, like Gecko) Chrome/131.0.0.0 Safari/537.36"
65.109.100.157 - - [25/Jun/2026:15:15:46 +0300] "GET /haberler/melih-bulu-neden-gorevden-alindi-33793 HTTP/1.1" 301 795 "-" "Mozilla/5.0 (compatible; SERankingBacklinksBot/1.0; +https://seranking.com/backlinks-crawler)"
65.109.100.157 - - [25/Jun/2026:15:15:46 +0300] "GET /haber/melih-bulu-neden-gorevden-alindi-33793 HTTP/1.1" 302 219 "-" "Mozilla/5.0 (compatible; SERankingBacklinksBot/1.0; +https://seranking.com/backlinks-crawler)"
138.201.103.164 - - [25/Jun/2026:15:15:46 +0300] "GET /rss/genel-0 HTTP/1.1" 200 196772 "-" "Mozilla/5.0 (compatible; MrGadgetCrawler/1.0; +https://mrgadget.com.tr/bot)"
157.55.39.52 - - [25/Jun/2026:15:15:48 +0300] "GET /public/index.php/haber/bakan-bozdagdan-bursada-anayasa-aciklamasi-yeni-turkiyenin-anahtari-yeni-anayasadir-542731 HTTP/1.1" 200 14124 "-" "Mozilla/5.0 AppleWebKit/537.36 (KHTML, like Gecko; compatible; bingbot/2.0; +http://www.bing.com/bingbot.htm) Chrome/116.0.1938.76 Safari/537.36"
213.180.203.109 - - [25/Jun/2026:15:15:48 +0300] "GET /rss/genel-0 HTTP/1.1" 200 196772 "-" "Mozilla/5.0 (compatible; YandexBot/3.0; +http://yandex.com/bots)"
65.109.100.157 - - [25/Jun/2026:15:15:50 +0300] "GET /haberler/melih-bulunun-atanmasini-akpli-vekil-istemis-36935 HTTP/1.1" 301 795 "-" "Mozilla/5.0 (compatible; SERankingBacklinksBot/1.0; +https://seranking.com/backlinks-crawler)"
65.109.100.157 - - [25/Jun/2026:15:15:50 +0300] "GET /haber/melih-bulunun-atanmasini-akpli-vekil-istemis-36935 HTTP/1.1" 302 219 "-" "Mozilla/5.0 (compatible; SERankingBacklinksBot/1.0; +https://seranking.com/backlinks-crawler)"
65.109.100.157 - - [25/Jun/2026:15:15:50 +0300] "GET /haber/melih-bulunun-atanmasini-akpli-vekil-istemis-36935 HTTP/1.1" 302 219 "-" "Mozilla/5.0 (compatible; SERankingBacklinksBot/1.0; +https://seranking.com/backlinks-crawler)"
2001:1a40:1257:3800:9447:4716:6841:1e4a - - [25/Jun/2026:15:15:50 +0300] "GET /public/haber/mehmet-tokdemir-altin-yuzugum-kirildi-470497 HTTP/1.1" 200 13385 "https://yeniistiklal.com" "Mozilla/5.0 (Macintosh; Intel Mac OS X 10_15_7) AppleWebKit/537.36 (KHTML, like Gecko) Chrome/144.0.0.0 Safari/537.36"
17.246.15.70 - - [25/Jun/2026:15:15:53 +0300] "GET /public/haber/tesettur-takim-mi-elbise-mi-hangisi-bana-daha-uygun-551400 HTTP/1.1" 200 19140 "-" "Mozilla/5.0 (Macintosh; Intel Mac OS X 10_15_7) AppleWebKit/605.1.15 (KHTML, like Gecko) Version/17.4 Safari/605.1.15 (Applebot/0.1; +http://www.apple.com/go/applebot)"
65.109.100.157 - - [25/Jun/2026:15:15:54 +0300] "GET /haberler/melih-bulunun-gorevden-alinmasinin-perde-arkasi-35677 HTTP/1.1" 301 795 "-" "Mozilla/5.0 (compatible; SERankingBacklinksBot/1.0; +https://seranking.com/backlinks-crawler)"
65.109.100.157 - - [25/Jun/2026:15:15:54 +0300] "GET / HTTP/1.1" 200 17230 "-" "Mozilla/5.0 (compatible; SERankingBacklinksBot/1.0; +https://seranking.com/backlinks-crawler)"
65.109.100.157 - - [25/Jun/2026:15:15:58 +0300] "GET /haberler/melih-bulunun-ismi-bogazici-universitesinin-sitesinden-de-silindi-32909 HTTP/1.1" 301 795 "-" "Mozilla/5.0 (compatible; SERankingBacklinksBot/1.0; +https://seranking.com/backlinks-crawler)"
65.109.100.157 - - [25/Jun/2026:15:15:58 +0300] "GET /haberler/melih-bulunun-ismi-bogazici-universitesinin-sitesinden-de-silindi-32909 HTTP/1.1" 301 795 "-" "Mozilla/5.0 (compatible; SERankingBacklinksBot/1.0; +https://seranking.com/backlinks-crawler)"
65.109.100.157 - - [25/Jun/2026:15:15:58 +0300] "GET /404 HTTP/1.1" 302 215 "-" "Mozilla/5.0 (compatible; SERankingBacklinksBot/1.0; +https://seranking.com/backlinks-crawler)"
65.109.100.157 - - [25/Jun/2026:15:15:58 +0300] "GET / HTTP/1.1" 200 17245 "-" "Mozilla/5.0 (compatible; SERankingBacklinksBot/1.0; +https://seranking.com/backlinks-crawler)"
65.109.100.157 - - [25/Jun/2026:15:15:54 +0300] "GET /haber/melih-bulunun-gorevden-alinmasinin-perde-arkasi-35677 HTTP/1.1" 302 219 "-" "Mozilla/5.0 (compatible; SERankingBacklinksBot/1.0; +https://seranking.com/backlinks-crawler)"
65.109.100.157 - - [25/Jun/2026:15:15:54 +0300] "GET /haberler/melih-bulunun-gorevden-alinmasinin-perde-arkasi-35677 HTTP/1.1" 301 795 "-" "Mozilla/5.0 (compatible; SERankingBacklinksBot/1.0; +https://seranking.com/backlinks-crawler)"
65.109.100.157 - - [25/Jun/2026:15:15:54 +0300] "GET /haber/melih-bulunun-gorevden-alinmasinin-perde-arkasi-35677 HTTP/1.1" 302 219 "-" "Mozilla/5.0 (compatible; SERankingBacklinksBot/1.0; +https://seranking.com/backlinks-crawler)"
65.109.100.157 - - [25/Jun/2026:15:15:54 +0300] "GET /404 HTTP/1.1" 302 215 "-" "Mozilla/5.0 (compatible; SERankingBacklinksBot/1.0; +https://seranking.com/backlinks-crawler)"
185.191.171.4 - - [25/Jun/2026:15:15:54 +0300] "GET /haber/erciyes-lavantayla-renkleniyor-546045 HTTP/1.1" 200 13434 "-" "Mozilla/5.0 (compatible; SemrushBot/7~bl; +http://www.semrush.com/bot.html)"
65.109.100.157 - - [25/Jun/2026:15:15:58 +0300] "GET /haber/melih-bulunun-ismi-bogazici-universitesinin-sitesinden-de-silindi-32909 HTTP/1.1" 302 219 "-" "Mozilla/5.0 (compatible; SERankingBacklinksBot/1.0; +https://seranking.com/backlinks-crawler)"
85.208.96.203 - - [25/Jun/2026:15:15:59 +0300] "GET /haber/17-temmuz-2023-guncel-altin-kuru-550004 HTTP/1.1" 200 12832 "-" "Mozilla/5.0 (compatible; SemrushBot/7~bl; +http://www.semrush.com/bot.html)"
198.244.226.198 - - [25/Jun/2026:15:16:01 +0300] "GET /public/haber/buyuksehir-23-nisani-coskuyla-kutluyor-551579 HTTP/1.1" 200 13431 "-" "Mozilla/5.0 (compatible; AhrefsBot/7.0; +http://ahrefs.com/robot/)"
65.109.100.157 - - [25/Jun/2026:15:16:02 +0300] "GET /haberler/melih-bulunun-yardimcisi-gurkan-kumbaroglu-bogazici-universitesinde-rektor-adayi-oldu-71223 HTTP/1.1" 301 795 "-" "Mozilla/5.0 (compatible; SERankingBacklinksBot/1.0; +https://seranking.com/backlinks-crawler)"
65.109.100.157 - - [25/Jun/2026:15:16:02 +0300] "GET /haber/melih-bulunun-yardimcisi-gurkan-kumbaroglu-bogazici-universitesinde-rektor-adayi-oldu-71223 HTTP/1.1" 302 219 "-" "Mozilla/5.0 (compatible; SERankingBacklinksBot/1.0; +https://seranking.com/backlinks-crawler)"
65.109.100.157 - - [25/Jun/2026:15:16:02 +0300] "GET /haber/melih-bulunun-yardimcisi-gurkan-kumbaroglu-bogazici-universitesinde-rektor-adayi-oldu-71223 HTTP/1.1" 302 219 "-" "Mozilla/5.0 (compatible; SERankingBacklinksBot/1.0; +https://seranking.com/backlinks-crawler)"
65.109.100.157 - - [25/Jun/2026:15:16:02 +0300] "GET / HTTP/1.1" 200 17221 "-" "Mozilla/5.0 (compatible; SERankingBacklinksBot/1.0; +https://seranking.com/backlinks-crawler)"
185.191.171.4 - - [25/Jun/2026:15:16:07 +0300] "GET /haber/ogmden-4-ilde-ayni-anda-tatbikat-516270 HTTP/1.1" 200 14133 "-" "Mozilla/5.0 (compatible; SemrushBot/7~bl; +http://www.semrush.com/bot.html)"
65.109.100.157 - - [25/Jun/2026:15:16:09 +0300] "GET /haberler/melih-bulunun-yerine-gelen-isim-belli-oldu-178581 HTTP/1.1" 301 795 "-" "Mozilla/5.0 (compatible; SERankingBacklinksBot/1.0; +https://seranking.com/backlinks-crawler)"
65.109.100.157 - - [25/Jun/2026:15:16:09 +0300] "GET /haberler/melih-bulunun-yerine-gelen-isim-belli-oldu-178581 HTTP/1.1" 301 795 "-" "Mozilla/5.0 (compatible; SERankingBacklinksBot/1.0; +https://seranking.com/backlinks-crawler)"
202.46.62.111 - - [25/Jun/2026:15:16:10 +0300] "GET /public/haber/gorevi-basinda-kalp-krizi-geciren-polis-memuru-yasamini-yitirdi-490404 HTTP/1.1" 200 13528 "-" "Mozilla/5.0 (Windows NT 10.0; Win64; x64) AppleWebKit/537.36 (KHTML, like Gecko) Chrome/133.0.6943.141 Safari/537.36"
65.109.100.157 - - [25/Jun/2026:15:16:10 +0300] "GET /404 HTTP/1.1" 302 215 "-" "Mozilla/5.0 (compatible; SERankingBacklinksBot/1.0; +https://seranking.com/backlinks-crawler)"
65.109.100.157 - - [25/Jun/2026:15:16:10 +0300] "GET / HTTP/1.1" 200 17235 "-" "Mozilla/5.0 (compatible; SERankingBacklinksBot/1.0; +https://seranking.com/backlinks-crawler)"
65.109.100.157 - - [25/Jun/2026:15:16:02 +0300] "GET /haberler/melih-bulunun-yardimcisi-gurkan-kumbaroglu-bogazici-universitesinde-rektor-adayi-oldu-71223 HTTP/1.1" 301 795 "-" "Mozilla/5.0 (compatible; SERankingBacklinksBot/1.0; +https://seranking.com/backlinks-crawler)"
65.109.100.157 - - [25/Jun/2026:15:16:02 +0300] "GET /404 HTTP/1.1" 302 215 "-" "Mozilla/5.0 (compatible; SERankingBacklinksBot/1.0; +https://seranking.com/backlinks-crawler)"
114.119.137.160 - - [25/Jun/2026:15:16:03 +0300] "GET /haber/antalya-altin-portakal-film-festivali-3-gununde-543395 HTTP/1.1" 200 16928 "https://yeniistiklal.com/googlenews.xml" "Mozilla/5.0 (Linux; Android 7.0;) AppleWebKit/537.36 (HTML, like Gecko) Mobile Safari/537.36 (compatible; PetalBot;+https://webmaster.petalsearch.com/site/petalbot)"
65.109.100.157 - - [25/Jun/2026:15:16:05 +0300] "GET /haberler/melih-bulunun-yardimcisi-prof-kumbaroglunun-intihal-yaptigi-ortaya-cikti-150885 HTTP/1.1" 301 795 "-" "Mozilla/5.0 (compatible; SERankingBacklinksBot/1.0; +https://seranking.com/backlinks-crawler)"
65.109.100.157 - - [25/Jun/2026:15:16:06 +0300] "GET /haber/melih-bulunun-yardimcisi-prof-kumbaroglunun-intihal-yaptigi-ortaya-cikti-150885 HTTP/1.1" 302 219 "-" "Mozilla/5.0 (compatible; SERankingBacklinksBot/1.0; +https://seranking.com/backlinks-crawler)"
65.109.100.157 - - [25/Jun/2026:15:16:06 +0300] "GET /haberler/melih-bulunun-yardimcisi-prof-kumbaroglunun-intihal-yaptigi-ortaya-cikti-150885 HTTP/1.1" 301 795 "-" "Mozilla/5.0 (compatible; SERankingBacklinksBot/1.0; +https://seranking.com/backlinks-crawler)"
65.109.100.157 - - [25/Jun/2026:15:16:06 +0300] "GET /haber/melih-bulunun-yardimcisi-prof-kumbaroglunun-intihal-yaptigi-ortaya-cikti-150885 HTTP/1.1" 302 219 "-" "Mozilla/5.0 (compatible; SERankingBacklinksBot/1.0; +https://seranking.com/backlinks-crawler)"
65.109.100.157 - - [25/Jun/2026:15:16:06 +0300] "GET /404 HTTP/1.1" 302 215 "-" "Mozilla/5.0 (compatible; SERankingBacklinksBot/1.0; +https://seranking.com/backlinks-crawler)"
65.109.100.157 - - [25/Jun/2026:15:16:06 +0300] "GET / HTTP/1.1" 200 17233 "-" "Mozilla/5.0 (compatible; SERankingBacklinksBot/1.0; +https://seranking.com/backlinks-crawler)"
65.109.100.157 - - [25/Jun/2026:15:16:09 +0300] "GET /haber/melih-bulunun-yerine-gelen-isim-belli-oldu-178581 HTTP/1.1" 302 219 "-" "Mozilla/5.0 (compatible; SERankingBacklinksBot/1.0; +https://seranking.com/backlinks-crawler)"
65.109.100.157 - - [25/Jun/2026:15:16:10 +0300] "GET /haber/melih-bulunun-yerine-gelen-isim-belli-oldu-178581 HTTP/1.1" 302 219 "-" "Mozilla/5.0 (compatible; SERankingBacklinksBot/1.0; +https://seranking.com/backlinks-crawler)"
51.89.129.51 - - [25/Jun/2026:15:16:10 +0300] "GET /public/images/haberler/2025/09/nuuwears-ile-tesettur-trenckot-elbise-ve-takim-modellerinde-yeni-sezon-1758977813.jpeg HTTP/1.1" 200 28759 "-" "Mozilla/5.0 (compatible; AhrefsBot/7.0; +http://ahrefs.com/robot/)"
65.109.100.157 - - [25/Jun/2026:15:16:13 +0300] "GET /haber/melih-buluyu-kendi-yasagi-vurdu-31653 HTTP/1.1" 302 219 "-" "Mozilla/5.0 (compatible; SERankingBacklinksBot/1.0; +https://seranking.com/backlinks-crawler)"
65.109.100.157 - - [25/Jun/2026:15:16:13 +0300] "GET /haberler/melih-buluyu-kendi-yasagi-vurdu-31653 HTTP/1.1" 301 795 "-" "Mozilla/5.0 (compatible; SERankingBacklinksBot/1.0; +https://seranking.com/backlinks-crawler)"
198.244.240.206 - - [25/Jun/2026:15:16:13 +0300] "GET /public/images/haberler/2025/04/buyuksehir-23-nisani-coskuyla-kutluyor-1745399943.jpg HTTP/1.1" 200 65144 "-" "Mozilla/5.0 (compatible; AhrefsBot/7.0; +http://ahrefs.com/robot/)"
65.109.100.157 - - [25/Jun/2026:15:16:14 +0300] "GET / HTTP/1.1" 200 17251 "-" "Mozilla/5.0 (compatible; SERankingBacklinksBot/1.0; +https://seranking.com/backlinks-crawler)"
85.208.96.206 - - [25/Jun/2026:15:16:15 +0300] "GET /haber/kayseri-buyuksehirin-yaza-merhaba-festivaline-buyuk-ilgi-520053 HTTP/1.1" 200 14405 "-" "Mozilla/5.0 (compatible; SemrushBot/7~bl; +http://www.semrush.com/bot.html)"
15.235.98.119 - - [25/Jun/2026:15:16:11 +0300] "GET /public/images/haberler/2025/09/meniskus-yirtigina-ameliyatsiz-cozum-kok-hucre-tedavisi-1759219669.jpeg HTTP/1.1" 200 20120 "-" "Mozilla/5.0 (compatible; AhrefsBot/7.0; +http://ahrefs.com/robot/)"
85.208.96.200 - - [25/Jun/2026:15:16:11 +0300] "GET /public/haber/dogayla-yatirimi-bulusturan-firsat-kandirada-arsa-sahibi-olmanin-avantajlari-551632 HTTP/1.1" 200 14296 "-" "Mozilla/5.0 (compatible; SemrushBot/7~bl; +http://www.semrush.com/bot.html)"
185.191.171.9 - - [25/Jun/2026:15:16:11 +0300] "GET /haber/sinema-sektorune-1-milyon-814-bin-lira-destek-saglanacak-499755 HTTP/1.1" 200 13764 "-" "Mozilla/5.0 (compatible; SemrushBot/7~bl; +http://www.semrush.com/bot.html)"
65.109.100.157 - - [25/Jun/2026:15:16:13 +0300] "GET /haberler/melih-buluyu-kendi-yasagi-vurdu-31653 HTTP/1.1" 301 795 "-" "Mozilla/5.0 (compatible; SERankingBacklinksBot/1.0; +https://seranking.com/backlinks-crawler)"
65.109.100.157 - - [25/Jun/2026:15:16:13 +0300] "GET /haber/melih-buluyu-kendi-yasagi-vurdu-31653 HTTP/1.1" 302 219 "-" "Mozilla/5.0 (compatible; SERankingBacklinksBot/1.0; +https://seranking.com/backlinks-crawler)"
54.39.210.118 - - [25/Jun/2026:15:16:14 +0300] "GET /public/images/haberler/2025/09/erken-cocukluk-doneminde-cocuk-kitaplari-seciminin-onemi-1758280138.jpg HTTP/1.1" 200 51564 "-" "Mozilla/5.0 (compatible; AhrefsBot/7.0; +http://ahrefs.com/robot/)"
85.208.96.212 - - [25/Jun/2026:15:16:14 +0300] "GET /haber/asodan-enflasyon-uyarisi-kur-artisi-ve-zam-yagmuru-devam-edecek-479542 HTTP/1.1" 200 14250 "-" "Mozilla/5.0 (compatible; SemrushBot/7~bl; +http://www.semrush.com/bot.html)"
65.109.100.157 - - [25/Jun/2026:15:16:14 +0300] "GET /404 HTTP/1.1" 302 215 "-" "Mozilla/5.0 (compatible; SERankingBacklinksBot/1.0; +https://seranking.com/backlinks-crawler)"
202.46.62.118 - - [25/Jun/2026:15:16:14 +0300] "GET /public/images/haberler/2022/02/gorevi-basinda-kalp-krizi-geciren-polis-memuru-yasamini-yitirdi-bJ8EDru9.jpg HTTP/1.1" 302 225 "https://yeniistiklal.com/public/haber/gorevi-basinda-kalp-krizi-geciren-polis-memuru-yasamini-yitirdi-490404" "Mozilla/5.0 (Windows NT 10.0; Win64; x64) AppleWebKit/537.36 (KHTML, like Gecko) Chrome/133.0.6943.141 Safari/537.36"
202.46.62.83 - - [25/Jun/2026:15:16:14 +0300] "GET /hava-durumu/ajax?sehir_isim=6 HTTP/1.1" 200 77 "https://yeniistiklal.com/public/haber/gorevi-basinda-kalp-krizi-geciren-polis-memuru-yasamini-yitirdi-490404" "Mozilla/5.0 (Windows NT 10.0; Win64; x64) AppleWebKit/537.36 (KHTML, like Gecko) Chrome/133.0.6943.141 Safari/537.36"
213.180.203.82 - - [25/Jun/2026:15:16:15 +0300] "GET /public/rss/genel-0 HTTP/1.1" 200 196873 "-" "Mozilla/5.0 (compatible; YandexBot/3.0; +http://yandex.com/bots)"
5.255.231.79 - - [25/Jun/2026:15:16:15 +0300] "GET /rss/genel-0 HTTP/1.1" 200 196772 "-" "Mozilla/5.0 (compatible; YandexBot/3.0; +http://yandex.com/bots)"
65.109.100.157 - - [25/Jun/2026:15:16:17 +0300] "GET /haber/melih-gokcek-12-kalem-oyuncaga-916-bin-tl-harcamis-354091 HTTP/1.1" 302 219 "-" "Mozilla/5.0 (compatible; SERankingBacklinksBot/1.0; +https://seranking.com/backlinks-crawler)"
65.109.100.157 - - [25/Jun/2026:15:16:17 +0300] "GET /haberler/melih-gokcek-12-kalem-oyuncaga-916-bin-tl-harcamis-354091 HTTP/1.1" 301 795 "-" "Mozilla/5.0 (compatible; SERankingBacklinksBot/1.0; +https://seranking.com/backlinks-crawler)"
65.109.100.157 - - [25/Jun/2026:15:16:18 +0300] "GET /haber/melih-gokcek-12-kalem-oyuncaga-916-bin-tl-harcamis-354091 HTTP/1.1" 302 219 "-" "Mozilla/5.0 (compatible; SERankingBacklinksBot/1.0; +https://seranking.com/backlinks-crawler)"
85.208.96.202 - - [25/Jun/2026:15:16:18 +0300] "GET /haber/medikal-estetik-hekimi-doktor-tufan-par-kimdir-550887 HTTP/1.1" 200 13197 "-" "Mozilla/5.0 (compatible; SemrushBot/7~bl; +http://www.semrush.com/bot.html)"
65.109.100.157 - - [25/Jun/2026:15:16:18 +0300] "GET /404 HTTP/1.1" 302 215 "-" "Mozilla/5.0 (compatible; SERankingBacklinksBot/1.0; +https://seranking.com/backlinks-crawler)"
65.109.100.157 - - [25/Jun/2026:15:16:21 +0300] "GET /haberler/melih-gokcek-acik-acik-yazdi-artik-sokakta-gezecek-muhalif-dayaga-hazir-olsun-346695 HTTP/1.1" 301 795 "-" "Mozilla/5.0 (compatible; SERankingBacklinksBot/1.0; +https://seranking.com/backlinks-crawler)"
65.109.100.157 - - [25/Jun/2026:15:16:21 +0300] "GET /haberler/melih-gokcek-acik-acik-yazdi-artik-sokakta-gezecek-muhalif-dayaga-hazir-olsun-346695 HTTP/1.1" 301 795 "-" "Mozilla/5.0 (compatible; SERankingBacklinksBot/1.0; +https://seranking.com/backlinks-crawler)"
65.109.100.157 - - [25/Jun/2026:15:16:21 +0300] "GET /haber/melih-gokcek-acik-acik-yazdi-artik-sokakta-gezecek-muhalif-dayaga-hazir-olsun-346695 HTTP/1.1" 302 219 "-" "Mozilla/5.0 (compatible; SERankingBacklinksBot/1.0; +https://seranking.com/backlinks-crawler)"
65.109.100.157 - - [25/Jun/2026:15:16:22 +0300] "GET /404 HTTP/1.1" 302 215 "-" "Mozilla/5.0 (compatible; SERankingBacklinksBot/1.0; +https://seranking.com/backlinks-crawler)"
87.250.224.226 - - [25/Jun/2026:15:16:24 +0300] "GET /rss/genel-0 HTTP/1.1" 200 196772 "-" "Mozilla/5.0 (compatible; YandexBot/3.0; +http://yandex.com/bots)"
65.109.100.157 - - [25/Jun/2026:15:16:25 +0300] "GET /haberler/melih-gokcekin-zengin-ettigi-aile-ankaraya-1-gun-kendilerine-29-gun-calistilar-311371 HTTP/1.1" 301 795 "-" "Mozilla/5.0 (compatible; SERankingBacklinksBot/1.0; +https://seranking.com/backlinks-crawler)"
