216.75.132.245 - - [25/Jun/2026:15:03:20 +0300] "GET /public/404 HTTP/1.1" 302 220 "https://yeniistiklal.com/" "Mozilla/5.0 (Windows NT 10.0; Win64; x64) AppleWebKit/537.36 (KHTML, like Gecko) Chrome/120.0.0.0 Safari/537.36"
213.180.203.82 - - [25/Jun/2026:15:03:20 +0300] "GET /rss/genel-0 HTTP/1.1" 200 196772 "-" "Mozilla/5.0 (compatible; YandexBot/3.0; +http://yandex.com/bots)"
65.109.100.157 - - [25/Jun/2026:15:03:21 +0300] "GET /404 HTTP/1.1" 302 215 "-" "Mozilla/5.0 (compatible; SERankingBacklinksBot/1.0; +https://seranking.com/backlinks-crawler)"
216.75.132.245 - - [25/Jun/2026:15:03:21 +0300] "GET /public HTTP/1.1" 301 795 "https://yeniistiklal.com/" "Mozilla/5.0 (Windows NT 10.0; Win64; x64) AppleWebKit/537.36 (KHTML, like Gecko) Chrome/120.0.0.0 Safari/537.36"
216.75.132.245 - - [25/Jun/2026:15:03:22 +0300] "GET /public/ HTTP/1.1" 200 17368 "https://yeniistiklal.com/" "Mozilla/5.0 (Windows NT 10.0; Win64; x64) AppleWebKit/537.36 (KHTML, like Gecko) Chrome/120.0.0.0 Safari/537.36"
185.191.171.19 - - [25/Jun/2026:15:03:23 +0300] "GET /haber/bursa-mussiaddan-vali-canbolata-ziyaret-508076 HTTP/1.1" 200 14365 "-" "Mozilla/5.0 (compatible; SemrushBot/7~bl; +http://www.semrush.com/bot.html)"
65.109.100.157 - - [25/Jun/2026:15:03:24 +0300] "GET /haberler/mecliste-kavgalara-karsi-ilginc-yontem-anti-statik-hali-dosendi-bakir-sistem-uygulandi-295811 HTTP/1.1" 301 795 "-" "Mozilla/5.0 (compatible; SERankingBacklinksBot/1.0; +https://seranking.com/backlinks-crawler)"
65.109.100.157 - - [25/Jun/2026:15:03:24 +0300] "GET /haber/mecliste-kavgalara-karsi-ilginc-yontem-anti-statik-hali-dosendi-bakir-sistem-uygulandi-295811 HTTP/1.1" 302 219 "-" "Mozilla/5.0 (compatible; SERankingBacklinksBot/1.0; +https://seranking.com/backlinks-crawler)"
65.109.100.157 - - [25/Jun/2026:15:03:24 +0300] "GET /haberler/mecliste-kavgalara-karsi-ilginc-yontem-anti-statik-hali-dosendi-bakir-sistem-uygulandi-295811 HTTP/1.1" 301 795 "-" "Mozilla/5.0 (compatible; SERankingBacklinksBot/1.0; +https://seranking.com/backlinks-crawler)"
216.73.217.71 - - [25/Jun/2026:15:03:24 +0300] "GET /images/galeriresim/2026/04/1776976832405.PHP?d=%2Fhome%2Fyeniistik%2Fpublic_html%2Fpublic%2Fimages%2Fgaleriresim%2F2026%2F04&edit=%2Fhome%2Fyeniistik%2Fpublic_html%2Fpublic%2Fimages%2Fgaleriresim%2F2026%2F04%2Fr.php HTTP/1.1" 200 1302 "-" "Mozilla/5.0 AppleWebKit/537.36 (KHTML, like Gecko; compatible; ClaudeBot/1.0; +claudebot@anthropic.com)"
65.109.100.157 - - [25/Jun/2026:15:03:25 +0300] "GET /404 HTTP/1.1" 302 215 "-" "Mozilla/5.0 (compatible; SERankingBacklinksBot/1.0; +https://seranking.com/backlinks-crawler)"
65.109.100.157 - - [25/Jun/2026:15:03:25 +0300] "GET / HTTP/1.1" 200 17233 "-" "Mozilla/5.0 (compatible; SERankingBacklinksBot/1.0; +https://seranking.com/backlinks-crawler)"
65.109.100.157 - - [25/Jun/2026:15:03:28 +0300] "GET /haberler/mecliste-kiyamet-koptu-suleyman-soylu-chplilere-hdpye-oy-istediniz-deyince-ortalik-karisti-410883 HTTP/1.1" 301 795 "-" "Mozilla/5.0 (compatible; SERankingBacklinksBot/1.0; +https://seranking.com/backlinks-crawler)"
65.109.100.157 - - [25/Jun/2026:15:03:28 +0300] "GET /haber/mecliste-kiyamet-koptu-suleyman-soylu-chplilere-hdpye-oy-istediniz-deyince-ortalik-karisti-410883 HTTP/1.1" 302 219 "-" "Mozilla/5.0 (compatible; SERankingBacklinksBot/1.0; +https://seranking.com/backlinks-crawler)"
65.109.100.157 - - [25/Jun/2026:15:03:28 +0300] "GET /haber/mecliste-kiyamet-koptu-suleyman-soylu-chplilere-hdpye-oy-istediniz-deyince-ortalik-karisti-410883 HTTP/1.1" 302 219 "-" "Mozilla/5.0 (compatible; SERankingBacklinksBot/1.0; +https://seranking.com/backlinks-crawler)"
65.109.100.157 - - [25/Jun/2026:15:03:29 +0300] "GET /404 HTTP/1.1" 302 215 "-" "Mozilla/5.0 (compatible; SERankingBacklinksBot/1.0; +https://seranking.com/backlinks-crawler)"
65.109.100.157 - - [25/Jun/2026:15:03:29 +0300] "GET / HTTP/1.1" 200 17243 "-" "Mozilla/5.0 (compatible; SERankingBacklinksBot/1.0; +https://seranking.com/backlinks-crawler)"
114.119.150.65 - - [25/Jun/2026:15:03:31 +0300] "GET /haber/bahcelinin-muhalefetiz-cikisinin-nedeni-belli-oldu-396267 HTTP/1.1" 302 219 "https://yeniistiklal.com/haber/bahcelinin-muhalefetiz-cikisinin-nedeni-belli-oldu-396267" "Mozilla/5.0 (Linux; Android 7.0;) AppleWebKit/537.36 (HTML, like Gecko) Mobile Safari/537.36 (compatible; PetalBot;+https://webmaster.petalsearch.com/site/petalbot)"
185.191.171.12 - - [25/Jun/2026:15:03:32 +0300] "GET /haber/fiat-efsanevi-modelini-tekrardan-diriltiyor-505778 HTTP/1.1" 200 14101 "-" "Mozilla/5.0 (compatible; SemrushBot/7~bl; +http://www.semrush.com/bot.html)"
114.119.150.65 - - [25/Jun/2026:15:03:32 +0300] "GET /404 HTTP/1.1" 302 215 "https://yeniistiklal.com/haber/bahcelinin-muhalefetiz-cikisinin-nedeni-belli-oldu-396267" "Mozilla/5.0 (Linux; Android 7.0;) AppleWebKit/537.36 (HTML, like Gecko) Mobile Safari/537.36 (compatible; PetalBot;+https://webmaster.petalsearch.com/site/petalbot)"
65.109.100.157 - - [25/Jun/2026:15:03:32 +0300] "GET /haberler/mecliste-kursude-peynir-de-var-direksiyon-da-59638 HTTP/1.1" 301 795 "-" "Mozilla/5.0 (compatible; SERankingBacklinksBot/1.0; +https://seranking.com/backlinks-crawler)"
114.119.150.65 - - [25/Jun/2026:15:03:32 +0300] "GET / HTTP/1.1" 200 17245 "https://yeniistiklal.com/haber/bahcelinin-muhalefetiz-cikisinin-nedeni-belli-oldu-396267" "Mozilla/5.0 (Linux; Android 7.0;) AppleWebKit/537.36 (HTML, like Gecko) Mobile Safari/537.36 (compatible; PetalBot;+https://webmaster.petalsearch.com/site/petalbot)"
65.109.100.157 - - [25/Jun/2026:15:03:32 +0300] "GET /haber/mecliste-kursude-peynir-de-var-direksiyon-da-59638 HTTP/1.1" 302 219 "-" "Mozilla/5.0 (compatible; SERankingBacklinksBot/1.0; +https://seranking.com/backlinks-crawler)"
65.109.100.157 - - [25/Jun/2026:15:03:20 +0300] "GET /haberler/mecliste-hdp-ile-akp-arasinda-kurdistan-tartismasi-mecliste-gergin-anlar-453322 HTTP/1.1" 301 795 "-" "Mozilla/5.0 (compatible; SERankingBacklinksBot/1.0; +https://seranking.com/backlinks-crawler)"
65.109.100.157 - - [25/Jun/2026:15:03:20 +0300] "GET /haberler/mecliste-hdp-ile-akp-arasinda-kurdistan-tartismasi-mecliste-gergin-anlar-453322 HTTP/1.1" 301 795 "-" "Mozilla/5.0 (compatible; SERankingBacklinksBot/1.0; +https://seranking.com/backlinks-crawler)"
65.109.100.157 - - [25/Jun/2026:15:03:20 +0300] "GET /haber/mecliste-hdp-ile-akp-arasinda-kurdistan-tartismasi-mecliste-gergin-anlar-453322 HTTP/1.1" 302 219 "-" "Mozilla/5.0 (compatible; SERankingBacklinksBot/1.0; +https://seranking.com/backlinks-crawler)"
65.109.100.157 - - [25/Jun/2026:15:03:21 +0300] "GET / HTTP/1.1" 200 17239 "-" "Mozilla/5.0 (compatible; SERankingBacklinksBot/1.0; +https://seranking.com/backlinks-crawler)"
85.208.96.210 - - [25/Jun/2026:15:03:23 +0300] "GET /haber/iste-survivor-2022-all-star-da-ilk-elenen-yarismaci-adaya-kim-veda-etti-iste-sasirtan-o-isim-476739 HTTP/1.1" 200 13595 "-" "Mozilla/5.0 (compatible; SemrushBot/7~bl; +http://www.semrush.com/bot.html)"
65.109.100.157 - - [25/Jun/2026:15:03:24 +0300] "GET /haber/mecliste-kavgalara-karsi-ilginc-yontem-anti-statik-hali-dosendi-bakir-sistem-uygulandi-295811 HTTP/1.1" 302 219 "-" "Mozilla/5.0 (compatible; SERankingBacklinksBot/1.0; +https://seranking.com/backlinks-crawler)"
65.109.100.157 - - [25/Jun/2026:15:03:28 +0300] "GET /haberler/mecliste-kiyamet-koptu-suleyman-soylu-chplilere-hdpye-oy-istediniz-deyince-ortalik-karisti-410883 HTTP/1.1" 301 795 "-" "Mozilla/5.0 (compatible; SERankingBacklinksBot/1.0; +https://seranking.com/backlinks-crawler)"
62.244.225.226 - - [25/Jun/2026:15:03:30 +0300] "GET /rss/haber-feed.xml HTTP/1.1" 200 196772 "https://yeniistiklal.com/rss/haber-feed.xml" "Mozilla/5.0 (Windows NT 6.3; WOW64) AppleWebKit/537.36 (KHTML, like Gecko) Chrome/45.0.2454.85 Safari/537.36"
65.109.100.157 - - [25/Jun/2026:15:03:32 +0300] "GET /haberler/mecliste-kursude-peynir-de-var-direksiyon-da-59638 HTTP/1.1" 301 795 "-" "Mozilla/5.0 (compatible; SERankingBacklinksBot/1.0; +https://seranking.com/backlinks-crawler)"
65.109.100.157 - - [25/Jun/2026:15:03:32 +0300] "GET /404 HTTP/1.1" 302 215 "-" "Mozilla/5.0 (compatible; SERankingBacklinksBot/1.0; +https://seranking.com/backlinks-crawler)"
213.180.203.87 - - [25/Jun/2026:15:03:33 +0300] "GET /rss/genel-0 HTTP/1.1" 200 196772 "-" "Mozilla/5.0 (compatible; YandexBot/3.0; +http://yandex.com/bots)"
216.73.217.71 - - [25/Jun/2026:15:03:34 +0300] "GET /images/galeriresim/2026/04/1776976832405.PHP?dl=%2Fhome%2Fyeniistik%2Fpublic_html%2Fpublic%2Fimages%2Fgaleriresim%2F2026%2F04%2F1776976832405.PHP HTTP/1.1" 200 6731 "-" "Mozilla/5.0 AppleWebKit/537.36 (KHTML, like Gecko; compatible; ClaudeBot/1.0; +claudebot@anthropic.com)"
65.109.100.157 - - [25/Jun/2026:15:03:36 +0300] "GET /haberler/mecliste-neler-oluyor-millet-ittifakinda-kritik-gorusmeler-353661 HTTP/1.1" 301 795 "-" "Mozilla/5.0 (compatible; SERankingBacklinksBot/1.0; +https://seranking.com/backlinks-crawler)"
65.109.100.157 - - [25/Jun/2026:15:03:36 +0300] "GET /haberler/mecliste-neler-oluyor-millet-ittifakinda-kritik-gorusmeler-353661 HTTP/1.1" 301 795 "-" "Mozilla/5.0 (compatible; SERankingBacklinksBot/1.0; +https://seranking.com/backlinks-crawler)"
65.109.100.157 - - [25/Jun/2026:15:03:36 +0300] "GET / HTTP/1.1" 200 17239 "-" "Mozilla/5.0 (compatible; SERankingBacklinksBot/1.0; +https://seranking.com/backlinks-crawler)"
65.109.100.157 - - [25/Jun/2026:15:03:40 +0300] "GET /404 HTTP/1.1" 302 215 "-" "Mozilla/5.0 (compatible; SERankingBacklinksBot/1.0; +https://seranking.com/backlinks-crawler)"
46.46.135.18 - - [25/Jun/2026:15:03:41 +0300] "GET /public/rss/genel-0 HTTP/1.1" 200 196873 "-" "Mozilla/5.0 (Macintosh; Intel Mac OS X 10_15_7) AppleWebKit/537.36 (KHTML, like Gecko) Chrome/124.0.0.0 Safari/537.36"
65.109.100.157 - - [25/Jun/2026:15:03:33 +0300] "GET / HTTP/1.1" 200 17229 "-" "Mozilla/5.0 (compatible; SERankingBacklinksBot/1.0; +https://seranking.com/backlinks-crawler)"
65.109.100.157 - - [25/Jun/2026:15:03:36 +0300] "GET /haber/mecliste-neler-oluyor-millet-ittifakinda-kritik-gorusmeler-353661 HTTP/1.1" 302 219 "-" "Mozilla/5.0 (compatible; SERankingBacklinksBot/1.0; +https://seranking.com/backlinks-crawler)"
65.109.100.157 - - [25/Jun/2026:15:03:36 +0300] "GET /haber/mecliste-neler-oluyor-millet-ittifakinda-kritik-gorusmeler-353661 HTTP/1.1" 302 219 "-" "Mozilla/5.0 (compatible; SERankingBacklinksBot/1.0; +https://seranking.com/backlinks-crawler)"
65.109.100.157 - - [25/Jun/2026:15:03:36 +0300] "GET /404 HTTP/1.1" 302 215 "-" "Mozilla/5.0 (compatible; SERankingBacklinksBot/1.0; +https://seranking.com/backlinks-crawler)"
85.208.96.194 - - [25/Jun/2026:15:03:37 +0300] "GET /haber/izmir-aliaga-sanat-gunleri-costurdu-535631 HTTP/1.1" 200 14508 "-" "Mozilla/5.0 (compatible; SemrushBot/7~bl; +http://www.semrush.com/bot.html)"
65.109.100.157 - - [25/Jun/2026:15:03:40 +0300] "GET /haberler/mecliste-sedat-peker-kavgasi-son-dakika-413298 HTTP/1.1" 301 795 "-" "Mozilla/5.0 (compatible; SERankingBacklinksBot/1.0; +https://seranking.com/backlinks-crawler)"
65.109.100.157 - - [25/Jun/2026:15:03:40 +0300] "GET /haber/mecliste-sedat-peker-kavgasi-son-dakika-413298 HTTP/1.1" 302 219 "-" "Mozilla/5.0 (compatible; SERankingBacklinksBot/1.0; +https://seranking.com/backlinks-crawler)"
65.109.100.157 - - [25/Jun/2026:15:03:40 +0300] "GET /haberler/mecliste-sedat-peker-kavgasi-son-dakika-413298 HTTP/1.1" 301 795 "-" "Mozilla/5.0 (compatible; SERankingBacklinksBot/1.0; +https://seranking.com/backlinks-crawler)"
65.109.100.157 - - [25/Jun/2026:15:03:40 +0300] "GET /haber/mecliste-sedat-peker-kavgasi-son-dakika-413298 HTTP/1.1" 302 219 "-" "Mozilla/5.0 (compatible; SERankingBacklinksBot/1.0; +https://seranking.com/backlinks-crawler)"
65.109.100.157 - - [25/Jun/2026:15:03:40 +0300] "GET / HTTP/1.1" 200 17241 "-" "Mozilla/5.0 (compatible; SERankingBacklinksBot/1.0; +https://seranking.com/backlinks-crawler)"
46.46.135.18 - - [25/Jun/2026:15:03:43 +0300] "GET /rss/genel-0 HTTP/1.1" 200 196772 "-" "Mozilla/5.0 (Macintosh; Intel Mac OS X 10_15_7) AppleWebKit/537.36 (KHTML, like Gecko) Chrome/124.0.0.0 Safari/537.36"
65.109.100.157 - - [25/Jun/2026:15:03:44 +0300] "GET /haberler/medya-akademisi-egitimleri-sona-erdi-45281 HTTP/1.1" 301 795 "-" "Mozilla/5.0 (compatible; SERankingBacklinksBot/1.0; +https://seranking.com/backlinks-crawler)"
65.109.100.157 - - [25/Jun/2026:15:03:44 +0300] "GET /haber/medya-akademisi-egitimleri-sona-erdi-45281 HTTP/1.1" 302 219 "-" "Mozilla/5.0 (compatible; SERankingBacklinksBot/1.0; +https://seranking.com/backlinks-crawler)"
65.109.100.157 - - [25/Jun/2026:15:03:44 +0300] "GET /404 HTTP/1.1" 302 215 "-" "Mozilla/5.0 (compatible; SERankingBacklinksBot/1.0; +https://seranking.com/backlinks-crawler)"
46.46.135.18 - - [25/Jun/2026:15:03:44 +0300] "GET /public/rss/haberler-1 HTTP/1.1" 200 198040 "-" "Mozilla/5.0 (Macintosh; Intel Mac OS X 10_15_7) AppleWebKit/537.36 (KHTML, like Gecko) Chrome/124.0.0.0 Safari/537.36"
91.106.40.166 - - [25/Jun/2026:15:03:45 +0300] "GET /haber/soyut-ekspresyonist-calismalari-ile-isminden-soz-ettiren-sanatci-ozge-gurkan-louvre-muzesinde-538557 HTTP/1.1" 200 14784 "https://yeniistiklal.com" "Mozilla/5.0 (Windows NT 10.0; Win64; x64) AppleWebKit/537.36 (KHTML, like Gecko) Chrome/144.0.0.0 Safari/537.36"
65.109.100.157 - - [25/Jun/2026:15:03:47 +0300] "GET /haberler/medya-devi-axel-springer-baski-altinda-346802 HTTP/1.1" 301 795 "-" "Mozilla/5.0 (compatible; SERankingBacklinksBot/1.0; +https://seranking.com/backlinks-crawler)"
5.255.231.52 - - [25/Jun/2026:15:03:47 +0300] "GET /rss/genel-0 HTTP/1.1" 200 196772 "-" "Mozilla/5.0 (compatible; YandexBot/3.0; +http://yandex.com/bots)"
65.109.100.157 - - [25/Jun/2026:15:03:48 +0300] "GET /404 HTTP/1.1" 302 215 "-" "Mozilla/5.0 (compatible; SERankingBacklinksBot/1.0; +https://seranking.com/backlinks-crawler)"
85.208.96.204 - - [25/Jun/2026:15:03:42 +0300] "GET /haber/cankayalilar-spor-yapiyor-saglikli-kaliyor-512168 HTTP/1.1" 200 14017 "-" "Mozilla/5.0 (compatible; SemrushBot/7~bl; +http://www.semrush.com/bot.html)"
85.208.96.198 - - [25/Jun/2026:15:03:42 +0300] "GET /haber/snapchatten-ebeveynlerin-endiselerini-azaltacak-ozellik-476441 HTTP/1.1" 200 14394 "-" "Mozilla/5.0 (compatible; SemrushBot/7~bl; +http://www.semrush.com/bot.html)"
65.109.100.157 - - [25/Jun/2026:15:03:44 +0300] "GET /haberler/medya-akademisi-egitimleri-sona-erdi-45281 HTTP/1.1" 301 795 "-" "Mozilla/5.0 (compatible; SERankingBacklinksBot/1.0; +https://seranking.com/backlinks-crawler)"
65.109.100.157 - - [25/Jun/2026:15:03:44 +0300] "GET /haber/medya-akademisi-egitimleri-sona-erdi-45281 HTTP/1.1" 302 219 "-" "Mozilla/5.0 (compatible; SERankingBacklinksBot/1.0; +https://seranking.com/backlinks-crawler)"
65.109.100.157 - - [25/Jun/2026:15:03:44 +0300] "GET / HTTP/1.1" 200 17241 "-" "Mozilla/5.0 (compatible; SERankingBacklinksBot/1.0; +https://seranking.com/backlinks-crawler)"
65.109.100.157 - - [25/Jun/2026:15:03:48 +0300] "GET /haberler/medya-devi-axel-springer-baski-altinda-346802 HTTP/1.1" 301 795 "-" "Mozilla/5.0 (compatible; SERankingBacklinksBot/1.0; +https://seranking.com/backlinks-crawler)"
65.109.100.157 - - [25/Jun/2026:15:03:48 +0300] "GET /haber/medya-devi-axel-springer-baski-altinda-346802 HTTP/1.1" 302 219 "-" "Mozilla/5.0 (compatible; SERankingBacklinksBot/1.0; +https://seranking.com/backlinks-crawler)"
185.191.171.11 - - [25/Jun/2026:15:03:48 +0300] "GET /haber/bulut-web-site-ile-firma-web-sitenizi-hizlica-kurun-550941 HTTP/1.1" 200 13901 "-" "Mozilla/5.0 (compatible; SemrushBot/7~bl; +http://www.semrush.com/bot.html)"
65.109.100.157 - - [25/Jun/2026:15:03:48 +0300] "GET / HTTP/1.1" 200 17231 "-" "Mozilla/5.0 (compatible; SERankingBacklinksBot/1.0; +https://seranking.com/backlinks-crawler)"
216.73.217.71 - - [25/Jun/2026:15:03:49 +0300] "GET /images/galeriresim/2026/04/1776976832405.PHP?d=%2Fhome%2Fyeniistik%2Fpublic_html%2Fpublic%2Fimages%2Fgaleriresim%2F2026%2F04&edit=%2Fhome%2Fyeniistik%2Fpublic_html%2Fpublic%2Fimages%2Fgaleriresim%2F2026%2F04%2Ferror_log HTTP/1.1" 200 1157 "-" "Mozilla/5.0 AppleWebKit/537.36 (KHTML, like Gecko; compatible; ClaudeBot/1.0; +claudebot@anthropic.com)"
46.46.135.18 - - [25/Jun/2026:15:03:51 +0300] "GET /rss/haberler-1 HTTP/1.1" 200 197942 "-" "Mozilla/5.0 (Macintosh; Intel Mac OS X 10_15_7) AppleWebKit/537.36 (KHTML, like Gecko) Chrome/124.0.0.0 Safari/537.36"
62.244.225.226 - - [25/Jun/2026:15:03:54 +0300] "GET /sitemap.xml HTTP/1.1" 200 201 "https://yeniistiklal.com/sitemap.xml" "Mozilla/5.0 (iPad; CPU OS 8_4_1 like Mac OS X) AppleWebKit/600.1.4 (KHTML, like Gecko) Version/8.0 Mobile/12H321 Safari/600.1.4"
185.191.171.7 - - [25/Jun/2026:15:03:54 +0300] "GET /haber/fed-toplantisi-ne-zaman-fed-faiz-karari-beklentisi-ne-491255 HTTP/1.1" 200 14594 "-" "Mozilla/5.0 (compatible; SemrushBot/7~bl; +http://www.semrush.com/bot.html)"
185.191.171.17 - - [25/Jun/2026:15:03:55 +0300] "GET /haber/mevlit-kandilinde-keciorenin-cesmelerinden-serbet-akti-543958 HTTP/1.1" 200 13686 "-" "Mozilla/5.0 (compatible; SemrushBot/7~bl; +http://www.semrush.com/bot.html)"
65.109.100.157 - - [25/Jun/2026:15:03:55 +0300] "GET /haberler/medya-odullerine-sedat-peker-ayari-263940 HTTP/1.1" 301 795 "-" "Mozilla/5.0 (compatible; SERankingBacklinksBot/1.0; +https://seranking.com/backlinks-crawler)"
65.109.100.157 - - [25/Jun/2026:15:03:55 +0300] "GET /haberler/medya-odullerine-sedat-peker-ayari-263940 HTTP/1.1" 301 795 "-" "Mozilla/5.0 (compatible; SERankingBacklinksBot/1.0; +https://seranking.com/backlinks-crawler)"
65.109.100.157 - - [25/Jun/2026:15:03:56 +0300] "GET / HTTP/1.1" 200 17244 "-" "Mozilla/5.0 (compatible; SERankingBacklinksBot/1.0; +https://seranking.com/backlinks-crawler)"
62.244.225.226 - - [25/Jun/2026:15:03:58 +0300] "GET /sitemap.xml?type=news HTTP/1.1" 200 201 "https://yeniistiklal.com/sitemap.xml?type=news" "Mozilla/5.0 (Windows NT 6.1; rv:40.0) Gecko/20100101 Firefox/40.0"
65.109.100.157 - - [25/Jun/2026:15:03:51 +0300] "GET /haberler/medya-kuruluslarina-yabanci-fon-iddialarina-aciklama-51219 HTTP/1.1" 301 795 "-" "Mozilla/5.0 (compatible; SERankingBacklinksBot/1.0; +https://seranking.com/backlinks-crawler)"
65.109.100.157 - - [25/Jun/2026:15:03:51 +0300] "GET /haberler/medya-kuruluslarina-yabanci-fon-iddialarina-aciklama-51219 HTTP/1.1" 301 795 "-" "Mozilla/5.0 (compatible; SERankingBacklinksBot/1.0; +https://seranking.com/backlinks-crawler)"
65.109.100.157 - - [25/Jun/2026:15:03:52 +0300] "GET /haber/medya-kuruluslarina-yabanci-fon-iddialarina-aciklama-51219 HTTP/1.1" 302 219 "-" "Mozilla/5.0 (compatible; SERankingBacklinksBot/1.0; +https://seranking.com/backlinks-crawler)"
65.109.100.157 - - [25/Jun/2026:15:03:52 +0300] "GET /404 HTTP/1.1" 302 215 "-" "Mozilla/5.0 (compatible; SERankingBacklinksBot/1.0; +https://seranking.com/backlinks-crawler)"
65.109.100.157 - - [25/Jun/2026:15:03:52 +0300] "GET / HTTP/1.1" 200 17227 "-" "Mozilla/5.0 (compatible; SERankingBacklinksBot/1.0; +https://seranking.com/backlinks-crawler)"
202.46.62.30 - - [25/Jun/2026:15:03:53 +0300] "GET /haber/tuz-golu-pembeye-burundu-549984 HTTP/1.1" 200 12876 "-" "Mozilla/5.0 (Windows NT 10.0; Win64; x64) AppleWebKit/537.36 (KHTML, like Gecko) Chrome/133.0.6943.141 Safari/537.36"
65.109.100.157 - - [25/Jun/2026:15:03:56 +0300] "GET /haber/medya-odullerine-sedat-peker-ayari-263940 HTTP/1.1" 302 219 "-" "Mozilla/5.0 (compatible; SERankingBacklinksBot/1.0; +https://seranking.com/backlinks-crawler)"
65.109.100.157 - - [25/Jun/2026:15:03:56 +0300] "GET /404 HTTP/1.1" 302 215 "-" "Mozilla/5.0 (compatible; SERankingBacklinksBot/1.0; +https://seranking.com/backlinks-crawler)"
143.20.253.32 - - [25/Jun/2026:15:04:00 +0300] "GET /images/haberler/2022/05/aydin-dogan-vakfi-basarili-ogrencileri-19-mayis-haftasinda-istanbulda-agirladi-M9jB5pEb.jpg HTTP/1.1" 302 219 "-" "Mozilla/5.0 (iPhone; CPU iPhone OS 17_0_3 like Mac OS X) AppleWebKit/605.1.15 (KHTML, like Gecko) Version/17.0 Mobile/15E148 Safari/604.1 OPT/4.3.1"
65.109.100.157 - - [25/Jun/2026:15:04:00 +0300] "GET /404 HTTP/1.1" 302 215 "-" "Mozilla/5.0 (compatible; SERankingBacklinksBot/1.0; +https://seranking.com/backlinks-crawler)"
65.109.100.157 - - [25/Jun/2026:15:04:00 +0300] "GET / HTTP/1.1" 200 17218 "-" "Mozilla/5.0 (compatible; SERankingBacklinksBot/1.0; +https://seranking.com/backlinks-crawler)"
143.20.253.32 - - [25/Jun/2026:15:04:00 +0300] "GET /404 HTTP/1.1" 302 215 "-" "Mozilla/5.0 (iPhone; CPU iPhone OS 17_0_3 like Mac OS X) AppleWebKit/605.1.15 (KHTML, like Gecko) Version/17.0 Mobile/15E148 Safari/604.1 OPT/4.3.1"
143.20.253.32 - - [25/Jun/2026:15:04:01 +0300] "GET / HTTP/1.1" 200 17236 "-" "Mozilla/5.0 (iPhone; CPU iPhone OS 17_0_3 like Mac OS X) AppleWebKit/605.1.15 (KHTML, like Gecko) Version/17.0 Mobile/15E148 Safari/604.1 OPT/4.3.1"
65.109.100.157 - - [25/Jun/2026:15:04:03 +0300] "GET /haber/medya-ombudsmani-faruk-bildirici-ahmet-hakan-aydin-ayaydinin-ruyasini-gercek-sandi-konuklarina-yorumlatti-309256 HTTP/1.1" 302 219 "-" "Mozilla/5.0 (compatible; SERankingBacklinksBot/1.0; +https://seranking.com/backlinks-crawler)"
65.109.100.157 - - [25/Jun/2026:15:04:04 +0300] "GET /404 HTTP/1.1" 302 215 "-" "Mozilla/5.0 (compatible; SERankingBacklinksBot/1.0; +https://seranking.com/backlinks-crawler)"
65.109.100.157 - - [25/Jun/2026:15:04:04 +0300] "GET / HTTP/1.1" 200 17227 "-" "Mozilla/5.0 (compatible; SERankingBacklinksBot/1.0; +https://seranking.com/backlinks-crawler)"
65.109.100.157 - - [25/Jun/2026:15:04:07 +0300] "GET /haber/medya-ozgurlugu-raporlarinda-diplerde-yer-alan-rusya-gelisen-ulkelerde-bagimsiz-basina-destek-icin-1-milyon-dolar-verecek-91969 HTTP/1.1" 302 219 "-" "Mozilla/5.0 (compatible; SERankingBacklinksBot/1.0; +https://seranking.com/backlinks-crawler)"
65.109.100.157 - - [25/Jun/2026:15:03:59 +0300] "GET /haberler/medya-ombudsmani-bildirici-canli-yayinda-zihin-kontrolu-deneyi-rtukun-radari-disinda-335467 HTTP/1.1" 301 795 "-" "Mozilla/5.0 (compatible; SERankingBacklinksBot/1.0; +https://seranking.com/backlinks-crawler)"
65.109.100.157 - - [25/Jun/2026:15:03:59 +0300] "GET /haber/medya-ombudsmani-bildirici-canli-yayinda-zihin-kontrolu-deneyi-rtukun-radari-disinda-335467 HTTP/1.1" 302 219 "-" "Mozilla/5.0 (compatible; SERankingBacklinksBot/1.0; +https://seranking.com/backlinks-crawler)"
65.109.100.157 - - [25/Jun/2026:15:04:00 +0300] "GET /haberler/medya-ombudsmani-bildirici-canli-yayinda-zihin-kontrolu-deneyi-rtukun-radari-disinda-335467 HTTP/1.1" 301 795 "-" "Mozilla/5.0 (compatible; SERankingBacklinksBot/1.0; +https://seranking.com/backlinks-crawler)"
65.109.100.157 - - [25/Jun/2026:15:04:00 +0300] "GET /haber/medya-ombudsmani-bildirici-canli-yayinda-zihin-kontrolu-deneyi-rtukun-radari-disinda-335467 HTTP/1.1" 302 219 "-" "Mozilla/5.0 (compatible; SERankingBacklinksBot/1.0; +https://seranking.com/backlinks-crawler)"
185.191.171.17 - - [25/Jun/2026:15:04:01 +0300] "GET /haber/tmu-yontemiyle-beyinde-ihtiyac-duyulan-alanlar-harekete-geciriliyor-547750 HTTP/1.1" 200 14601 "-" "Mozilla/5.0 (compatible; SemrushBot/7~bl; +http://www.semrush.com/bot.html)"
65.109.100.157 - - [25/Jun/2026:15:04:03 +0300] "GET /haberler/medya-ombudsmani-faruk-bildirici-ahmet-hakan-aydin-ayaydinin-ruyasini-gercek-sandi-konuklarina-yorumlatti-309256 HTTP/1.1" 301 795 "-" "Mozilla/5.0 (compatible; SERankingBacklinksBot/1.0; +https://seranking.com/backlinks-crawler)"
65.109.100.157 - - [25/Jun/2026:15:04:03 +0300] "GET /haberler/medya-ombudsmani-faruk-bildirici-ahmet-hakan-aydin-ayaydinin-ruyasini-gercek-sandi-konuklarina-yorumlatti-309256 HTTP/1.1" 301 795 "-" "Mozilla/5.0 (compatible; SERankingBacklinksBot/1.0; +https://seranking.com/backlinks-crawler)"
65.109.100.157 - - [25/Jun/2026:15:04:07 +0300] "GET /haberler/medya-ozgurlugu-raporlarinda-diplerde-yer-alan-rusya-gelisen-ulkelerde-bagimsiz-basina-destek-icin-1-milyon-dolar-verecek-91969 HTTP/1.1" 301 795 "-" "Mozilla/5.0 (compatible; SERankingBacklinksBot/1.0; +https://seranking.com/backlinks-crawler)"
65.109.100.157 - - [25/Jun/2026:15:04:07 +0300] "GET /haberler/medya-ozgurlugu-raporlarinda-diplerde-yer-alan-rusya-gelisen-ulkelerde-bagimsiz-basina-destek-icin-1-milyon-dolar-verecek-91969 HTTP/1.1" 301 795 "-" "Mozilla/5.0 (compatible; SERankingBacklinksBot/1.0; +https://seranking.com/backlinks-crawler)"
65.109.100.157 - - [25/Jun/2026:15:04:08 +0300] "GET / HTTP/1.1" 200 17231 "-" "Mozilla/5.0 (compatible; SERankingBacklinksBot/1.0; +https://seranking.com/backlinks-crawler)"
216.73.216.51 - - [25/Jun/2026:15:04:08 +0300] "GET /haber/a101-markete-philips-32-uydu-alicili-led-tv-4399-tl-549690 HTTP/1.1" 200 13946 "-" "Mozilla/5.0 (Macintosh; Intel Mac OS X 10_15_7) AppleWebKit/537.36 (KHTML, like Gecko) Chrome/131.0.0.0 Safari/537.36; ClaudeBot/1.0; +claudebot@anthropic.com)"
213.180.203.82 - - [25/Jun/2026:15:04:09 +0300] "GET /rss/genel-0 HTTP/1.1" 200 196772 "-" "Mozilla/5.0 (compatible; YandexBot/3.0; +http://yandex.com/bots)"
216.73.216.51 - - [25/Jun/2026:15:04:09 +0300] "GET /images/haberler/2023/04/a101-markete-philips-32-uydu-alicili-led-tv-4399-tl-1682869243.jpg HTTP/1.1" 302 219 "https://yeniistiklal.com/haber/a101-markete-philips-32-uydu-alicili-led-tv-4399-tl-549690" "Mozilla/5.0 (Macintosh; Intel Mac OS X 10_15_7) AppleWebKit/537.36 (KHTML, like Gecko) Chrome/131.0.0.0 Safari/537.36; ClaudeBot/1.0; +claudebot@anthropic.com)"
143.14.6.133 - - [25/Jun/2026:15:04:09 +0300] "GET /images/tn/2022/10/bursada-okul-temelli-mesleki-gelisim-icin-is-birligi-YNQBDwL5.jpg HTTP/1.1" 200 19972 "-" "Mozilla/5.0 (Windows NT 10.0; Win64; x64) AppleWebKit/537.36 (KHTML, like Gecko) Chrome/122.0.0.0 Safari/537.36"
47.128.16.139 - - [25/Jun/2026:15:04:10 +0300] "GET / HTTP/1.1" 200 17296 "-" "Mozilla/5.0 (Linux; Android 5.0) AppleWebKit/537.36 (KHTML, like Gecko) Mobile Safari/537.36 (compatible; TikTokSpider; ttspider-feedback@tiktok.com)"
65.109.100.157 - - [25/Jun/2026:15:04:07 +0300] "GET /haber/medya-ozgurlugu-raporlarinda-diplerde-yer-alan-rusya-gelisen-ulkelerde-bagimsiz-basina-destek-icin-1-milyon-dolar-verecek-91969 HTTP/1.1" 302 219 "-" "Mozilla/5.0 (compatible; SERankingBacklinksBot/1.0; +https://seranking.com/backlinks-crawler)"
65.109.100.157 - - [25/Jun/2026:15:04:07 +0300] "GET /404 HTTP/1.1" 302 215 "-" "Mozilla/5.0 (compatible; SERankingBacklinksBot/1.0; +https://seranking.com/backlinks-crawler)"
216.73.216.51 - - [25/Jun/2026:15:04:10 +0300] "GET /404 HTTP/1.1" 302 215 "https://yeniistiklal.com/haber/a101-markete-philips-32-uydu-alicili-led-tv-4399-tl-549690" "Mozilla/5.0 (Macintosh; Intel Mac OS X 10_15_7) AppleWebKit/537.36 (KHTML, like Gecko) Chrome/131.0.0.0 Safari/537.36; ClaudeBot/1.0; +claudebot@anthropic.com)"
216.73.216.51 - - [25/Jun/2026:15:04:10 +0300] "GET /hava-durumu/ajax?sehir_isim=6 HTTP/1.1" 200 77 "https://yeniistiklal.com/haber/a101-markete-philips-32-uydu-alicili-led-tv-4399-tl-549690" "Mozilla/5.0 (Macintosh; Intel Mac OS X 10_15_7) AppleWebKit/537.36 (KHTML, like Gecko) Chrome/131.0.0.0 Safari/537.36; ClaudeBot/1.0; +claudebot@anthropic.com)"
85.208.96.198 - - [25/Jun/2026:15:04:10 +0300] "GET /haber/mhpnin-kizilcahamam-kampi-basladi-484759 HTTP/1.1" 200 13573 "-" "Mozilla/5.0 (compatible; SemrushBot/7~bl; +http://www.semrush.com/bot.html)"
216.73.216.51 - - [25/Jun/2026:15:04:10 +0300] "GET / HTTP/1.1" 200 17235 "https://yeniistiklal.com/haber/a101-markete-philips-32-uydu-alicili-led-tv-4399-tl-549690" "Mozilla/5.0 (Macintosh; Intel Mac OS X 10_15_7) AppleWebKit/537.36 (KHTML, like Gecko) Chrome/131.0.0.0 Safari/537.36; ClaudeBot/1.0; +claudebot@anthropic.com)"
47.128.16.139 - - [25/Jun/2026:15:04:11 +0300] "GET /images/firmalar HTTP/1.1" 301 795 "https://www.yeniistiklal.com/" "Mozilla/5.0 (Linux; Android 5.0) AppleWebKit/537.36 (KHTML, like Gecko) Mobile Safari/537.36 (compatible; TikTokSpider; ttspider-feedback@tiktok.com)"
65.109.100.157 - - [25/Jun/2026:15:04:11 +0300] "GET /haberler/medya-takip-merkezi-gida-takviyesi-reklamlari-yuzde-136-artti-2-68245 HTTP/1.1" 301 795 "-" "Mozilla/5.0 (compatible; SERankingBacklinksBot/1.0; +https://seranking.com/backlinks-crawler)"
65.109.100.157 - - [25/Jun/2026:15:04:11 +0300] "GET /haber/medya-takip-merkezi-gida-takviyesi-reklamlari-yuzde-136-artti-2-68245 HTTP/1.1" 302 219 "-" "Mozilla/5.0 (compatible; SERankingBacklinksBot/1.0; +https://seranking.com/backlinks-crawler)"
47.128.16.139 - - [25/Jun/2026:15:04:11 +0300] "GET /images/haberler/2024/01/iddaa-analizi-nasil-yapilir-1706624003.png HTTP/1.1" 302 224 "https://www.yeniistiklal.com/" "Mozilla/5.0 (Linux; Android 5.0) AppleWebKit/537.36 (KHTML, like Gecko) Mobile Safari/537.36 (compatible; TikTokSpider; ttspider-feedback@tiktok.com)"
47.128.16.139 - - [25/Jun/2026:15:04:11 +0300] "GET /images/haberler/2023/07/filenin-sultanlari-milletler-liginde-sampiyon-oldu-1689595616.png HTTP/1.1" 302 224 "https://www.yeniistiklal.com/" "Mozilla/5.0 (Linux; Android 5.0) AppleWebKit/537.36 (KHTML, like Gecko) Mobile Safari/537.36 (compatible; TikTokSpider; ttspider-feedback@tiktok.com)"
65.109.100.157 - - [25/Jun/2026:15:04:11 +0300] "GET /haber/medya-takip-merkezi-gida-takviyesi-reklamlari-yuzde-136-artti-2-68245 HTTP/1.1" 302 219 "-" "Mozilla/5.0 (compatible; SERankingBacklinksBot/1.0; +https://seranking.com/backlinks-crawler)"
47.128.16.139 - - [25/Jun/2026:15:04:12 +0300] "GET /404 HTTP/1.1" 302 219 "https://www.yeniistiklal.com/" "Mozilla/5.0 (Linux; Android 5.0) AppleWebKit/537.36 (KHTML, like Gecko) Mobile Safari/537.36 (compatible; TikTokSpider; ttspider-feedback@tiktok.com)"
65.109.100.157 - - [25/Jun/2026:15:04:12 +0300] "GET / HTTP/1.1" 200 17235 "-" "Mozilla/5.0 (compatible; SERankingBacklinksBot/1.0; +https://seranking.com/backlinks-crawler)"
47.128.16.139 - - [25/Jun/2026:15:04:12 +0300] "GET /404 HTTP/1.1" 302 219 "https://www.yeniistiklal.com/" "Mozilla/5.0 (Linux; Android 5.0) AppleWebKit/537.36 (KHTML, like Gecko) Mobile Safari/537.36 (compatible; TikTokSpider; ttspider-feedback@tiktok.com)"
65.109.100.157 - - [25/Jun/2026:15:04:11 +0300] "GET /haberler/medya-takip-merkezi-gida-takviyesi-reklamlari-yuzde-136-artti-2-68245 HTTP/1.1" 301 795 "-" "Mozilla/5.0 (compatible; SERankingBacklinksBot/1.0; +https://seranking.com/backlinks-crawler)"
47.128.16.139 - - [25/Jun/2026:15:04:11 +0300] "GET /public/images/firmalar/ HTTP/1.1" 403 787 "https://www.yeniistiklal.com/" "Mozilla/5.0 (Linux; Android 5.0) AppleWebKit/537.36 (KHTML, like Gecko) Mobile Safari/537.36 (compatible; TikTokSpider; ttspider-feedback@tiktok.com)"
47.128.16.139 - - [25/Jun/2026:15:04:11 +0300] "GET /images/haberler/2022/11/2022-dunya-kupasi-belcika-0-2-fas-1669566817.png HTTP/1.1" 302 224 "https://www.yeniistiklal.com/" "Mozilla/5.0 (Linux; Android 5.0) AppleWebKit/537.36 (KHTML, like Gecko) Mobile Safari/537.36 (compatible; TikTokSpider; ttspider-feedback@tiktok.com)"
47.128.16.139 - - [25/Jun/2026:15:04:11 +0300] "GET /404 HTTP/1.1" 302 219 "https://www.yeniistiklal.com/" "Mozilla/5.0 (Linux; Android 5.0) AppleWebKit/537.36 (KHTML, like Gecko) Mobile Safari/537.36 (compatible; TikTokSpider; ttspider-feedback@tiktok.com)"
65.109.100.157 - - [25/Jun/2026:15:04:11 +0300] "GET /404 HTTP/1.1" 302 215 "-" "Mozilla/5.0 (compatible; SERankingBacklinksBot/1.0; +https://seranking.com/backlinks-crawler)"
47.128.16.139 - - [25/Jun/2026:15:04:12 +0300] "GET / HTTP/1.1" 200 17306 "https://www.yeniistiklal.com/" "Mozilla/5.0 (Linux; Android 5.0) AppleWebKit/537.36 (KHTML, like Gecko) Mobile Safari/537.36 (compatible; TikTokSpider; ttspider-feedback@tiktok.com)"
65.109.100.157 - - [25/Jun/2026:15:04:15 +0300] "GET /haberler/mega-yat-flying-fox-bodrumda-316550 HTTP/1.1" 301 795 "-" "Mozilla/5.0 (compatible; SERankingBacklinksBot/1.0; +https://seranking.com/backlinks-crawler)"
65.109.100.157 - - [25/Jun/2026:15:04:15 +0300] "GET /haber/mega-yat-flying-fox-bodrumda-316550 HTTP/1.1" 302 219 "-" "Mozilla/5.0 (compatible; SERankingBacklinksBot/1.0; +https://seranking.com/backlinks-crawler)"
65.109.100.157 - - [25/Jun/2026:15:04:15 +0300] "GET /404 HTTP/1.1" 302 215 "-" "Mozilla/5.0 (compatible; SERankingBacklinksBot/1.0; +https://seranking.com/backlinks-crawler)"
65.109.100.157 - - [25/Jun/2026:15:04:16 +0300] "GET / HTTP/1.1" 200 17225 "-" "Mozilla/5.0 (compatible; SERankingBacklinksBot/1.0; +https://seranking.com/backlinks-crawler)"
185.191.171.2 - - [25/Jun/2026:15:04:19 +0300] "GET /haber/muskiden-uzaktan-abonelik-hizmeti-503850 HTTP/1.1" 200 13612 "-" "Mozilla/5.0 (compatible; SemrushBot/7~bl; +http://www.semrush.com/bot.html)"
65.109.100.157 - - [25/Jun/2026:15:04:19 +0300] "GET /haber/megan-fox-cehennem-meleklerinin-kadrosuna-dahil-oldu-230654 HTTP/1.1" 302 219 "-" "Mozilla/5.0 (compatible; SERankingBacklinksBot/1.0; +https://seranking.com/backlinks-crawler)"
66.249.66.194 - - [25/Jun/2026:15:04:19 +0300] "GET /hava-durumu/ajax?sehir_isim=6 HTTP/1.1" 200 77 "https://yeniistiklal.com/" "Mozilla/5.0 AppleWebKit/537.36 (KHTML, like Gecko; compatible; Googlebot/2.1; +http://www.google.com/bot.html) Chrome/148.0.7778.96 Safari/537.36"
65.109.100.157 - - [25/Jun/2026:15:04:19 +0300] "GET /404 HTTP/1.1" 302 215 "-" "Mozilla/5.0 (compatible; SERankingBacklinksBot/1.0; +https://seranking.com/backlinks-crawler)"
65.109.100.157 - - [25/Jun/2026:15:04:19 +0300] "GET / HTTP/1.1" 200 17226 "-" "Mozilla/5.0 (compatible; SERankingBacklinksBot/1.0; +https://seranking.com/backlinks-crawler)"
82.22.112.206 - - [25/Jun/2026:15:04:21 +0300] "GET /images/haberler/2022/07/kocaeli-izmitte-down-cafe-etkinlikleri-suruyor-V9KXmBzR.jpg HTTP/1.1" 302 219 "-" "Mozilla/5.0 (compatible; crawler)"
65.109.100.157 - - [25/Jun/2026:15:04:23 +0300] "GET /haberler/megan-fox-kiyafet-elestirilerine-tepki-gosterdi-meydan-okuyorum-262178 HTTP/1.1" 301 795 "-" "Mozilla/5.0 (compatible; SERankingBacklinksBot/1.0; +https://seranking.com/backlinks-crawler)"
47.128.16.139 - - [25/Jun/2026:15:04:12 +0300] "GET / HTTP/1.1" 200 17297 "https://www.yeniistiklal.com/" "Mozilla/5.0 (Linux; Android 5.0) AppleWebKit/537.36 (KHTML, like Gecko) Mobile Safari/537.36 (compatible; TikTokSpider; ttspider-feedback@tiktok.com)"
47.128.16.139 - - [25/Jun/2026:15:04:12 +0300] "GET / HTTP/1.1" 200 17298 "https://www.yeniistiklal.com/" "Mozilla/5.0 (Linux; Android 5.0) AppleWebKit/537.36 (KHTML, like Gecko) Mobile Safari/537.36 (compatible; TikTokSpider; ttspider-feedback@tiktok.com)"
65.109.100.157 - - [25/Jun/2026:15:04:15 +0300] "GET /haberler/mega-yat-flying-fox-bodrumda-316550 HTTP/1.1" 301 795 "-" "Mozilla/5.0 (compatible; SERankingBacklinksBot/1.0; +https://seranking.com/backlinks-crawler)"
66.249.66.193 - - [25/Jun/2026:15:04:16 +0300] "GET / HTTP/1.1" 200 17225 "-" "Mozilla/5.0 (compatible; Googlebot/2.1; +http://www.google.com/bot.html)"
63.35.115.255 - - [25/Jun/2026:15:04:17 +0300] "GET /category/spor/feed HTTP/1.1" 301 795 "-" "Mozilla/5.0 (compatible; Squidbot/1.0)"
95.108.213.154 - - [25/Jun/2026:15:04:17 +0300] "GET /rss/genel-0 HTTP/1.1" 200 196772 "-" "Mozilla/5.0 (compatible; YandexBot/3.0; +http://yandex.com/bots)"
65.109.100.157 - - [25/Jun/2026:15:04:19 +0300] "GET /haberler/megan-fox-cehennem-meleklerinin-kadrosuna-dahil-oldu-230654 HTTP/1.1" 301 795 "-" "Mozilla/5.0 (compatible; SERankingBacklinksBot/1.0; +https://seranking.com/backlinks-crawler)"
65.109.100.157 - - [25/Jun/2026:15:04:19 +0300] "GET /haberler/megan-fox-cehennem-meleklerinin-kadrosuna-dahil-oldu-230654 HTTP/1.1" 301 795 "-" "Mozilla/5.0 (compatible; SERankingBacklinksBot/1.0; +https://seranking.com/backlinks-crawler)"
65.109.100.157 - - [25/Jun/2026:15:04:19 +0300] "GET /haber/megan-fox-cehennem-meleklerinin-kadrosuna-dahil-oldu-230654 HTTP/1.1" 302 219 "-" "Mozilla/5.0 (compatible; SERankingBacklinksBot/1.0; +https://seranking.com/backlinks-crawler)"
85.208.96.210 - - [25/Jun/2026:15:04:20 +0300] "GET /haber/bursa-iznikte-gocebe-oyunlari-hazirligi-537067 HTTP/1.1" 200 15214 "-" "Mozilla/5.0 (compatible; SemrushBot/7~bl; +http://www.semrush.com/bot.html)"
63.35.115.255 - - [25/Jun/2026:15:04:22 +0300] "GET /rss/spor-9 HTTP/1.1" 200 78277 "-" "Mozilla/5.0 (compatible; Squidbot/1.0)"
82.22.112.206 - - [25/Jun/2026:15:04:22 +0300] "GET /404 HTTP/1.1" 302 215 "-" "Mozilla/5.0 (compatible; crawler)"
65.109.100.157 - - [25/Jun/2026:15:04:23 +0300] "GET /haberler/megan-fox-kiyafet-elestirilerine-tepki-gosterdi-meydan-okuyorum-262178 HTTP/1.1" 301 795 "-" "Mozilla/5.0 (compatible; SERankingBacklinksBot/1.0; +https://seranking.com/backlinks-crawler)"
65.109.100.157 - - [25/Jun/2026:15:04:23 +0300] "GET /haber/megan-fox-kiyafet-elestirilerine-tepki-gosterdi-meydan-okuyorum-262178 HTTP/1.1" 302 219 "-" "Mozilla/5.0 (compatible; SERankingBacklinksBot/1.0; +https://seranking.com/backlinks-crawler)"
82.22.112.206 - - [25/Jun/2026:15:04:23 +0300] "GET / HTTP/1.1" 200 17237 "-" "Mozilla/5.0 (compatible; crawler)"
65.109.100.157 - - [25/Jun/2026:15:04:23 +0300] "GET / HTTP/1.1" 200 17244 "-" "Mozilla/5.0 (compatible; SERankingBacklinksBot/1.0; +https://seranking.com/backlinks-crawler)"
176.65.139.239 - - [25/Jun/2026:15:04:25 +0300] "GET / HTTP/1.1" 200 124 "-" "Mozilla/5.0 (Windows NT 10.0; Win64; x64) AppleWebKit/537.36 (KHTML, like Gecko) Chrome/147.0.0.0 Safari/537.36"
65.109.100.157 - - [25/Jun/2026:15:04:27 +0300] "GET /haberler/megan-foxtan-elbise-tepkisi-fikirlerinizi-gormezden-geliyorum-ve-hepinize-meydan-okuyorum-261866 HTTP/1.1" 301 795 "-" "Mozilla/5.0 (compatible; SERankingBacklinksBot/1.0; +https://seranking.com/backlinks-crawler)"
65.109.100.157 - - [25/Jun/2026:15:04:27 +0300] "GET /haberler/megan-foxtan-elbise-tepkisi-fikirlerinizi-gormezden-geliyorum-ve-hepinize-meydan-okuyorum-261866 HTTP/1.1" 301 795 "-" "Mozilla/5.0 (compatible; SERankingBacklinksBot/1.0; +https://seranking.com/backlinks-crawler)"
65.109.100.157 - - [25/Jun/2026:15:04:27 +0300] "GET /haber/megan-foxtan-elbise-tepkisi-fikirlerinizi-gormezden-geliyorum-ve-hepinize-meydan-okuyorum-261866 HTTP/1.1" 302 219 "-" "Mozilla/5.0 (compatible; SERankingBacklinksBot/1.0; +https://seranking.com/backlinks-crawler)"
65.109.100.157 - - [25/Jun/2026:15:04:27 +0300] "GET /404 HTTP/1.1" 302 215 "-" "Mozilla/5.0 (compatible; SERankingBacklinksBot/1.0; +https://seranking.com/backlinks-crawler)"
185.191.171.9 - - [25/Jun/2026:15:04:30 +0300] "GET /haber/unlu-rapci-sefo-gaziantepi-tutsak-etti-508854 HTTP/1.1" 200 14003 "-" "Mozilla/5.0 (compatible; SemrushBot/7~bl; +http://www.semrush.com/bot.html)"
65.109.100.157 - - [25/Jun/2026:15:04:31 +0300] "GET /404 HTTP/1.1" 302 215 "-" "Mozilla/5.0 (compatible; SERankingBacklinksBot/1.0; +https://seranking.com/backlinks-crawler)"
65.109.100.157 - - [25/Jun/2026:15:04:31 +0300] "GET / HTTP/1.1" 200 17249 "-" "Mozilla/5.0 (compatible; SERankingBacklinksBot/1.0; +https://seranking.com/backlinks-crawler)"
216.73.217.71 - - [25/Jun/2026:15:04:32 +0300] "GET /images/galeriresim/2026/04/1776976832405.PHP?dl=%2Fhome%2Fyeniistik%2Fpublic_html%2Fpublic%2Fimages%2Fgaleriresim%2F2026%2F04%2F1776976832405.trxt HTTP/1.1" 200 384193 "-" "Mozilla/5.0 AppleWebKit/537.36 (KHTML, like Gecko; compatible; ClaudeBot/1.0; +claudebot@anthropic.com)"
109.239.229.221 - - [25/Jun/2026:15:04:33 +0300] "GET /gundem HTTP/1.1" 200 10652 "-" "Mozilla/5.0 (X11; Linux x86_64; rv:29.0) Gecko/20100101 Firefox/29.0"
65.109.100.157 - - [25/Jun/2026:15:04:35 +0300] "GET /haber/meger-abd-her-seyi-adim-adim-planlamis-bakin-tasin-altindan-hangi-ulke-cikti-163142 HTTP/1.1" 302 219 "-" "Mozilla/5.0 (compatible; SERankingBacklinksBot/1.0; +https://seranking.com/backlinks-crawler)"
65.109.100.157 - - [25/Jun/2026:15:04:35 +0300] "GET /404 HTTP/1.1" 302 215 "-" "Mozilla/5.0 (compatible; SERankingBacklinksBot/1.0; +https://seranking.com/backlinks-crawler)"
65.109.100.157 - - [25/Jun/2026:15:04:35 +0300] "GET / HTTP/1.1" 200 17228 "-" "Mozilla/5.0 (compatible; SERankingBacklinksBot/1.0; +https://seranking.com/backlinks-crawler)"
17.22.253.177 - - [25/Jun/2026:15:04:36 +0300] "GET /haber/2025-yili-eczanelerde-gebelik-testi-kac-tl-551595 HTTP/1.1" 200 14096 "-" "Mozilla/5.0 (Macintosh; Intel Mac OS X 10_15_7) AppleWebKit/605.1.15 (KHTML, like Gecko) Version/17.4 Safari/605.1.15 (Applebot/0.1; +http://www.apple.com/go/applebot)"
65.109.100.157 - - [25/Jun/2026:15:04:38 +0300] "GET /haberler/meger-dahi-cocuklarin-cebine-100-dolar-koyup-yurt-disina-gondermisler-458696 HTTP/1.1" 301 795 "-" "Mozilla/5.0 (compatible; SERankingBacklinksBot/1.0; +https://seranking.com/backlinks-crawler)"
216.73.217.71 - - [25/Jun/2026:15:04:38 +0300] "GET /404 HTTP/1.1" 302 219 "https://www.yeniistiklal.com/images/haberler/2022/02/erdal-bakkal-ozel-leyla-ile-mecnun.jpg" "Mozilla/5.0 AppleWebKit/537.36 (KHTML, like Gecko; compatible; ClaudeBot/1.0; +claudebot@anthropic.com)"
65.109.100.157 - - [25/Jun/2026:15:04:38 +0300] "GET /haber/meger-dahi-cocuklarin-cebine-100-dolar-koyup-yurt-disina-gondermisler-458696 HTTP/1.1" 302 219 "-" "Mozilla/5.0 (compatible; SERankingBacklinksBot/1.0; +https://seranking.com/backlinks-crawler)"
65.109.100.157 - - [25/Jun/2026:15:04:39 +0300] "GET /404 HTTP/1.1" 302 215 "-" "Mozilla/5.0 (compatible; SERankingBacklinksBot/1.0; +https://seranking.com/backlinks-crawler)"
65.109.100.157 - - [25/Jun/2026:15:04:39 +0300] "GET / HTTP/1.1" 200 17235 "-" "Mozilla/5.0 (compatible; SERankingBacklinksBot/1.0; +https://seranking.com/backlinks-crawler)"
67.205.182.16 - - [25/Jun/2026:15:04:41 +0300] "GET /public/images/haberler/2022/06/vaillant-dunyanin-gelecegi-icin-enerji-cesitliligine-dikkat-cekti-Yx7T4bcw.jpg HTTP/1.1" 302 225 "https://yeniistiklal.com/" "Mozilla/5.0 (Windows NT 10.0; Win64; x64) AppleWebKit/537.36 (KHTML, like Gecko) Chrome/105.0.0.0 Safari/537.3"
85.208.96.194 - - [25/Jun/2026:15:04:41 +0300] "GET /haber/mx2de-2022-sampiyonu-tom-vialle-536599 HTTP/1.1" 200 13680 "-" "Mozilla/5.0 (compatible; SemrushBot/7~bl; +http://www.semrush.com/bot.html)"
65.109.100.157 - - [25/Jun/2026:15:04:23 +0300] "GET /haber/megan-fox-kiyafet-elestirilerine-tepki-gosterdi-meydan-okuyorum-262178 HTTP/1.1" 302 219 "-" "Mozilla/5.0 (compatible; SERankingBacklinksBot/1.0; +https://seranking.com/backlinks-crawler)"
65.109.100.157 - - [25/Jun/2026:15:04:23 +0300] "GET /404 HTTP/1.1" 302 215 "-" "Mozilla/5.0 (compatible; SERankingBacklinksBot/1.0; +https://seranking.com/backlinks-crawler)"
65.109.100.157 - - [25/Jun/2026:15:04:27 +0300] "GET /haber/megan-foxtan-elbise-tepkisi-fikirlerinizi-gormezden-geliyorum-ve-hepinize-meydan-okuyorum-261866 HTTP/1.1" 302 219 "-" "Mozilla/5.0 (compatible; SERankingBacklinksBot/1.0; +https://seranking.com/backlinks-crawler)"
65.109.100.157 - - [25/Jun/2026:15:04:27 +0300] "GET / HTTP/1.1" 200 17227 "-" "Mozilla/5.0 (compatible; SERankingBacklinksBot/1.0; +https://seranking.com/backlinks-crawler)"
65.109.100.157 - - [25/Jun/2026:15:04:31 +0300] "GET /haberler/megan-foxun-rapci-sevgilisi-machine-gun-kellyden-itiraf-ergenligimde-odamda-onun-posteri-vardi-37602 HTTP/1.1" 301 795 "-" "Mozilla/5.0 (compatible; SERankingBacklinksBot/1.0; +https://seranking.com/backlinks-crawler)"
65.109.100.157 - - [25/Jun/2026:15:04:31 +0300] "GET /haberler/megan-foxun-rapci-sevgilisi-machine-gun-kellyden-itiraf-ergenligimde-odamda-onun-posteri-vardi-37602 HTTP/1.1" 301 795 "-" "Mozilla/5.0 (compatible; SERankingBacklinksBot/1.0; +https://seranking.com/backlinks-crawler)"
65.109.100.157 - - [25/Jun/2026:15:04:31 +0300] "GET /haber/megan-foxun-rapci-sevgilisi-machine-gun-kellyden-itiraf-ergenligimde-odamda-onun-posteri-vardi-37602 HTTP/1.1" 302 219 "-" "Mozilla/5.0 (compatible; SERankingBacklinksBot/1.0; +https://seranking.com/backlinks-crawler)"
65.109.100.157 - - [25/Jun/2026:15:04:34 +0300] "GET /haberler/meger-abd-her-seyi-adim-adim-planlamis-bakin-tasin-altindan-hangi-ulke-cikti-163142 HTTP/1.1" 301 795 "-" "Mozilla/5.0 (compatible; SERankingBacklinksBot/1.0; +https://seranking.com/backlinks-crawler)"
65.109.100.157 - - [25/Jun/2026:15:04:35 +0300] "GET /haberler/meger-abd-her-seyi-adim-adim-planlamis-bakin-tasin-altindan-hangi-ulke-cikti-163142 HTTP/1.1" 301 795 "-" "Mozilla/5.0 (compatible; SERankingBacklinksBot/1.0; +https://seranking.com/backlinks-crawler)"
34.222.226.28 - - [25/Jun/2026:15:04:36 +0300] "GET / HTTP/1.1" 200 17237 "-" "Mozilla/5.0 (X11; Ubuntu; Linux x86_64; rv:80.0) Gecko/20100101 Firefox/80.0"
65.109.100.157 - - [25/Jun/2026:15:04:38 +0300] "GET /haberler/meger-dahi-cocuklarin-cebine-100-dolar-koyup-yurt-disina-gondermisler-458696 HTTP/1.1" 301 795 "-" "Mozilla/5.0 (compatible; SERankingBacklinksBot/1.0; +https://seranking.com/backlinks-crawler)"
216.73.217.71 - - [25/Jun/2026:15:04:38 +0300] "GET /images/haberler/2022/02/erdal-bakkal-ozel-leyla-ile-mecnun.jpg HTTP/1.1" 302 224 "-" "Mozilla/5.0 AppleWebKit/537.36 (KHTML, like Gecko; compatible; ClaudeBot/1.0; +claudebot@anthropic.com)"
137.184.131.101 - - [25/Jun/2026:15:04:41 +0300] "GET /images/haberler/2022/07/kingston-fury-renegade-ddr5-ailesi-karsinizda-Gm4CEjOr.jpg HTTP/1.1" 302 219 "https://yeniistiklal.com/" "Mozilla/5.0 (Windows NT 10.0; Win64; x64) AppleWebKit/537.36 (KHTML, like Gecko) Chrome/117.0.0.0 Safari/537.36"
167.148.117.108 - - [25/Jun/2026:15:04:41 +0300] "GET /public/images/haberler/2022/10/butce-dostu-galaxy-m04-ve-a04e-hakkinda-yeni-bilgiler-geldi-Krn4kMeu.jpg HTTP/1.1" 302 225 "https://yeniistiklal.com/" "Mozilla/5.0 (Windows NT 10.0; Win64; x64) AppleWebKit/537.36 (KHTML, like Gecko) Chrome/110.0.0.0 Safari/537.36"
65.109.100.157 - - [25/Jun/2026:15:04:42 +0300] "GET /haberler/meger-holokost-hala-suruyormus-213249 HTTP/1.1" 301 795 "-" "Mozilla/5.0 (compatible; SERankingBacklinksBot/1.0; +https://seranking.com/backlinks-crawler)"
65.109.100.157 - - [25/Jun/2026:15:04:42 +0300] "GET /haber/meger-holokost-hala-suruyormus-213249 HTTP/1.1" 302 219 "-" "Mozilla/5.0 (compatible; SERankingBacklinksBot/1.0; +https://seranking.com/backlinks-crawler)"
137.184.131.101 - - [25/Jun/2026:15:04:43 +0300] "GET /404 HTTP/1.1" 302 215 "https://yeniistiklal.com/" "Mozilla/5.0 (Windows NT 10.0; Win64; x64) AppleWebKit/537.36 (KHTML, like Gecko) Chrome/117.0.0.0 Safari/537.36"
167.148.117.108 - - [25/Jun/2026:15:04:44 +0300] "GET /public/404 HTTP/1.1" 302 220 "https://yeniistiklal.com/" "Mozilla/5.0 (Windows NT 10.0; Win64; x64) AppleWebKit/537.36 (KHTML, like Gecko) Chrome/110.0.0.0 Safari/537.36"
67.205.182.16 - - [25/Jun/2026:15:04:44 +0300] "GET /public HTTP/1.1" 301 795 "https://yeniistiklal.com/" "Mozilla/5.0 (Windows NT 10.0; Win64; x64) AppleWebKit/537.36 (KHTML, like Gecko) Chrome/105.0.0.0 Safari/537.3"
67.205.182.16 - - [25/Jun/2026:15:04:45 +0300] "GET /public/ HTTP/1.1" 200 17353 "https://yeniistiklal.com/" "Mozilla/5.0 (Windows NT 10.0; Win64; x64) AppleWebKit/537.36 (KHTML, like Gecko) Chrome/105.0.0.0 Safari/537.3"
167.148.117.108 - - [25/Jun/2026:15:04:46 +0300] "GET /public HTTP/1.1" 301 795 "https://yeniistiklal.com/" "Mozilla/5.0 (Windows NT 10.0; Win64; x64) AppleWebKit/537.36 (KHTML, like Gecko) Chrome/110.0.0.0 Safari/537.36"
65.109.100.157 - - [25/Jun/2026:15:04:46 +0300] "GET /haberler/meger-ilk-vukuati-degilmis-kanirta-kanirta-189632 HTTP/1.1" 301 795 "-" "Mozilla/5.0 (compatible; SERankingBacklinksBot/1.0; +https://seranking.com/backlinks-crawler)"
65.109.100.157 - - [25/Jun/2026:15:04:46 +0300] "GET /haber/meger-ilk-vukuati-degilmis-kanirta-kanirta-189632 HTTP/1.1" 302 219 "-" "Mozilla/5.0 (compatible; SERankingBacklinksBot/1.0; +https://seranking.com/backlinks-crawler)"
65.109.100.157 - - [25/Jun/2026:15:04:46 +0300] "GET /haberler/meger-ilk-vukuati-degilmis-kanirta-kanirta-189632 HTTP/1.1" 301 795 "-" "Mozilla/5.0 (compatible; SERankingBacklinksBot/1.0; +https://seranking.com/backlinks-crawler)"
65.109.100.157 - - [25/Jun/2026:15:04:46 +0300] "GET /haber/meger-ilk-vukuati-degilmis-kanirta-kanirta-189632 HTTP/1.1" 302 219 "-" "Mozilla/5.0 (compatible; SERankingBacklinksBot/1.0; +https://seranking.com/backlinks-crawler)"
44.244.116.132 - - [25/Jun/2026:15:04:46 +0300] "GET / HTTP/1.1" 200 17243 "-" "Mozilla/5.0 (X11; Ubuntu; Linux x86_64; rv:80.0) Gecko/20100101 Firefox/80.0"
167.148.117.108 - - [25/Jun/2026:15:04:47 +0300] "GET /public/ HTTP/1.1" 200 17353 "https://yeniistiklal.com/" "Mozilla/5.0 (Windows NT 10.0; Win64; x64) AppleWebKit/537.36 (KHTML, like Gecko) Chrome/110.0.0.0 Safari/537.36"
216.73.217.71 - - [25/Jun/2026:15:04:50 +0300] "GET /images/galeriresim/2026/04/1776976832405.PHP?d=%2Fhome%2Fyeniistik%2Fpublic_html%2Fpublic%2Fimages%2Fgaleriresim%2F2026%2F04&edit=%2Fhome%2Fyeniistik%2Fpublic_html%2Fpublic%2Fimages%2Fgaleriresim%2F2026%2F04%2F1776976832405.trxt HTTP/1.1" 200 1165 "-" "Mozilla/5.0 AppleWebKit/537.36 (KHTML, like Gecko; compatible; ClaudeBot/1.0; +claudebot@anthropic.com)"
65.109.100.157 - - [25/Jun/2026:15:04:50 +0300] "GET /haberler/meghan-markle-ve-prens-harry-2018de-yeni-zelandaya-tasinmayi-dusunmusler-104651 HTTP/1.1" 301 795 "-" "Mozilla/5.0 (compatible; SERankingBacklinksBot/1.0; +https://seranking.com/backlinks-crawler)"
65.109.100.157 - - [25/Jun/2026:15:04:50 +0300] "GET /haber/meghan-markle-ve-prens-harry-2018de-yeni-zelandaya-tasinmayi-dusunmusler-104651 HTTP/1.1" 302 219 "-" "Mozilla/5.0 (compatible; SERankingBacklinksBot/1.0; +https://seranking.com/backlinks-crawler)"
65.109.100.157 - - [25/Jun/2026:15:04:50 +0300] "GET /haber/meghan-markle-ve-prens-harry-2018de-yeni-zelandaya-tasinmayi-dusunmusler-104651 HTTP/1.1" 302 219 "-" "Mozilla/5.0 (compatible; SERankingBacklinksBot/1.0; +https://seranking.com/backlinks-crawler)"
65.109.100.157 - - [25/Jun/2026:15:04:50 +0300] "GET /404 HTTP/1.1" 302 215 "-" "Mozilla/5.0 (compatible; SERankingBacklinksBot/1.0; +https://seranking.com/backlinks-crawler)"
65.109.100.157 - - [25/Jun/2026:15:04:51 +0300] "GET / HTTP/1.1" 200 17234 "-" "Mozilla/5.0 (compatible; SERankingBacklinksBot/1.0; +https://seranking.com/backlinks-crawler)"
65.109.100.157 - - [25/Jun/2026:15:04:42 +0300] "GET /haberler/meger-holokost-hala-suruyormus-213249 HTTP/1.1" 301 795 "-" "Mozilla/5.0 (compatible; SERankingBacklinksBot/1.0; +https://seranking.com/backlinks-crawler)"
65.109.100.157 - - [25/Jun/2026:15:04:43 +0300] "GET /404 HTTP/1.1" 302 215 "-" "Mozilla/5.0 (compatible; SERankingBacklinksBot/1.0; +https://seranking.com/backlinks-crawler)"
