65.109.100.157 - - [25/Jun/2026:15:36:33 +0300] "GET /haber/meteoroloji-il-il-uyardi-yarina-dikkat-saganak-geliyor-109694 HTTP/1.1" 302 219 "-" "Mozilla/5.0 (compatible; SERankingBacklinksBot/1.0; +https://seranking.com/backlinks-crawler)"
85.208.96.210 - - [25/Jun/2026:15:36:35 +0300] "GET /haber/babacan-tarihi-uyarisini-tekrarladi-ulke-batiyor-iktidar-tabela-degistirmekle-mesgul-521759 HTTP/1.1" 200 15525 "-" "Mozilla/5.0 (compatible; SemrushBot/7~bl; +http://www.semrush.com/bot.html)"
54.91.122.193 - - [25/Jun/2026:15:36:37 +0300] "GET /public/index.php/haber/bursa-osmangazinin-baremi-yerel-yonetimlere-ornek-oldu-540590 HTTP/1.1" 200 13936 "-" "Mozilla/5.0 AppleWebKit/537.36 (KHTML, like Gecko; compatible; Amazonbot/0.1; +https://developer.amazon.com/support/amazonbot) Chrome/119.0.6045.214 Safari/537.36"
65.109.100.157 - - [25/Jun/2026:15:36:38 +0300] "GET / HTTP/1.1" 200 17239 "-" "Mozilla/5.0 (compatible; SERankingBacklinksBot/1.0; +https://seranking.com/backlinks-crawler)"
85.208.96.209 - - [25/Jun/2026:15:36:38 +0300] "GET /haber/perakendede-verinin-gucu-kumpem-konferansinda-masaya-yatirildi-545405 HTTP/1.1" 200 16829 "-" "Mozilla/5.0 (compatible; SemrushBot/7~bl; +http://www.semrush.com/bot.html)"
54.38.147.140 - - [25/Jun/2026:15:36:40 +0300] "GET /public/images/haberler/2025/10/isin-celik-uzun-omurlu-soyunma-dolaplari-imalatcisi-1759412793.jpg HTTP/1.1" 200 20232 "-" "Mozilla/5.0 (compatible; AhrefsBot/7.0; +http://ahrefs.com/robot/)"
65.109.100.157 - - [25/Jun/2026:15:36:41 +0300] "GET /haberler/meteoroloji-istanbul-dahil-bircok-ili-uyardi-kuvvetli-saganak-yagis-geliyor-395085 HTTP/1.1" 301 795 "-" "Mozilla/5.0 (compatible; SERankingBacklinksBot/1.0; +https://seranking.com/backlinks-crawler)"
65.109.100.157 - - [25/Jun/2026:15:36:42 +0300] "GET /404 HTTP/1.1" 302 215 "-" "Mozilla/5.0 (compatible; SERankingBacklinksBot/1.0; +https://seranking.com/backlinks-crawler)"
65.109.100.157 - - [25/Jun/2026:15:36:42 +0300] "GET / HTTP/1.1" 200 17239 "-" "Mozilla/5.0 (compatible; SERankingBacklinksBot/1.0; +https://seranking.com/backlinks-crawler)"
63.35.115.255 - - [25/Jun/2026:15:36:43 +0300] "GET /category/egitim/feed HTTP/1.1" 301 795 "-" "Mozilla/5.0 (compatible; Squidbot/1.0)"
65.109.100.157 - - [25/Jun/2026:15:36:45 +0300] "GET /haber/meteoroloji-kar-yagisi-icin-tarih-verdi-380622 HTTP/1.1" 302 219 "-" "Mozilla/5.0 (compatible; SERankingBacklinksBot/1.0; +https://seranking.com/backlinks-crawler)"
65.109.100.157 - - [25/Jun/2026:15:36:45 +0300] "GET /haberler/meteoroloji-kar-yagisi-icin-tarih-verdi-380622 HTTP/1.1" 301 795 "-" "Mozilla/5.0 (compatible; SERankingBacklinksBot/1.0; +https://seranking.com/backlinks-crawler)"
44.205.74.196 - - [25/Jun/2026:15:36:46 +0300] "GET /public/index.php/haber/beyaz-saray-rus-petrolune-yasak-getirme-konusunda-henuz-karar-vermedik-500880 HTTP/1.1" 200 14420 "-" "Mozilla/5.0 AppleWebKit/537.36 (KHTML, like Gecko; compatible; Amazonbot/0.1; +https://developer.amazon.com/support/amazonbot) Chrome/119.0.6045.214 Safari/537.36"
31.40.198.2 - - [25/Jun/2026:15:36:45 +0300] "GET /rss/foto-galeri-eski-6 HTTP/1.1" 200 124099 "-" "Mozilla/5.0 (X11; U; Linux i686; en-US; rv:1.9.1.7) Gecko/20091221 Firefox/50.0"
65.109.100.157 - - [25/Jun/2026:15:36:46 +0300] "GET / HTTP/1.1" 200 17232 "-" "Mozilla/5.0 (compatible; SERankingBacklinksBot/1.0; +https://seranking.com/backlinks-crawler)"
65.109.100.157 - - [25/Jun/2026:15:36:37 +0300] "GET /haber/meteoroloji-il-il-yagmur-uyarisi-hava-sicakligi-mevsim-normallerinin-2-6-derece-altinda-seyredecek-241802 HTTP/1.1" 302 219 "-" "Mozilla/5.0 (compatible; SERankingBacklinksBot/1.0; +https://seranking.com/backlinks-crawler)"
65.109.100.157 - - [25/Jun/2026:15:36:38 +0300] "GET /404 HTTP/1.1" 302 215 "-" "Mozilla/5.0 (compatible; SERankingBacklinksBot/1.0; +https://seranking.com/backlinks-crawler)"
45.39.73.187 - - [25/Jun/2026:15:36:38 +0300] "GET /rss/genel-0 HTTP/1.1" 200 196772 "-" "-"
65.109.100.157 - - [25/Jun/2026:15:36:41 +0300] "GET /haberler/meteoroloji-istanbul-dahil-bircok-ili-uyardi-kuvvetli-saganak-yagis-geliyor-395085 HTTP/1.1" 301 795 "-" "Mozilla/5.0 (compatible; SERankingBacklinksBot/1.0; +https://seranking.com/backlinks-crawler)"
65.109.100.157 - - [25/Jun/2026:15:36:41 +0300] "GET /haber/meteoroloji-istanbul-dahil-bircok-ili-uyardi-kuvvetli-saganak-yagis-geliyor-395085 HTTP/1.1" 302 219 "-" "Mozilla/5.0 (compatible; SERankingBacklinksBot/1.0; +https://seranking.com/backlinks-crawler)"
35.171.117.160 - - [25/Jun/2026:15:36:41 +0300] "GET /public/index.php/haber/herkesin-gozu-kulagi-haziran-enflasyonunda-524848 HTTP/1.1" 200 13479 "-" "Mozilla/5.0 AppleWebKit/537.36 (KHTML, like Gecko; compatible; Amazonbot/0.1; +https://developer.amazon.com/support/amazonbot) Chrome/119.0.6045.214 Safari/537.36"
51.222.168.26 - - [25/Jun/2026:15:36:42 +0300] "GET /public/images/haberler/2025/09/midyat-satilik-daire-rehberi-fiyatlar-ilanlar-ve-yatirim-firsatlari-1758091891.jpeg HTTP/1.1" 200 23496 "-" "Mozilla/5.0 (compatible; AhrefsBot/7.0; +http://ahrefs.com/robot/)"
185.191.171.3 - - [25/Jun/2026:15:36:42 +0300] "GET /haber/tasimali-egitim-karari-549186 HTTP/1.1" 200 14148 "-" "Mozilla/5.0 (compatible; SemrushBot/7~bl; +http://www.semrush.com/bot.html)"
65.109.100.157 - - [25/Jun/2026:15:36:45 +0300] "GET /haberler/meteoroloji-kar-yagisi-icin-tarih-verdi-380622 HTTP/1.1" 301 795 "-" "Mozilla/5.0 (compatible; SERankingBacklinksBot/1.0; +https://seranking.com/backlinks-crawler)"
65.109.100.157 - - [25/Jun/2026:15:36:45 +0300] "GET /haber/meteoroloji-kar-yagisi-icin-tarih-verdi-380622 HTTP/1.1" 302 219 "-" "Mozilla/5.0 (compatible; SERankingBacklinksBot/1.0; +https://seranking.com/backlinks-crawler)"
65.109.100.157 - - [25/Jun/2026:15:36:46 +0300] "GET /404 HTTP/1.1" 302 215 "-" "Mozilla/5.0 (compatible; SERankingBacklinksBot/1.0; +https://seranking.com/backlinks-crawler)"
65.109.100.157 - - [25/Jun/2026:15:36:49 +0300] "GET /haber/meteoroloji-muglada-yuksek-sicakligin-carsambaya-kadar-devam-etmesi-bekleniyor-116937 HTTP/1.1" 302 219 "-" "Mozilla/5.0 (compatible; SERankingBacklinksBot/1.0; +https://seranking.com/backlinks-crawler)"
65.109.100.157 - - [25/Jun/2026:15:36:49 +0300] "GET /haberler/meteoroloji-muglada-yuksek-sicakligin-carsambaya-kadar-devam-etmesi-bekleniyor-116937 HTTP/1.1" 301 795 "-" "Mozilla/5.0 (compatible; SERankingBacklinksBot/1.0; +https://seranking.com/backlinks-crawler)"
65.109.100.157 - - [25/Jun/2026:15:36:50 +0300] "GET /haber/meteoroloji-muglada-yuksek-sicakligin-carsambaya-kadar-devam-etmesi-bekleniyor-116937 HTTP/1.1" 302 219 "-" "Mozilla/5.0 (compatible; SERankingBacklinksBot/1.0; +https://seranking.com/backlinks-crawler)"
65.109.100.157 - - [25/Jun/2026:15:36:50 +0300] "GET /404 HTTP/1.1" 302 215 "-" "Mozilla/5.0 (compatible; SERankingBacklinksBot/1.0; +https://seranking.com/backlinks-crawler)"
65.109.100.157 - - [25/Jun/2026:15:36:50 +0300] "GET / HTTP/1.1" 200 17241 "-" "Mozilla/5.0 (compatible; SERankingBacklinksBot/1.0; +https://seranking.com/backlinks-crawler)"
198.244.240.80 - - [25/Jun/2026:15:36:51 +0300] "GET /public/images/haberler/2025/09/istanbula-yakin-dogaya-daha-yakin-yasam-remleyden-sapanca-ve-serdivanda-yeni-projeler-1758561939.jpeg HTTP/1.1" 200 51286 "-" "Mozilla/5.0 (compatible; AhrefsBot/7.0; +http://ahrefs.com/robot/)"
63.35.115.255 - - [25/Jun/2026:15:36:48 +0300] "GET /rss/egitim-14 HTTP/1.1" 200 101994 "-" "Mozilla/5.0 (compatible; Squidbot/1.0)"
65.109.100.157 - - [25/Jun/2026:15:36:49 +0300] "GET /haberler/meteoroloji-muglada-yuksek-sicakligin-carsambaya-kadar-devam-etmesi-bekleniyor-116937 HTTP/1.1" 301 795 "-" "Mozilla/5.0 (compatible; SERankingBacklinksBot/1.0; +https://seranking.com/backlinks-crawler)"
34.203.111.15 - - [25/Jun/2026:15:36:49 +0300] "GET /public/index.php/etiketler/iptal-haberleri HTTP/1.1" 200 8152 "-" "Mozilla/5.0 AppleWebKit/537.36 (KHTML, like Gecko; compatible; Amazonbot/0.1; +https://developer.amazon.com/support/amazonbot) Chrome/119.0.6045.214 Safari/537.36"
185.191.171.7 - - [25/Jun/2026:15:36:51 +0300] "GET /haber/rektor-prof-dr-budak-cumhuriyet-bizlere-birakilmis-en-buyuk-miras-ve-vazgecilmez-bir-degerdir-547751 HTTP/1.1" 200 15010 "-" "Mozilla/5.0 (compatible; SemrushBot/7~bl; +http://www.semrush.com/bot.html)"
216.73.217.71 - - [25/Jun/2026:15:36:51 +0300] "GET /galeri/yesilcamin-en-gozde-isimleri-8?page=7 HTTP/1.1" 200 7803 "-" "Mozilla/5.0 AppleWebKit/537.36 (KHTML, like Gecko; compatible; ClaudeBot/1.0; +claudebot@anthropic.com)"
65.109.100.157 - - [25/Jun/2026:15:36:53 +0300] "GET /haberler/meteoroloji-o-bolgeler-icin-yagis-uyarisi-yuksek-kesimlerinde-karla-karisik-yagmur-gorulebilir-406914 HTTP/1.1" 301 795 "-" "Mozilla/5.0 (compatible; SERankingBacklinksBot/1.0; +https://seranking.com/backlinks-crawler)"
65.109.100.157 - - [25/Jun/2026:15:36:53 +0300] "GET /haber/meteoroloji-o-bolgeler-icin-yagis-uyarisi-yuksek-kesimlerinde-karla-karisik-yagmur-gorulebilir-406914 HTTP/1.1" 302 219 "-" "Mozilla/5.0 (compatible; SERankingBacklinksBot/1.0; +https://seranking.com/backlinks-crawler)"
65.109.100.157 - - [25/Jun/2026:15:36:53 +0300] "GET /haberler/meteoroloji-o-bolgeler-icin-yagis-uyarisi-yuksek-kesimlerinde-karla-karisik-yagmur-gorulebilir-406914 HTTP/1.1" 301 795 "-" "Mozilla/5.0 (compatible; SERankingBacklinksBot/1.0; +https://seranking.com/backlinks-crawler)"
65.109.100.157 - - [25/Jun/2026:15:36:54 +0300] "GET / HTTP/1.1" 200 17218 "-" "Mozilla/5.0 (compatible; SERankingBacklinksBot/1.0; +https://seranking.com/backlinks-crawler)"
3.213.46.222 - - [25/Jun/2026:15:36:54 +0300] "GET /public/index.php/haber/gencler-mutso-yonetimini-devralmaya-hazirlaniyor-544104 HTTP/1.1" 200 14596 "-" "Mozilla/5.0 AppleWebKit/537.36 (KHTML, like Gecko; compatible; Amazonbot/0.1; +https://developer.amazon.com/support/amazonbot) Chrome/119.0.6045.214 Safari/537.36"
202.46.62.39 - - [25/Jun/2026:15:36:56 +0300] "GET /haber/lider-cilt-sagligi-markasi-neutrogena-yeni-retinol-boost-serisi-icin-marka-yuzu-birce-akalay-ile-ses-getiren-bir-lansmana-imza-atti-540844 HTTP/1.1" 200 15238 "-" "Mozilla/5.0 (Windows NT 10.0; Win64; x64) AppleWebKit/537.36 (KHTML, like Gecko) Chrome/133.0.6943.141 Safari/537.36"
216.75.132.26 - - [25/Jun/2026:15:36:57 +0300] "GET /images/tn/2022/06/kara-mambaya-saygiyla-kobe-bryant-a-trinute-gainde-yayinda-Q5slEUVj.jpg HTTP/1.1" 302 219 "-" "Mozilla/5.0 (Windows NT 10.0; Win64; x64) AppleWebKit/537.36 (KHTML, like Gecko) Chrome/121.0.0.0 Safari/537.36 Edg/121.0.0.0"
65.109.100.157 - - [25/Jun/2026:15:36:57 +0300] "GET /haberler/meteoroloji-pazar-gununu-isaret-etti-sicaklik-10-derece-dusecek-344648 HTTP/1.1" 301 795 "-" "Mozilla/5.0 (compatible; SERankingBacklinksBot/1.0; +https://seranking.com/backlinks-crawler)"
44.223.193.255 - - [25/Jun/2026:15:36:57 +0300] "GET /public/index.php/haber/erude-15-temmuz-icin-anma-toreni-527246 HTTP/1.1" 200 14778 "-" "Mozilla/5.0 AppleWebKit/537.36 (KHTML, like Gecko; compatible; Amazonbot/0.1; +https://developer.amazon.com/support/amazonbot) Chrome/119.0.6045.214 Safari/537.36"
65.109.100.157 - - [25/Jun/2026:15:36:58 +0300] "GET /404 HTTP/1.1" 302 215 "-" "Mozilla/5.0 (compatible; SERankingBacklinksBot/1.0; +https://seranking.com/backlinks-crawler)"
65.109.100.157 - - [25/Jun/2026:15:36:58 +0300] "GET / HTTP/1.1" 200 17238 "-" "Mozilla/5.0 (compatible; SERankingBacklinksBot/1.0; +https://seranking.com/backlinks-crawler)"
54.39.136.156 - - [25/Jun/2026:15:36:53 +0300] "GET /public/images/haberler/2025/09/ibrahim-murat-gunduzden-sert-cikis-kirk-gun-gezersin-kirda-bir-gun-rastlarsin-kurda-1758827758.png HTTP/1.1" 200 273903 "-" "Mozilla/5.0 (compatible; AhrefsBot/7.0; +http://ahrefs.com/robot/)"
40.77.167.7 - - [25/Jun/2026:15:36:53 +0300] "GET /images/haberler/2022/07/rotamiz-duzce-gastronomik-degerleri-ve-dogasiyla-turizm-kenti-olmaya-aday-WKjGpWPA.jpg HTTP/1.1" 302 219 "-" "Mozilla/5.0 AppleWebKit/537.36 (KHTML, like Gecko; compatible; bingbot/2.0; +http://www.bing.com/bingbot.htm) Chrome/116.0.1938.76 Safari/537.36"
65.109.100.157 - - [25/Jun/2026:15:36:53 +0300] "GET /haber/meteoroloji-o-bolgeler-icin-yagis-uyarisi-yuksek-kesimlerinde-karla-karisik-yagmur-gorulebilir-406914 HTTP/1.1" 302 219 "-" "Mozilla/5.0 (compatible; SERankingBacklinksBot/1.0; +https://seranking.com/backlinks-crawler)"
65.109.100.157 - - [25/Jun/2026:15:36:54 +0300] "GET /404 HTTP/1.1" 302 215 "-" "Mozilla/5.0 (compatible; SERankingBacklinksBot/1.0; +https://seranking.com/backlinks-crawler)"
40.77.167.7 - - [25/Jun/2026:15:36:54 +0300] "GET /404 HTTP/1.1" 302 215 "-" "Mozilla/5.0 AppleWebKit/537.36 (KHTML, like Gecko; compatible; bingbot/2.0; +http://www.bing.com/bingbot.htm) Chrome/116.0.1938.76 Safari/537.36"
40.77.167.7 - - [25/Jun/2026:15:36:55 +0300] "GET / HTTP/1.1" 200 17223 "-" "Mozilla/5.0 AppleWebKit/537.36 (KHTML, like Gecko; compatible; bingbot/2.0; +http://www.bing.com/bingbot.htm) Chrome/116.0.1938.76 Safari/537.36"
114.119.140.4 - - [25/Jun/2026:15:36:56 +0300] "GET /haber/almanyada-atik-yakma-tesisinde-patlama-5-kisi-kayip-66811 HTTP/1.1" 302 219 "https://yeniistiklal.com/haber/almanyada-atik-yakma-tesisinde-patlama-5-kisi-kayip-66811" "Mozilla/5.0 (Linux; Android 7.0;) AppleWebKit/537.36 (HTML, like Gecko) Mobile Safari/537.36 (compatible; PetalBot;+https://webmaster.petalsearch.com/site/petalbot)"
65.109.100.157 - - [25/Jun/2026:15:36:57 +0300] "GET /haberler/meteoroloji-pazar-gununu-isaret-etti-sicaklik-10-derece-dusecek-344648 HTTP/1.1" 301 795 "-" "Mozilla/5.0 (compatible; SERankingBacklinksBot/1.0; +https://seranking.com/backlinks-crawler)"
216.75.132.26 - - [25/Jun/2026:15:36:57 +0300] "GET /404 HTTP/1.1" 302 215 "-" "Mozilla/5.0 (Windows NT 10.0; Win64; x64) AppleWebKit/537.36 (KHTML, like Gecko) Chrome/121.0.0.0 Safari/537.36 Edg/121.0.0.0"
114.119.140.4 - - [25/Jun/2026:15:36:57 +0300] "GET /404 HTTP/1.1" 302 215 "https://yeniistiklal.com/haber/almanyada-atik-yakma-tesisinde-patlama-5-kisi-kayip-66811" "Mozilla/5.0 (Linux; Android 7.0;) AppleWebKit/537.36 (HTML, like Gecko) Mobile Safari/537.36 (compatible; PetalBot;+https://webmaster.petalsearch.com/site/petalbot)"
65.109.100.157 - - [25/Jun/2026:15:36:57 +0300] "GET /haber/meteoroloji-pazar-gununu-isaret-etti-sicaklik-10-derece-dusecek-344648 HTTP/1.1" 302 219 "-" "Mozilla/5.0 (compatible; SERankingBacklinksBot/1.0; +https://seranking.com/backlinks-crawler)"
85.208.96.206 - - [25/Jun/2026:15:36:57 +0300] "GET /haber/yaz-mevsimi-geldi-dis-kulak-enfeksiyonlarina-dikkat-523763 HTTP/1.1" 200 14805 "-" "Mozilla/5.0 (compatible; SemrushBot/7~bl; +http://www.semrush.com/bot.html)"
216.75.132.26 - - [25/Jun/2026:15:36:58 +0300] "GET / HTTP/1.1" 200 17228 "-" "Mozilla/5.0 (Windows NT 10.0; Win64; x64) AppleWebKit/537.36 (KHTML, like Gecko) Chrome/121.0.0.0 Safari/537.36 Edg/121.0.0.0"
114.119.140.4 - - [25/Jun/2026:15:36:58 +0300] "GET / HTTP/1.1" 200 17231 "https://yeniistiklal.com/haber/almanyada-atik-yakma-tesisinde-patlama-5-kisi-kayip-66811" "Mozilla/5.0 (Linux; Android 7.0;) AppleWebKit/537.36 (HTML, like Gecko) Mobile Safari/537.36 (compatible; PetalBot;+https://webmaster.petalsearch.com/site/petalbot)"
185.191.171.19 - - [25/Jun/2026:15:36:59 +0300] "GET /haber/izmir-karabaglar-belediyesinden-gazi-ve-yakinlarina-iftar-507949 HTTP/1.1" 200 14407 "-" "Mozilla/5.0 (compatible; SemrushBot/7~bl; +http://www.semrush.com/bot.html)"
65.109.100.157 - - [25/Jun/2026:15:37:01 +0300] "GET /haberler/meteoroloji-saat-verdi-11-il-icin-saganak-ve-sel-uyarisi-187631 HTTP/1.1" 301 795 "-" "Mozilla/5.0 (compatible; SERankingBacklinksBot/1.0; +https://seranking.com/backlinks-crawler)"
65.109.100.157 - - [25/Jun/2026:15:37:01 +0300] "GET /haber/meteoroloji-saat-verdi-11-il-icin-saganak-ve-sel-uyarisi-187631 HTTP/1.1" 302 219 "-" "Mozilla/5.0 (compatible; SERankingBacklinksBot/1.0; +https://seranking.com/backlinks-crawler)"
65.109.100.157 - - [25/Jun/2026:15:37:02 +0300] "GET /404 HTTP/1.1" 302 215 "-" "Mozilla/5.0 (compatible; SERankingBacklinksBot/1.0; +https://seranking.com/backlinks-crawler)"
54.162.69.192 - - [25/Jun/2026:15:37:02 +0300] "GET /public/index.php/haber/dokuz-eylulde-gelecegin-denizcileri-brovelendi-547820 HTTP/1.1" 200 14550 "-" "Mozilla/5.0 AppleWebKit/537.36 (KHTML, like Gecko; compatible; Amazonbot/0.1; +https://developer.amazon.com/support/amazonbot) Chrome/119.0.6045.214 Safari/537.36"
51.161.37.218 - - [25/Jun/2026:15:37:04 +0300] "GET /public/haber/luleburgaz-bisiklet-festivali-emir-can-igrek-konseriyle-tamamlandi-551878 HTTP/1.1" 200 14851 "-" "Mozilla/5.0 (compatible; AhrefsBot/7.0; +http://ahrefs.com/robot/)"
65.109.100.157 - - [25/Jun/2026:15:37:05 +0300] "GET /haberler/meteoroloji-saat-verdi-5-il-icin-sel-uyarisi-149938 HTTP/1.1" 301 795 "-" "Mozilla/5.0 (compatible; SERankingBacklinksBot/1.0; +https://seranking.com/backlinks-crawler)"
65.109.100.157 - - [25/Jun/2026:15:37:05 +0300] "GET /haber/meteoroloji-saat-verdi-5-il-icin-sel-uyarisi-149938 HTTP/1.1" 302 219 "-" "Mozilla/5.0 (compatible; SERankingBacklinksBot/1.0; +https://seranking.com/backlinks-crawler)"
65.109.100.157 - - [25/Jun/2026:15:37:05 +0300] "GET /haberler/meteoroloji-saat-verdi-5-il-icin-sel-uyarisi-149938 HTTP/1.1" 301 795 "-" "Mozilla/5.0 (compatible; SERankingBacklinksBot/1.0; +https://seranking.com/backlinks-crawler)"
202.46.62.24 - - [25/Jun/2026:15:37:09 +0300] "GET /images/haberler/2022/09/lider-cilt-sagligi-markasi-neutrogena-yeni-retinol-boost-serisi-icin-marka-yuzu-birce-akalay-ile-ses-getiren-bir-lansmana-imza-atti-MixjbDvF.jpg HTTP/1.1" 302 224 "https://www.yeniistiklal.com/haber/lider-cilt-sagligi-markasi-neutrogena-yeni-retinol-boost-serisi-icin-marka-yuzu-birce-akalay-ile-ses-getiren-bir-lansmana-imza-atti-540844" "Mozilla/5.0 (Windows NT 10.0; Win64; x64) AppleWebKit/537.36 (KHTML, like Gecko) Chrome/133.0.6943.141 Safari/537.36"
202.46.62.88 - - [25/Jun/2026:15:37:09 +0300] "OPTIONS /hava-durumu/ajax?sehir_isim=6 HTTP/1.1" 200 20 "https://www.yeniistiklal.com/" "Mozilla/5.0 (Windows NT 10.0; Win64; x64) AppleWebKit/537.36 (KHTML, like Gecko) Chrome/133.0.6943.141 Safari/537.36"
65.109.100.157 - - [25/Jun/2026:15:37:10 +0300] "GET /haberler/meteoroloji-saat-verdi-istanbul-ve-10-il-icin-sel-uyarisi-256033 HTTP/1.1" 301 795 "-" "Mozilla/5.0 (compatible; SERankingBacklinksBot/1.0; +https://seranking.com/backlinks-crawler)"
65.109.100.157 - - [25/Jun/2026:15:37:10 +0300] "GET /haberler/meteoroloji-saat-verdi-istanbul-ve-10-il-icin-sel-uyarisi-256033 HTTP/1.1" 301 795 "-" "Mozilla/5.0 (compatible; SERankingBacklinksBot/1.0; +https://seranking.com/backlinks-crawler)"
65.109.100.157 - - [25/Jun/2026:15:37:10 +0300] "GET /haber/meteoroloji-saat-verdi-istanbul-ve-10-il-icin-sel-uyarisi-256033 HTTP/1.1" 302 219 "-" "Mozilla/5.0 (compatible; SERankingBacklinksBot/1.0; +https://seranking.com/backlinks-crawler)"
65.109.100.157 - - [25/Jun/2026:15:37:10 +0300] "GET /404 HTTP/1.1" 302 215 "-" "Mozilla/5.0 (compatible; SERankingBacklinksBot/1.0; +https://seranking.com/backlinks-crawler)"
104.37.185.25 - - [25/Jun/2026:15:37:11 +0300] "GET /images/haberler/2022/01/para-icin-mersini-satacak-halimiz-yok-4jPDjj6k.jpg HTTP/1.1" 302 219 "-" "-"
104.37.185.25 - - [25/Jun/2026:15:37:11 +0300] "HEAD /404 HTTP/1.1" 302 0 "-" "-"
104.37.185.25 - - [25/Jun/2026:15:37:12 +0300] "GET /images/haberler/2022/01/para-icin-mersini-satacak-halimiz-yok-4jPDjj6k.jpg HTTP/1.1" 302 219 "-" "ImageMetaBot/1.0 (+https://www.image-meta.com; info@image-meta.com) Image-Classification"
65.109.100.157 - - [25/Jun/2026:15:37:01 +0300] "GET /haberler/meteoroloji-saat-verdi-11-il-icin-saganak-ve-sel-uyarisi-187631 HTTP/1.1" 301 795 "-" "Mozilla/5.0 (compatible; SERankingBacklinksBot/1.0; +https://seranking.com/backlinks-crawler)"
65.109.100.157 - - [25/Jun/2026:15:37:01 +0300] "GET /haber/meteoroloji-saat-verdi-11-il-icin-saganak-ve-sel-uyarisi-187631 HTTP/1.1" 302 219 "-" "Mozilla/5.0 (compatible; SERankingBacklinksBot/1.0; +https://seranking.com/backlinks-crawler)"
65.109.100.157 - - [25/Jun/2026:15:37:02 +0300] "GET / HTTP/1.1" 200 17222 "-" "Mozilla/5.0 (compatible; SERankingBacklinksBot/1.0; +https://seranking.com/backlinks-crawler)"
44.223.232.55 - - [25/Jun/2026:15:37:06 +0300] "GET /public/index.php/haber/malatya-mazisini-gelecege-hazirliyor-543933 HTTP/1.1" 200 14706 "-" "Mozilla/5.0 AppleWebKit/537.36 (KHTML, like Gecko; compatible; Amazonbot/0.1; +https://developer.amazon.com/support/amazonbot) Chrome/119.0.6045.214 Safari/537.36"
65.109.100.157 - - [25/Jun/2026:15:37:06 +0300] "GET /haber/meteoroloji-saat-verdi-5-il-icin-sel-uyarisi-149938 HTTP/1.1" 302 219 "-" "Mozilla/5.0 (compatible; SERankingBacklinksBot/1.0; +https://seranking.com/backlinks-crawler)"
65.109.100.157 - - [25/Jun/2026:15:37:06 +0300] "GET /404 HTTP/1.1" 302 215 "-" "Mozilla/5.0 (compatible; SERankingBacklinksBot/1.0; +https://seranking.com/backlinks-crawler)"
65.109.100.157 - - [25/Jun/2026:15:37:06 +0300] "GET / HTTP/1.1" 200 17225 "-" "Mozilla/5.0 (compatible; SERankingBacklinksBot/1.0; +https://seranking.com/backlinks-crawler)"
65.109.100.157 - - [25/Jun/2026:15:37:10 +0300] "GET / HTTP/1.1" 200 17225 "-" "Mozilla/5.0 (compatible; SERankingBacklinksBot/1.0; +https://seranking.com/backlinks-crawler)"
3.229.164.203 - - [25/Jun/2026:15:37:11 +0300] "GET /public/index.php/haber/nilufer-belediyesi-ektiklerini-bicecek-531620 HTTP/1.1" 200 16819 "-" "Mozilla/5.0 AppleWebKit/537.36 (KHTML, like Gecko; compatible; Amazonbot/0.1; +https://developer.amazon.com/support/amazonbot) Chrome/119.0.6045.214 Safari/537.36"
104.37.185.25 - - [25/Jun/2026:15:37:11 +0300] "HEAD / HTTP/1.1" 200 0 "-" "-"
104.37.185.25 - - [25/Jun/2026:15:37:12 +0300] "GET / HTTP/1.1" 200 17250 "-" "ImageMetaBot/1.0 (+https://www.image-meta.com; info@image-meta.com) Image-Classification"
44.223.193.255 - - [25/Jun/2026:15:37:14 +0300] "GET /public/index.php/haber/ispanyol-sirket-dalaman-havalimanina-ortak-oldu-492610 HTTP/1.1" 200 14096 "-" "Mozilla/5.0 AppleWebKit/537.36 (KHTML, like Gecko; compatible; Amazonbot/0.1; +https://developer.amazon.com/support/amazonbot) Chrome/119.0.6045.214 Safari/537.36"
65.109.100.157 - - [25/Jun/2026:15:37:14 +0300] "GET /haber/meteoroloji-saat-verdi-istanbul-ve-6-il-icin-kritik-uyari-2-238712 HTTP/1.1" 302 219 "-" "Mozilla/5.0 (compatible; SERankingBacklinksBot/1.0; +https://seranking.com/backlinks-crawler)"
65.109.100.157 - - [25/Jun/2026:15:37:14 +0300] "GET /404 HTTP/1.1" 302 215 "-" "Mozilla/5.0 (compatible; SERankingBacklinksBot/1.0; +https://seranking.com/backlinks-crawler)"
202.46.62.95 - - [25/Jun/2026:15:37:15 +0300] "GET /haber/profesyonel-maltepe-evden-eve-nakliyat-firmalari-551224 HTTP/1.1" 200 14569 "-" "Mozilla/5.0 (Windows NT 10.0; Win64; x64) AppleWebKit/537.36 (KHTML, like Gecko) Chrome/133.0.6943.141 Safari/537.36"
65.109.100.157 - - [25/Jun/2026:15:37:17 +0300] "GET /haber/meteoroloji-saat-verdi-sabah-ve-gece-saatlerine-dikkat-396404 HTTP/1.1" 302 219 "-" "Mozilla/5.0 (compatible; SERankingBacklinksBot/1.0; +https://seranking.com/backlinks-crawler)"
65.109.100.157 - - [25/Jun/2026:15:37:18 +0300] "GET /haberler/meteoroloji-saat-verdi-sabah-ve-gece-saatlerine-dikkat-396404 HTTP/1.1" 301 795 "-" "Mozilla/5.0 (compatible; SERankingBacklinksBot/1.0; +https://seranking.com/backlinks-crawler)"
85.208.96.203 - - [25/Jun/2026:15:37:19 +0300] "GET /haber/cev-sampiyonlar-liginde-vakifbankin-sampiyonluk-gecesi-d-smartta-514998 HTTP/1.1" 200 13543 "-" "Mozilla/5.0 (compatible; SemrushBot/7~bl; +http://www.semrush.com/bot.html)"
104.37.185.25 - - [25/Jun/2026:15:37:12 +0300] "GET /404 HTTP/1.1" 302 215 "-" "ImageMetaBot/1.0 (+https://www.image-meta.com; info@image-meta.com) Image-Classification"
65.109.100.157 - - [25/Jun/2026:15:37:14 +0300] "GET /haberler/meteoroloji-saat-verdi-istanbul-ve-6-il-icin-kritik-uyari-2-238712 HTTP/1.1" 301 795 "-" "Mozilla/5.0 (compatible; SERankingBacklinksBot/1.0; +https://seranking.com/backlinks-crawler)"
65.109.100.157 - - [25/Jun/2026:15:37:14 +0300] "GET /haber/meteoroloji-saat-verdi-istanbul-ve-6-il-icin-kritik-uyari-2-238712 HTTP/1.1" 302 219 "-" "Mozilla/5.0 (compatible; SERankingBacklinksBot/1.0; +https://seranking.com/backlinks-crawler)"
65.109.100.157 - - [25/Jun/2026:15:37:14 +0300] "GET /haberler/meteoroloji-saat-verdi-istanbul-ve-6-il-icin-kritik-uyari-2-238712 HTTP/1.1" 301 795 "-" "Mozilla/5.0 (compatible; SERankingBacklinksBot/1.0; +https://seranking.com/backlinks-crawler)"
65.109.100.157 - - [25/Jun/2026:15:37:14 +0300] "GET / HTTP/1.1" 200 17221 "-" "Mozilla/5.0 (compatible; SERankingBacklinksBot/1.0; +https://seranking.com/backlinks-crawler)"
65.109.100.157 - - [25/Jun/2026:15:37:17 +0300] "GET /haberler/meteoroloji-saat-verdi-sabah-ve-gece-saatlerine-dikkat-396404 HTTP/1.1" 301 795 "-" "Mozilla/5.0 (compatible; SERankingBacklinksBot/1.0; +https://seranking.com/backlinks-crawler)"
50.16.72.185 - - [25/Jun/2026:15:37:17 +0300] "GET /public/index.php/haber/mugla-buyuksehir-yataganda-kil-kecisi-dagitacak-537002 HTTP/1.1" 200 14205 "-" "Mozilla/5.0 AppleWebKit/537.36 (KHTML, like Gecko; compatible; Amazonbot/0.1; +https://developer.amazon.com/support/amazonbot) Chrome/119.0.6045.214 Safari/537.36"
65.109.100.157 - - [25/Jun/2026:15:37:18 +0300] "GET /haber/meteoroloji-saat-verdi-sabah-ve-gece-saatlerine-dikkat-396404 HTTP/1.1" 302 219 "-" "Mozilla/5.0 (compatible; SERankingBacklinksBot/1.0; +https://seranking.com/backlinks-crawler)"
65.109.100.157 - - [25/Jun/2026:15:37:18 +0300] "GET /404 HTTP/1.1" 302 215 "-" "Mozilla/5.0 (compatible; SERankingBacklinksBot/1.0; +https://seranking.com/backlinks-crawler)"
65.109.100.157 - - [25/Jun/2026:15:37:18 +0300] "GET / HTTP/1.1" 200 17239 "-" "Mozilla/5.0 (compatible; SERankingBacklinksBot/1.0; +https://seranking.com/backlinks-crawler)"
65.109.100.157 - - [25/Jun/2026:15:37:21 +0300] "GET /haber/meteoroloji-saat-vererek-uyardi-kuvvetli-yagis-bekleniyor-61559 HTTP/1.1" 302 219 "-" "Mozilla/5.0 (compatible; SERankingBacklinksBot/1.0; +https://seranking.com/backlinks-crawler)"
65.109.100.157 - - [25/Jun/2026:15:37:22 +0300] "GET /haberler/meteoroloji-saat-vererek-uyardi-kuvvetli-yagis-bekleniyor-61559 HTTP/1.1" 301 795 "-" "Mozilla/5.0 (compatible; SERankingBacklinksBot/1.0; +https://seranking.com/backlinks-crawler)"
65.109.100.157 - - [25/Jun/2026:15:37:22 +0300] "GET /haber/meteoroloji-saat-vererek-uyardi-kuvvetli-yagis-bekleniyor-61559 HTTP/1.1" 302 219 "-" "Mozilla/5.0 (compatible; SERankingBacklinksBot/1.0; +https://seranking.com/backlinks-crawler)"
54.163.169.168 - - [25/Jun/2026:15:37:22 +0300] "GET /public/index.php/haber/lavrov-batinin-ukrayna-etrafindaki-histerisi-bizi-derin-saskinliga-ugratiyor-492088 HTTP/1.1" 200 14533 "-" "Mozilla/5.0 AppleWebKit/537.36 (KHTML, like Gecko; compatible; Amazonbot/0.1; +https://developer.amazon.com/support/amazonbot) Chrome/119.0.6045.214 Safari/537.36"
65.109.100.157 - - [25/Jun/2026:15:37:22 +0300] "GET /404 HTTP/1.1" 302 215 "-" "Mozilla/5.0 (compatible; SERankingBacklinksBot/1.0; +https://seranking.com/backlinks-crawler)"
65.109.100.157 - - [25/Jun/2026:15:37:22 +0300] "GET / HTTP/1.1" 200 17243 "-" "Mozilla/5.0 (compatible; SERankingBacklinksBot/1.0; +https://seranking.com/backlinks-crawler)"
66.249.92.195 - - [25/Jun/2026:15:37:24 +0300] "GET /haber/en-guzel-balkon-bahce-yarismasina-renkli-final-518660 HTTP/1.1" 200 14818 "-" "Mediapartners-Google"
66.249.92.195 - - [25/Jun/2026:15:37:24 +0300] "GET /haber/golcuk-koy-yollarinda-konforlu-ulasim-535503 HTTP/1.1" 200 13569 "-" "Mediapartners-Google"
202.46.62.58 - - [25/Jun/2026:15:37:21 +0300] "GET /images/haberler/2024/08/profesyonel-maltepe-evden-eve-nakliyat-firmalari-1724275563.jpg HTTP/1.1" 200 61919 "https://yeniistiklal.com/haber/profesyonel-maltepe-evden-eve-nakliyat-firmalari-551224" "Mozilla/5.0 (Windows NT 10.0; Win64; x64) AppleWebKit/537.36 (KHTML, like Gecko) Chrome/133.0.6943.141 Safari/537.36"
202.46.62.18 - - [25/Jun/2026:15:37:21 +0300] "GET /hava-durumu/ajax?sehir_isim=6 HTTP/1.1" 200 77 "https://yeniistiklal.com/haber/profesyonel-maltepe-evden-eve-nakliyat-firmalari-551224" "Mozilla/5.0 (Windows NT 10.0; Win64; x64) AppleWebKit/537.36 (KHTML, like Gecko) Chrome/133.0.6943.141 Safari/537.36"
65.109.100.157 - - [25/Jun/2026:15:37:21 +0300] "GET /haberler/meteoroloji-saat-vererek-uyardi-kuvvetli-yagis-bekleniyor-61559 HTTP/1.1" 301 795 "-" "Mozilla/5.0 (compatible; SERankingBacklinksBot/1.0; +https://seranking.com/backlinks-crawler)"
87.250.224.206 - - [25/Jun/2026:15:37:22 +0300] "GET /rss/genel-0 HTTP/1.1" 200 196772 "-" "Mozilla/5.0 (compatible; YandexBot/3.0; +http://yandex.com/bots)"
66.249.92.164 - - [25/Jun/2026:15:37:23 +0300] "GET /haber/lider-cilt-sagligi-markasi-neutrogena-yeni-retinol-boost-serisi-icin-marka-yuzu-birce-akalay-ile-ses-getiren-bir-lansmana-imza-atti-540844 HTTP/1.1" 200 15239 "-" "Mediapartners-Google"
65.109.100.157 - - [25/Jun/2026:15:37:25 +0300] "GET /haber/meteoroloji-son-tahminleri-paylasti-5-ilde-sel-alarmi-265517 HTTP/1.1" 302 219 "-" "Mozilla/5.0 (compatible; SERankingBacklinksBot/1.0; +https://seranking.com/backlinks-crawler)"
44.221.105.234 - - [25/Jun/2026:15:37:25 +0300] "GET /public/index.php/haber/hayvan-otlatirken-buldular-495252 HTTP/1.1" 200 15339 "-" "Mozilla/5.0 AppleWebKit/537.36 (KHTML, like Gecko; compatible; Amazonbot/0.1; +https://developer.amazon.com/support/amazonbot) Chrome/119.0.6045.214 Safari/537.36"
65.109.100.157 - - [25/Jun/2026:15:37:26 +0300] "GET /haberler/meteoroloji-son-tahminleri-paylasti-5-ilde-sel-alarmi-265517 HTTP/1.1" 301 795 "-" "Mozilla/5.0 (compatible; SERankingBacklinksBot/1.0; +https://seranking.com/backlinks-crawler)"
65.109.100.157 - - [25/Jun/2026:15:37:26 +0300] "GET / HTTP/1.1" 200 17226 "-" "Mozilla/5.0 (compatible; SERankingBacklinksBot/1.0; +https://seranking.com/backlinks-crawler)"
167.148.117.190 - - [25/Jun/2026:15:37:26 +0300] "GET /images/haberler/2022/08/rumelisiaddan-egitime-bir-destek-daha-Yv5Hhgmg.jpg HTTP/1.1" 302 219 "https://yeniistiklal.com/" "Mozilla/5.0 (Windows NT 10.0; Win64; x64) AppleWebKit/537.36 (KHTML, like Gecko) Chrome/131.0.0.0 Safari/537.36"
204.48.17.79 - - [25/Jun/2026:15:37:27 +0300] "GET /images/haberler/2022/02/merkez-bankasi-rezervleri-1148-milyar-dolar-oldu-0-pJWjjrcg.jpg HTTP/1.1" 302 219 "https://yeniistiklal.com/" "Mozilla/5.0 (Windows NT 10.0; Win64; x64) AppleWebKit/537.36 (KHTML, like Gecko) Chrome/133.0.0.0 Safari/537.36"
167.148.117.190 - - [25/Jun/2026:15:37:27 +0300] "GET /404 HTTP/1.1" 302 215 "https://yeniistiklal.com/" "Mozilla/5.0 (Windows NT 10.0; Win64; x64) AppleWebKit/537.36 (KHTML, like Gecko) Chrome/131.0.0.0 Safari/537.36"
63.35.115.255 - - [25/Jun/2026:15:37:27 +0300] "GET /category/muzik/feed HTTP/1.1" 301 795 "-" "Mozilla/5.0 (compatible; Squidbot/1.0)"
167.148.117.190 - - [25/Jun/2026:15:37:28 +0300] "GET / HTTP/1.1" 200 17232 "https://yeniistiklal.com/" "Mozilla/5.0 (Windows NT 10.0; Win64; x64) AppleWebKit/537.36 (KHTML, like Gecko) Chrome/131.0.0.0 Safari/537.36"
157.230.57.100 - - [25/Jun/2026:15:37:28 +0300] "GET /public/404 HTTP/1.1" 302 220 "https://yeniistiklal.com/" "Mozilla/5.0 (Windows NT 10.0; Win64; x64) AppleWebKit/537.36 (KHTML, like Gecko) Chrome/133.0.0.0 Safari/537.36"
159.223.170.59 - - [25/Jun/2026:15:37:28 +0300] "GET /404 HTTP/1.1" 302 215 "https://yeniistiklal.com/" "Mozilla/5.0 (Windows NT 10.0; Win64; x64) AppleWebKit/537.36 (KHTML, like Gecko) Chrome/109.0.0.0 Safari/537.36"
66.249.92.194 - - [25/Jun/2026:15:37:24 +0300] "GET /haber/32-il-icin-sari-ve-turuncu-kodlu-uyari-548681 HTTP/1.1" 200 13261 "-" "Mediapartners-Google"
65.109.100.157 - - [25/Jun/2026:15:37:25 +0300] "GET /haberler/meteoroloji-son-tahminleri-paylasti-5-ilde-sel-alarmi-265517 HTTP/1.1" 301 795 "-" "Mozilla/5.0 (compatible; SERankingBacklinksBot/1.0; +https://seranking.com/backlinks-crawler)"
65.109.100.157 - - [25/Jun/2026:15:37:26 +0300] "GET /haber/meteoroloji-son-tahminleri-paylasti-5-ilde-sel-alarmi-265517 HTTP/1.1" 302 219 "-" "Mozilla/5.0 (compatible; SERankingBacklinksBot/1.0; +https://seranking.com/backlinks-crawler)"
65.109.100.157 - - [25/Jun/2026:15:37:26 +0300] "GET /404 HTTP/1.1" 302 215 "-" "Mozilla/5.0 (compatible; SERankingBacklinksBot/1.0; +https://seranking.com/backlinks-crawler)"
157.230.57.100 - - [25/Jun/2026:15:37:27 +0300] "GET /public/images/haberler/2022/01/gonullulerden-mert-yorumu-survivor-all-star-2022-7-bolum.jpg HTTP/1.1" 302 225 "https://yeniistiklal.com/" "Mozilla/5.0 (Windows NT 10.0; Win64; x64) AppleWebKit/537.36 (KHTML, like Gecko) Chrome/133.0.0.0 Safari/537.36"
159.223.170.59 - - [25/Jun/2026:15:37:27 +0300] "GET /images/haberler/2022/01/netflixin-ilk-arapca-filmi-ortadoguda-ahlaki-bozulmaya-yol-acmakla-suclaniyor-WyCStVNb.jpg HTTP/1.1" 302 219 "https://yeniistiklal.com/" "Mozilla/5.0 (Windows NT 10.0; Win64; x64) AppleWebKit/537.36 (KHTML, like Gecko) Chrome/109.0.0.0 Safari/537.36"
43.173.173.185 - - [25/Jun/2026:15:37:28 +0300] "GET /public/index.php/haber/dosabsiad-bursa-textile-showa-guc-katti-546005 HTTP/1.1" 200 14790 "-" "Mozilla/5.0 (Windows NT 10.0; Win64; x64) AppleWebKit/537.36 (KHTML, like Gecko) Chrome/109.0.0.0 Safari/537.36"
43.173.182.122 - - [25/Jun/2026:15:37:28 +0300] "GET /public/haber/dilovasinda-mustafa-ceceli-ruzg-ri-esti-531669 HTTP/1.1" 200 14163 "-" "Mozilla/5.0 (Windows NT 10.0; Win64; x64) AppleWebKit/537.36 (KHTML, like Gecko) Chrome/133.0.0.0 Safari/537.36"
43.173.179.172 - - [25/Jun/2026:15:37:28 +0300] "GET /hava-durumu/ajax?sehir_isim=6 HTTP/1.1" 200 77 "https://yeniistiklal.com/public/index.php/haber/dosabsiad-bursa-textile-showa-guc-katti-546005" "Mozilla/5.0 (Windows NT 10.0; Win64; x64) AppleWebKit/537.36 (KHTML, like Gecko) Chrome/109.0.0.0 Safari/537.36"
65.109.100.157 - - [25/Jun/2026:15:37:29 +0300] "GET /haberler/meteoroloji-tarih-vererek-uyardi-sis-ve-pusa-dikkat-388809 HTTP/1.1" 301 795 "-" "Mozilla/5.0 (compatible; SERankingBacklinksBot/1.0; +https://seranking.com/backlinks-crawler)"
65.109.100.157 - - [25/Jun/2026:15:37:29 +0300] "GET /haberler/meteoroloji-tarih-vererek-uyardi-sis-ve-pusa-dikkat-388809 HTTP/1.1" 301 795 "-" "Mozilla/5.0 (compatible; SERankingBacklinksBot/1.0; +https://seranking.com/backlinks-crawler)"
157.230.57.100 - - [25/Jun/2026:15:37:30 +0300] "GET /public HTTP/1.1" 301 795 "https://yeniistiklal.com/" "Mozilla/5.0 (Windows NT 10.0; Win64; x64) AppleWebKit/537.36 (KHTML, like Gecko) Chrome/133.0.0.0 Safari/537.36"
159.223.170.59 - - [25/Jun/2026:15:37:30 +0300] "GET / HTTP/1.1" 200 17245 "https://yeniistiklal.com/" "Mozilla/5.0 (Windows NT 10.0; Win64; x64) AppleWebKit/537.36 (KHTML, like Gecko) Chrome/109.0.0.0 Safari/537.36"
65.109.100.157 - - [25/Jun/2026:15:37:30 +0300] "GET /404 HTTP/1.1" 302 215 "-" "Mozilla/5.0 (compatible; SERankingBacklinksBot/1.0; +https://seranking.com/backlinks-crawler)"
65.109.100.157 - - [25/Jun/2026:15:37:30 +0300] "GET / HTTP/1.1" 200 17224 "-" "Mozilla/5.0 (compatible; SERankingBacklinksBot/1.0; +https://seranking.com/backlinks-crawler)"
63.35.115.255 - - [25/Jun/2026:15:37:32 +0300] "GET /rss/muzik-7 HTTP/1.1" 200 91099 "-" "Mozilla/5.0 (compatible; Squidbot/1.0)"
65.109.100.157 - - [25/Jun/2026:15:37:34 +0300] "GET /haber/meteoroloji-tarih-verip-uyardi-tedbirli-olun-63261 HTTP/1.1" 302 219 "-" "Mozilla/5.0 (compatible; SERankingBacklinksBot/1.0; +https://seranking.com/backlinks-crawler)"
204.48.17.79 - - [25/Jun/2026:15:37:28 +0300] "GET /404 HTTP/1.1" 302 215 "https://yeniistiklal.com/" "Mozilla/5.0 (Windows NT 10.0; Win64; x64) AppleWebKit/537.36 (KHTML, like Gecko) Chrome/133.0.0.0 Safari/537.36"
185.191.171.3 - - [25/Jun/2026:15:37:29 +0300] "GET /haber/nakliyeciler-gebzede-cuma-gunune-kadar-kontak-kapatti-486943 HTTP/1.1" 200 14769 "-" "Mozilla/5.0 (compatible; SemrushBot/7~bl; +http://www.semrush.com/bot.html)"
43.173.182.153 - - [25/Jun/2026:15:37:29 +0300] "GET /public/haber/gunumuzde-her-8-erkekten-1i-prostat-kanserine-yakalaniyor-535986 HTTP/1.1" 200 15415 "-" "Mozilla/5.0 (Windows NT 10.0; Win64; x64) AppleWebKit/537.36 (KHTML, like Gecko) Chrome/109.0.0.0 Safari/537.36"
43.173.182.236 - - [25/Jun/2026:15:37:29 +0300] "GET /hava-durumu/ajax?sehir_isim=6 HTTP/1.1" 200 77 "https://yeniistiklal.com/public/haber/dilovasinda-mustafa-ceceli-ruzg-ri-esti-531669" "Mozilla/5.0 (Windows NT 10.0; Win64; x64) AppleWebKit/537.36 (KHTML, like Gecko) Chrome/133.0.0.0 Safari/537.36"
65.109.100.157 - - [25/Jun/2026:15:37:30 +0300] "GET /haber/meteoroloji-tarih-vererek-uyardi-sis-ve-pusa-dikkat-388809 HTTP/1.1" 302 219 "-" "Mozilla/5.0 (compatible; SERankingBacklinksBot/1.0; +https://seranking.com/backlinks-crawler)"
204.48.17.79 - - [25/Jun/2026:15:37:30 +0300] "GET / HTTP/1.1" 200 17230 "https://yeniistiklal.com/" "Mozilla/5.0 (Windows NT 10.0; Win64; x64) AppleWebKit/537.36 (KHTML, like Gecko) Chrome/133.0.0.0 Safari/537.36"
35.153.86.200 - - [25/Jun/2026:15:37:30 +0300] "GET /public/index.php/etiketler/resim-haberleri HTTP/1.1" 200 6609 "-" "Mozilla/5.0 AppleWebKit/537.36 (KHTML, like Gecko; compatible; Amazonbot/0.1; +https://developer.amazon.com/support/amazonbot) Chrome/119.0.6045.214 Safari/537.36"
43.173.175.35 - - [25/Jun/2026:15:37:31 +0300] "GET /hava-durumu/ajax?sehir_isim=6 HTTP/1.1" 200 77 "https://yeniistiklal.com/public/haber/gunumuzde-her-8-erkekten-1i-prostat-kanserine-yakalaniyor-535986" "Mozilla/5.0 (Windows NT 10.0; Win64; x64) AppleWebKit/537.36 (KHTML, like Gecko) Chrome/109.0.0.0 Safari/537.36"
157.230.57.100 - - [25/Jun/2026:15:37:31 +0300] "GET /public/ HTTP/1.1" 200 17347 "https://yeniistiklal.com/" "Mozilla/5.0 (Windows NT 10.0; Win64; x64) AppleWebKit/537.36 (KHTML, like Gecko) Chrome/133.0.0.0 Safari/537.36"
18.232.11.247 - - [25/Jun/2026:15:37:34 +0300] "GET /public/index.php/haber/hdpden-akpye-dolmabahce-mutabakati-cagrisi-497620 HTTP/1.1" 200 14949 "-" "Mozilla/5.0 AppleWebKit/537.36 (KHTML, like Gecko; compatible; Amazonbot/0.1; +https://developer.amazon.com/support/amazonbot) Chrome/119.0.6045.214 Safari/537.36"
65.109.100.157 - - [25/Jun/2026:15:37:34 +0300] "GET /haberler/meteoroloji-tarih-verip-uyardi-tedbirli-olun-63261 HTTP/1.1" 301 795 "-" "Mozilla/5.0 (compatible; SERankingBacklinksBot/1.0; +https://seranking.com/backlinks-crawler)"
65.109.100.157 - - [25/Jun/2026:15:37:34 +0300] "GET /404 HTTP/1.1" 302 215 "-" "Mozilla/5.0 (compatible; SERankingBacklinksBot/1.0; +https://seranking.com/backlinks-crawler)"
43.172.194.200 - - [25/Jun/2026:15:37:35 +0300] "GET /public/haber/gunumuzde-her-8-erkekten-1i-prostat-kanserine-yakalaniyor-535986 HTTP/1.1" 200 15416 "-" "Mozilla/5.0 (Windows NT 10.0; Win64; x64) AppleWebKit/537.36 (KHTML, like Gecko) Chrome/133.0.0.0 Safari/537.36"
66.249.66.194 - - [25/Jun/2026:15:37:35 +0300] "GET /images/haberler/2022/11/32-il-icin-sari-ve-turuncu-kodlu-uyari-1669384615.png HTTP/1.1" 302 219 "-" "Googlebot-Image/1.0"
66.249.66.194 - - [25/Jun/2026:15:37:36 +0300] "GET / HTTP/1.1" 200 17231 "-" "Googlebot-Image/1.0"
154.82.19.118 - - [25/Jun/2026:15:37:36 +0300] "GET /404 HTTP/1.1" 302 215 "-" "Mozilla/5.0 (compatible; crawler)"
65.109.100.157 - - [25/Jun/2026:15:37:38 +0300] "GET /haber/meteoroloji-turkiyenin-tamami-gunesli-bir-gun-gecirecek-282931 HTTP/1.1" 302 219 "-" "Mozilla/5.0 (compatible; SERankingBacklinksBot/1.0; +https://seranking.com/backlinks-crawler)"
65.109.100.157 - - [25/Jun/2026:15:37:38 +0300] "GET /404 HTTP/1.1" 302 215 "-" "Mozilla/5.0 (compatible; SERankingBacklinksBot/1.0; +https://seranking.com/backlinks-crawler)"
65.109.100.157 - - [25/Jun/2026:15:37:34 +0300] "GET /haberler/meteoroloji-tarih-verip-uyardi-tedbirli-olun-63261 HTTP/1.1" 301 795 "-" "Mozilla/5.0 (compatible; SERankingBacklinksBot/1.0; +https://seranking.com/backlinks-crawler)"
65.109.100.157 - - [25/Jun/2026:15:37:34 +0300] "GET /haber/meteoroloji-tarih-verip-uyardi-tedbirli-olun-63261 HTTP/1.1" 302 219 "-" "Mozilla/5.0 (compatible; SERankingBacklinksBot/1.0; +https://seranking.com/backlinks-crawler)"
65.109.100.157 - - [25/Jun/2026:15:37:34 +0300] "GET / HTTP/1.1" 200 17242 "-" "Mozilla/5.0 (compatible; SERankingBacklinksBot/1.0; +https://seranking.com/backlinks-crawler)"
154.82.19.118 - - [25/Jun/2026:15:37:35 +0300] "GET /images/haberler/2022/02/son-dakika-kemal-kilicdaroglundan-faturalarla-ilgili-bir-cikis-daha-tzm8cKs5.jpg HTTP/1.1" 302 219 "-" "Mozilla/5.0 (compatible; crawler)"
66.249.66.194 - - [25/Jun/2026:15:37:35 +0300] "GET /images/haberler/2022/11/32-il-icin-sari-ve-turuncu-kodlu-uyari-1669384615.png HTTP/1.1" 302 219 "-" "Googlebot-Image/1.0"
66.249.66.193 - - [25/Jun/2026:15:37:36 +0300] "GET /404 HTTP/1.1" 302 215 "-" "Googlebot-Image/1.0"
65.109.100.157 - - [25/Jun/2026:15:37:37 +0300] "GET /haberler/meteoroloji-turkiyenin-tamami-gunesli-bir-gun-gecirecek-282931 HTTP/1.1" 301 795 "-" "Mozilla/5.0 (compatible; SERankingBacklinksBot/1.0; +https://seranking.com/backlinks-crawler)"
65.109.100.157 - - [25/Jun/2026:15:37:38 +0300] "GET /haberler/meteoroloji-turkiyenin-tamami-gunesli-bir-gun-gecirecek-282931 HTTP/1.1" 301 795 "-" "Mozilla/5.0 (compatible; SERankingBacklinksBot/1.0; +https://seranking.com/backlinks-crawler)"
65.109.100.157 - - [25/Jun/2026:15:37:38 +0300] "GET /haber/meteoroloji-turkiyenin-tamami-gunesli-bir-gun-gecirecek-282931 HTTP/1.1" 302 219 "-" "Mozilla/5.0 (compatible; SERankingBacklinksBot/1.0; +https://seranking.com/backlinks-crawler)"
52.7.13.143 - - [25/Jun/2026:15:37:37 +0300] "GET /public/index.php/etiketler/yeneroglu-haberleri HTTP/1.1" 200 6297 "-" "Mozilla/5.0 AppleWebKit/537.36 (KHTML, like Gecko; compatible; Amazonbot/0.1; +https://developer.amazon.com/support/amazonbot) Chrome/119.0.6045.214 Safari/537.36"
66.249.66.193 - - [25/Jun/2026:15:37:40 +0300] "GET /images/haberler/2022/06/en-guzel-balkon-bahce-yarismasina-renkli-final-gJ1BWY7k.jpg HTTP/1.1" 302 219 "-" "Googlebot-Image/1.0"
65.109.100.157 - - [25/Jun/2026:15:37:42 +0300] "GET /haberler/meteoroloji-uyardi-4-bolgede-saganak-8-ilde-sel-alarmi-222459 HTTP/1.1" 301 795 "-" "Mozilla/5.0 (compatible; SERankingBacklinksBot/1.0; +https://seranking.com/backlinks-crawler)"
65.109.100.157 - - [25/Jun/2026:15:37:42 +0300] "GET /haberler/meteoroloji-uyardi-4-bolgede-saganak-8-ilde-sel-alarmi-222459 HTTP/1.1" 301 795 "-" "Mozilla/5.0 (compatible; SERankingBacklinksBot/1.0; +https://seranking.com/backlinks-crawler)"
65.109.100.157 - - [25/Jun/2026:15:37:42 +0300] "GET /haber/meteoroloji-uyardi-4-bolgede-saganak-8-ilde-sel-alarmi-222459 HTTP/1.1" 302 219 "-" "Mozilla/5.0 (compatible; SERankingBacklinksBot/1.0; +https://seranking.com/backlinks-crawler)"
65.109.100.157 - - [25/Jun/2026:15:37:42 +0300] "GET /404 HTTP/1.1" 302 215 "-" "Mozilla/5.0 (compatible; SERankingBacklinksBot/1.0; +https://seranking.com/backlinks-crawler)"
66.249.66.193 - - [25/Jun/2026:15:37:42 +0300] "GET /images/haberler/2022/08/golcuk-koy-yollarinda-konforlu-ulasim-QzJcBFrP.jpg HTTP/1.1" 302 219 "-" "Googlebot-Image/1.0"
65.109.100.157 - - [25/Jun/2026:15:37:46 +0300] "GET /haberler/meteoroloji-uyardi-4-gun-surecek-yagis-geliyor-284377 HTTP/1.1" 301 795 "-" "Mozilla/5.0 (compatible; SERankingBacklinksBot/1.0; +https://seranking.com/backlinks-crawler)"
65.109.100.157 - - [25/Jun/2026:15:37:46 +0300] "GET /404 HTTP/1.1" 302 215 "-" "Mozilla/5.0 (compatible; SERankingBacklinksBot/1.0; +https://seranking.com/backlinks-crawler)"
65.109.100.157 - - [25/Jun/2026:15:37:46 +0300] "GET / HTTP/1.1" 200 17241 "-" "Mozilla/5.0 (compatible; SERankingBacklinksBot/1.0; +https://seranking.com/backlinks-crawler)"
65.109.100.157 - - [25/Jun/2026:15:37:38 +0300] "GET / HTTP/1.1" 200 17236 "-" "Mozilla/5.0 (compatible; SERankingBacklinksBot/1.0; +https://seranking.com/backlinks-crawler)"
154.82.19.118 - - [25/Jun/2026:15:37:38 +0300] "GET / HTTP/1.1" 200 17230 "-" "Mozilla/5.0 (compatible; crawler)"
65.109.100.157 - - [25/Jun/2026:15:37:42 +0300] "GET / HTTP/1.1" 200 17249 "-" "Mozilla/5.0 (compatible; SERankingBacklinksBot/1.0; +https://seranking.com/backlinks-crawler)"
184.72.95.195 - - [25/Jun/2026:15:37:42 +0300] "GET /public/index.php/haber/muzakere-salonu-hazir-ukrayna-heyeti-belarus-sinirina-ulasti-497460 HTTP/1.1" 200 14096 "-" "Mozilla/5.0 AppleWebKit/537.36 (KHTML, like Gecko; compatible; Amazonbot/0.1; +https://developer.amazon.com/support/amazonbot) Chrome/119.0.6045.214 Safari/537.36"
184.73.239.35 - - [25/Jun/2026:15:37:46 +0300] "GET /public/index.php/haber/tekirdagda-sari-kosk-yenilendi-523802 HTTP/1.1" 200 14207 "-" "Mozilla/5.0 AppleWebKit/537.36 (KHTML, like Gecko; compatible; Amazonbot/0.1; +https://developer.amazon.com/support/amazonbot) Chrome/119.0.6045.214 Safari/537.36"
65.109.100.157 - - [25/Jun/2026:15:37:46 +0300] "GET /haber/meteoroloji-uyardi-4-gun-surecek-yagis-geliyor-284377 HTTP/1.1" 302 219 "-" "Mozilla/5.0 (compatible; SERankingBacklinksBot/1.0; +https://seranking.com/backlinks-crawler)"
65.109.100.157 - - [25/Jun/2026:15:37:46 +0300] "GET /haberler/meteoroloji-uyardi-4-gun-surecek-yagis-geliyor-284377 HTTP/1.1" 301 795 "-" "Mozilla/5.0 (compatible; SERankingBacklinksBot/1.0; +https://seranking.com/backlinks-crawler)"
65.109.100.157 - - [25/Jun/2026:15:37:46 +0300] "GET /haber/meteoroloji-uyardi-4-gun-surecek-yagis-geliyor-284377 HTTP/1.1" 302 219 "-" "Mozilla/5.0 (compatible; SERankingBacklinksBot/1.0; +https://seranking.com/backlinks-crawler)"
185.191.171.11 - - [25/Jun/2026:15:37:50 +0300] "GET /haber/firat-kalkani-bolgesine-saldiri-hazirligindaki-9-pkkypgli-terorist-etkisiz-hale-getirildi-492699 HTTP/1.1" 200 13276 "-" "Mozilla/5.0 (compatible; SemrushBot/7~bl; +http://www.semrush.com/bot.html)"
65.109.100.157 - - [25/Jun/2026:15:37:50 +0300] "GET /haber/meteoroloji-uyardi-antalyaya-bunaltici-sicak-geliyor-66868 HTTP/1.1" 302 219 "-" "Mozilla/5.0 (compatible; SERankingBacklinksBot/1.0; +https://seranking.com/backlinks-crawler)"
65.109.100.157 - - [25/Jun/2026:15:37:50 +0300] "GET /404 HTTP/1.1" 302 215 "-" "Mozilla/5.0 (compatible; SERankingBacklinksBot/1.0; +https://seranking.com/backlinks-crawler)"
65.109.100.157 - - [25/Jun/2026:15:37:50 +0300] "GET / HTTP/1.1" 200 17232 "-" "Mozilla/5.0 (compatible; SERankingBacklinksBot/1.0; +https://seranking.com/backlinks-crawler)"
180.102.110.145 - - [25/Jun/2026:15:37:53 +0300] "GET /haber/temmuz-2025-emekli-maaslari-icin-kritik-esik-en-dusuk-tahminler-netlesiyor-551587 HTTP/1.1" 200 13780 "-" "Sogou web spider/4.0(+http://www.sogou.com/docs/help/webmasters.htm#07)"
65.109.100.157 - - [25/Jun/2026:15:37:54 +0300] "GET /haber/meteoroloji-uyardi-bu-illerde-siddetli-ve-asiri-yagis-bekleniyor-64956 HTTP/1.1" 302 219 "-" "Mozilla/5.0 (compatible; SERankingBacklinksBot/1.0; +https://seranking.com/backlinks-crawler)"
185.191.171.5 - - [25/Jun/2026:15:37:54 +0300] "GET /haber/kktcden-turkiyeye-pence-kilit-telefonu-507351 HTTP/1.1" 200 13705 "-" "Mozilla/5.0 (compatible; SemrushBot/7~bl; +http://www.semrush.com/bot.html)"
65.109.100.157 - - [25/Jun/2026:15:37:54 +0300] "GET /404 HTTP/1.1" 302 215 "-" "Mozilla/5.0 (compatible; SERankingBacklinksBot/1.0; +https://seranking.com/backlinks-crawler)"
65.109.100.157 - - [25/Jun/2026:15:37:54 +0300] "GET / HTTP/1.1" 200 17232 "-" "Mozilla/5.0 (compatible; SERankingBacklinksBot/1.0; +https://seranking.com/backlinks-crawler)"
85.208.96.206 - - [25/Jun/2026:15:37:56 +0300] "GET /haber/bucali-ogrenciler-dijital-dersane-ile-basardilar-526803 HTTP/1.1" 200 14263 "-" "Mozilla/5.0 (compatible; SemrushBot/7~bl; +http://www.semrush.com/bot.html)"
85.208.96.205 - - [25/Jun/2026:15:37:46 +0300] "GET /haber/togg-trugo-sarj-istasyonu-kurulumuna-basladi-531087 HTTP/1.1" 200 14580 "-" "Mozilla/5.0 (compatible; SemrushBot/7~bl; +http://www.semrush.com/bot.html)"
65.109.100.157 - - [25/Jun/2026:15:37:50 +0300] "GET /haberler/meteoroloji-uyardi-antalyaya-bunaltici-sicak-geliyor-66868 HTTP/1.1" 301 795 "-" "Mozilla/5.0 (compatible; SERankingBacklinksBot/1.0; +https://seranking.com/backlinks-crawler)"
35.174.253.85 - - [25/Jun/2026:15:37:50 +0300] "GET /public/index.php/haber/umit-ozdag-sifreli-yolsuzlugu-aciklayacagiz-530861 HTTP/1.1" 200 14500 "-" "Mozilla/5.0 AppleWebKit/537.36 (KHTML, like Gecko; compatible; Amazonbot/0.1; +https://developer.amazon.com/support/amazonbot) Chrome/119.0.6045.214 Safari/537.36"
65.109.100.157 - - [25/Jun/2026:15:37:50 +0300] "GET /haberler/meteoroloji-uyardi-antalyaya-bunaltici-sicak-geliyor-66868 HTTP/1.1" 301 795 "-" "Mozilla/5.0 (compatible; SERankingBacklinksBot/1.0; +https://seranking.com/backlinks-crawler)"
65.109.100.157 - - [25/Jun/2026:15:37:50 +0300] "GET /haber/meteoroloji-uyardi-antalyaya-bunaltici-sicak-geliyor-66868 HTTP/1.1" 302 219 "-" "Mozilla/5.0 (compatible; SERankingBacklinksBot/1.0; +https://seranking.com/backlinks-crawler)"
185.191.171.19 - - [25/Jun/2026:15:37:53 +0300] "GET /haber/devlet-korumasindaki-cocuklar-sampiyonluk-icin-ter-dokecek-516971 HTTP/1.1" 200 13842 "-" "Mozilla/5.0 (compatible; SemrushBot/7~bl; +http://www.semrush.com/bot.html)"
52.203.237.170 - - [25/Jun/2026:15:37:54 +0300] "GET /public/index.php/haber/bilecikten-etkin-tarim-projesi-icin-uygulama-gelistirdiler-teknofestte-bileciki-temsil-edecekler-528226 HTTP/1.1" 200 14374 "-" "Mozilla/5.0 AppleWebKit/537.36 (KHTML, like Gecko; compatible; Amazonbot/0.1; +https://developer.amazon.com/support/amazonbot) Chrome/119.0.6045.214 Safari/537.36"
65.109.100.157 - - [25/Jun/2026:15:37:54 +0300] "GET /haberler/meteoroloji-uyardi-bu-illerde-siddetli-ve-asiri-yagis-bekleniyor-64956 HTTP/1.1" 301 795 "-" "Mozilla/5.0 (compatible; SERankingBacklinksBot/1.0; +https://seranking.com/backlinks-crawler)"
65.109.100.157 - - [25/Jun/2026:15:37:54 +0300] "GET /haberler/meteoroloji-uyardi-bu-illerde-siddetli-ve-asiri-yagis-bekleniyor-64956 HTTP/1.1" 301 795 "-" "Mozilla/5.0 (compatible; SERankingBacklinksBot/1.0; +https://seranking.com/backlinks-crawler)"
65.109.100.157 - - [25/Jun/2026:15:37:54 +0300] "GET /haber/meteoroloji-uyardi-bu-illerde-siddetli-ve-asiri-yagis-bekleniyor-64956 HTTP/1.1" 302 219 "-" "Mozilla/5.0 (compatible; SERankingBacklinksBot/1.0; +https://seranking.com/backlinks-crawler)"
65.109.100.157 - - [25/Jun/2026:15:37:58 +0300] "GET /haber/meteoroloji-uyardi-bunaltici-sicaklara-3-gun-ara-51929 HTTP/1.1" 302 219 "-" "Mozilla/5.0 (compatible; SERankingBacklinksBot/1.0; +https://seranking.com/backlinks-crawler)"
