47.128.123.65 - - [25/Jun/2026:15:20:28 +0300] "GET /public/index.php/404 HTTP/1.1" 302 232 "https://www.yeniistiklal.com/public/index.php" "Mozilla/5.0 (Linux; Android 5.0) AppleWebKit/537.36 (KHTML, like Gecko) Mobile Safari/537.36 (compatible; Bytespider; spider-feedback@bytedance.com)"
47.128.123.65 - - [25/Jun/2026:15:20:28 +0300] "GET /public/index.php/images/haberler/2026/05/enparadan-kaskoda-ezber-bozan-teklif-15-nakit-iade-1777974431.jpg HTTP/1.1" 302 238 "https://www.yeniistiklal.com/public/index.php" "Mozilla/5.0 (Linux; Android 5.0) AppleWebKit/537.36 (KHTML, like Gecko) Mobile Safari/537.36 (compatible; Bytespider; spider-feedback@bytedance.com)"
47.128.123.65 - - [25/Jun/2026:15:20:28 +0300] "GET /public/index.php/images/haberler/2026/05/mendereste-engelsiz-festival-1777974447.jpg HTTP/1.1" 302 238 "https://www.yeniistiklal.com/public/index.php" "Mozilla/5.0 (Linux; Android 5.0) AppleWebKit/537.36 (KHTML, like Gecko) Mobile Safari/537.36 (compatible; Bytespider; spider-feedback@bytedance.com)"
65.109.100.157 - - [25/Jun/2026:15:20:29 +0300] "GET /haberler/meral-aksener-cocuklariniz-issiz-gezerken-5-maasli-danisman-olmaz-358028 HTTP/1.1" 301 795 "-" "Mozilla/5.0 (compatible; SERankingBacklinksBot/1.0; +https://seranking.com/backlinks-crawler)"
47.128.123.65 - - [25/Jun/2026:15:20:29 +0300] "GET /public/index.php/404 HTTP/1.1" 302 232 "https://www.yeniistiklal.com/public/index.php" "Mozilla/5.0 (Linux; Android 5.0) AppleWebKit/537.36 (KHTML, like Gecko) Mobile Safari/537.36 (compatible; Bytespider; spider-feedback@bytedance.com)"
47.128.123.65 - - [25/Jun/2026:15:20:29 +0300] "GET /public/index.php/images/haberler/2026/05/kirmizi-et-uretim-istatistikleri-2025-1777974443.jpg HTTP/1.1" 302 238 "https://www.yeniistiklal.com/public/index.php" "Mozilla/5.0 (Linux; Android 5.0) AppleWebKit/537.36 (KHTML, like Gecko) Mobile Safari/537.36 (compatible; Bytespider; spider-feedback@bytedance.com)"
47.128.123.65 - - [25/Jun/2026:15:20:29 +0300] "GET /public/index.php HTTP/1.1" 200 17478 "https://www.yeniistiklal.com/public/index.php" "Mozilla/5.0 (Linux; Android 5.0) AppleWebKit/537.36 (KHTML, like Gecko) Mobile Safari/537.36 (compatible; Bytespider; spider-feedback@bytedance.com)"
47.128.123.65 - - [25/Jun/2026:15:20:29 +0300] "GET /public/index.php/404 HTTP/1.1" 302 232 "https://www.yeniistiklal.com/public/index.php" "Mozilla/5.0 (Linux; Android 5.0) AppleWebKit/537.36 (KHTML, like Gecko) Mobile Safari/537.36 (compatible; Bytespider; spider-feedback@bytedance.com)"
65.109.100.157 - - [25/Jun/2026:15:20:29 +0300] "GET /404 HTTP/1.1" 302 215 "-" "Mozilla/5.0 (compatible; SERankingBacklinksBot/1.0; +https://seranking.com/backlinks-crawler)"
47.128.123.65 - - [25/Jun/2026:15:20:26 +0300] "GET /public/index.php/404 HTTP/1.1" 302 232 "https://www.yeniistiklal.com/public/index.php" "Mozilla/5.0 (Linux; Android 5.0) AppleWebKit/537.36 (KHTML, like Gecko) Mobile Safari/537.36 (compatible; Bytespider; spider-feedback@bytedance.com)"
47.128.123.65 - - [25/Jun/2026:15:20:26 +0300] "GET /public/index.php HTTP/1.1" 200 17467 "https://www.yeniistiklal.com/public/index.php" "Mozilla/5.0 (Linux; Android 5.0) AppleWebKit/537.36 (KHTML, like Gecko) Mobile Safari/537.36 (compatible; Bytespider; spider-feedback@bytedance.com)"
47.128.123.65 - - [25/Jun/2026:15:20:27 +0300] "GET /public/index.php/images/haberler/2026/06/dalaman-arac-kiralama-1781882897.jpeg HTTP/1.1" 302 238 "https://www.yeniistiklal.com/public/index.php" "Mozilla/5.0 (Linux; Android 5.0) AppleWebKit/537.36 (KHTML, like Gecko) Mobile Safari/537.36 (compatible; Bytespider; spider-feedback@bytedance.com)"
47.128.123.65 - - [25/Jun/2026:15:20:28 +0300] "GET /public/index.php/images/haberler/2026/05/huawei-watch-fit-5-pro-teknoloji-ve-stil-bulusmasi-1779377071.jpeg HTTP/1.1" 302 238 "https://www.yeniistiklal.com/public/index.php" "Mozilla/5.0 (Linux; Android 5.0) AppleWebKit/537.36 (KHTML, like Gecko) Mobile Safari/537.36 (compatible; Bytespider; spider-feedback@bytedance.com)"
47.128.123.65 - - [25/Jun/2026:15:20:28 +0300] "GET /public/index.php/404 HTTP/1.1" 302 232 "https://www.yeniistiklal.com/public/index.php" "Mozilla/5.0 (Linux; Android 5.0) AppleWebKit/537.36 (KHTML, like Gecko) Mobile Safari/537.36 (compatible; Bytespider; spider-feedback@bytedance.com)"
47.128.123.65 - - [25/Jun/2026:15:20:28 +0300] "GET /public/index.php HTTP/1.1" 200 17485 "https://www.yeniistiklal.com/public/index.php" "Mozilla/5.0 (Linux; Android 5.0) AppleWebKit/537.36 (KHTML, like Gecko) Mobile Safari/537.36 (compatible; Bytespider; spider-feedback@bytedance.com)"
47.128.123.65 - - [25/Jun/2026:15:20:28 +0300] "GET /public/index.php HTTP/1.1" 200 17472 "https://www.yeniistiklal.com/public/index.php" "Mozilla/5.0 (Linux; Android 5.0) AppleWebKit/537.36 (KHTML, like Gecko) Mobile Safari/537.36 (compatible; Bytespider; spider-feedback@bytedance.com)"
62.244.225.226 - - [25/Jun/2026:15:20:28 +0300] "GET /rss/haber-feed.xml HTTP/1.1" 200 196772 "https://yeniistiklal.com/rss/haber-feed.xml" "Mozilla/5.0 (Windows NT 6.3; WOW64; rv:40.0) Gecko/20100101 Firefox/40.0"
65.109.100.157 - - [25/Jun/2026:15:20:29 +0300] "GET /haber/meral-aksener-cocuklariniz-issiz-gezerken-5-maasli-danisman-olmaz-358028 HTTP/1.1" 302 219 "-" "Mozilla/5.0 (compatible; SERankingBacklinksBot/1.0; +https://seranking.com/backlinks-crawler)"
47.128.123.65 - - [25/Jun/2026:15:20:29 +0300] "GET /public/index.php HTTP/1.1" 200 17468 "https://www.yeniistiklal.com/public/index.php" "Mozilla/5.0 (Linux; Android 5.0) AppleWebKit/537.36 (KHTML, like Gecko) Mobile Safari/537.36 (compatible; Bytespider; spider-feedback@bytedance.com)"
65.109.100.157 - - [25/Jun/2026:15:20:29 +0300] "GET /haberler/meral-aksener-cocuklariniz-issiz-gezerken-5-maasli-danisman-olmaz-358028 HTTP/1.1" 301 795 "-" "Mozilla/5.0 (compatible; SERankingBacklinksBot/1.0; +https://seranking.com/backlinks-crawler)"
65.109.100.157 - - [25/Jun/2026:15:20:29 +0300] "GET /haber/meral-aksener-cocuklariniz-issiz-gezerken-5-maasli-danisman-olmaz-358028 HTTP/1.1" 302 219 "-" "Mozilla/5.0 (compatible; SERankingBacklinksBot/1.0; +https://seranking.com/backlinks-crawler)"
47.128.123.65 - - [25/Jun/2026:15:20:29 +0300] "GET /public/index.php/images/haberler/2026/05/orka-banyo-yesil-donusumunu-tamamliyor-2030-yol-haritasi-hazir-1777974434.jpg HTTP/1.1" 302 238 "https://www.yeniistiklal.com/public/index.php" "Mozilla/5.0 (Linux; Android 5.0) AppleWebKit/537.36 (KHTML, like Gecko) Mobile Safari/537.36 (compatible; Bytespider; spider-feedback@bytedance.com)"
47.128.123.65 - - [25/Jun/2026:15:20:29 +0300] "GET /public/index.php/images/haberler/2026/06/dalaman-arac-kiralama-1781882897.jpeg HTTP/1.1" 302 238 "https://www.yeniistiklal.com/public/index.php" "Mozilla/5.0 (Linux; Android 5.0) AppleWebKit/537.36 (KHTML, like Gecko) Mobile Safari/537.36 (compatible; Bytespider; spider-feedback@bytedance.com)"
65.109.100.157 - - [25/Jun/2026:15:20:29 +0300] "GET / HTTP/1.1" 200 17238 "-" "Mozilla/5.0 (compatible; SERankingBacklinksBot/1.0; +https://seranking.com/backlinks-crawler)"
47.128.123.65 - - [25/Jun/2026:15:20:29 +0300] "GET /public/index.php HTTP/1.1" 200 17475 "https://www.yeniistiklal.com/public/index.php" "Mozilla/5.0 (Linux; Android 5.0) AppleWebKit/537.36 (KHTML, like Gecko) Mobile Safari/537.36 (compatible; Bytespider; spider-feedback@bytedance.com)"
47.128.123.65 - - [25/Jun/2026:15:20:29 +0300] "GET /public/index.php/404 HTTP/1.1" 302 232 "https://www.yeniistiklal.com/public/index.php" "Mozilla/5.0 (Linux; Android 5.0) AppleWebKit/537.36 (KHTML, like Gecko) Mobile Safari/537.36 (compatible; Bytespider; spider-feedback@bytedance.com)"
47.128.123.65 - - [25/Jun/2026:15:20:30 +0300] "GET /public/index.php/404 HTTP/1.1" 302 232 "https://www.yeniistiklal.com/public/index.php" "Mozilla/5.0 (Linux; Android 5.0) AppleWebKit/537.36 (KHTML, like Gecko) Mobile Safari/537.36 (compatible; Bytespider; spider-feedback@bytedance.com)"
47.128.123.65 - - [25/Jun/2026:15:20:30 +0300] "GET /public/index.php/images/haberler/2026/05/enparadan-kaskoda-ezber-bozan-teklif-15-nakit-iade-1777974431.jpg HTTP/1.1" 302 238 "https://www.yeniistiklal.com/public/index.php" "Mozilla/5.0 (Linux; Android 5.0) AppleWebKit/537.36 (KHTML, like Gecko) Mobile Safari/537.36 (compatible; Bytespider; spider-feedback@bytedance.com)"
47.128.123.65 - - [25/Jun/2026:15:20:31 +0300] "GET /public/index.php/404 HTTP/1.1" 302 232 "https://www.yeniistiklal.com/public/index.php" "Mozilla/5.0 (Linux; Android 5.0) AppleWebKit/537.36 (KHTML, like Gecko) Mobile Safari/537.36 (compatible; Bytespider; spider-feedback@bytedance.com)"
47.128.123.65 - - [25/Jun/2026:15:20:31 +0300] "GET /public/index.php HTTP/1.1" 200 17486 "https://www.yeniistiklal.com/public/index.php" "Mozilla/5.0 (Linux; Android 5.0) AppleWebKit/537.36 (KHTML, like Gecko) Mobile Safari/537.36 (compatible; Bytespider; spider-feedback@bytedance.com)"
47.128.123.65 - - [25/Jun/2026:15:20:31 +0300] "GET /public/index.php HTTP/1.1" 200 17479 "https://www.yeniistiklal.com/public/index.php" "Mozilla/5.0 (Linux; Android 5.0) AppleWebKit/537.36 (KHTML, like Gecko) Mobile Safari/537.36 (compatible; Bytespider; spider-feedback@bytedance.com)"
47.128.123.65 - - [25/Jun/2026:15:20:31 +0300] "GET /public/index.php HTTP/1.1" 200 17477 "https://www.yeniistiklal.com/public/index.php" "Mozilla/5.0 (Linux; Android 5.0) AppleWebKit/537.36 (KHTML, like Gecko) Mobile Safari/537.36 (compatible; Bytespider; spider-feedback@bytedance.com)"
82.22.84.223 - - [25/Jun/2026:15:20:32 +0300] "GET /wp-content/uploads/2021/08/eski-belediye-baskani-ve-kuzeni-engelli-vatandasi-darbetti-fMbV3QNz-282x188.jpg HTTP/1.1" 302 219 "-" "Mozilla/5.0 (compatible; crawler)"
82.22.84.223 - - [25/Jun/2026:15:20:32 +0300] "GET /404 HTTP/1.1" 302 215 "-" "Mozilla/5.0 (compatible; crawler)"
65.109.100.157 - - [25/Jun/2026:15:20:33 +0300] "GET /haberler/meral-aksener-cumhuriyetten-ayrilinirsa-tek-adam-rejimi-dogar-216662 HTTP/1.1" 301 795 "-" "Mozilla/5.0 (compatible; SERankingBacklinksBot/1.0; +https://seranking.com/backlinks-crawler)"
65.109.100.157 - - [25/Jun/2026:15:20:33 +0300] "GET / HTTP/1.1" 200 17240 "-" "Mozilla/5.0 (compatible; SERankingBacklinksBot/1.0; +https://seranking.com/backlinks-crawler)"
47.128.123.65 - - [25/Jun/2026:15:20:33 +0300] "GET /public/index.php/images/haberler/2026/05/cocuklarda-alerjik-rinitin-gorulme-sikligi-artiyor-1777974426.jpg HTTP/1.1" 302 238 "https://www.yeniistiklal.com/public/index.php" "Mozilla/5.0 (Linux; Android 5.0) AppleWebKit/537.36 (KHTML, like Gecko) Mobile Safari/537.36 (compatible; Bytespider; spider-feedback@bytedance.com)"
47.128.123.65 - - [25/Jun/2026:15:20:30 +0300] "GET /public/index.php HTTP/1.1" 200 17485 "https://www.yeniistiklal.com/public/index.php" "Mozilla/5.0 (Linux; Android 5.0) AppleWebKit/537.36 (KHTML, like Gecko) Mobile Safari/537.36 (compatible; Bytespider; spider-feedback@bytedance.com)"
47.128.123.65 - - [25/Jun/2026:15:20:30 +0300] "GET /public/index.php HTTP/1.1" 200 17474 "https://www.yeniistiklal.com/public/index.php" "Mozilla/5.0 (Linux; Android 5.0) AppleWebKit/537.36 (KHTML, like Gecko) Mobile Safari/537.36 (compatible; Bytespider; spider-feedback@bytedance.com)"
47.128.123.65 - - [25/Jun/2026:15:20:30 +0300] "GET /public/index.php/404 HTTP/1.1" 302 232 "https://www.yeniistiklal.com/public/index.php" "Mozilla/5.0 (Linux; Android 5.0) AppleWebKit/537.36 (KHTML, like Gecko) Mobile Safari/537.36 (compatible; Bytespider; spider-feedback@bytedance.com)"
47.128.123.65 - - [25/Jun/2026:15:20:30 +0300] "GET /public/index.php HTTP/1.1" 200 17481 "https://www.yeniistiklal.com/public/index.php" "Mozilla/5.0 (Linux; Android 5.0) AppleWebKit/537.36 (KHTML, like Gecko) Mobile Safari/537.36 (compatible; Bytespider; spider-feedback@bytedance.com)"
185.191.171.18 - - [25/Jun/2026:15:20:31 +0300] "GET /haber/memduh-buyukkilictan-melikgazi-mesaisi-536154 HTTP/1.1" 200 13819 "-" "Mozilla/5.0 (compatible; SemrushBot/7~bl; +http://www.semrush.com/bot.html)"
65.109.100.157 - - [25/Jun/2026:15:20:33 +0300] "GET /haber/meral-aksener-cumhuriyetten-ayrilinirsa-tek-adam-rejimi-dogar-216662 HTTP/1.1" 302 219 "-" "Mozilla/5.0 (compatible; SERankingBacklinksBot/1.0; +https://seranking.com/backlinks-crawler)"
65.109.100.157 - - [25/Jun/2026:15:20:33 +0300] "GET /haberler/meral-aksener-cumhuriyetten-ayrilinirsa-tek-adam-rejimi-dogar-216662 HTTP/1.1" 301 795 "-" "Mozilla/5.0 (compatible; SERankingBacklinksBot/1.0; +https://seranking.com/backlinks-crawler)"
65.109.100.157 - - [25/Jun/2026:15:20:33 +0300] "GET /haber/meral-aksener-cumhuriyetten-ayrilinirsa-tek-adam-rejimi-dogar-216662 HTTP/1.1" 302 219 "-" "Mozilla/5.0 (compatible; SERankingBacklinksBot/1.0; +https://seranking.com/backlinks-crawler)"
65.109.100.157 - - [25/Jun/2026:15:20:33 +0300] "GET /404 HTTP/1.1" 302 215 "-" "Mozilla/5.0 (compatible; SERankingBacklinksBot/1.0; +https://seranking.com/backlinks-crawler)"
47.128.123.65 - - [25/Jun/2026:15:20:34 +0300] "GET /public/index.php HTTP/1.1" 200 17483 "https://www.yeniistiklal.com/public/index.php" "Mozilla/5.0 (Linux; Android 5.0) AppleWebKit/537.36 (KHTML, like Gecko) Mobile Safari/537.36 (compatible; Bytespider; spider-feedback@bytedance.com)"
47.128.123.65 - - [25/Jun/2026:15:20:34 +0300] "GET /public/index.php/images/haberler/2026/05/cocuklarda-alerjik-rinitin-gorulme-sikligi-artiyor-1777974426.jpg HTTP/1.1" 302 238 "https://www.yeniistiklal.com/public/index.php" "Mozilla/5.0 (Linux; Android 5.0) AppleWebKit/537.36 (KHTML, like Gecko) Mobile Safari/537.36 (compatible; Bytespider; spider-feedback@bytedance.com)"
47.128.123.65 - - [25/Jun/2026:15:20:35 +0300] "GET /public/index.php/404 HTTP/1.1" 302 232 "https://www.yeniistiklal.com/public/index.php" "Mozilla/5.0 (Linux; Android 5.0) AppleWebKit/537.36 (KHTML, like Gecko) Mobile Safari/537.36 (compatible; Bytespider; spider-feedback@bytedance.com)"
202.46.62.86 - - [25/Jun/2026:15:20:35 +0300] "GET /public/haber/milyarlik-ihalede-peskes-iddiasinda-bulunulmustu-chpli-vekil-bakanla-gorustu-493328 HTTP/1.1" 200 15387 "-" "Mozilla/5.0 (Windows NT 10.0; Win64; x64) AppleWebKit/537.36 (KHTML, like Gecko) Chrome/133.0.6943.141 Safari/537.36"
202.46.62.74 - - [25/Jun/2026:15:20:35 +0300] "GET /images/haberler/2022/10/hulusi-akardan-edirne-cikarmasi-Z9FdHUaa.jpg HTTP/1.1" 302 219 "https://yeniistiklal.com/haber/hulusi-akardan-edirne-cikarmasi-546500" "Mozilla/5.0 (Windows NT 10.0; Win64; x64) AppleWebKit/537.36 (KHTML, like Gecko) Chrome/133.0.6943.141 Safari/537.36"
47.128.123.65 - - [25/Jun/2026:15:20:34 +0300] "GET /public/index.php/404 HTTP/1.1" 302 232 "https://www.yeniistiklal.com/public/index.php" "Mozilla/5.0 (Linux; Android 5.0) AppleWebKit/537.36 (KHTML, like Gecko) Mobile Safari/537.36 (compatible; Bytespider; spider-feedback@bytedance.com)"
85.208.96.200 - - [25/Jun/2026:15:20:34 +0300] "GET /haber/bozcaada-feribot-seferlerine-firtina-engeli-486096 HTTP/1.1" 200 13236 "-" "Mozilla/5.0 (compatible; SemrushBot/7~bl; +http://www.semrush.com/bot.html)"
47.128.123.65 - - [25/Jun/2026:15:20:35 +0300] "GET /public/index.php HTTP/1.1" 200 17468 "https://www.yeniistiklal.com/public/index.php" "Mozilla/5.0 (Linux; Android 5.0) AppleWebKit/537.36 (KHTML, like Gecko) Mobile Safari/537.36 (compatible; Bytespider; spider-feedback@bytedance.com)"
65.109.100.157 - - [25/Jun/2026:15:20:37 +0300] "GET /haber/meral-aksener-dislanmislar-her-partili-zenginler-ak-partili-2-269513 HTTP/1.1" 302 219 "-" "Mozilla/5.0 (compatible; SERankingBacklinksBot/1.0; +https://seranking.com/backlinks-crawler)"
65.109.100.157 - - [25/Jun/2026:15:20:37 +0300] "GET /404 HTTP/1.1" 302 215 "-" "Mozilla/5.0 (compatible; SERankingBacklinksBot/1.0; +https://seranking.com/backlinks-crawler)"
65.109.100.157 - - [25/Jun/2026:15:20:37 +0300] "GET / HTTP/1.1" 200 17236 "-" "Mozilla/5.0 (compatible; SERankingBacklinksBot/1.0; +https://seranking.com/backlinks-crawler)"
5.255.231.201 - - [25/Jun/2026:15:20:37 +0300] "GET /public/rss/genel-0 HTTP/1.1" 200 196873 "-" "Mozilla/5.0 (compatible; YandexBot/3.0; +http://yandex.com/bots)"
52.8.24.185 - - [25/Jun/2026:15:20:38 +0300] "GET /feed/spor HTTP/1.1" 301 795 "-" "Mozilla/5.0 RSS reader"
52.8.24.185 - - [25/Jun/2026:15:20:38 +0300] "GET /spor/rss HTTP/1.1" 302 224 "-" "Mozilla/5.0 RSS reader"
202.46.62.15 - - [25/Jun/2026:15:20:38 +0300] "GET /public/images/tn/2022/03/yaparsa-kadin-yapar.jpg HTTP/1.1" 302 225 "https://yeniistiklal.com/public/haber/milyarlik-ihalede-peskes-iddiasinda-bulunulmustu-chpli-vekil-bakanla-gorustu-493328" "Mozilla/5.0 (Windows NT 10.0; Win64; x64) AppleWebKit/537.36 (KHTML, like Gecko) Chrome/133.0.6943.141 Safari/537.36"
202.46.62.13 - - [25/Jun/2026:15:20:38 +0300] "GET /public/images/tn/2022/03/zamlar-akpli-belediyeyi-de-vurdu-NrD9KpO5.jpeg HTTP/1.1" 302 225 "https://yeniistiklal.com/public/haber/milyarlik-ihalede-peskes-iddiasinda-bulunulmustu-chpli-vekil-bakanla-gorustu-493328" "Mozilla/5.0 (Windows NT 10.0; Win64; x64) AppleWebKit/537.36 (KHTML, like Gecko) Chrome/133.0.6943.141 Safari/537.36"
202.46.62.117 - - [25/Jun/2026:15:20:38 +0300] "GET /public/images/tn/2022/03/guney-koreden-kuzey-korenin-devriye-gemisine-uyari-atesi-n6hQixg5.jpg HTTP/1.1" 302 225 "https://yeniistiklal.com/public/haber/milyarlik-ihalede-peskes-iddiasinda-bulunulmustu-chpli-vekil-bakanla-gorustu-493328" "Mozilla/5.0 (Windows NT 10.0; Win64; x64) AppleWebKit/537.36 (KHTML, like Gecko) Chrome/133.0.6943.141 Safari/537.36"
202.46.62.46 - - [25/Jun/2026:15:20:38 +0300] "GET /hava-durumu/ajax?sehir_isim=6 HTTP/1.1" 200 77 "https://yeniistiklal.com/public/haber/milyarlik-ihalede-peskes-iddiasinda-bulunulmustu-chpli-vekil-bakanla-gorustu-493328" "Mozilla/5.0 (Windows NT 10.0; Win64; x64) AppleWebKit/537.36 (KHTML, like Gecko) Chrome/133.0.6943.141 Safari/537.36"
52.8.24.185 - - [25/Jun/2026:15:20:38 +0300] "GET /404 HTTP/1.1" 302 219 "-" "Mozilla/5.0 RSS reader"
185.191.171.8 - - [25/Jun/2026:15:20:38 +0300] "GET /haber/tbmm-tatile-girecek-ancak-5-komisyon-calisabilecek-524175 HTTP/1.1" 200 13514 "-" "Mozilla/5.0 (compatible; SemrushBot/7~bl; +http://www.semrush.com/bot.html)"
52.8.24.185 - - [25/Jun/2026:15:20:38 +0300] "GET / HTTP/1.1" 200 17286 "-" "Mozilla/5.0 RSS reader"
185.191.171.11 - - [25/Jun/2026:15:20:40 +0300] "GET /haber/kripto-para-veri-platformu-turkiyenin-yeni-gozdesi-21-milyon-551411 HTTP/1.1" 200 13987 "-" "Mozilla/5.0 (compatible; SemrushBot/7~bl; +http://www.semrush.com/bot.html)"
202.46.62.82 - - [25/Jun/2026:15:20:36 +0300] "GET /hava-durumu/ajax?sehir_isim=6 HTTP/1.1" 200 77 "https://yeniistiklal.com/haber/hulusi-akardan-edirne-cikarmasi-546500" "Mozilla/5.0 (Windows NT 10.0; Win64; x64) AppleWebKit/537.36 (KHTML, like Gecko) Chrome/133.0.6943.141 Safari/537.36"
62.244.225.226 - - [25/Jun/2026:15:20:36 +0300] "GET /sitemap.xml HTTP/1.1" 200 201 "https://yeniistiklal.com/sitemap.xml" "Mozilla/5.0 (iPad; CPU OS 8_4_1 like Mac OS X) AppleWebKit/600.1.4 (KHTML, like Gecko) Version/8.0 Mobile/12H321 Safari/600.1.4"
65.109.100.157 - - [25/Jun/2026:15:20:37 +0300] "GET /haberler/meral-aksener-dislanmislar-her-partili-zenginler-ak-partili-2-269513 HTTP/1.1" 301 795 "-" "Mozilla/5.0 (compatible; SERankingBacklinksBot/1.0; +https://seranking.com/backlinks-crawler)"
65.109.100.157 - - [25/Jun/2026:15:20:37 +0300] "GET /haber/meral-aksener-dislanmislar-her-partili-zenginler-ak-partili-2-269513 HTTP/1.1" 302 219 "-" "Mozilla/5.0 (compatible; SERankingBacklinksBot/1.0; +https://seranking.com/backlinks-crawler)"
65.109.100.157 - - [25/Jun/2026:15:20:37 +0300] "GET /haberler/meral-aksener-dislanmislar-her-partili-zenginler-ak-partili-2-269513 HTTP/1.1" 301 795 "-" "Mozilla/5.0 (compatible; SERankingBacklinksBot/1.0; +https://seranking.com/backlinks-crawler)"
52.8.24.185 - - [25/Jun/2026:15:20:38 +0300] "GET /rss/spor HTTP/1.1" 302 205 "-" "Mozilla/5.0 RSS reader"
52.8.24.185 - - [25/Jun/2026:15:20:38 +0300] "GET /rss/spor.xml HTTP/1.1" 302 205 "-" "Mozilla/5.0 RSS reader"
202.46.62.62 - - [25/Jun/2026:15:20:38 +0300] "GET /public/images/haberler/2022/02/milyarlik-ihalede-peskes-iddiasinda-bulunulmustu-chpli-vekil-bakanla-gorustu-rYTtVECN.jpg HTTP/1.1" 302 225 "https://yeniistiklal.com/public/haber/milyarlik-ihalede-peskes-iddiasinda-bulunulmustu-chpli-vekil-bakanla-gorustu-493328" "Mozilla/5.0 (Windows NT 10.0; Win64; x64) AppleWebKit/537.36 (KHTML, like Gecko) Chrome/133.0.6943.141 Safari/537.36"
202.46.62.99 - - [25/Jun/2026:15:20:38 +0300] "GET /public/images/tn/2022/03/485-bin-universite-mezunu-kadin-issiz-37kyCyts.jpg HTTP/1.1" 302 225 "https://yeniistiklal.com/public/haber/milyarlik-ihalede-peskes-iddiasinda-bulunulmustu-chpli-vekil-bakanla-gorustu-493328" "Mozilla/5.0 (Windows NT 10.0; Win64; x64) AppleWebKit/537.36 (KHTML, like Gecko) Chrome/133.0.6943.141 Safari/537.36"
52.8.24.185 - - [25/Jun/2026:15:20:38 +0300] "GET /404 HTTP/1.1" 302 219 "-" "Mozilla/5.0 RSS reader"
52.8.24.185 - - [25/Jun/2026:15:20:38 +0300] "GET /404 HTTP/1.1" 302 219 "-" "Mozilla/5.0 RSS reader"
31.40.198.2 - - [25/Jun/2026:15:20:38 +0300] "GET /rss/sesli-kose-yazilari-8 HTTP/1.1" 200 6733 "-" "Mozilla/5.0 (Android 8.0.0; Mobile; rv:56.0) Gecko/56.0 Firefox/56.0"
85.208.96.195 - - [25/Jun/2026:15:20:38 +0300] "GET /haber/cukurova-belediyesi-tum-canlilar-icin-calisiyor-528859 HTTP/1.1" 200 14269 "-" "Mozilla/5.0 (compatible; SemrushBot/7~bl; +http://www.semrush.com/bot.html)"
52.8.24.185 - - [25/Jun/2026:15:20:38 +0300] "GET /rss/genel-0 HTTP/1.1" 200 196810 "-" "Mozilla/5.0 RSS reader"
52.8.24.185 - - [25/Jun/2026:15:20:38 +0300] "GET / HTTP/1.1" 200 17301 "-" "Mozilla/5.0 RSS reader"
52.8.24.185 - - [25/Jun/2026:15:20:39 +0300] "GET / HTTP/1.1" 200 17300 "-" "Mozilla/5.0 RSS reader"
65.109.100.157 - - [25/Jun/2026:15:20:41 +0300] "GET /haberler/meral-aksener-dislanmislar-her-partili-zenginler-ak-partili-269499 HTTP/1.1" 301 795 "-" "Mozilla/5.0 (compatible; SERankingBacklinksBot/1.0; +https://seranking.com/backlinks-crawler)"
65.109.100.157 - - [25/Jun/2026:15:20:41 +0300] "GET /haber/meral-aksener-dislanmislar-her-partili-zenginler-ak-partili-269499 HTTP/1.1" 302 219 "-" "Mozilla/5.0 (compatible; SERankingBacklinksBot/1.0; +https://seranking.com/backlinks-crawler)"
65.109.100.157 - - [25/Jun/2026:15:20:41 +0300] "GET / HTTP/1.1" 200 17240 "-" "Mozilla/5.0 (compatible; SERankingBacklinksBot/1.0; +https://seranking.com/backlinks-crawler)"
49.12.89.24 - - [25/Jun/2026:15:20:42 +0300] "GET /teknoloji HTTP/1.1" 200 10192 "-" "Mozilla/5.0 (X11; Linux x86_64) AppleWebKit/537.36 (KHTML, like Gecko) Chrome/107.0.0.0 Safari/537.36"
185.191.171.7 - - [25/Jun/2026:15:20:43 +0300] "GET /haber/surdurulebilir-moda-tekstil-coplugunun-onune-gececek-533175 HTTP/1.1" 200 17164 "-" "Mozilla/5.0 (compatible; SemrushBot/7~bl; +http://www.semrush.com/bot.html)"
65.109.100.157 - - [25/Jun/2026:15:20:45 +0300] "GET /haberler/meral-aksener-filenin-sultanlarina-destek-icin-belgrata-gitti-235238 HTTP/1.1" 301 795 "-" "Mozilla/5.0 (compatible; SERankingBacklinksBot/1.0; +https://seranking.com/backlinks-crawler)"
65.109.100.157 - - [25/Jun/2026:15:20:45 +0300] "GET /haberler/meral-aksener-filenin-sultanlarina-destek-icin-belgrata-gitti-235238 HTTP/1.1" 301 795 "-" "Mozilla/5.0 (compatible; SERankingBacklinksBot/1.0; +https://seranking.com/backlinks-crawler)"
49.12.89.24 - - [25/Jun/2026:15:20:45 +0300] "GET /nobetci-eczaneler HTTP/1.1" 200 5349 "-" "Mozilla/5.0 (Windows NT 10.0; Win64; x64) AppleWebKit/537.36 (KHTML, like Gecko) Chrome/58.0.3029.110 Safari/537.36"
31.40.198.2 - - [25/Jun/2026:15:20:44 +0300] "GET /rss/genel-0 HTTP/1.1" 200 196772 "-" "Mozilla/5.0 (Windows NT 6.3; WOW64; rv:52.0) Gecko/20100101 Firefox/52.0"
31.40.198.2 - - [25/Jun/2026:15:20:46 +0300] "GET /yandexturbo HTTP/1.1" 200 469323 "-" "Mozilla/5.0 (Android 5.1.1; Tablet; rv:60.0) Gecko/60.0 Firefox/60.0"
65.109.100.157 - - [25/Jun/2026:15:20:49 +0300] "GET /haberler/meral-aksener-hdp-ile-berabersiniz-diyen-esnafa-isyan-etti-ulan-ben-kimim-106914 HTTP/1.1" 301 795 "-" "Mozilla/5.0 (compatible; SERankingBacklinksBot/1.0; +https://seranking.com/backlinks-crawler)"
65.109.100.157 - - [25/Jun/2026:15:20:49 +0300] "GET /haberler/meral-aksener-hdp-ile-berabersiniz-diyen-esnafa-isyan-etti-ulan-ben-kimim-106914 HTTP/1.1" 301 795 "-" "Mozilla/5.0 (compatible; SERankingBacklinksBot/1.0; +https://seranking.com/backlinks-crawler)"
65.109.100.157 - - [25/Jun/2026:15:20:49 +0300] "GET /haber/meral-aksener-hdp-ile-berabersiniz-diyen-esnafa-isyan-etti-ulan-ben-kimim-106914 HTTP/1.1" 302 219 "-" "Mozilla/5.0 (compatible; SERankingBacklinksBot/1.0; +https://seranking.com/backlinks-crawler)"
47.128.16.175 - - [25/Jun/2026:15:20:49 +0300] "GET /public/index.php HTTP/1.1" 200 17490 "-" "Mozilla/5.0 (Linux; Android 5.0) AppleWebKit/537.36 (KHTML, like Gecko) Mobile Safari/537.36 (compatible; TikTokSpider; ttspider-feedback@tiktok.com)"
216.73.217.71 - - [25/Jun/2026:15:20:49 +0300] "GET /haber/kanal-tedavisi-nedir-551740 HTTP/1.1" 200 14538 "-" "Mozilla/5.0 AppleWebKit/537.36 (KHTML, like Gecko; compatible; ClaudeBot/1.0; +claudebot@anthropic.com)"
47.128.16.175 - - [25/Jun/2026:15:20:50 +0300] "GET /public/index.php/images/haberler/2025/12/kuzey-kibris-turk-cumhuriyetindeki-kktc-en-yuksek-bina-y-1765199017.png HTTP/1.1" 302 238 "https://www.yeniistiklal.com/public/index.php" "Mozilla/5.0 (Linux; Android 5.0) AppleWebKit/537.36 (KHTML, like Gecko) Mobile Safari/537.36 (compatible; TikTokSpider; ttspider-feedback@tiktok.com)"
47.128.16.175 - - [25/Jun/2026:15:20:50 +0300] "GET /public/index.php/images/haberler/2025/11/aksa-kimin-aksa-enerjinin-sahibi-kimdir-y-1762258173.png HTTP/1.1" 302 238 "https://www.yeniistiklal.com/public/index.php" "Mozilla/5.0 (Linux; Android 5.0) AppleWebKit/537.36 (KHTML, like Gecko) Mobile Safari/537.36 (compatible; TikTokSpider; ttspider-feedback@tiktok.com)"
47.128.16.175 - - [25/Jun/2026:15:20:50 +0300] "GET /public/index.php/images/haberler/2025/10/kktcde-su-tesisatcisi-arayanlar-icin-oneriler-y-1760527324.png HTTP/1.1" 302 238 "https://www.yeniistiklal.com/public/index.php" "Mozilla/5.0 (Linux; Android 5.0) AppleWebKit/537.36 (KHTML, like Gecko) Mobile Safari/537.36 (compatible; TikTokSpider; ttspider-feedback@tiktok.com)"
47.128.16.175 - - [25/Jun/2026:15:20:50 +0300] "GET /public/index.php/images/haberler/2025/08/surucu-belgesi-yenileme-suresi-son-kez-uzatildi-y-1754022315.jpeg HTTP/1.1" 302 238 "https://www.yeniistiklal.com/public/index.php" "Mozilla/5.0 (Linux; Android 5.0) AppleWebKit/537.36 (KHTML, like Gecko) Mobile Safari/537.36 (compatible; TikTokSpider; ttspider-feedback@tiktok.com)"
65.109.100.157 - - [25/Jun/2026:15:20:41 +0300] "GET /haberler/meral-aksener-dislanmislar-her-partili-zenginler-ak-partili-269499 HTTP/1.1" 301 795 "-" "Mozilla/5.0 (compatible; SERankingBacklinksBot/1.0; +https://seranking.com/backlinks-crawler)"
65.109.100.157 - - [25/Jun/2026:15:20:41 +0300] "GET /haber/meral-aksener-dislanmislar-her-partili-zenginler-ak-partili-269499 HTTP/1.1" 302 219 "-" "Mozilla/5.0 (compatible; SERankingBacklinksBot/1.0; +https://seranking.com/backlinks-crawler)"
185.191.171.14 - - [25/Jun/2026:15:20:41 +0300] "GET /haber/malkara-belediyesi-eylul-ayi-meclis-toplantisi-gerceklestirildi-536134 HTTP/1.1" 200 13893 "-" "Mozilla/5.0 (compatible; SemrushBot/7~bl; +http://www.semrush.com/bot.html)"
65.109.100.157 - - [25/Jun/2026:15:20:41 +0300] "GET /404 HTTP/1.1" 302 215 "-" "Mozilla/5.0 (compatible; SERankingBacklinksBot/1.0; +https://seranking.com/backlinks-crawler)"
65.109.100.157 - - [25/Jun/2026:15:20:45 +0300] "GET /haber/meral-aksener-filenin-sultanlarina-destek-icin-belgrata-gitti-235238 HTTP/1.1" 302 219 "-" "Mozilla/5.0 (compatible; SERankingBacklinksBot/1.0; +https://seranking.com/backlinks-crawler)"
65.109.100.157 - - [25/Jun/2026:15:20:45 +0300] "GET /haber/meral-aksener-filenin-sultanlarina-destek-icin-belgrata-gitti-235238 HTTP/1.1" 302 219 "-" "Mozilla/5.0 (compatible; SERankingBacklinksBot/1.0; +https://seranking.com/backlinks-crawler)"
65.109.100.157 - - [25/Jun/2026:15:20:45 +0300] "GET /404 HTTP/1.1" 302 215 "-" "Mozilla/5.0 (compatible; SERankingBacklinksBot/1.0; +https://seranking.com/backlinks-crawler)"
65.109.100.157 - - [25/Jun/2026:15:20:45 +0300] "GET / HTTP/1.1" 200 17235 "-" "Mozilla/5.0 (compatible; SERankingBacklinksBot/1.0; +https://seranking.com/backlinks-crawler)"
185.191.171.5 - - [25/Jun/2026:15:20:46 +0300] "GET /haber/torbali-madimaki-andi-524866 HTTP/1.1" 200 14064 "-" "Mozilla/5.0 (compatible; SemrushBot/7~bl; +http://www.semrush.com/bot.html)"
85.208.96.202 - - [25/Jun/2026:15:20:47 +0300] "GET /haber/arda-kural-sarp-levendoglu-bana-baski-kurmaya-calisti-495261 HTTP/1.1" 200 14911 "-" "Mozilla/5.0 (compatible; SemrushBot/7~bl; +http://www.semrush.com/bot.html)"
49.12.89.24 - - [25/Jun/2026:15:20:48 +0300] "GET /magazin HTTP/1.1" 200 10481 "-" "Mozilla/5.0 (X11; Linux x86_64; rv:109.0) Gecko/20100101 Firefox/109.0"
216.73.217.71 - - [25/Jun/2026:15:20:49 +0300] "GET /haber/niluferde-saglikli-cevre-operasyonu-551734 HTTP/1.1" 200 13271 "-" "Mozilla/5.0 AppleWebKit/537.36 (KHTML, like Gecko; compatible; ClaudeBot/1.0; +claudebot@anthropic.com)"
65.109.100.157 - - [25/Jun/2026:15:20:49 +0300] "GET /404 HTTP/1.1" 302 215 "-" "Mozilla/5.0 (compatible; SERankingBacklinksBot/1.0; +https://seranking.com/backlinks-crawler)"
65.109.100.157 - - [25/Jun/2026:15:20:49 +0300] "GET / HTTP/1.1" 200 17216 "-" "Mozilla/5.0 (compatible; SERankingBacklinksBot/1.0; +https://seranking.com/backlinks-crawler)"
47.128.16.175 - - [25/Jun/2026:15:20:50 +0300] "GET /public/index.php/images/haberler/2025/12/survivor-2026-yarismacilari-tam-liste-y-1765786623.png HTTP/1.1" 302 238 "https://www.yeniistiklal.com/public/index.php" "Mozilla/5.0 (Linux; Android 5.0) AppleWebKit/537.36 (KHTML, like Gecko) Mobile Safari/537.36 (compatible; TikTokSpider; ttspider-feedback@tiktok.com)"
47.128.16.175 - - [25/Jun/2026:15:20:50 +0300] "GET /public/index.php/images/haberler/2025/08/piyasalar-sallaniyor-gram-altin-tarihi-zirvelere-kosuyor-y-1754648723.jpeg HTTP/1.1" 302 238 "https://www.yeniistiklal.com/public/index.php" "Mozilla/5.0 (Linux; Android 5.0) AppleWebKit/537.36 (KHTML, like Gecko) Mobile Safari/537.36 (compatible; TikTokSpider; ttspider-feedback@tiktok.com)"
47.128.16.175 - - [25/Jun/2026:15:20:50 +0300] "GET /public/index.php/images/firmalar HTTP/1.1" 302 238 "https://www.yeniistiklal.com/public/index.php" "Mozilla/5.0 (Linux; Android 5.0) AppleWebKit/537.36 (KHTML, like Gecko) Mobile Safari/537.36 (compatible; TikTokSpider; ttspider-feedback@tiktok.com)"
47.128.16.175 - - [25/Jun/2026:15:20:50 +0300] "GET /public/index.php/images/haberler/2025/08/altin-fiyatlarinda-son-durum-gram-ve-ceyrek-altin-ne-kadar-oldu-y-1754903378.jpeg HTTP/1.1" 302 238 "https://www.yeniistiklal.com/public/index.php" "Mozilla/5.0 (Linux; Android 5.0) AppleWebKit/537.36 (KHTML, like Gecko) Mobile Safari/537.36 (compatible; TikTokSpider; ttspider-feedback@tiktok.com)"
47.128.16.175 - - [25/Jun/2026:15:20:50 +0300] "GET /public/index.php/images/tn/2025/08/24-saat-boyunca-ac-kalirsak-ne-olur-1755454218.jpeg HTTP/1.1" 302 238 "https://www.yeniistiklal.com/public/index.php" "Mozilla/5.0 (Linux; Android 5.0) AppleWebKit/537.36 (KHTML, like Gecko) Mobile Safari/537.36 (compatible; TikTokSpider; ttspider-feedback@tiktok.com)"
47.128.16.175 - - [25/Jun/2026:15:20:50 +0300] "GET /public/index.php/images/tn/2025/11/canik-kime-ait-turkiyenin-global-silah-devi-1762258557.jpeg HTTP/1.1" 302 238 "https://www.yeniistiklal.com/public/index.php" "Mozilla/5.0 (Linux; Android 5.0) AppleWebKit/537.36 (KHTML, like Gecko) Mobile Safari/537.36 (compatible; TikTokSpider; ttspider-feedback@tiktok.com)"
47.128.16.175 - - [25/Jun/2026:15:20:50 +0300] "GET /public/index.php/images/haberler/2025/08/yavas-ve-bilincli-adimlarin-dansi-japon-yuruyusu-y-1754032734.jpeg HTTP/1.1" 302 238 "https://www.yeniistiklal.com/public/index.php" "Mozilla/5.0 (Linux; Android 5.0) AppleWebKit/537.36 (KHTML, like Gecko) Mobile Safari/537.36 (compatible; TikTokSpider; ttspider-feedback@tiktok.com)"
47.128.16.175 - - [25/Jun/2026:15:20:50 +0300] "GET /public/index.php/images/haberler/2025/08/yeni-tarifeler-petrol-piyasasini-nasil-etkiliyor-y-1754022979.jpeg HTTP/1.1" 302 238 "https://www.yeniistiklal.com/public/index.php" "Mozilla/5.0 (Linux; Android 5.0) AppleWebKit/537.36 (KHTML, like Gecko) Mobile Safari/537.36 (compatible; TikTokSpider; ttspider-feedback@tiktok.com)"
47.128.16.175 - - [25/Jun/2026:15:20:50 +0300] "GET /public/index.php/images/haberler/2025/08/serbest-piyasada-dolar-ve-euroda-son-durum-1754903576.jpeg HTTP/1.1" 302 238 "https://www.yeniistiklal.com/public/index.php" "Mozilla/5.0 (Linux; Android 5.0) AppleWebKit/537.36 (KHTML, like Gecko) Mobile Safari/537.36 (compatible; TikTokSpider; ttspider-feedback@tiktok.com)"
47.128.16.175 - - [25/Jun/2026:15:20:50 +0300] "GET /public/index.php/images/haberler/2025/08/kamu-iscileri-icin-zam-teklifinde-yeni-gelisme-1754022164.jpeg HTTP/1.1" 302 238 "https://www.yeniistiklal.com/public/index.php" "Mozilla/5.0 (Linux; Android 5.0) AppleWebKit/537.36 (KHTML, like Gecko) Mobile Safari/537.36 (compatible; TikTokSpider; ttspider-feedback@tiktok.com)"
47.128.16.175 - - [25/Jun/2026:15:20:50 +0300] "GET /public/index.php/images/haberler/2025/05/ercan-havalimani-girne-arasi-ulasim-kac-tl-y-1746706412.jpeg HTTP/1.1" 302 238 "https://www.yeniistiklal.com/public/index.php" "Mozilla/5.0 (Linux; Android 5.0) AppleWebKit/537.36 (KHTML, like Gecko) Mobile Safari/537.36 (compatible; TikTokSpider; ttspider-feedback@tiktok.com)"
47.128.16.175 - - [25/Jun/2026:15:20:50 +0300] "GET /public/index.php/images/haberler/2025/05/lefkosalefkegazimagusa-kibrista-kac-sehir-var-y-1746698952.jpeg HTTP/1.1" 302 238 "https://www.yeniistiklal.com/public/index.php" "Mozilla/5.0 (Linux; Android 5.0) AppleWebKit/537.36 (KHTML, like Gecko) Mobile Safari/537.36 (compatible; TikTokSpider; ttspider-feedback@tiktok.com)"
47.128.16.175 - - [25/Jun/2026:15:20:50 +0300] "GET /public/index.php/images/tn/2025/08/saclar-neden-beyazlar-yaslanmanin-gorunur-izi-ve-genetik-sirlari-1754209237.jpeg HTTP/1.1" 302 238 "https://www.yeniistiklal.com/public/index.php" "Mozilla/5.0 (Linux; Android 5.0) AppleWebKit/537.36 (KHTML, like Gecko) Mobile Safari/537.36 (compatible; TikTokSpider; ttspider-feedback@tiktok.com)"
47.128.16.175 - - [25/Jun/2026:15:20:50 +0300] "GET /public/index.php/images/haberler/2025/11/dunyanin-en-buyuk-dagi-hangisidir-everest-mi-mauna-kea-mi-y-1762260895.png HTTP/1.1" 302 238 "https://www.yeniistiklal.com/public/index.php" "Mozilla/5.0 (Linux; Android 5.0) AppleWebKit/537.36 (KHTML, like Gecko) Mobile Safari/537.36 (compatible; TikTokSpider; ttspider-feedback@tiktok.com)"
47.128.16.175 - - [25/Jun/2026:15:20:50 +0300] "GET /public/index.php/images/haberler/2025/05/son-dakika-kktc-serbest-piyasa-doviz-kurlari-26-mayis-2025-y-1748258647.jpeg HTTP/1.1" 302 238 "https://www.yeniistiklal.com/public/index.php" "Mozilla/5.0 (Linux; Android 5.0) AppleWebKit/537.36 (KHTML, like Gecko) Mobile Safari/537.36 (compatible; TikTokSpider; ttspider-feedback@tiktok.com)"
47.128.16.175 - - [25/Jun/2026:15:20:50 +0300] "GET /public/index.php/images/haberler/2025/10/kktc-doviz-kurlarindaki-son-durum-dolar-euro-sterlin-15-ekim-2025-1760527641.jpg HTTP/1.1" 302 238 "https://www.yeniistiklal.com/public/index.php" "Mozilla/5.0 (Linux; Android 5.0) AppleWebKit/537.36 (KHTML, like Gecko) Mobile Safari/537.36 (compatible; TikTokSpider; ttspider-feedback@tiktok.com)"
47.128.16.175 - - [25/Jun/2026:15:20:50 +0300] "GET /public/index.php/images/haberler/2025/08/gunes-yanigina-veda-edin-aciyi-dindiren-ev-yapimi-cozumler-y-1754642979.jpeg HTTP/1.1" 302 238 "https://www.yeniistiklal.com/public/index.php" "Mozilla/5.0 (Linux; Android 5.0) AppleWebKit/537.36 (KHTML, like Gecko) Mobile Safari/537.36 (compatible; TikTokSpider; ttspider-feedback@tiktok.com)"
47.128.16.175 - - [25/Jun/2026:15:20:50 +0300] "GET /public/index.php/images/transparent.gif HTTP/1.1" 302 238 "https://www.yeniistiklal.com/public/index.php" "Mozilla/5.0 (Linux; Android 5.0) AppleWebKit/537.36 (KHTML, like Gecko) Mobile Safari/537.36 (compatible; TikTokSpider; ttspider-feedback@tiktok.com)"
47.128.16.175 - - [25/Jun/2026:15:20:50 +0300] "GET /public/index.php/images/tn/2026/01/antalya-otelleri-1768456799.png HTTP/1.1" 302 238 "https://www.yeniistiklal.com/public/index.php" "Mozilla/5.0 (Linux; Android 5.0) AppleWebKit/537.36 (KHTML, like Gecko) Mobile Safari/537.36 (compatible; TikTokSpider; ttspider-feedback@tiktok.com)"
47.128.16.175 - - [25/Jun/2026:15:20:50 +0300] "GET /public/index.php/images/tn/2025/11/otokar-sahibi-kim-otokar-kime-ait-1762258385.jpeg HTTP/1.1" 302 238 "https://www.yeniistiklal.com/public/index.php" "Mozilla/5.0 (Linux; Android 5.0) AppleWebKit/537.36 (KHTML, like Gecko) Mobile Safari/537.36 (compatible; TikTokSpider; ttspider-feedback@tiktok.com)"
47.128.16.175 - - [25/Jun/2026:15:20:50 +0300] "GET /public/index.php/images/tn/2025/12/kuzey-kibris-turk-cumhuriyetindeki-kktc-en-yuksek-bina-1765199017.png HTTP/1.1" 302 238 "https://www.yeniistiklal.com/public/index.php" "Mozilla/5.0 (Linux; Android 5.0) AppleWebKit/537.36 (KHTML, like Gecko) Mobile Safari/537.36 (compatible; TikTokSpider; ttspider-feedback@tiktok.com)"
47.128.16.175 - - [25/Jun/2026:15:20:50 +0300] "GET /public/index.php/images/haberler/2025/05/super-ligde-35-hafta-hakemleri-belli-oldu-nefesler-tutuldu-y-1746707520.jpeg HTTP/1.1" 302 238 "https://www.yeniistiklal.com/public/index.php" "Mozilla/5.0 (Linux; Android 5.0) AppleWebKit/537.36 (KHTML, like Gecko) Mobile Safari/537.36 (compatible; TikTokSpider; ttspider-feedback@tiktok.com)"
47.128.16.175 - - [25/Jun/2026:15:20:50 +0300] "GET /public/index.php/images/haberler/2025/05/kibrista-dolar-euro-fiyalari-yok-artik-dedirtti-y-1746622070.jpeg HTTP/1.1" 302 238 "https://www.yeniistiklal.com/public/index.php" "Mozilla/5.0 (Linux; Android 5.0) AppleWebKit/537.36 (KHTML, like Gecko) Mobile Safari/537.36 (compatible; TikTokSpider; ttspider-feedback@tiktok.com)"
47.128.16.175 - - [25/Jun/2026:15:20:50 +0300] "GET /public/index.php/images/tn/2025/10/kktc-doviz-kurlarindaki-son-durum-dolar-euro-sterlin-15-ekim-2025-1760527641.jpg HTTP/1.1" 302 238 "https://www.yeniistiklal.com/public/index.php" "Mozilla/5.0 (Linux; Android 5.0) AppleWebKit/537.36 (KHTML, like Gecko) Mobile Safari/537.36 (compatible; TikTokSpider; ttspider-feedback@tiktok.com)"
47.128.16.175 - - [25/Jun/2026:15:20:50 +0300] "GET /public/index.php/images/haberler/2025/05/fenerbahce-beko-euroleaguede-sampiyon-oldu-y-1748258787.jpeg HTTP/1.1" 302 238 "https://www.yeniistiklal.com/public/index.php" "Mozilla/5.0 (Linux; Android 5.0) AppleWebKit/537.36 (KHTML, like Gecko) Mobile Safari/537.36 (compatible; TikTokSpider; ttspider-feedback@tiktok.com)"
47.128.16.175 - - [25/Jun/2026:15:20:50 +0300] "GET /public/index.php/images/tn/2025/10/kktcde-su-tesisatcisi-arayanlar-icin-oneriler-1760527324.png HTTP/1.1" 302 238 "https://www.yeniistiklal.com/public/index.php" "Mozilla/5.0 (Linux; Android 5.0) AppleWebKit/537.36 (KHTML, like Gecko) Mobile Safari/537.36 (compatible; TikTokSpider; ttspider-feedback@tiktok.com)"
47.128.16.175 - - [25/Jun/2026:15:20:50 +0300] "GET /public/index.php/images/tn/2025/05/hametan-merhem-2025-fiyatlari-1746092676.jpeg HTTP/1.1" 302 238 "https://www.yeniistiklal.com/public/index.php" "Mozilla/5.0 (Linux; Android 5.0) AppleWebKit/537.36 (KHTML, like Gecko) Mobile Safari/537.36 (compatible; TikTokSpider; ttspider-feedback@tiktok.com)"
47.128.16.175 - - [25/Jun/2026:15:20:50 +0300] "GET /public/index.php/images/tn/2025/08/yavas-ve-bilincli-adimlarin-dansi-japon-yuruyusu-1754032734.jpeg HTTP/1.1" 302 238 "https://www.yeniistiklal.com/public/index.php" "Mozilla/5.0 (Linux; Android 5.0) AppleWebKit/537.36 (KHTML, like Gecko) Mobile Safari/537.36 (compatible; TikTokSpider; ttspider-feedback@tiktok.com)"
47.128.16.175 - - [25/Jun/2026:15:20:50 +0300] "GET /public/index.php/images/haberler/2024/01/iddaa-analizi-nasil-yapilir-1706624003.png HTTP/1.1" 302 238 "https://www.yeniistiklal.com/public/index.php" "Mozilla/5.0 (Linux; Android 5.0) AppleWebKit/537.36 (KHTML, like Gecko) Mobile Safari/537.36 (compatible; TikTokSpider; ttspider-feedback@tiktok.com)"
47.128.16.175 - - [25/Jun/2026:15:20:50 +0300] "GET /public/index.php/images/haberler/2025/05/fenerbahce-beko-euroleaguede-sampiyon-oldu-1748258787.jpeg HTTP/1.1" 302 238 "https://www.yeniistiklal.com/public/index.php" "Mozilla/5.0 (Linux; Android 5.0) AppleWebKit/537.36 (KHTML, like Gecko) Mobile Safari/537.36 (compatible; TikTokSpider; ttspider-feedback@tiktok.com)"
47.128.16.175 - - [25/Jun/2026:15:20:50 +0300] "GET /public/index.php/images/haberler/2025/05/super-ligde-35-hafta-hakemleri-belli-oldu-nefesler-tutuldu-1746707520.jpeg HTTP/1.1" 302 238 "https://www.yeniistiklal.com/public/index.php" "Mozilla/5.0 (Linux; Android 5.0) AppleWebKit/537.36 (KHTML, like Gecko) Mobile Safari/537.36 (compatible; TikTokSpider; ttspider-feedback@tiktok.com)"
47.128.16.175 - - [25/Jun/2026:15:20:50 +0300] "GET /public/index.php/images/tn/2025/08/serbest-piyasada-dolar-ve-euroda-son-durum-1754903576.jpeg HTTP/1.1" 302 238 "https://www.yeniistiklal.com/public/index.php" "Mozilla/5.0 (Linux; Android 5.0) AppleWebKit/537.36 (KHTML, like Gecko) Mobile Safari/537.36 (compatible; TikTokSpider; ttspider-feedback@tiktok.com)"
47.128.16.175 - - [25/Jun/2026:15:20:50 +0300] "GET /public/index.php/images/haberler/2022/11/2022-dunya-kupasi-belcika-0-2-fas-1669566817.png HTTP/1.1" 302 238 "https://www.yeniistiklal.com/public/index.php" "Mozilla/5.0 (Linux; Android 5.0) AppleWebKit/537.36 (KHTML, like Gecko) Mobile Safari/537.36 (compatible; TikTokSpider; ttspider-feedback@tiktok.com)"
47.128.16.175 - - [25/Jun/2026:15:20:50 +0300] "GET /public/index.php/images/genel/15573935975cd3f0bd01cee.jpg HTTP/1.1" 302 238 "https://www.yeniistiklal.com/public/index.php" "Mozilla/5.0 (Linux; Android 5.0) AppleWebKit/537.36 (KHTML, like Gecko) Mobile Safari/537.36 (compatible; TikTokSpider; ttspider-feedback@tiktok.com)"
47.128.16.175 - - [25/Jun/2026:15:20:50 +0300] "GET /public/index.php/images/tn/2025/08/altin-fiyatlarinda-son-durum-gram-ve-ceyrek-altin-ne-kadar-oldu-1754903378.jpeg HTTP/1.1" 302 238 "https://www.yeniistiklal.com/public/index.php" "Mozilla/5.0 (Linux; Android 5.0) AppleWebKit/537.36 (KHTML, like Gecko) Mobile Safari/537.36 (compatible; TikTokSpider; ttspider-feedback@tiktok.com)"
47.128.16.175 - - [25/Jun/2026:15:20:50 +0300] "GET /public/index.php/images/tn/2026/01/yaz-firsatlari-1768457002.png HTTP/1.1" 302 238 "https://www.yeniistiklal.com/public/index.php" "Mozilla/5.0 (Linux; Android 5.0) AppleWebKit/537.36 (KHTML, like Gecko) Mobile Safari/537.36 (compatible; TikTokSpider; ttspider-feedback@tiktok.com)"
47.128.16.175 - - [25/Jun/2026:15:20:50 +0300] "GET /public/index.php/images/tn/2025/11/hurda-fiyatlari-2025-hurda-bakir-aluminyum-kablo-fiyatlari-1762255122.png HTTP/1.1" 302 238 "https://www.yeniistiklal.com/public/index.php" "Mozilla/5.0 (Linux; Android 5.0) AppleWebKit/537.36 (KHTML, like Gecko) Mobile Safari/537.36 (compatible; TikTokSpider; ttspider-feedback@tiktok.com)"
47.128.16.175 - - [25/Jun/2026:15:20:50 +0300] "GET /public/index.php/images/tn/2026/01/bodrum-otelleri-1768456675.png HTTP/1.1" 302 238 "https://www.yeniistiklal.com/public/index.php" "Mozilla/5.0 (Linux; Android 5.0) AppleWebKit/537.36 (KHTML, like Gecko) Mobile Safari/537.36 (compatible; TikTokSpider; ttspider-feedback@tiktok.com)"
47.128.16.175 - - [25/Jun/2026:15:20:50 +0300] "GET /public/index.php/images/tn/2025/05/maca-cayi-nedir-1746249155.jpeg HTTP/1.1" 302 238 "https://www.yeniistiklal.com/public/index.php" "Mozilla/5.0 (Linux; Android 5.0) AppleWebKit/537.36 (KHTML, like Gecko) Mobile Safari/537.36 (compatible; TikTokSpider; ttspider-feedback@tiktok.com)"
47.128.16.175 - - [25/Jun/2026:15:20:50 +0300] "GET /public/index.php/images/tn/2026/06/brow-lift-ve-kas-kaldirma-tedavilerinde-dogal-gorunum-1782279698.jpeg HTTP/1.1" 302 238 "https://www.yeniistiklal.com/public/index.php" "Mozilla/5.0 (Linux; Android 5.0) AppleWebKit/537.36 (KHTML, like Gecko) Mobile Safari/537.36 (compatible; TikTokSpider; ttspider-feedback@tiktok.com)"
47.128.16.175 - - [25/Jun/2026:15:20:50 +0300] "GET /public/index.php/images/tn/2026/06/sialendoskopi-tukuruk-bezi-hastaliklarinda-ameliyatsiz-cozum-1782285429.jpg HTTP/1.1" 302 238 "https://www.yeniistiklal.com/public/index.php" "Mozilla/5.0 (Linux; Android 5.0) AppleWebKit/537.36 (KHTML, like Gecko) Mobile Safari/537.36 (compatible; TikTokSpider; ttspider-feedback@tiktok.com)"
47.128.16.175 - - [25/Jun/2026:15:20:50 +0300] "GET /public/index.php/images/tn/2026/06/azerbaycan-tip-yok-denklik-sartlari-2026-turkiyede-gecerlilik-rehberi-1782368718.jpeg HTTP/1.1" 302 238 "https://www.yeniistiklal.com/public/index.php" "Mozilla/5.0 (Linux; Android 5.0) AppleWebKit/537.36 (KHTML, like Gecko) Mobile Safari/537.36 (compatible; TikTokSpider; ttspider-feedback@tiktok.com)"
47.128.16.175 - - [25/Jun/2026:15:20:50 +0300] "GET /public/index.php/images/firmalar/besiktas-su-tesisatcisi-hizmetleri-1717325782.jpg HTTP/1.1" 302 238 "https://www.yeniistiklal.com/public/index.php" "Mozilla/5.0 (Linux; Android 5.0) AppleWebKit/537.36 (KHTML, like Gecko) Mobile Safari/537.36 (compatible; TikTokSpider; ttspider-feedback@tiktok.com)"
47.128.16.175 - - [25/Jun/2026:15:20:50 +0300] "GET /public/index.php/images/tn/2026/06/gozluk-ve-lens-kullananlar-yaz-aylarinda-lazer-goz-ameliyatini-daha-fazla-merak-ediyor-1782227846.jpeg HTTP/1.1" 302 238 "https://www.yeniistiklal.com/public/index.php" "Mozilla/5.0 (Linux; Android 5.0) AppleWebKit/537.36 (KHTML, like Gecko) Mobile Safari/537.36 (compatible; TikTokSpider; ttspider-feedback@tiktok.com)"
47.128.16.175 - - [25/Jun/2026:15:20:50 +0300] "GET /public/index.php/images/firmalar/deha-patent-anonim-sirketi-1729864745.jpg HTTP/1.1" 302 238 "https://www.yeniistiklal.com/public/index.php" "Mozilla/5.0 (Linux; Android 5.0) AppleWebKit/537.36 (KHTML, like Gecko) Mobile Safari/537.36 (compatible; TikTokSpider; ttspider-feedback@tiktok.com)"
47.128.16.175 - - [25/Jun/2026:15:20:50 +0300] "GET /public/index.php/images/haberler/2025/07/genc-yetenek-naim-saruhan-donmez-1461-trabzon-fk-formasi-giyecek-1752003597.jpeg HTTP/1.1" 302 238 "https://www.yeniistiklal.com/public/index.php" "Mozilla/5.0 (Linux; Android 5.0) AppleWebKit/537.36 (KHTML, like Gecko) Mobile Safari/537.36 (compatible; TikTokSpider; ttspider-feedback@tiktok.com)"
47.128.16.175 - - [25/Jun/2026:15:20:50 +0300] "GET /public/index.php/images/biyografiler/2018/12/mustafa-kemal-ataturk-1544884661.jpg HTTP/1.1" 302 238 "https://www.yeniistiklal.com/public/index.php" "Mozilla/5.0 (Linux; Android 5.0) AppleWebKit/537.36 (KHTML, like Gecko) Mobile Safari/537.36 (compatible; TikTokSpider; ttspider-feedback@tiktok.com)"
47.128.16.175 - - [25/Jun/2026:15:20:50 +0300] "GET /public/index.php/images/tn/2026/06/ankarada-buz-lazer-epilasyon-kimler-icin-uygundur-1782368772.jpeg HTTP/1.1" 302 238 "https://www.yeniistiklal.com/public/index.php" "Mozilla/5.0 (Linux; Android 5.0) AppleWebKit/537.36 (KHTML, like Gecko) Mobile Safari/537.36 (compatible; TikTokSpider; ttspider-feedback@tiktok.com)"
47.128.16.175 - - [25/Jun/2026:15:20:50 +0300] "GET /public/index.php/images/haberler/2023/07/filenin-sultanlari-milletler-liginde-sampiyon-oldu-1689595616.png HTTP/1.1" 302 238 "https://www.yeniistiklal.com/public/index.php" "Mozilla/5.0 (Linux; Android 5.0) AppleWebKit/537.36 (KHTML, like Gecko) Mobile Safari/537.36 (compatible; TikTokSpider; ttspider-feedback@tiktok.com)"
47.128.16.175 - - [25/Jun/2026:15:20:50 +0300] "GET /public/index.php/images/haberler/2025/08/24-saat-boyunca-ac-kalirsak-ne-olur-1755454218.jpeg HTTP/1.1" 302 238 "https://www.yeniistiklal.com/public/index.php" "Mozilla/5.0 (Linux; Android 5.0) AppleWebKit/537.36 (KHTML, like Gecko) Mobile Safari/537.36 (compatible; TikTokSpider; ttspider-feedback@tiktok.com)"
47.128.16.175 - - [25/Jun/2026:15:20:50 +0300] "GET /public/index.php/images/haberler/2025/12/400-bin-tlnin-aylik-getirisi-nedir-1765788558.jpeg HTTP/1.1" 302 238 "https://www.yeniistiklal.com/public/index.php" "Mozilla/5.0 (Linux; Android 5.0) AppleWebKit/537.36 (KHTML, like Gecko) Mobile Safari/537.36 (compatible; TikTokSpider; ttspider-feedback@tiktok.com)"
47.128.16.175 - - [25/Jun/2026:15:20:50 +0300] "GET /public/index.php/images/haberler/2025/04/fenerbahce-galatasaray-derbisi-ne-zaman-saat-kacta-hangi-kanalda-1743588323.jpeg HTTP/1.1" 302 238 "https://www.yeniistiklal.com/public/index.php" "Mozilla/5.0 (Linux; Android 5.0) AppleWebKit/537.36 (KHTML, like Gecko) Mobile Safari/537.36 (compatible; TikTokSpider; ttspider-feedback@tiktok.com)"
47.128.16.175 - - [25/Jun/2026:15:20:50 +0300] "GET /public/index.php/404 HTTP/1.1" 302 232 "https://www.yeniistiklal.com/public/index.php" "Mozilla/5.0 (Linux; Android 5.0) AppleWebKit/537.36 (KHTML, like Gecko) Mobile Safari/537.36 (compatible; TikTokSpider; ttspider-feedback@tiktok.com)"
47.128.16.175 - - [25/Jun/2026:15:20:51 +0300] "GET /public/index.php/404 HTTP/1.1" 302 232 "https://www.yeniistiklal.com/public/index.php" "Mozilla/5.0 (Linux; Android 5.0) AppleWebKit/537.36 (KHTML, like Gecko) Mobile Safari/537.36 (compatible; TikTokSpider; ttspider-feedback@tiktok.com)"
87.250.224.226 - - [25/Jun/2026:15:20:51 +0300] "GET /public/rss/genel-0 HTTP/1.1" 200 196873 "-" "Mozilla/5.0 (compatible; YandexBot/3.0; +http://yandex.com/bots)"
47.128.16.175 - - [25/Jun/2026:15:20:51 +0300] "GET /public/index.php/404 HTTP/1.1" 302 232 "https://www.yeniistiklal.com/public/index.php" "Mozilla/5.0 (Linux; Android 5.0) AppleWebKit/537.36 (KHTML, like Gecko) Mobile Safari/537.36 (compatible; TikTokSpider; ttspider-feedback@tiktok.com)"
47.128.16.175 - - [25/Jun/2026:15:20:52 +0300] "GET /public/index.php/404 HTTP/1.1" 302 232 "https://www.yeniistiklal.com/public/index.php" "Mozilla/5.0 (Linux; Android 5.0) AppleWebKit/537.36 (KHTML, like Gecko) Mobile Safari/537.36 (compatible; TikTokSpider; ttspider-feedback@tiktok.com)"
