142.93.143.8 - - [25/Jun/2026:20:21:37 +0300] "GET / HTTP/1.1" 200 124 "-" "Mozilla/5.0 (l9scan/2.0.633313e2337313e27363e2237313; +https://leakix.net)"
68.183.9.16 - - [25/Jun/2026:20:21:38 +0300] "GET / HTTP/1.1" 200 17378 "-" "Mozilla/5.0 (l9scan/2.0.633313e2337313e27363e2237313; +https://leakix.net)"
157.230.19.140 - - [25/Jun/2026:20:21:38 +0300] "GET /console/ HTTP/1.1" 301 795 "-" "Mozilla/5.0 (l9scan/2.0.838313e20333e21323e2430313; +https://leakix.net)"
64.227.32.66 - - [25/Jun/2026:20:21:39 +0300] "GET /server HTTP/1.1" 302 219 "-" "Mozilla/5.0 (l9scan/2.0.633313e2337313e27363e2237313; +https://leakix.net)"
209.38.248.17 - - [25/Jun/2026:20:21:39 +0300] "GET /server HTTP/1.1" 302 219 "-" "Mozilla/5.0 (l9scan/2.0.838313e20333e21323e2430313; +https://leakix.net)"
142.93.143.8 - - [25/Jun/2026:20:21:39 +0300] "GET /server HTTP/1.1" 200 124 "-" "Mozilla/5.0 (l9scan/2.0.633313e2337313e27363e2237313; +https://leakix.net)"
68.183.9.16 - - [25/Jun/2026:20:21:40 +0300] "GET /server HTTP/1.1" 302 224 "-" "Mozilla/5.0 (l9scan/2.0.633313e2337313e27363e2237313; +https://leakix.net)"
167.99.210.137 - - [25/Jun/2026:20:21:40 +0300] "GET /server-status HTTP/1.1" 200 124 "-" "Mozilla/5.0 (l9scan/2.0.838313e20333e21323e2430313; +https://leakix.net)"
157.230.19.140 - - [25/Jun/2026:20:21:40 +0300] "GET /server-status HTTP/1.1" 302 224 "-" "Mozilla/5.0 (l9scan/2.0.838313e20333e21323e2430313; +https://leakix.net)"
142.93.143.8 - - [25/Jun/2026:20:21:41 +0300] "GET /about HTTP/1.1" 200 124 "-" "Mozilla/5.0 (l9scan/2.0.633313e2337313e27363e2237313; +https://leakix.net)"
64.227.32.66 - - [25/Jun/2026:20:21:42 +0300] "GET /about HTTP/1.1" 302 219 "-" "Mozilla/5.0 (l9scan/2.0.633313e2337313e27363e2237313; +https://leakix.net)"
216.244.66.230 - - [25/Jun/2026:20:21:38 +0300] "GET /haber/muge-anlida-aci-itiraf-meliha-ozsunun-katili-ortaya-cikti-yayin-sonra-sok-tutuklama-454821 HTTP/1.1" 302 219 "-" "Mozilla/5.0 (compatible; DotBot/1.2; +https://opensiteexplorer.org/dotbot; help@moz.com)"
68.183.9.16 - - [25/Jun/2026:20:21:39 +0300] "GET /console/ HTTP/1.1" 301 795 "-" "Mozilla/5.0 (l9scan/2.0.633313e2337313e27363e2237313; +https://leakix.net)"
142.93.143.8 - - [25/Jun/2026:20:21:39 +0300] "GET /console/ HTTP/1.1" 301 795 "-" "Mozilla/5.0 (l9scan/2.0.633313e2337313e27363e2237313; +https://leakix.net)"
167.99.210.137 - - [25/Jun/2026:20:21:39 +0300] "GET /server HTTP/1.1" 200 124 "-" "Mozilla/5.0 (l9scan/2.0.838313e20333e21323e2430313; +https://leakix.net)"
157.230.19.140 - - [25/Jun/2026:20:21:39 +0300] "GET /server HTTP/1.1" 302 224 "-" "Mozilla/5.0 (l9scan/2.0.838313e20333e21323e2430313; +https://leakix.net)"
64.227.32.66 - - [25/Jun/2026:20:21:40 +0300] "GET /server-status HTTP/1.1" 302 219 "-" "Mozilla/5.0 (l9scan/2.0.633313e2337313e27363e2237313; +https://leakix.net)"
209.38.248.17 - - [25/Jun/2026:20:21:40 +0300] "GET /server-status HTTP/1.1" 302 219 "-" "Mozilla/5.0 (l9scan/2.0.838313e20333e21323e2430313; +https://leakix.net)"
142.93.143.8 - - [25/Jun/2026:20:21:40 +0300] "GET /server-status HTTP/1.1" 200 124 "-" "Mozilla/5.0 (l9scan/2.0.633313e2337313e27363e2237313; +https://leakix.net)"
68.183.9.16 - - [25/Jun/2026:20:21:41 +0300] "GET /server-status HTTP/1.1" 302 224 "-" "Mozilla/5.0 (l9scan/2.0.633313e2337313e27363e2237313; +https://leakix.net)"
167.99.210.137 - - [25/Jun/2026:20:21:41 +0300] "GET /about HTTP/1.1" 200 124 "-" "Mozilla/5.0 (l9scan/2.0.838313e20333e21323e2430313; +https://leakix.net)"
2400:6180:100:d0::89e:2001 - - [25/Jun/2026:20:21:42 +0300] "GET / HTTP/1.1" 200 17306 "-" "Mozilla/5.0 (l9scan/2.0.36265613a353138363a3a353330333a303037343a363036323; +https://leakix.net)"
209.38.248.17 - - [25/Jun/2026:20:21:42 +0300] "GET /about HTTP/1.1" 302 219 "-" "Mozilla/5.0 (l9scan/2.0.838313e20333e21323e2430313; +https://leakix.net)"
142.93.143.8 - - [25/Jun/2026:20:21:42 +0300] "GET /login.action HTTP/1.1" 200 124 "-" "Mozilla/5.0 (l9scan/2.0.633313e2337313e27363e2237313; +https://leakix.net)"
68.183.9.16 - - [25/Jun/2026:20:21:43 +0300] "GET /about HTTP/1.1" 302 224 "-" "Mozilla/5.0 (l9scan/2.0.633313e2337313e27363e2237313; +https://leakix.net)"
64.227.32.66 - - [25/Jun/2026:20:21:43 +0300] "GET /login.action HTTP/1.1" 302 219 "-" "Mozilla/5.0 (l9scan/2.0.633313e2337313e27363e2237313; +https://leakix.net)"
209.38.248.17 - - [25/Jun/2026:20:21:43 +0300] "GET /login.action HTTP/1.1" 302 219 "-" "Mozilla/5.0 (l9scan/2.0.838313e20333e21323e2430313; +https://leakix.net)"
167.99.210.137 - - [25/Jun/2026:20:21:43 +0300] "GET /___proxy_subdomain_cpanel HTTP/1.1" 200 124 "-" "Mozilla/5.0 (l9scan/2.0.838313e20333e21323e2430313; +https://leakix.net)"
142.93.143.8 - - [25/Jun/2026:20:21:43 +0300] "GET / HTTP/1.1" 200 124 "-" "Mozilla/5.0 (l9scan/2.0.633313e2337313e27363e2237313; +https://leakix.net)"
142.93.143.8 - - [25/Jun/2026:20:21:44 +0300] "GET /___proxy_subdomain_whm/login HTTP/1.1" 302 225 "-" "Mozilla/5.0 (l9scan/2.0.633313e2337313e27363e2237313; +https://leakix.net)"
68.183.9.16 - - [25/Jun/2026:20:21:44 +0300] "GET /login.action HTTP/1.1" 302 224 "-" "Mozilla/5.0 (l9scan/2.0.633313e2337313e27363e2237313; +https://leakix.net)"
142.93.143.8 - - [25/Jun/2026:20:21:44 +0300] "GET /___proxy_subdomain_cpanel HTTP/1.1" 200 124 "-" "Mozilla/5.0 (l9scan/2.0.633313e2337313e27363e2237313; +https://leakix.net)"
142.93.143.8 - - [25/Jun/2026:20:21:44 +0300] "GET /v2/_catalog HTTP/1.1" 302 225 "-" "Mozilla/5.0 (l9scan/2.0.633313e2337313e27363e2237313; +https://leakix.net)"
209.38.248.17 - - [25/Jun/2026:20:21:45 +0300] "GET /___proxy_subdomain_whm/login HTTP/1.1" 302 219 "-" "Mozilla/5.0 (l9scan/2.0.838313e20333e21323e2430313; +https://leakix.net)"
167.99.210.137 - - [25/Jun/2026:20:21:45 +0300] "GET /.DS_Store HTTP/1.1" 200 6148 "-" "Mozilla/5.0 (l9scan/2.0.838313e20333e21323e2430313; +https://leakix.net)"
167.99.210.137 - - [25/Jun/2026:20:21:42 +0300] "GET /login.action HTTP/1.1" 200 124 "-" "Mozilla/5.0 (l9scan/2.0.838313e20333e21323e2430313; +https://leakix.net)"
157.230.19.140 - - [25/Jun/2026:20:21:42 +0300] "GET /about HTTP/1.1" 302 224 "-" "Mozilla/5.0 (l9scan/2.0.838313e20333e21323e2430313; +https://leakix.net)"
167.99.210.137 - - [25/Jun/2026:20:21:43 +0300] "GET / HTTP/1.1" 200 124 "-" "Mozilla/5.0 (l9scan/2.0.838313e20333e21323e2430313; +https://leakix.net)"
167.99.210.137 - - [25/Jun/2026:20:21:43 +0300] "GET /___proxy_subdomain_whm/login HTTP/1.1" 302 225 "-" "Mozilla/5.0 (l9scan/2.0.838313e20333e21323e2430313; +https://leakix.net)"
157.230.19.140 - - [25/Jun/2026:20:21:43 +0300] "GET /login.action HTTP/1.1" 302 224 "-" "Mozilla/5.0 (l9scan/2.0.838313e20333e21323e2430313; +https://leakix.net)"
64.227.32.66 - - [25/Jun/2026:20:21:44 +0300] "GET / HTTP/1.1" 200 17303 "-" "Mozilla/5.0 (l9scan/2.0.633313e2337313e27363e2237313; +https://leakix.net)"
167.99.210.137 - - [25/Jun/2026:20:21:44 +0300] "GET /v2/_catalog HTTP/1.1" 302 225 "-" "Mozilla/5.0 (l9scan/2.0.838313e20333e21323e2430313; +https://leakix.net)"
209.38.248.17 - - [25/Jun/2026:20:21:44 +0300] "GET / HTTP/1.1" 200 17306 "-" "Mozilla/5.0 (l9scan/2.0.838313e20333e21323e2430313; +https://leakix.net)"
64.227.32.66 - - [25/Jun/2026:20:21:45 +0300] "GET /___proxy_subdomain_whm/login HTTP/1.1" 302 219 "-" "Mozilla/5.0 (l9scan/2.0.633313e2337313e27363e2237313; +https://leakix.net)"
167.99.210.137 - - [25/Jun/2026:20:21:45 +0300] "GET /assets/.DS_Store HTTP/1.1" 200 6148 "-" "Mozilla/5.0 (l9scan/2.0.838313e20333e21323e2430313; +https://leakix.net)"
157.230.19.140 - - [25/Jun/2026:20:21:44 +0300] "GET / HTTP/1.1" 200 17362 "-" "Mozilla/5.0 (l9scan/2.0.838313e20333e21323e2430313; +https://leakix.net)"
142.93.143.8 - - [25/Jun/2026:20:21:45 +0300] "GET /.DS_Store HTTP/1.1" 200 6148 "-" "Mozilla/5.0 (l9scan/2.0.633313e2337313e27363e2237313; +https://leakix.net)"
157.230.19.140 - - [25/Jun/2026:20:21:45 +0300] "GET /___proxy_subdomain_whm/login HTTP/1.1" 302 224 "-" "Mozilla/5.0 (l9scan/2.0.838313e20333e21323e2430313; +https://leakix.net)"
157.230.19.140 - - [25/Jun/2026:20:21:46 +0300] "GET /v2/_catalog HTTP/1.1" 302 224 "-" "Mozilla/5.0 (l9scan/2.0.838313e20333e21323e2430313; +https://leakix.net)"
209.38.248.17 - - [25/Jun/2026:20:21:46 +0300] "GET /assets/.DS_Store HTTP/1.1" 200 6148 "-" "Mozilla/5.0 (l9scan/2.0.838313e20333e21323e2430313; +https://leakix.net)"
167.99.210.137 - - [25/Jun/2026:20:21:46 +0300] "GET /images/biyografiler/.DS_Store HTTP/1.1" 302 225 "-" "Mozilla/5.0 (l9scan/2.0.838313e20333e21323e2430313; +https://leakix.net)"
64.227.32.66 - - [25/Jun/2026:20:21:46 +0300] "GET /.DS_Store HTTP/1.1" 200 6148 "-" "Mozilla/5.0 (l9scan/2.0.633313e2337313e27363e2237313; +https://leakix.net)"
142.93.143.8 - - [25/Jun/2026:20:21:47 +0300] "GET /images/.DS_Store HTTP/1.1" 200 10244 "-" "Mozilla/5.0 (l9scan/2.0.633313e2337313e27363e2237313; +https://leakix.net)"
157.230.19.140 - - [25/Jun/2026:20:21:47 +0300] "GET /.DS_Store HTTP/1.1" 200 6148 "-" "Mozilla/5.0 (l9scan/2.0.838313e20333e21323e2430313; +https://leakix.net)"
209.38.248.17 - - [25/Jun/2026:20:21:46 +0300] "GET /assets/backend/.DS_Store HTTP/1.1" 302 219 "-" "Mozilla/5.0 (l9scan/2.0.838313e20333e21323e2430313; +https://leakix.net)"
64.227.32.66 - - [25/Jun/2026:20:21:47 +0300] "GET /assets/backend/.DS_Store HTTP/1.1" 302 219 "-" "Mozilla/5.0 (l9scan/2.0.633313e2337313e27363e2237313; +https://leakix.net)"
142.93.143.8 - - [25/Jun/2026:20:21:47 +0300] "GET /images/biyografiler/.DS_Store HTTP/1.1" 302 225 "-" "Mozilla/5.0 (l9scan/2.0.633313e2337313e27363e2237313; +https://leakix.net)"
64.227.32.66 - - [25/Jun/2026:20:21:47 +0300] "GET /assets/frontend/.DS_Store HTTP/1.1" 200 6147 "-" "Mozilla/5.0 (l9scan/2.0.633313e2337313e27363e2237313; +https://leakix.net)"
68.183.9.16 - - [25/Jun/2026:20:21:47 +0300] "GET /.DS_Store HTTP/1.1" 200 6148 "-" "Mozilla/5.0 (l9scan/2.0.633313e2337313e27363e2237313; +https://leakix.net)"
209.38.248.17 - - [25/Jun/2026:20:21:45 +0300] "GET /___proxy_subdomain_cpanel HTTP/1.1" 302 219 "-" "Mozilla/5.0 (l9scan/2.0.838313e20333e21323e2430313; +https://leakix.net)"
64.227.32.66 - - [25/Jun/2026:20:21:45 +0300] "GET /___proxy_subdomain_cpanel HTTP/1.1" 302 219 "-" "Mozilla/5.0 (l9scan/2.0.633313e2337313e27363e2237313; +https://leakix.net)"
142.93.143.8 - - [25/Jun/2026:20:21:46 +0300] "GET /assets/.DS_Store HTTP/1.1" 200 6148 "-" "Mozilla/5.0 (l9scan/2.0.633313e2337313e27363e2237313; +https://leakix.net)"
167.99.210.137 - - [25/Jun/2026:20:21:45 +0300] "GET /assets/backend/.DS_Store HTTP/1.1" 302 225 "-" "Mozilla/5.0 (l9scan/2.0.838313e20333e21323e2430313; +https://leakix.net)"
68.183.9.16 - - [25/Jun/2026:20:21:45 +0300] "GET / HTTP/1.1" 200 17389 "-" "Mozilla/5.0 (l9scan/2.0.633313e2337313e27363e2237313; +https://leakix.net)"
167.99.210.137 - - [25/Jun/2026:20:21:46 +0300] "GET /assets/frontend/.DS_Store HTTP/1.1" 200 6147 "-" "Mozilla/5.0 (l9scan/2.0.838313e20333e21323e2430313; +https://leakix.net)"
64.227.32.66 - - [25/Jun/2026:20:21:45 +0300] "GET /v2/_catalog HTTP/1.1" 302 219 "-" "Mozilla/5.0 (l9scan/2.0.633313e2337313e27363e2237313; +https://leakix.net)"
209.38.248.17 - - [25/Jun/2026:20:21:45 +0300] "GET /v2/_catalog HTTP/1.1" 302 219 "-" "Mozilla/5.0 (l9scan/2.0.838313e20333e21323e2430313; +https://leakix.net)"
68.183.9.16 - - [25/Jun/2026:20:21:46 +0300] "GET /___proxy_subdomain_whm/login HTTP/1.1" 302 224 "-" "Mozilla/5.0 (l9scan/2.0.633313e2337313e27363e2237313; +https://leakix.net)"
157.230.19.140 - - [25/Jun/2026:20:21:46 +0300] "GET /___proxy_subdomain_cpanel HTTP/1.1" 302 224 "-" "Mozilla/5.0 (l9scan/2.0.838313e20333e21323e2430313; +https://leakix.net)"
167.99.210.137 - - [25/Jun/2026:20:21:46 +0300] "GET /css/.DS_Store HTTP/1.1" 302 225 "-" "Mozilla/5.0 (l9scan/2.0.838313e20333e21323e2430313; +https://leakix.net)"
167.99.210.137 - - [25/Jun/2026:20:21:46 +0300] "GET /images/.DS_Store HTTP/1.1" 200 10244 "-" "Mozilla/5.0 (l9scan/2.0.838313e20333e21323e2430313; +https://leakix.net)"
142.93.143.8 - - [25/Jun/2026:20:21:46 +0300] "GET /assets/backend/.DS_Store HTTP/1.1" 302 225 "-" "Mozilla/5.0 (l9scan/2.0.633313e2337313e27363e2237313; +https://leakix.net)"
142.93.143.8 - - [25/Jun/2026:20:21:46 +0300] "GET /assets/frontend/.DS_Store HTTP/1.1" 200 6147 "-" "Mozilla/5.0 (l9scan/2.0.633313e2337313e27363e2237313; +https://leakix.net)"
68.183.9.16 - - [25/Jun/2026:20:21:46 +0300] "GET /___proxy_subdomain_cpanel HTTP/1.1" 302 224 "-" "Mozilla/5.0 (l9scan/2.0.633313e2337313e27363e2237313; +https://leakix.net)"
209.38.248.17 - - [25/Jun/2026:20:21:46 +0300] "GET /.DS_Store HTTP/1.1" 200 6148 "-" "Mozilla/5.0 (l9scan/2.0.838313e20333e21323e2430313; +https://leakix.net)"
142.93.143.8 - - [25/Jun/2026:20:21:46 +0300] "GET /css/.DS_Store HTTP/1.1" 302 225 "-" "Mozilla/5.0 (l9scan/2.0.633313e2337313e27363e2237313; +https://leakix.net)"
64.227.32.66 - - [25/Jun/2026:20:21:47 +0300] "GET /assets/.DS_Store HTTP/1.1" 200 6148 "-" "Mozilla/5.0 (l9scan/2.0.633313e2337313e27363e2237313; +https://leakix.net)"
68.183.9.16 - - [25/Jun/2026:20:21:46 +0300] "GET /v2/_catalog HTTP/1.1" 302 224 "-" "Mozilla/5.0 (l9scan/2.0.633313e2337313e27363e2237313; +https://leakix.net)"
167.99.210.137 - - [25/Jun/2026:20:21:47 +0300] "GET /images/doktorlar/.DS_Store HTTP/1.1" 302 225 "-" "Mozilla/5.0 (l9scan/2.0.838313e20333e21323e2430313; +https://leakix.net)"
157.230.19.140 - - [25/Jun/2026:20:21:47 +0300] "GET /assets/.DS_Store HTTP/1.1" 200 6148 "-" "Mozilla/5.0 (l9scan/2.0.838313e20333e21323e2430313; +https://leakix.net)"
209.38.248.17 - - [25/Jun/2026:20:21:47 +0300] "GET /assets/frontend/.DS_Store HTTP/1.1" 200 6147 "-" "Mozilla/5.0 (l9scan/2.0.838313e20333e21323e2430313; +https://leakix.net)"
142.93.143.8 - - [25/Jun/2026:20:21:48 +0300] "GET /images/edergi/.DS_Store HTTP/1.1" 302 225 "-" "Mozilla/5.0 (l9scan/2.0.633313e2337313e27363e2237313; +https://leakix.net)"
68.183.9.16 - - [25/Jun/2026:20:21:47 +0300] "GET /assets/.DS_Store HTTP/1.1" 200 6148 "-" "Mozilla/5.0 (l9scan/2.0.633313e2337313e27363e2237313; +https://leakix.net)"
167.99.210.137 - - [25/Jun/2026:20:21:47 +0300] "GET /images/edergi/.DS_Store HTTP/1.1" 302 225 "-" "Mozilla/5.0 (l9scan/2.0.838313e20333e21323e2430313; +https://leakix.net)"
157.230.19.140 - - [25/Jun/2026:20:21:47 +0300] "GET /assets/backend/.DS_Store HTTP/1.1" 302 224 "-" "Mozilla/5.0 (l9scan/2.0.838313e20333e21323e2430313; +https://leakix.net)"
157.230.19.140 - - [25/Jun/2026:20:21:48 +0300] "GET /assets/frontend/.DS_Store HTTP/1.1" 200 6147 "-" "Mozilla/5.0 (l9scan/2.0.838313e20333e21323e2430313; +https://leakix.net)"
209.38.248.17 - - [25/Jun/2026:20:21:47 +0300] "GET /css/.DS_Store HTTP/1.1" 302 219 "-" "Mozilla/5.0 (l9scan/2.0.838313e20333e21323e2430313; +https://leakix.net)"
209.38.248.17 - - [25/Jun/2026:20:21:48 +0300] "GET /images/.DS_Store HTTP/1.1" 200 10244 "-" "Mozilla/5.0 (l9scan/2.0.838313e20333e21323e2430313; +https://leakix.net)"
142.93.143.8 - - [25/Jun/2026:20:21:47 +0300] "GET /images/doktorlar/.DS_Store HTTP/1.1" 302 225 "-" "Mozilla/5.0 (l9scan/2.0.633313e2337313e27363e2237313; +https://leakix.net)"
64.227.32.66 - - [25/Jun/2026:20:21:47 +0300] "GET /css/.DS_Store HTTP/1.1" 302 219 "-" "Mozilla/5.0 (l9scan/2.0.633313e2337313e27363e2237313; +https://leakix.net)"
64.227.32.66 - - [25/Jun/2026:20:21:48 +0300] "GET /images/.DS_Store HTTP/1.1" 200 10244 "-" "Mozilla/5.0 (l9scan/2.0.633313e2337313e27363e2237313; +https://leakix.net)"
68.183.9.16 - - [25/Jun/2026:20:21:47 +0300] "GET /assets/backend/.DS_Store HTTP/1.1" 302 224 "-" "Mozilla/5.0 (l9scan/2.0.633313e2337313e27363e2237313; +https://leakix.net)"
68.183.9.16 - - [25/Jun/2026:20:21:48 +0300] "GET /assets/frontend/.DS_Store HTTP/1.1" 200 6147 "-" "Mozilla/5.0 (l9scan/2.0.633313e2337313e27363e2237313; +https://leakix.net)"
167.99.210.137 - - [25/Jun/2026:20:21:47 +0300] "GET /images/egazete/.DS_Store HTTP/1.1" 302 225 "-" "Mozilla/5.0 (l9scan/2.0.838313e20333e21323e2430313; +https://leakix.net)"
157.230.19.140 - - [25/Jun/2026:20:21:48 +0300] "GET /css/.DS_Store HTTP/1.1" 302 224 "-" "Mozilla/5.0 (l9scan/2.0.838313e20333e21323e2430313; +https://leakix.net)"
157.230.19.140 - - [25/Jun/2026:20:21:48 +0300] "GET /images/.DS_Store HTTP/1.1" 200 10244 "-" "Mozilla/5.0 (l9scan/2.0.838313e20333e21323e2430313; +https://leakix.net)"
209.38.248.17 - - [25/Jun/2026:20:21:48 +0300] "GET /images/biyografiler/.DS_Store HTTP/1.1" 302 219 "-" "Mozilla/5.0 (l9scan/2.0.838313e20333e21323e2430313; +https://leakix.net)"
68.183.9.16 - - [25/Jun/2026:20:21:48 +0300] "GET /css/.DS_Store HTTP/1.1" 302 224 "-" "Mozilla/5.0 (l9scan/2.0.633313e2337313e27363e2237313; +https://leakix.net)"
167.99.210.137 - - [25/Jun/2026:20:21:48 +0300] "GET /images/etkinlikler/.DS_Store HTTP/1.1" 302 225 "-" "Mozilla/5.0 (l9scan/2.0.838313e20333e21323e2430313; +https://leakix.net)"
157.230.19.140 - - [25/Jun/2026:20:21:48 +0300] "GET /images/biyografiler/.DS_Store HTTP/1.1" 302 224 "-" "Mozilla/5.0 (l9scan/2.0.838313e20333e21323e2430313; +https://leakix.net)"
68.183.9.16 - - [25/Jun/2026:20:21:48 +0300] "GET /images/.DS_Store HTTP/1.1" 200 10244 "-" "Mozilla/5.0 (l9scan/2.0.633313e2337313e27363e2237313; +https://leakix.net)"
142.93.143.8 - - [25/Jun/2026:20:21:48 +0300] "GET /images/egazeteresim/.DS_Store HTTP/1.1" 302 225 "-" "Mozilla/5.0 (l9scan/2.0.633313e2337313e27363e2237313; +https://leakix.net)"
209.38.248.17 - - [25/Jun/2026:20:21:48 +0300] "GET /images/doktorlar/.DS_Store HTTP/1.1" 302 219 "-" "Mozilla/5.0 (l9scan/2.0.838313e20333e21323e2430313; +https://leakix.net)"
64.227.32.66 - - [25/Jun/2026:20:21:48 +0300] "GET /images/doktorlar/.DS_Store HTTP/1.1" 302 219 "-" "Mozilla/5.0 (l9scan/2.0.633313e2337313e27363e2237313; +https://leakix.net)"
167.99.210.137 - - [25/Jun/2026:20:21:48 +0300] "GET /images/firmalar/.DS_Store HTTP/1.1" 302 225 "-" "Mozilla/5.0 (l9scan/2.0.838313e20333e21323e2430313; +https://leakix.net)"
167.99.210.137 - - [25/Jun/2026:20:21:48 +0300] "GET /images/egazeteresim/.DS_Store HTTP/1.1" 302 225 "-" "Mozilla/5.0 (l9scan/2.0.838313e20333e21323e2430313; +https://leakix.net)"
142.93.143.8 - - [25/Jun/2026:20:21:48 +0300] "GET /images/egazete/.DS_Store HTTP/1.1" 302 225 "-" "Mozilla/5.0 (l9scan/2.0.633313e2337313e27363e2237313; +https://leakix.net)"
64.227.32.66 - - [25/Jun/2026:20:21:48 +0300] "GET /images/biyografiler/.DS_Store HTTP/1.1" 302 219 "-" "Mozilla/5.0 (l9scan/2.0.633313e2337313e27363e2237313; +https://leakix.net)"
142.93.143.8 - - [25/Jun/2026:20:21:49 +0300] "GET /images/etkinlikler/.DS_Store HTTP/1.1" 302 225 "-" "Mozilla/5.0 (l9scan/2.0.633313e2337313e27363e2237313; +https://leakix.net)"
209.38.248.17 - - [25/Jun/2026:20:21:49 +0300] "GET /images/edergi/.DS_Store HTTP/1.1" 302 219 "-" "Mozilla/5.0 (l9scan/2.0.838313e20333e21323e2430313; +https://leakix.net)"
64.227.32.66 - - [25/Jun/2026:20:21:49 +0300] "GET /images/edergi/.DS_Store HTTP/1.1" 302 219 "-" "Mozilla/5.0 (l9scan/2.0.633313e2337313e27363e2237313; +https://leakix.net)"
167.99.210.137 - - [25/Jun/2026:20:21:49 +0300] "GET /images/galeriler/.DS_Store HTTP/1.1" 302 225 "-" "Mozilla/5.0 (l9scan/2.0.838313e20333e21323e2430313; +https://leakix.net)"
68.183.9.16 - - [25/Jun/2026:20:21:49 +0300] "GET /images/doktorlar/.DS_Store HTTP/1.1" 302 224 "-" "Mozilla/5.0 (l9scan/2.0.633313e2337313e27363e2237313; +https://leakix.net)"
157.230.19.140 - - [25/Jun/2026:20:21:49 +0300] "GET /images/edergi/.DS_Store HTTP/1.1" 302 224 "-" "Mozilla/5.0 (l9scan/2.0.838313e20333e21323e2430313; +https://leakix.net)"
142.93.143.8 - - [25/Jun/2026:20:21:49 +0300] "GET /images/firmalar/.DS_Store HTTP/1.1" 302 225 "-" "Mozilla/5.0 (l9scan/2.0.633313e2337313e27363e2237313; +https://leakix.net)"
64.227.32.66 - - [25/Jun/2026:20:21:49 +0300] "GET /images/egazete/.DS_Store HTTP/1.1" 302 219 "-" "Mozilla/5.0 (l9scan/2.0.633313e2337313e27363e2237313; +https://leakix.net)"
209.38.248.17 - - [25/Jun/2026:20:21:50 +0300] "GET /images/etkinlikler/.DS_Store HTTP/1.1" 302 219 "-" "Mozilla/5.0 (l9scan/2.0.838313e20333e21323e2430313; +https://leakix.net)"
167.99.210.137 - - [25/Jun/2026:20:21:49 +0300] "GET /images/galeriresim/.DS_Store HTTP/1.1" 302 225 "-" "Mozilla/5.0 (l9scan/2.0.838313e20333e21323e2430313; +https://leakix.net)"
157.230.19.140 - - [25/Jun/2026:20:21:50 +0300] "GET /images/egazete/.DS_Store HTTP/1.1" 302 224 "-" "Mozilla/5.0 (l9scan/2.0.838313e20333e21323e2430313; +https://leakix.net)"
64.227.32.66 - - [25/Jun/2026:20:21:50 +0300] "GET /images/egazeteresim/.DS_Store HTTP/1.1" 302 219 "-" "Mozilla/5.0 (l9scan/2.0.633313e2337313e27363e2237313; +https://leakix.net)"
142.93.143.8 - - [25/Jun/2026:20:21:50 +0300] "GET /images/galeriresim/.DS_Store HTTP/1.1" 302 225 "-" "Mozilla/5.0 (l9scan/2.0.633313e2337313e27363e2237313; +https://leakix.net)"
157.230.19.140 - - [25/Jun/2026:20:21:51 +0300] "GET /images/egazeteresim/.DS_Store HTTP/1.1" 302 224 "-" "Mozilla/5.0 (l9scan/2.0.838313e20333e21323e2430313; +https://leakix.net)"
68.183.9.16 - - [25/Jun/2026:20:21:50 +0300] "GET /images/etkinlikler/.DS_Store HTTP/1.1" 302 224 "-" "Mozilla/5.0 (l9scan/2.0.633313e2337313e27363e2237313; +https://leakix.net)"
142.93.143.8 - - [25/Jun/2026:20:21:51 +0300] "GET /images/genel/.DS_Store HTTP/1.1" 302 225 "-" "Mozilla/5.0 (l9scan/2.0.633313e2337313e27363e2237313; +https://leakix.net)"
64.227.32.66 - - [25/Jun/2026:20:21:51 +0300] "GET /images/etkinlikler/.DS_Store HTTP/1.1" 302 219 "-" "Mozilla/5.0 (l9scan/2.0.633313e2337313e27363e2237313; +https://leakix.net)"
167.99.210.137 - - [25/Jun/2026:20:21:51 +0300] "GET /images/genel/.DS_Store HTTP/1.1" 302 225 "-" "Mozilla/5.0 (l9scan/2.0.838313e20333e21323e2430313; +https://leakix.net)"
216.244.66.230 - - [25/Jun/2026:20:21:50 +0300] "GET /haber/cumhurbaskani-recep-tayyip-erdogan-chp-genel-baskani-kemal-kilicdarogluna-actigi-tazminat-davalarindan-kac-tanesini-kazandi-465995 HTTP/1.1" 302 219 "-" "Mozilla/5.0 (compatible; DotBot/1.2; +https://opensiteexplorer.org/dotbot; help@moz.com)"
157.230.19.140 - - [25/Jun/2026:20:21:49 +0300] "GET /images/doktorlar/.DS_Store HTTP/1.1" 302 224 "-" "Mozilla/5.0 (l9scan/2.0.838313e20333e21323e2430313; +https://leakix.net)"
68.183.9.16 - - [25/Jun/2026:20:21:49 +0300] "GET /images/biyografiler/.DS_Store HTTP/1.1" 302 224 "-" "Mozilla/5.0 (l9scan/2.0.633313e2337313e27363e2237313; +https://leakix.net)"
209.38.248.17 - - [25/Jun/2026:20:21:49 +0300] "GET /images/egazete/.DS_Store HTTP/1.1" 302 219 "-" "Mozilla/5.0 (l9scan/2.0.838313e20333e21323e2430313; +https://leakix.net)"
209.38.248.17 - - [25/Jun/2026:20:21:49 +0300] "GET /images/egazeteresim/.DS_Store HTTP/1.1" 302 219 "-" "Mozilla/5.0 (l9scan/2.0.838313e20333e21323e2430313; +https://leakix.net)"
68.183.9.16 - - [25/Jun/2026:20:21:49 +0300] "GET /images/edergi/.DS_Store HTTP/1.1" 302 224 "-" "Mozilla/5.0 (l9scan/2.0.633313e2337313e27363e2237313; +https://leakix.net)"
68.183.9.16 - - [25/Jun/2026:20:21:50 +0300] "GET /images/egazete/.DS_Store HTTP/1.1" 302 224 "-" "Mozilla/5.0 (l9scan/2.0.633313e2337313e27363e2237313; +https://leakix.net)"
142.93.143.8 - - [25/Jun/2026:20:21:50 +0300] "GET /images/galeriler/.DS_Store HTTP/1.1" 302 225 "-" "Mozilla/5.0 (l9scan/2.0.633313e2337313e27363e2237313; +https://leakix.net)"
68.183.9.16 - - [25/Jun/2026:20:21:50 +0300] "GET /images/egazeteresim/.DS_Store HTTP/1.1" 302 224 "-" "Mozilla/5.0 (l9scan/2.0.633313e2337313e27363e2237313; +https://leakix.net)"
209.38.248.17 - - [25/Jun/2026:20:21:51 +0300] "GET /images/firmalar/.DS_Store HTTP/1.1" 302 219 "-" "Mozilla/5.0 (l9scan/2.0.838313e20333e21323e2430313; +https://leakix.net)"
68.183.9.16 - - [25/Jun/2026:20:21:51 +0300] "GET /images/firmalar/.DS_Store HTTP/1.1" 302 224 "-" "Mozilla/5.0 (l9scan/2.0.633313e2337313e27363e2237313; +https://leakix.net)"
157.230.19.140 - - [25/Jun/2026:20:21:51 +0300] "GET /images/etkinlikler/.DS_Store HTTP/1.1" 302 224 "-" "Mozilla/5.0 (l9scan/2.0.838313e20333e21323e2430313; +https://leakix.net)"
209.38.248.17 - - [25/Jun/2026:20:21:52 +0300] "GET /images/galeriresim/.DS_Store HTTP/1.1" 302 219 "-" "Mozilla/5.0 (l9scan/2.0.838313e20333e21323e2430313; +https://leakix.net)"
167.99.210.137 - - [25/Jun/2026:20:21:52 +0300] "GET /images/haberler/.DS_Store HTTP/1.1" 302 225 "-" "Mozilla/5.0 (l9scan/2.0.838313e20333e21323e2430313; +https://leakix.net)"
157.230.19.140 - - [25/Jun/2026:20:21:52 +0300] "GET /images/firmalar/.DS_Store HTTP/1.1" 302 224 "-" "Mozilla/5.0 (l9scan/2.0.838313e20333e21323e2430313; +https://leakix.net)"
142.93.143.8 - - [25/Jun/2026:20:21:52 +0300] "GET /images/havadurumu/.DS_Store HTTP/1.1" 302 225 "-" "Mozilla/5.0 (l9scan/2.0.633313e2337313e27363e2237313; +https://leakix.net)"
209.38.248.17 - - [25/Jun/2026:20:21:52 +0300] "GET /images/genel/.DS_Store HTTP/1.1" 302 219 "-" "Mozilla/5.0 (l9scan/2.0.838313e20333e21323e2430313; +https://leakix.net)"
142.93.143.8 - - [25/Jun/2026:20:21:52 +0300] "GET /images/ilanlar/.DS_Store HTTP/1.1" 302 225 "-" "Mozilla/5.0 (l9scan/2.0.633313e2337313e27363e2237313; +https://leakix.net)"
209.38.248.17 - - [25/Jun/2026:20:21:53 +0300] "GET /images/haberler/.DS_Store HTTP/1.1" 302 219 "-" "Mozilla/5.0 (l9scan/2.0.838313e20333e21323e2430313; +https://leakix.net)"
167.99.210.137 - - [25/Jun/2026:20:21:53 +0300] "GET /images/kullanicilar/.DS_Store HTTP/1.1" 302 225 "-" "Mozilla/5.0 (l9scan/2.0.838313e20333e21323e2430313; +https://leakix.net)"
68.183.9.16 - - [25/Jun/2026:20:21:53 +0300] "GET /images/genel/.DS_Store HTTP/1.1" 302 224 "-" "Mozilla/5.0 (l9scan/2.0.633313e2337313e27363e2237313; +https://leakix.net)"
167.99.210.137 - - [25/Jun/2026:20:21:53 +0300] "GET /images/makaleler/.DS_Store HTTP/1.1" 302 225 "-" "Mozilla/5.0 (l9scan/2.0.838313e20333e21323e2430313; +https://leakix.net)"
142.93.143.8 - - [25/Jun/2026:20:21:54 +0300] "GET /images/makaleler/.DS_Store HTTP/1.1" 302 225 "-" "Mozilla/5.0 (l9scan/2.0.633313e2337313e27363e2237313; +https://leakix.net)"
209.38.248.17 - - [25/Jun/2026:20:21:54 +0300] "GET /images/kullanicilar/.DS_Store HTTP/1.1" 302 219 "-" "Mozilla/5.0 (l9scan/2.0.838313e20333e21323e2430313; +https://leakix.net)"
209.38.248.17 - - [25/Jun/2026:20:21:51 +0300] "GET /images/galeriler/.DS_Store HTTP/1.1" 302 219 "-" "Mozilla/5.0 (l9scan/2.0.838313e20333e21323e2430313; +https://leakix.net)"
142.93.143.8 - - [25/Jun/2026:20:21:51 +0300] "GET /images/haberler/.DS_Store HTTP/1.1" 302 225 "-" "Mozilla/5.0 (l9scan/2.0.633313e2337313e27363e2237313; +https://leakix.net)"
64.227.32.66 - - [25/Jun/2026:20:21:51 +0300] "GET /images/firmalar/.DS_Store HTTP/1.1" 302 219 "-" "Mozilla/5.0 (l9scan/2.0.633313e2337313e27363e2237313; +https://leakix.net)"
167.99.210.137 - - [25/Jun/2026:20:21:52 +0300] "GET /images/havadurumu/.DS_Store HTTP/1.1" 302 225 "-" "Mozilla/5.0 (l9scan/2.0.838313e20333e21323e2430313; +https://leakix.net)"
68.183.9.16 - - [25/Jun/2026:20:21:52 +0300] "GET /images/galeriler/.DS_Store HTTP/1.1" 302 224 "-" "Mozilla/5.0 (l9scan/2.0.633313e2337313e27363e2237313; +https://leakix.net)"
157.230.19.140 - - [25/Jun/2026:20:21:52 +0300] "GET /images/galeriler/.DS_Store HTTP/1.1" 302 224 "-" "Mozilla/5.0 (l9scan/2.0.838313e20333e21323e2430313; +https://leakix.net)"
64.227.32.66 - - [25/Jun/2026:20:21:52 +0300] "GET /images/galeriler/.DS_Store HTTP/1.1" 302 219 "-" "Mozilla/5.0 (l9scan/2.0.633313e2337313e27363e2237313; +https://leakix.net)"
167.99.210.137 - - [25/Jun/2026:20:21:52 +0300] "GET /images/ilanlar/.DS_Store HTTP/1.1" 302 225 "-" "Mozilla/5.0 (l9scan/2.0.838313e20333e21323e2430313; +https://leakix.net)"
68.183.9.16 - - [25/Jun/2026:20:21:52 +0300] "GET /images/galeriresim/.DS_Store HTTP/1.1" 302 224 "-" "Mozilla/5.0 (l9scan/2.0.633313e2337313e27363e2237313; +https://leakix.net)"
209.38.248.17 - - [25/Jun/2026:20:21:53 +0300] "GET /images/havadurumu/.DS_Store HTTP/1.1" 302 219 "-" "Mozilla/5.0 (l9scan/2.0.838313e20333e21323e2430313; +https://leakix.net)"
64.227.32.66 - - [25/Jun/2026:20:21:53 +0300] "GET /images/galeriresim/.DS_Store HTTP/1.1" 302 219 "-" "Mozilla/5.0 (l9scan/2.0.633313e2337313e27363e2237313; +https://leakix.net)"
142.93.143.8 - - [25/Jun/2026:20:21:53 +0300] "GET /images/kullanicilar/.DS_Store HTTP/1.1" 302 225 "-" "Mozilla/5.0 (l9scan/2.0.633313e2337313e27363e2237313; +https://leakix.net)"
157.230.19.140 - - [25/Jun/2026:20:21:53 +0300] "GET /images/galeriresim/.DS_Store HTTP/1.1" 302 224 "-" "Mozilla/5.0 (l9scan/2.0.838313e20333e21323e2430313; +https://leakix.net)"
209.38.248.17 - - [25/Jun/2026:20:21:54 +0300] "GET /images/ilanlar/.DS_Store HTTP/1.1" 302 219 "-" "Mozilla/5.0 (l9scan/2.0.838313e20333e21323e2430313; +https://leakix.net)"
64.227.32.66 - - [25/Jun/2026:20:21:54 +0300] "GET /images/genel/.DS_Store HTTP/1.1" 302 219 "-" "Mozilla/5.0 (l9scan/2.0.633313e2337313e27363e2237313; +https://leakix.net)"
157.230.19.140 - - [25/Jun/2026:20:21:54 +0300] "GET /images/genel/.DS_Store HTTP/1.1" 302 224 "-" "Mozilla/5.0 (l9scan/2.0.838313e20333e21323e2430313; +https://leakix.net)"
68.183.9.16 - - [25/Jun/2026:20:21:54 +0300] "GET /images/haberler/.DS_Store HTTP/1.1" 302 224 "-" "Mozilla/5.0 (l9scan/2.0.633313e2337313e27363e2237313; +https://leakix.net)"
64.227.32.66 - - [25/Jun/2026:20:21:54 +0300] "GET /images/haberler/.DS_Store HTTP/1.1" 302 219 "-" "Mozilla/5.0 (l9scan/2.0.633313e2337313e27363e2237313; +https://leakix.net)"
167.99.210.137 - - [25/Jun/2026:20:21:54 +0300] "GET /images/reklamlar/.DS_Store HTTP/1.1" 302 225 "-" "Mozilla/5.0 (l9scan/2.0.838313e20333e21323e2430313; +https://leakix.net)"
68.183.9.16 - - [25/Jun/2026:20:21:54 +0300] "GET /images/havadurumu/.DS_Store HTTP/1.1" 302 224 "-" "Mozilla/5.0 (l9scan/2.0.633313e2337313e27363e2237313; +https://leakix.net)"
142.93.143.8 - - [25/Jun/2026:20:21:54 +0300] "GET /images/reklamlar/.DS_Store HTTP/1.1" 302 225 "-" "Mozilla/5.0 (l9scan/2.0.633313e2337313e27363e2237313; +https://leakix.net)"
167.99.210.137 - - [25/Jun/2026:20:21:55 +0300] "GET /images/roportajlar/.DS_Store HTTP/1.1" 302 225 "-" "Mozilla/5.0 (l9scan/2.0.838313e20333e21323e2430313; +https://leakix.net)"
167.99.210.137 - - [25/Jun/2026:20:21:55 +0300] "GET /images/taziyeler/.DS_Store HTTP/1.1" 302 225 "-" "Mozilla/5.0 (l9scan/2.0.838313e20333e21323e2430313; +https://leakix.net)"
157.230.19.140 - - [25/Jun/2026:20:21:54 +0300] "GET /images/haberler/.DS_Store HTTP/1.1" 302 224 "-" "Mozilla/5.0 (l9scan/2.0.838313e20333e21323e2430313; +https://leakix.net)"
209.38.248.17 - - [25/Jun/2026:20:21:55 +0300] "GET /images/makaleler/.DS_Store HTTP/1.1" 302 219 "-" "Mozilla/5.0 (l9scan/2.0.838313e20333e21323e2430313; +https://leakix.net)"
157.230.19.140 - - [25/Jun/2026:20:21:55 +0300] "GET /images/havadurumu/.DS_Store HTTP/1.1" 302 224 "-" "Mozilla/5.0 (l9scan/2.0.838313e20333e21323e2430313; +https://leakix.net)"
64.227.32.66 - - [25/Jun/2026:20:21:55 +0300] "GET /images/havadurumu/.DS_Store HTTP/1.1" 302 219 "-" "Mozilla/5.0 (l9scan/2.0.633313e2337313e27363e2237313; +https://leakix.net)"
68.183.9.16 - - [25/Jun/2026:20:21:55 +0300] "GET /images/ilanlar/.DS_Store HTTP/1.1" 302 224 "-" "Mozilla/5.0 (l9scan/2.0.633313e2337313e27363e2237313; +https://leakix.net)"
157.230.19.140 - - [25/Jun/2026:20:21:55 +0300] "GET /images/ilanlar/.DS_Store HTTP/1.1" 302 224 "-" "Mozilla/5.0 (l9scan/2.0.838313e20333e21323e2430313; +https://leakix.net)"
142.93.143.8 - - [25/Jun/2026:20:21:55 +0300] "GET /images/roportajlar/.DS_Store HTTP/1.1" 302 225 "-" "Mozilla/5.0 (l9scan/2.0.633313e2337313e27363e2237313; +https://leakix.net)"
167.99.210.137 - - [25/Jun/2026:20:21:55 +0300] "GET /images/tn/.DS_Store HTTP/1.1" 302 225 "-" "Mozilla/5.0 (l9scan/2.0.838313e20333e21323e2430313; +https://leakix.net)"
64.227.32.66 - - [25/Jun/2026:20:21:55 +0300] "GET /images/ilanlar/.DS_Store HTTP/1.1" 302 219 "-" "Mozilla/5.0 (l9scan/2.0.633313e2337313e27363e2237313; +https://leakix.net)"
209.38.248.17 - - [25/Jun/2026:20:21:56 +0300] "GET /images/taziyeler/.DS_Store HTTP/1.1" 302 219 "-" "Mozilla/5.0 (l9scan/2.0.838313e20333e21323e2430313; +https://leakix.net)"
142.93.143.8 - - [25/Jun/2026:20:21:56 +0300] "GET /images/tn/.DS_Store HTTP/1.1" 302 225 "-" "Mozilla/5.0 (l9scan/2.0.633313e2337313e27363e2237313; +https://leakix.net)"
209.38.248.17 - - [25/Jun/2026:20:21:57 +0300] "GET /images/tn/.DS_Store HTTP/1.1" 302 219 "-" "Mozilla/5.0 (l9scan/2.0.838313e20333e21323e2430313; +https://leakix.net)"
157.230.19.140 - - [25/Jun/2026:20:21:57 +0300] "GET /images/roportajlar/.DS_Store HTTP/1.1" 302 224 "-" "Mozilla/5.0 (l9scan/2.0.838313e20333e21323e2430313; +https://leakix.net)"
64.227.32.66 - - [25/Jun/2026:20:21:57 +0300] "GET /images/reklamlar/.DS_Store HTTP/1.1" 302 219 "-" "Mozilla/5.0 (l9scan/2.0.633313e2337313e27363e2237313; +https://leakix.net)"
68.183.9.16 - - [25/Jun/2026:20:21:57 +0300] "GET /images/roportajlar/.DS_Store HTTP/1.1" 302 224 "-" "Mozilla/5.0 (l9scan/2.0.633313e2337313e27363e2237313; +https://leakix.net)"
142.93.143.8 - - [25/Jun/2026:20:21:57 +0300] "GET /js/.DS_Store HTTP/1.1" 302 225 "-" "Mozilla/5.0 (l9scan/2.0.633313e2337313e27363e2237313; +https://leakix.net)"
157.230.19.140 - - [25/Jun/2026:20:21:57 +0300] "GET /images/taziyeler/.DS_Store HTTP/1.1" 302 224 "-" "Mozilla/5.0 (l9scan/2.0.838313e20333e21323e2430313; +https://leakix.net)"
68.183.9.16 - - [25/Jun/2026:20:21:58 +0300] "GET /images/taziyeler/.DS_Store HTTP/1.1" 302 224 "-" "Mozilla/5.0 (l9scan/2.0.633313e2337313e27363e2237313; +https://leakix.net)"
209.38.248.17 - - [25/Jun/2026:20:21:58 +0300] "GET /js/.DS_Store HTTP/1.1" 302 219 "-" "Mozilla/5.0 (l9scan/2.0.838313e20333e21323e2430313; +https://leakix.net)"
64.227.32.66 - - [25/Jun/2026:20:21:57 +0300] "GET /images/roportajlar/.DS_Store HTTP/1.1" 302 219 "-" "Mozilla/5.0 (l9scan/2.0.633313e2337313e27363e2237313; +https://leakix.net)"
142.93.143.8 - - [25/Jun/2026:20:21:58 +0300] "GET /.env HTTP/1.1" 200 124 "-" "Mozilla/5.0 (l9scan/2.0.633313e2337313e27363e2237313; +https://leakix.net)"
68.183.9.16 - - [25/Jun/2026:20:21:58 +0300] "GET /images/tn/.DS_Store HTTP/1.1" 302 224 "-" "Mozilla/5.0 (l9scan/2.0.633313e2337313e27363e2237313; +https://leakix.net)"
209.38.248.17 - - [25/Jun/2026:20:21:58 +0300] "GET /json/.DS_Store HTTP/1.1" 302 219 "-" "Mozilla/5.0 (l9scan/2.0.838313e20333e21323e2430313; +https://leakix.net)"
209.38.248.17 - - [25/Jun/2026:20:21:55 +0300] "GET /images/reklamlar/.DS_Store HTTP/1.1" 302 219 "-" "Mozilla/5.0 (l9scan/2.0.838313e20333e21323e2430313; +https://leakix.net)"
209.38.248.17 - - [25/Jun/2026:20:21:55 +0300] "GET /images/roportajlar/.DS_Store HTTP/1.1" 302 219 "-" "Mozilla/5.0 (l9scan/2.0.838313e20333e21323e2430313; +https://leakix.net)"
68.183.9.16 - - [25/Jun/2026:20:21:56 +0300] "GET /images/kullanicilar/.DS_Store HTTP/1.1" 302 224 "-" "Mozilla/5.0 (l9scan/2.0.633313e2337313e27363e2237313; +https://leakix.net)"
157.230.19.140 - - [25/Jun/2026:20:21:56 +0300] "GET /images/kullanicilar/.DS_Store HTTP/1.1" 302 224 "-" "Mozilla/5.0 (l9scan/2.0.838313e20333e21323e2430313; +https://leakix.net)"
142.93.143.8 - - [25/Jun/2026:20:21:56 +0300] "GET /images/taziyeler/.DS_Store HTTP/1.1" 302 225 "-" "Mozilla/5.0 (l9scan/2.0.633313e2337313e27363e2237313; +https://leakix.net)"
68.183.9.16 - - [25/Jun/2026:20:21:56 +0300] "GET /images/makaleler/.DS_Store HTTP/1.1" 302 224 "-" "Mozilla/5.0 (l9scan/2.0.633313e2337313e27363e2237313; +https://leakix.net)"
167.99.210.137 - - [25/Jun/2026:20:21:56 +0300] "GET /images/videolar/.DS_Store HTTP/1.1" 302 225 "-" "Mozilla/5.0 (l9scan/2.0.838313e20333e21323e2430313; +https://leakix.net)"
157.230.19.140 - - [25/Jun/2026:20:21:56 +0300] "GET /images/makaleler/.DS_Store HTTP/1.1" 302 224 "-" "Mozilla/5.0 (l9scan/2.0.838313e20333e21323e2430313; +https://leakix.net)"
64.227.32.66 - - [25/Jun/2026:20:21:56 +0300] "GET /images/kullanicilar/.DS_Store HTTP/1.1" 302 219 "-" "Mozilla/5.0 (l9scan/2.0.633313e2337313e27363e2237313; +https://leakix.net)"
68.183.9.16 - - [25/Jun/2026:20:21:56 +0300] "GET /images/reklamlar/.DS_Store HTTP/1.1" 302 224 "-" "Mozilla/5.0 (l9scan/2.0.633313e2337313e27363e2237313; +https://leakix.net)"
167.99.210.137 - - [25/Jun/2026:20:21:56 +0300] "GET /js/.DS_Store HTTP/1.1" 302 225 "-" "Mozilla/5.0 (l9scan/2.0.838313e20333e21323e2430313; +https://leakix.net)"
157.230.19.140 - - [25/Jun/2026:20:21:56 +0300] "GET /images/reklamlar/.DS_Store HTTP/1.1" 302 224 "-" "Mozilla/5.0 (l9scan/2.0.838313e20333e21323e2430313; +https://leakix.net)"
167.99.210.137 - - [25/Jun/2026:20:21:57 +0300] "GET /json/.DS_Store HTTP/1.1" 302 225 "-" "Mozilla/5.0 (l9scan/2.0.838313e20333e21323e2430313; +https://leakix.net)"
64.227.32.66 - - [25/Jun/2026:20:21:56 +0300] "GET /images/makaleler/.DS_Store HTTP/1.1" 302 219 "-" "Mozilla/5.0 (l9scan/2.0.633313e2337313e27363e2237313; +https://leakix.net)"
142.93.143.8 - - [25/Jun/2026:20:21:57 +0300] "GET /images/videolar/.DS_Store HTTP/1.1" 302 225 "-" "Mozilla/5.0 (l9scan/2.0.633313e2337313e27363e2237313; +https://leakix.net)"
167.99.210.137 - - [25/Jun/2026:20:21:57 +0300] "GET /.env HTTP/1.1" 200 124 "-" "Mozilla/5.0 (l9scan/2.0.838313e20333e21323e2430313; +https://leakix.net)"
209.38.248.17 - - [25/Jun/2026:20:21:57 +0300] "GET /images/videolar/.DS_Store HTTP/1.1" 302 219 "-" "Mozilla/5.0 (l9scan/2.0.838313e20333e21323e2430313; +https://leakix.net)"
142.93.143.8 - - [25/Jun/2026:20:21:58 +0300] "GET /json/.DS_Store HTTP/1.1" 302 225 "-" "Mozilla/5.0 (l9scan/2.0.633313e2337313e27363e2237313; +https://leakix.net)"
157.230.19.140 - - [25/Jun/2026:20:21:58 +0300] "GET /images/tn/.DS_Store HTTP/1.1" 302 224 "-" "Mozilla/5.0 (l9scan/2.0.838313e20333e21323e2430313; +https://leakix.net)"
157.230.19.140 - - [25/Jun/2026:20:21:58 +0300] "GET /images/videolar/.DS_Store HTTP/1.1" 302 224 "-" "Mozilla/5.0 (l9scan/2.0.838313e20333e21323e2430313; +https://leakix.net)"
64.227.32.66 - - [25/Jun/2026:20:21:58 +0300] "GET /images/taziyeler/.DS_Store HTTP/1.1" 302 219 "-" "Mozilla/5.0 (l9scan/2.0.633313e2337313e27363e2237313; +https://leakix.net)"
68.183.9.16 - - [25/Jun/2026:20:21:59 +0300] "GET /images/videolar/.DS_Store HTTP/1.1" 302 224 "-" "Mozilla/5.0 (l9scan/2.0.633313e2337313e27363e2237313; +https://leakix.net)"
167.99.210.137 - - [25/Jun/2026:20:21:59 +0300] "GET /ecp/Current/exporttool/microsoft.exchange.ediscovery.exporttool.application HTTP/1.1" 302 225 "-" "Mozilla/5.0 (l9scan/2.0.838313e20333e21323e2430313; +https://leakix.net)"
157.230.19.140 - - [25/Jun/2026:20:21:58 +0300] "GET /js/.DS_Store HTTP/1.1" 302 224 "-" "Mozilla/5.0 (l9scan/2.0.838313e20333e21323e2430313; +https://leakix.net)"
64.227.32.66 - - [25/Jun/2026:20:21:59 +0300] "GET /images/tn/.DS_Store HTTP/1.1" 302 219 "-" "Mozilla/5.0 (l9scan/2.0.633313e2337313e27363e2237313; +https://leakix.net)"
64.227.32.66 - - [25/Jun/2026:20:21:59 +0300] "GET /images/videolar/.DS_Store HTTP/1.1" 302 219 "-" "Mozilla/5.0 (l9scan/2.0.633313e2337313e27363e2237313; +https://leakix.net)"
64.227.32.66 - - [25/Jun/2026:20:21:59 +0300] "GET /js/.DS_Store HTTP/1.1" 302 219 "-" "Mozilla/5.0 (l9scan/2.0.633313e2337313e27363e2237313; +https://leakix.net)"
64.227.32.66 - - [25/Jun/2026:20:22:00 +0300] "GET /json/.DS_Store HTTP/1.1" 302 219 "-" "Mozilla/5.0 (l9scan/2.0.633313e2337313e27363e2237313; +https://leakix.net)"
142.93.143.8 - - [25/Jun/2026:20:22:00 +0300] "GET /ecp/Current/exporttool/microsoft.exchange.ediscovery.exporttool.application HTTP/1.1" 302 225 "-" "Mozilla/5.0 (l9scan/2.0.633313e2337313e27363e2237313; +https://leakix.net)"
167.99.210.137 - - [25/Jun/2026:20:22:01 +0300] "GET /.git/config HTTP/1.1" 403 787 "-" "Mozilla/5.0 (l9scan/2.0.838313e20333e21323e2430313; +https://leakix.net)"
157.230.19.140 - - [25/Jun/2026:20:22:01 +0300] "GET /ecp/Current/exporttool/microsoft.exchange.ediscovery.exporttool.application HTTP/1.1" 302 224 "-" "Mozilla/5.0 (l9scan/2.0.838313e20333e21323e2430313; +https://leakix.net)"
68.183.9.16 - - [25/Jun/2026:20:22:01 +0300] "GET /ecp/Current/exporttool/microsoft.exchange.ediscovery.exporttool.application HTTP/1.1" 302 224 "-" "Mozilla/5.0 (l9scan/2.0.633313e2337313e27363e2237313; +https://leakix.net)"
142.93.143.8 - - [25/Jun/2026:20:22:02 +0300] "GET /.git/config HTTP/1.1" 403 787 "-" "Mozilla/5.0 (l9scan/2.0.633313e2337313e27363e2237313; +https://leakix.net)"
167.99.210.137 - - [25/Jun/2026:20:22:02 +0300] "POST /graphql HTTP/1.1" 302 225 "-" "Mozilla/5.0 (l9scan/2.0.838313e20333e21323e2430313; +https://leakix.net)"
64.227.32.66 - - [25/Jun/2026:20:22:02 +0300] "GET /ecp/Current/exporttool/microsoft.exchange.ediscovery.exporttool.application HTTP/1.1" 302 219 "-" "Mozilla/5.0 (l9scan/2.0.633313e2337313e27363e2237313; +https://leakix.net)"
216.244.66.230 - - [25/Jun/2026:20:22:02 +0300] "GET /haber/altin-kiz-hayatini-kaybetti-468678 HTTP/1.1" 302 224 "-" "Mozilla/5.0 (compatible; DotBot/1.2; +https://opensiteexplorer.org/dotbot; help@moz.com)"
167.99.210.137 - - [25/Jun/2026:20:22:02 +0300] "POST /api/graphql HTTP/1.1" 302 225 "-" "Mozilla/5.0 (l9scan/2.0.838313e20333e21323e2430313; +https://leakix.net)"
209.38.248.17 - - [25/Jun/2026:20:22:03 +0300] "GET /.git/config HTTP/1.1" 403 787 "-" "Mozilla/5.0 (l9scan/2.0.838313e20333e21323e2430313; +https://leakix.net)"
142.93.143.8 - - [25/Jun/2026:20:22:03 +0300] "POST /graphql HTTP/1.1" 302 225 "-" "Mozilla/5.0 (l9scan/2.0.633313e2337313e27363e2237313; +https://leakix.net)"
167.99.210.137 - - [25/Jun/2026:20:22:03 +0300] "POST /api/gql HTTP/1.1" 302 225 "-" "Mozilla/5.0 (l9scan/2.0.838313e20333e21323e2430313; +https://leakix.net)"
142.93.143.8 - - [25/Jun/2026:20:22:03 +0300] "POST /api HTTP/1.1" 302 225 "-" "Mozilla/5.0 (l9scan/2.0.633313e2337313e27363e2237313; +https://leakix.net)"
167.99.210.137 - - [25/Jun/2026:20:22:03 +0300] "GET /s/838313e20333e21323e2430313/_/;/META-INF/maven/com.atlassian.jira/jira-webapp-dist/pom.properties HTTP/1.1" 302 225 "-" "Mozilla/5.0 (l9scan/2.0.838313e20333e21323e2430313; +https://leakix.net)"
142.93.143.8 - - [25/Jun/2026:20:22:03 +0300] "POST /api/graphql HTTP/1.1" 302 225 "-" "Mozilla/5.0 (l9scan/2.0.633313e2337313e27363e2237313; +https://leakix.net)"
157.230.19.140 - - [25/Jun/2026:20:22:04 +0300] "POST /graphql HTTP/1.1" 302 225 "-" "Mozilla/5.0 (l9scan/2.0.838313e20333e21323e2430313; +https://leakix.net)"
68.183.9.16 - - [25/Jun/2026:20:22:04 +0300] "POST /graphql HTTP/1.1" 302 225 "-" "Mozilla/5.0 (l9scan/2.0.633313e2337313e27363e2237313; +https://leakix.net)"
209.38.248.17 - - [25/Jun/2026:20:21:59 +0300] "GET /.env HTTP/1.1" 302 219 "-" "Mozilla/5.0 (l9scan/2.0.838313e20333e21323e2430313; +https://leakix.net)"
68.183.9.16 - - [25/Jun/2026:20:21:59 +0300] "GET /js/.DS_Store HTTP/1.1" 302 224 "-" "Mozilla/5.0 (l9scan/2.0.633313e2337313e27363e2237313; +https://leakix.net)"
157.230.19.140 - - [25/Jun/2026:20:21:59 +0300] "GET /json/.DS_Store HTTP/1.1" 302 224 "-" "Mozilla/5.0 (l9scan/2.0.838313e20333e21323e2430313; +https://leakix.net)"
68.183.9.16 - - [25/Jun/2026:20:21:59 +0300] "GET /json/.DS_Store HTTP/1.1" 302 224 "-" "Mozilla/5.0 (l9scan/2.0.633313e2337313e27363e2237313; +https://leakix.net)"
157.230.19.140 - - [25/Jun/2026:20:21:59 +0300] "GET /.env HTTP/1.1" 302 224 "-" "Mozilla/5.0 (l9scan/2.0.838313e20333e21323e2430313; +https://leakix.net)"
68.183.9.16 - - [25/Jun/2026:20:21:59 +0300] "GET /.env HTTP/1.1" 302 224 "-" "Mozilla/5.0 (l9scan/2.0.633313e2337313e27363e2237313; +https://leakix.net)"
64.227.32.66 - - [25/Jun/2026:20:22:00 +0300] "GET /.env HTTP/1.1" 302 219 "-" "Mozilla/5.0 (l9scan/2.0.633313e2337313e27363e2237313; +https://leakix.net)"
209.38.248.17 - - [25/Jun/2026:20:22:01 +0300] "GET /ecp/Current/exporttool/microsoft.exchange.ediscovery.exporttool.application HTTP/1.1" 302 219 "-" "Mozilla/5.0 (l9scan/2.0.838313e20333e21323e2430313; +https://leakix.net)"
167.99.210.137 - - [25/Jun/2026:20:22:02 +0300] "POST /api HTTP/1.1" 302 225 "-" "Mozilla/5.0 (l9scan/2.0.838313e20333e21323e2430313; +https://leakix.net)"
167.99.210.137 - - [25/Jun/2026:20:22:03 +0300] "POST /graphql/api HTTP/1.1" 302 225 "-" "Mozilla/5.0 (l9scan/2.0.838313e20333e21323e2430313; +https://leakix.net)"
157.230.19.140 - - [25/Jun/2026:20:22:03 +0300] "GET /.git/config HTTP/1.1" 403 787 "-" "Mozilla/5.0 (l9scan/2.0.838313e20333e21323e2430313; +https://leakix.net)"
68.183.9.16 - - [25/Jun/2026:20:22:03 +0300] "GET /.git/config HTTP/1.1" 403 787 "-" "Mozilla/5.0 (l9scan/2.0.633313e2337313e27363e2237313; +https://leakix.net)"
209.38.248.17 - - [25/Jun/2026:20:22:04 +0300] "POST /graphql HTTP/1.1" 302 220 "-" "Mozilla/5.0 (l9scan/2.0.838313e20333e21323e2430313; +https://leakix.net)"
64.227.32.66 - - [25/Jun/2026:20:22:04 +0300] "GET /.git/config HTTP/1.1" 403 787 "-" "Mozilla/5.0 (l9scan/2.0.633313e2337313e27363e2237313; +https://leakix.net)"
142.93.143.8 - - [25/Jun/2026:20:22:04 +0300] "POST /graphql/api HTTP/1.1" 302 225 "-" "Mozilla/5.0 (l9scan/2.0.633313e2337313e27363e2237313; +https://leakix.net)"
209.38.248.17 - - [25/Jun/2026:20:22:04 +0300] "POST /api HTTP/1.1" 302 220 "-" "Mozilla/5.0 (l9scan/2.0.838313e20333e21323e2430313; +https://leakix.net)"
167.99.210.137 - - [25/Jun/2026:20:22:04 +0300] "GET /config.json HTTP/1.1" 200 124 "-" "Mozilla/5.0 (l9scan/2.0.838313e20333e21323e2430313; +https://leakix.net)"
68.183.9.16 - - [25/Jun/2026:20:22:04 +0300] "POST /api HTTP/1.1" 302 225 "-" "Mozilla/5.0 (l9scan/2.0.633313e2337313e27363e2237313; +https://leakix.net)"
157.230.19.140 - - [25/Jun/2026:20:22:05 +0300] "POST /api/graphql HTTP/1.1" 302 224 "-" "Mozilla/5.0 (l9scan/2.0.838313e20333e21323e2430313; +https://leakix.net)"
209.38.248.17 - - [25/Jun/2026:20:22:05 +0300] "POST /api/graphql HTTP/1.1" 302 219 "-" "Mozilla/5.0 (l9scan/2.0.838313e20333e21323e2430313; +https://leakix.net)"
68.183.9.16 - - [25/Jun/2026:20:22:05 +0300] "POST /api/graphql HTTP/1.1" 302 224 "-" "Mozilla/5.0 (l9scan/2.0.633313e2337313e27363e2237313; +https://leakix.net)"
142.93.143.8 - - [25/Jun/2026:20:22:05 +0300] "GET /s/633313e2337313e27363e2237313/_/;/META-INF/maven/com.atlassian.jira/jira-webapp-dist/pom.properties HTTP/1.1" 302 225 "-" "Mozilla/5.0 (l9scan/2.0.633313e2337313e27363e2237313; +https://leakix.net)"
157.230.19.140 - - [25/Jun/2026:20:22:05 +0300] "POST /api/gql HTTP/1.1" 302 224 "-" "Mozilla/5.0 (l9scan/2.0.838313e20333e21323e2430313; +https://leakix.net)"
157.230.19.140 - - [25/Jun/2026:20:22:04 +0300] "POST /api HTTP/1.1" 302 225 "-" "Mozilla/5.0 (l9scan/2.0.838313e20333e21323e2430313; +https://leakix.net)"
142.93.143.8 - - [25/Jun/2026:20:22:05 +0300] "POST /api/gql HTTP/1.1" 302 225 "-" "Mozilla/5.0 (l9scan/2.0.633313e2337313e27363e2237313; +https://leakix.net)"
157.230.19.140 - - [25/Jun/2026:20:22:05 +0300] "POST /graphql/api HTTP/1.1" 302 224 "-" "Mozilla/5.0 (l9scan/2.0.838313e20333e21323e2430313; +https://leakix.net)"
209.38.248.17 - - [25/Jun/2026:20:22:05 +0300] "POST /graphql/api HTTP/1.1" 302 219 "-" "Mozilla/5.0 (l9scan/2.0.838313e20333e21323e2430313; +https://leakix.net)"
167.99.210.137 - - [25/Jun/2026:20:22:05 +0300] "GET /telescope/requests HTTP/1.1" 302 225 "-" "Mozilla/5.0 (l9scan/2.0.838313e20333e21323e2430313; +https://leakix.net)"
209.38.248.17 - - [25/Jun/2026:20:22:05 +0300] "POST /api/gql HTTP/1.1" 302 219 "-" "Mozilla/5.0 (l9scan/2.0.838313e20333e21323e2430313; +https://leakix.net)"
64.227.32.66 - - [25/Jun/2026:20:22:05 +0300] "POST /graphql HTTP/1.1" 302 220 "-" "Mozilla/5.0 (l9scan/2.0.633313e2337313e27363e2237313; +https://leakix.net)"
209.38.248.17 - - [25/Jun/2026:20:22:06 +0300] "GET /s/838313e20333e21323e2430313/_/;/META-INF/maven/com.atlassian.jira/jira-webapp-dist/pom.properties HTTP/1.1" 302 219 "-" "Mozilla/5.0 (l9scan/2.0.838313e20333e21323e2430313; +https://leakix.net)"
68.183.9.16 - - [25/Jun/2026:20:22:06 +0300] "POST /api/gql HTTP/1.1" 302 224 "-" "Mozilla/5.0 (l9scan/2.0.633313e2337313e27363e2237313; +https://leakix.net)"
64.227.32.66 - - [25/Jun/2026:20:22:06 +0300] "POST /api HTTP/1.1" 302 220 "-" "Mozilla/5.0 (l9scan/2.0.633313e2337313e27363e2237313; +https://leakix.net)"
64.227.32.66 - - [25/Jun/2026:20:22:06 +0300] "POST /api/graphql HTTP/1.1" 302 219 "-" "Mozilla/5.0 (l9scan/2.0.633313e2337313e27363e2237313; +https://leakix.net)"
167.99.210.137 - - [25/Jun/2026:20:22:06 +0300] "GET /info.php HTTP/1.1" 200 124 "-" "Mozilla/5.0 (l9scan/2.0.838313e20333e21323e2430313; +https://leakix.net)"
157.230.19.140 - - [25/Jun/2026:20:22:06 +0300] "GET /config.json HTTP/1.1" 302 224 "-" "Mozilla/5.0 (l9scan/2.0.838313e20333e21323e2430313; +https://leakix.net)"
64.227.32.66 - - [25/Jun/2026:20:22:07 +0300] "GET /s/633313e2337313e27363e2237313/_/;/META-INF/maven/com.atlassian.jira/jira-webapp-dist/pom.properties HTTP/1.1" 302 219 "-" "Mozilla/5.0 (l9scan/2.0.633313e2337313e27363e2237313; +https://leakix.net)"
68.183.9.16 - - [25/Jun/2026:20:22:07 +0300] "GET /config.json HTTP/1.1" 302 224 "-" "Mozilla/5.0 (l9scan/2.0.633313e2337313e27363e2237313; +https://leakix.net)"
142.93.143.8 - - [25/Jun/2026:20:22:08 +0300] "GET /info.php HTTP/1.1" 200 124 "-" "Mozilla/5.0 (l9scan/2.0.633313e2337313e27363e2237313; +https://leakix.net)"
167.99.210.137 - - [25/Jun/2026:20:22:08 +0300] "GET /actuator/env HTTP/1.1" 302 225 "-" "Mozilla/5.0 (l9scan/2.0.838313e20333e21323e2430313; +https://leakix.net)"
157.230.19.140 - - [25/Jun/2026:20:22:08 +0300] "GET /info.php HTTP/1.1" 302 224 "-" "Mozilla/5.0 (l9scan/2.0.838313e20333e21323e2430313; +https://leakix.net)"
209.38.248.17 - - [25/Jun/2026:20:22:09 +0300] "GET /telescope/requests HTTP/1.1" 302 219 "-" "Mozilla/5.0 (l9scan/2.0.838313e20333e21323e2430313; +https://leakix.net)"
157.230.19.140 - - [25/Jun/2026:20:22:09 +0300] "GET /.well-known/security.txt HTTP/1.1" 302 205 "-" "Mozilla/5.0 (l9scan/2.0.838313e20333e21323e2430313; +https://leakix.net)"
209.38.248.17 - - [25/Jun/2026:20:22:10 +0300] "GET /.well-known/security.txt HTTP/1.1" 302 201 "-" "Mozilla/5.0 (l9scan/2.0.838313e20333e21323e2430313; +https://leakix.net)"
64.227.32.66 - - [25/Jun/2026:20:22:10 +0300] "GET /info.php HTTP/1.1" 302 219 "-" "Mozilla/5.0 (l9scan/2.0.633313e2337313e27363e2237313; +https://leakix.net)"
68.183.9.16 - - [25/Jun/2026:20:22:10 +0300] "GET /.well-known/security.txt HTTP/1.1" 302 205 "-" "Mozilla/5.0 (l9scan/2.0.633313e2337313e27363e2237313; +https://leakix.net)"
