157.230.19.140 - - [25/Jun/2026:20:22:05 +0300] "GET /s/838313e20333e21323e2430313/_/;/META-INF/maven/com.atlassian.jira/jira-webapp-dist/pom.properties HTTP/1.1" 302 224 "-" "Mozilla/5.0 (l9scan/2.0.838313e20333e21323e2430313; +https://leakix.net)"
68.183.9.16 - - [25/Jun/2026:20:22:05 +0300] "POST /graphql/api HTTP/1.1" 302 224 "-" "Mozilla/5.0 (l9scan/2.0.633313e2337313e27363e2237313; +https://leakix.net)"
142.93.143.8 - - [25/Jun/2026:20:22:06 +0300] "GET /config.json HTTP/1.1" 200 124 "-" "Mozilla/5.0 (l9scan/2.0.633313e2337313e27363e2237313; +https://leakix.net)"
68.183.9.16 - - [25/Jun/2026:20:22:06 +0300] "GET /s/633313e2337313e27363e2237313/_/;/META-INF/maven/com.atlassian.jira/jira-webapp-dist/pom.properties HTTP/1.1" 302 224 "-" "Mozilla/5.0 (l9scan/2.0.633313e2337313e27363e2237313; +https://leakix.net)"
64.227.32.66 - - [25/Jun/2026:20:22:06 +0300] "POST /graphql/api HTTP/1.1" 302 219 "-" "Mozilla/5.0 (l9scan/2.0.633313e2337313e27363e2237313; +https://leakix.net)"
64.227.32.66 - - [25/Jun/2026:20:22:07 +0300] "POST /api/gql HTTP/1.1" 302 219 "-" "Mozilla/5.0 (l9scan/2.0.633313e2337313e27363e2237313; +https://leakix.net)"
209.38.248.17 - - [25/Jun/2026:20:22:07 +0300] "GET /config.json HTTP/1.1" 302 219 "-" "Mozilla/5.0 (l9scan/2.0.838313e20333e21323e2430313; +https://leakix.net)"
142.93.143.8 - - [25/Jun/2026:20:22:07 +0300] "GET /telescope/requests HTTP/1.1" 302 225 "-" "Mozilla/5.0 (l9scan/2.0.633313e2337313e27363e2237313; +https://leakix.net)"
167.99.210.137 - - [25/Jun/2026:20:22:07 +0300] "GET /.well-known/security.txt HTTP/1.1" 302 206 "-" "Mozilla/5.0 (l9scan/2.0.838313e20333e21323e2430313; +https://leakix.net)"
64.227.32.66 - - [25/Jun/2026:20:22:08 +0300] "GET /config.json HTTP/1.1" 302 219 "-" "Mozilla/5.0 (l9scan/2.0.633313e2337313e27363e2237313; +https://leakix.net)"
157.230.19.140 - - [25/Jun/2026:20:22:08 +0300] "GET /telescope/requests HTTP/1.1" 302 224 "-" "Mozilla/5.0 (l9scan/2.0.838313e20333e21323e2430313; +https://leakix.net)"
209.38.248.17 - - [25/Jun/2026:20:22:09 +0300] "GET /info.php HTTP/1.1" 302 219 "-" "Mozilla/5.0 (l9scan/2.0.838313e20333e21323e2430313; +https://leakix.net)"
142.93.143.8 - - [25/Jun/2026:20:22:09 +0300] "GET /.well-known/security.txt HTTP/1.1" 302 206 "-" "Mozilla/5.0 (l9scan/2.0.633313e2337313e27363e2237313; +https://leakix.net)"
68.183.9.16 - - [25/Jun/2026:20:22:09 +0300] "GET /telescope/requests HTTP/1.1" 302 224 "-" "Mozilla/5.0 (l9scan/2.0.633313e2337313e27363e2237313; +https://leakix.net)"
68.183.9.16 - - [25/Jun/2026:20:22:09 +0300] "GET /info.php HTTP/1.1" 302 224 "-" "Mozilla/5.0 (l9scan/2.0.633313e2337313e27363e2237313; +https://leakix.net)"
167.99.210.137 - - [25/Jun/2026:20:22:09 +0300] "GET /trace.axd HTTP/1.1" 200 124 "-" "Mozilla/5.0 (l9scan/2.0.838313e20333e21323e2430313; +https://leakix.net)"
64.227.32.66 - - [25/Jun/2026:20:22:10 +0300] "GET /telescope/requests HTTP/1.1" 302 219 "-" "Mozilla/5.0 (l9scan/2.0.633313e2337313e27363e2237313; +https://leakix.net)"
142.93.143.8 - - [25/Jun/2026:20:22:10 +0300] "GET /actuator/env HTTP/1.1" 302 225 "-" "Mozilla/5.0 (l9scan/2.0.633313e2337313e27363e2237313; +https://leakix.net)"
209.38.248.17 - - [25/Jun/2026:20:22:11 +0300] "GET /actuator/env HTTP/1.1" 302 219 "-" "Mozilla/5.0 (l9scan/2.0.838313e20333e21323e2430313; +https://leakix.net)"
142.93.143.8 - - [25/Jun/2026:20:22:11 +0300] "GET /trace.axd HTTP/1.1" 200 124 "-" "Mozilla/5.0 (l9scan/2.0.633313e2337313e27363e2237313; +https://leakix.net)"
68.183.9.16 - - [25/Jun/2026:20:22:11 +0300] "GET /actuator/env HTTP/1.1" 302 224 "-" "Mozilla/5.0 (l9scan/2.0.633313e2337313e27363e2237313; +https://leakix.net)"
142.93.143.8 - - [25/Jun/2026:20:22:12 +0300] "GET /@vite/env HTTP/1.1" 302 225 "-" "Mozilla/5.0 (l9scan/2.0.633313e2337313e27363e2237313; +https://leakix.net)"
68.183.9.16 - - [25/Jun/2026:20:22:12 +0300] "GET /trace.axd HTTP/1.1" 302 224 "-" "Mozilla/5.0 (l9scan/2.0.633313e2337313e27363e2237313; +https://leakix.net)"
167.99.210.137 - - [25/Jun/2026:20:22:10 +0300] "GET /@vite/env HTTP/1.1" 302 225 "-" "Mozilla/5.0 (l9scan/2.0.838313e20333e21323e2430313; +https://leakix.net)"
157.230.19.140 - - [25/Jun/2026:20:22:10 +0300] "GET /actuator/env HTTP/1.1" 302 224 "-" "Mozilla/5.0 (l9scan/2.0.838313e20333e21323e2430313; +https://leakix.net)"
64.227.32.66 - - [25/Jun/2026:20:22:11 +0300] "GET /.well-known/security.txt HTTP/1.1" 302 201 "-" "Mozilla/5.0 (l9scan/2.0.633313e2337313e27363e2237313; +https://leakix.net)"
167.99.210.137 - - [25/Jun/2026:20:22:11 +0300] "GET /.vscode/sftp.json HTTP/1.1" 302 225 "-" "Mozilla/5.0 (l9scan/2.0.838313e20333e21323e2430313; +https://leakix.net)"
157.230.19.140 - - [25/Jun/2026:20:22:11 +0300] "GET /trace.axd HTTP/1.1" 302 224 "-" "Mozilla/5.0 (l9scan/2.0.838313e20333e21323e2430313; +https://leakix.net)"
209.38.248.17 - - [25/Jun/2026:20:22:12 +0300] "GET /trace.axd HTTP/1.1" 302 219 "-" "Mozilla/5.0 (l9scan/2.0.838313e20333e21323e2430313; +https://leakix.net)"
64.227.32.66 - - [25/Jun/2026:20:22:12 +0300] "GET /actuator/env HTTP/1.1" 302 219 "-" "Mozilla/5.0 (l9scan/2.0.633313e2337313e27363e2237313; +https://leakix.net)"
157.230.19.140 - - [25/Jun/2026:20:22:12 +0300] "GET /@vite/env HTTP/1.1" 302 224 "-" "Mozilla/5.0 (l9scan/2.0.838313e20333e21323e2430313; +https://leakix.net)"
216.244.66.230 - - [25/Jun/2026:20:22:13 +0300] "GET /haber/devlet-bahceliden-yeni-yil-mesaji-468584 HTTP/1.1" 302 224 "-" "Mozilla/5.0 (compatible; DotBot/1.2; +https://opensiteexplorer.org/dotbot; help@moz.com)"
142.93.143.8 - - [25/Jun/2026:20:22:13 +0300] "GET /.vscode/sftp.json HTTP/1.1" 302 225 "-" "Mozilla/5.0 (l9scan/2.0.633313e2337313e27363e2237313; +https://leakix.net)"
157.230.19.140 - - [25/Jun/2026:20:22:13 +0300] "GET /.vscode/sftp.json HTTP/1.1" 302 224 "-" "Mozilla/5.0 (l9scan/2.0.838313e20333e21323e2430313; +https://leakix.net)"
142.93.143.8 - - [25/Jun/2026:20:22:14 +0300] "OPTIONS / HTTP/1.1" 200 20 "-" "Mozilla/5.0 (l9scan/2.0.633313e2337313e27363e2237313; +https://leakix.net)"
167.99.210.137 - - [25/Jun/2026:20:22:14 +0300] "GET /debug/default/view?panel=config HTTP/1.1" 302 225 "-" "Mozilla/5.0 (l9scan/2.0.838313e20333e21323e2430313; +https://leakix.net)"
209.38.248.17 - - [25/Jun/2026:20:22:15 +0300] "OPTIONS / HTTP/1.1" 200 20 "-" "Mozilla/5.0 (l9scan/2.0.838313e20333e21323e2430313; +https://leakix.net)"
142.93.143.8 - - [25/Jun/2026:20:22:15 +0300] "GET /?rest_route=/wp/v2/users/ HTTP/1.1" 200 124 "-" "Mozilla/5.0 (l9scan/2.0.633313e2337313e27363e2237313; +https://leakix.net)"
64.227.32.66 - - [25/Jun/2026:20:22:15 +0300] "GET /.vscode/sftp.json HTTP/1.1" 302 219 "-" "Mozilla/5.0 (l9scan/2.0.633313e2337313e27363e2237313; +https://leakix.net)"
157.230.19.140 - - [25/Jun/2026:20:22:15 +0300] "GET /?rest_route=/wp/v2/users/ HTTP/1.1" 200 17367 "-" "Mozilla/5.0 (l9scan/2.0.838313e20333e21323e2430313; +https://leakix.net)"
64.227.32.66 - - [25/Jun/2026:20:22:16 +0300] "OPTIONS / HTTP/1.1" 200 20 "-" "Mozilla/5.0 (l9scan/2.0.633313e2337313e27363e2237313; +https://leakix.net)"
157.230.19.140 - - [25/Jun/2026:20:22:16 +0300] "GET /debug/default/view?panel=config HTTP/1.1" 302 224 "-" "Mozilla/5.0 (l9scan/2.0.838313e20333e21323e2430313; +https://leakix.net)"
64.227.32.66 - - [25/Jun/2026:20:22:18 +0300] "GET /debug/default/view?panel=config HTTP/1.1" 302 219 "-" "Mozilla/5.0 (l9scan/2.0.633313e2337313e27363e2237313; +https://leakix.net)"
216.244.66.230 - - [25/Jun/2026:20:24:55 +0300] "GET /wp-content/uploads/2021/09/tacik-lider-mesuddan-talibana-flas-pencsir-cagrisi-BWkWlMfp.jpg HTTP/1.1" 302 219 "-" "Mozilla/5.0 (compatible; DotBot/1.2; +https://opensiteexplorer.org/dotbot; help@moz.com)"
216.244.66.230 - - [25/Jun/2026:20:25:01 +0300] "GET /wp-content/uploads/2021/09/tugvanin-kumbaracisi-mesut-ondes-valilikteki-gorevinden-alindi-l7kncswb.jpg HTTP/1.1" 302 219 "-" "Mozilla/5.0 (compatible; DotBot/1.2; +https://opensiteexplorer.org/dotbot; help@moz.com)"
167.99.210.137 - - [25/Jun/2026:20:22:12 +0300] "OPTIONS / HTTP/1.1" 200 20 "-" "Mozilla/5.0 (l9scan/2.0.838313e20333e21323e2430313; +https://leakix.net)"
209.38.248.17 - - [25/Jun/2026:20:22:13 +0300] "GET /@vite/env HTTP/1.1" 302 219 "-" "Mozilla/5.0 (l9scan/2.0.838313e20333e21323e2430313; +https://leakix.net)"
64.227.32.66 - - [25/Jun/2026:20:22:13 +0300] "GET /trace.axd HTTP/1.1" 302 219 "-" "Mozilla/5.0 (l9scan/2.0.633313e2337313e27363e2237313; +https://leakix.net)"
68.183.9.16 - - [25/Jun/2026:20:22:13 +0300] "GET /@vite/env HTTP/1.1" 302 224 "-" "Mozilla/5.0 (l9scan/2.0.633313e2337313e27363e2237313; +https://leakix.net)"
167.99.210.137 - - [25/Jun/2026:20:22:13 +0300] "GET /?rest_route=/wp/v2/users/ HTTP/1.1" 200 124 "-" "Mozilla/5.0 (l9scan/2.0.838313e20333e21323e2430313; +https://leakix.net)"
209.38.248.17 - - [25/Jun/2026:20:22:14 +0300] "GET /.vscode/sftp.json HTTP/1.1" 302 219 "-" "Mozilla/5.0 (l9scan/2.0.838313e20333e21323e2430313; +https://leakix.net)"
64.227.32.66 - - [25/Jun/2026:20:22:14 +0300] "GET /@vite/env HTTP/1.1" 302 219 "-" "Mozilla/5.0 (l9scan/2.0.633313e2337313e27363e2237313; +https://leakix.net)"
68.183.9.16 - - [25/Jun/2026:20:22:14 +0300] "GET /.vscode/sftp.json HTTP/1.1" 302 224 "-" "Mozilla/5.0 (l9scan/2.0.633313e2337313e27363e2237313; +https://leakix.net)"
157.230.19.140 - - [25/Jun/2026:20:22:14 +0300] "OPTIONS / HTTP/1.1" 200 20 "-" "Mozilla/5.0 (l9scan/2.0.838313e20333e21323e2430313; +https://leakix.net)"
68.183.9.16 - - [25/Jun/2026:20:22:15 +0300] "OPTIONS / HTTP/1.1" 200 20 "-" "Mozilla/5.0 (l9scan/2.0.633313e2337313e27363e2237313; +https://leakix.net)"
142.93.143.8 - - [25/Jun/2026:20:22:16 +0300] "GET /debug/default/view?panel=config HTTP/1.1" 302 225 "-" "Mozilla/5.0 (l9scan/2.0.633313e2337313e27363e2237313; +https://leakix.net)"
209.38.248.17 - - [25/Jun/2026:20:22:16 +0300] "GET /?rest_route=/wp/v2/users/ HTTP/1.1" 200 17303 "-" "Mozilla/5.0 (l9scan/2.0.838313e20333e21323e2430313; +https://leakix.net)"
68.183.9.16 - - [25/Jun/2026:20:22:16 +0300] "GET /?rest_route=/wp/v2/users/ HTTP/1.1" 200 17369 "-" "Mozilla/5.0 (l9scan/2.0.633313e2337313e27363e2237313; +https://leakix.net)"
209.38.248.17 - - [25/Jun/2026:20:22:17 +0300] "GET /debug/default/view?panel=config HTTP/1.1" 302 219 "-" "Mozilla/5.0 (l9scan/2.0.838313e20333e21323e2430313; +https://leakix.net)"
64.227.32.66 - - [25/Jun/2026:20:22:17 +0300] "GET /?rest_route=/wp/v2/users/ HTTP/1.1" 200 17291 "-" "Mozilla/5.0 (l9scan/2.0.633313e2337313e27363e2237313; +https://leakix.net)"
68.183.9.16 - - [25/Jun/2026:20:22:17 +0300] "GET /debug/default/view?panel=config HTTP/1.1" 302 224 "-" "Mozilla/5.0 (l9scan/2.0.633313e2337313e27363e2237313; +https://leakix.net)"
216.244.66.230 - - [25/Jun/2026:20:22:22 +0300] "GET /haber/yavru-kopegi-patilerinden-tutup-tasiyan-isciye-para-cezasi-467755 HTTP/1.1" 302 224 "-" "Mozilla/5.0 (compatible; DotBot/1.2; +https://opensiteexplorer.org/dotbot; help@moz.com)"
216.244.66.230 - - [25/Jun/2026:20:22:44 +0300] "GET /public/index.php/haber/tup-bebekte-en-onemli-sey-guven-ve-umudu-kaybetmemektir-552390 HTTP/1.1" 200 16252 "-" "Mozilla/5.0 (compatible; DotBot/1.2; +https://opensiteexplorer.org/dotbot; help@moz.com)"
216.244.66.230 - - [25/Jun/2026:20:24:39 +0300] "GET /haber/pirlanta-alyans-modelleri-ile-askinizi-zamansiz-bir-isiltiyla-taclandirin-siriuspirlantacom-551830 HTTP/1.1" 200 14848 "-" "Mozilla/5.0 (compatible; DotBot/1.2; +https://opensiteexplorer.org/dotbot; help@moz.com)"
216.244.66.230 - - [25/Jun/2026:20:24:48 +0300] "GET /wp-content/uploads/2021/08/chpli-antmenden-icisleri-bakani-soyluya-koruma-sorusu-neymis-bu-gizlilik-anlat-da-ogrenelim-VabhMcm8.jpg HTTP/1.1" 302 219 "-" "Mozilla/5.0 (compatible; DotBot/1.2; +https://opensiteexplorer.org/dotbot; help@moz.com)"
216.244.66.230 - - [25/Jun/2026:20:25:22 +0300] "GET /magazin/sabah-basyazari-barlas-cumhurbaskani-erdogan-isterse-meral-aksener-her-sey-olabilir-ama-belli-ki-basbakan-olamaz-308479 HTTP/1.1" 301 795 "-" "Mozilla/5.0 (compatible; DotBot/1.2; +https://opensiteexplorer.org/dotbot; help@moz.com)"
216.244.66.230 - - [25/Jun/2026:20:25:07 +0300] "GET /wp-content/uploads/2021/09/yurt-disina-cikacaklara-bir-telefonla-sahte-pcr-testi-veriliyor-Tg3ue56J.jpg HTTP/1.1" 302 219 "-" "Mozilla/5.0 (compatible; DotBot/1.2; +https://opensiteexplorer.org/dotbot; help@moz.com)"
216.244.66.230 - - [25/Jun/2026:20:26:26 +0300] "GET /gundem/aile-hekimleri-sokaga-cikti-sozlesmeyi-geri-cekin-306618 HTTP/1.1" 301 795 "-" "Mozilla/5.0 (compatible; DotBot/1.2; +https://opensiteexplorer.org/dotbot; help@moz.com)"
216.244.66.230 - - [25/Jun/2026:20:26:56 +0300] "GET /haber/kayseri-talasin-bayrak-gururu-527310 HTTP/1.1" 200 14686 "-" "Mozilla/5.0 (compatible; DotBot/1.2; +https://opensiteexplorer.org/dotbot; help@moz.com)"
54.211.240.161 - - [25/Jun/2026:20:28:02 +0300] "GET / HTTP/1.1" 200 17307 "-" "axios/1.16.1"
216.244.66.230 - - [25/Jun/2026:20:28:19 +0300] "GET /haber/canakkale-saganak-yagisa-hazirlikli-yakalandi-526431 HTTP/1.1" 200 13489 "-" "Mozilla/5.0 (compatible; DotBot/1.2; +https://opensiteexplorer.org/dotbot; help@moz.com)"
216.244.66.230 - - [25/Jun/2026:20:29:55 +0300] "GET /haber/partileriniz-icin-yeni-nesil-eglenceler-550916 HTTP/1.1" 200 13332 "-" "Mozilla/5.0 (compatible; DotBot/1.2; +https://opensiteexplorer.org/dotbot; help@moz.com)"
216.244.66.230 - - [25/Jun/2026:20:30:41 +0300] "GET /haber/arcelik-kombi-e02-hatasi-nasil-giderilirg-476760 HTTP/1.1" 200 13141 "-" "Mozilla/5.0 (compatible; DotBot/1.2; +https://opensiteexplorer.org/dotbot; help@moz.com)"
216.244.66.230 - - [25/Jun/2026:20:31:03 +0300] "GET /haber/ariston-kombi-1p1-arizasi-nasil-giderilirg-471673 HTTP/1.1" 200 13126 "-" "Mozilla/5.0 (compatible; DotBot/1.2; +https://opensiteexplorer.org/dotbot; help@moz.com)"
216.244.66.230 - - [25/Jun/2026:20:32:32 +0300] "GET /haber/chpden-meclise-olaganustu-davet-528905 HTTP/1.1" 200 13880 "-" "Mozilla/5.0 (compatible; DotBot/1.2; +https://opensiteexplorer.org/dotbot; help@moz.com)"
216.244.66.230 - - [25/Jun/2026:20:33:00 +0300] "GET /haber/firatin-hayalleri-cemil-mericle-gercek-oldu-509184 HTTP/1.1" 200 14131 "-" "Mozilla/5.0 (compatible; DotBot/1.2; +https://opensiteexplorer.org/dotbot; help@moz.com)"
216.244.66.230 - - [25/Jun/2026:20:33:28 +0300] "GET /haber/haftanin-magazin-olaylari-21-26-subat-2022-497017 HTTP/1.1" 200 13284 "-" "Mozilla/5.0 (compatible; DotBot/1.2; +https://opensiteexplorer.org/dotbot; help@moz.com)"
216.244.66.230 - - [25/Jun/2026:20:34:44 +0300] "GET /haber/kabine-yogun-gundemle-yarin-toplaniyor-530141 HTTP/1.1" 200 13596 "-" "Mozilla/5.0 (compatible; DotBot/1.2; +https://opensiteexplorer.org/dotbot; help@moz.com)"
216.244.66.230 - - [25/Jun/2026:20:35:08 +0300] "GET /haber/kocaelide-super-enduro-nefesleri-kesti-533059 HTTP/1.1" 200 14236 "-" "Mozilla/5.0 (compatible; DotBot/1.2; +https://opensiteexplorer.org/dotbot; help@moz.com)"
216.244.66.230 - - [25/Jun/2026:20:35:30 +0300] "GET /haber/konfor-ve-sikligin-adresi-muya-terlikleri-551135 HTTP/1.1" 200 13809 "-" "Mozilla/5.0 (compatible; DotBot/1.2; +https://opensiteexplorer.org/dotbot; help@moz.com)"
216.244.66.230 - - [25/Jun/2026:20:25:56 +0300] "GET /public/index.php/haber/casus-filmi-gibi-bosanma-davasi-337943 HTTP/1.1" 302 238 "-" "Mozilla/5.0 (compatible; DotBot/1.2; +https://opensiteexplorer.org/dotbot; help@moz.com)"
216.244.66.230 - - [25/Jun/2026:20:27:25 +0300] "GET /haber/merve-mermer-ogluyla-odul-aldi-516196 HTTP/1.1" 200 13865 "-" "Mozilla/5.0 (compatible; DotBot/1.2; +https://opensiteexplorer.org/dotbot; help@moz.com)"
216.244.66.230 - - [25/Jun/2026:20:27:52 +0300] "GET /haber/bakan-akar-ukraynali-mevkidasiyla-gorustu-526095 HTTP/1.1" 200 13551 "-" "Mozilla/5.0 (compatible; DotBot/1.2; +https://opensiteexplorer.org/dotbot; help@moz.com)"
54.211.240.161 - - [25/Jun/2026:20:28:28 +0300] "GET / HTTP/1.1" 200 17298 "-" "axios/1.16.1"
216.244.66.230 - - [25/Jun/2026:20:28:45 +0300] "GET /haber/diyarbakir-kulpta-diski-muhtarlari-dinledi-537506 HTTP/1.1" 200 14034 "-" "Mozilla/5.0 (compatible; DotBot/1.2; +https://opensiteexplorer.org/dotbot; help@moz.com)"
54.211.240.161 - - [25/Jun/2026:20:28:54 +0300] "GET / HTTP/1.1" 200 124 "-" "axios/1.16.1"
54.211.240.161 - - [25/Jun/2026:20:28:54 +0300] "GET / HTTP/1.1" 200 17373 "-" "axios/1.16.1"
216.244.66.230 - - [25/Jun/2026:20:29:09 +0300] "GET /haber/esnaf-odalarindan-mutluya-buyuk-destek-509000 HTTP/1.1" 200 14331 "-" "Mozilla/5.0 (compatible; DotBot/1.2; +https://opensiteexplorer.org/dotbot; help@moz.com)"
216.244.66.230 - - [25/Jun/2026:20:29:33 +0300] "GET /haber/iyi-parti-meral-aksener-fun-cluba-dondu-475196 HTTP/1.1" 200 14778 "-" "Mozilla/5.0 (compatible; DotBot/1.2; +https://opensiteexplorer.org/dotbot; help@moz.com)"
216.244.66.230 - - [25/Jun/2026:20:30:21 +0300] "GET /haber/whatsappin-iphonelardaki-gorunumu-degisiyor-503136 HTTP/1.1" 200 13846 "-" "Mozilla/5.0 (compatible; DotBot/1.2; +https://opensiteexplorer.org/dotbot; help@moz.com)"
216.244.66.230 - - [25/Jun/2026:20:32:01 +0300] "GET /haber/bilgisayar-korsanlarindan-rusyaya-siber-saldiri-496465 HTTP/1.1" 200 13929 "-" "Mozilla/5.0 (compatible; DotBot/1.2; +https://opensiteexplorer.org/dotbot; help@moz.com)"
216.244.66.230 - - [25/Jun/2026:20:33:54 +0300] "GET /haber/imren-capanoglunun-yeni-teklisi-hazmedemem-521668 HTTP/1.1" 200 14009 "-" "Mozilla/5.0 (compatible; DotBot/1.2; +https://opensiteexplorer.org/dotbot; help@moz.com)"
216.244.66.230 - - [25/Jun/2026:20:34:20 +0300] "GET /haber/izmir-guzelbahcede-19-mayis-coskusu-514113 HTTP/1.1" 200 13821 "-" "Mozilla/5.0 (compatible; DotBot/1.2; +https://opensiteexplorer.org/dotbot; help@moz.com)"
216.244.66.230 - - [25/Jun/2026:20:35:52 +0300] "GET /haber/kutahyada-simpas-yurtdisina-aciliyor-533756 HTTP/1.1" 200 14090 "-" "Mozilla/5.0 (compatible; DotBot/1.2; +https://opensiteexplorer.org/dotbot; help@moz.com)"
216.244.66.230 - - [25/Jun/2026:20:36:13 +0300] "GET /haber/marmariste-felaket-devam-ediyor-486188 HTTP/1.1" 200 15467 "-" "Mozilla/5.0 (compatible; DotBot/1.2; +https://opensiteexplorer.org/dotbot; help@moz.com)"
216.244.66.230 - - [25/Jun/2026:20:36:32 +0300] "GET /haber/turkiye-kupasi-finalleri-sakaryada-514321 HTTP/1.1" 200 14770 "-" "Mozilla/5.0 (compatible; DotBot/1.2; +https://opensiteexplorer.org/dotbot; help@moz.com)"
216.244.66.230 - - [25/Jun/2026:20:37:41 +0300] "GET /haber/erkeklerin-dokunulmazlik-performansi-survivor-all-star-2022-49-bolum-501791 HTTP/1.1" 200 13670 "-" "Mozilla/5.0 (compatible; DotBot/1.2; +https://opensiteexplorer.org/dotbot; help@moz.com)"
216.244.66.230 - - [25/Jun/2026:20:37:55 +0300] "GET /haber/gumuste-riskler-fazla-beklentiler-yuksek-493436 HTTP/1.1" 200 14221 "-" "Mozilla/5.0 (compatible; DotBot/1.2; +https://opensiteexplorer.org/dotbot; help@moz.com)"
216.244.66.230 - - [25/Jun/2026:20:38:53 +0300] "GET /haber/avrupa-parlamentosu-baskani-hayatini-kaybetti-472802 HTTP/1.1" 200 13469 "-" "Mozilla/5.0 (compatible; DotBot/1.2; +https://opensiteexplorer.org/dotbot; help@moz.com)"
216.244.66.230 - - [25/Jun/2026:20:40:04 +0300] "GET /haber/dilovasi-liman-caddesinde-ustyapi-calismasi-535495 HTTP/1.1" 200 13703 "-" "Mozilla/5.0 (compatible; DotBot/1.2; +https://opensiteexplorer.org/dotbot; help@moz.com)"
216.244.66.230 - - [25/Jun/2026:20:40:17 +0300] "GET /haber/elif-sanchezden-birlestiren-ayrilik-469754 HTTP/1.1" 200 15630 "-" "Mozilla/5.0 (compatible; DotBot/1.2; +https://opensiteexplorer.org/dotbot; help@moz.com)"
216.244.66.230 - - [25/Jun/2026:20:40:41 +0300] "GET /haber/kadikoyde-muhtarlar-gunu-kutlandi-545955 HTTP/1.1" 200 14198 "-" "Mozilla/5.0 (compatible; DotBot/1.2; +https://opensiteexplorer.org/dotbot; help@moz.com)"
216.244.66.230 - - [25/Jun/2026:20:40:52 +0300] "GET /haber/kibrista-korkutan-deprem-483037 HTTP/1.1" 200 13592 "-" "Mozilla/5.0 (compatible; DotBot/1.2; +https://opensiteexplorer.org/dotbot; help@moz.com)"
216.244.66.230 - - [25/Jun/2026:20:41:02 +0300] "GET /haber/narenciyede-altin-yil-olmasi-icin-calisacagiz-522507 HTTP/1.1" 200 15447 "-" "Mozilla/5.0 (compatible; DotBot/1.2; +https://opensiteexplorer.org/dotbot; help@moz.com)"
216.244.66.230 - - [25/Jun/2026:20:41:18 +0300] "GET /haber/rus-zenginlerin-tercihi-bodrum-oldu-504715 HTTP/1.1" 200 15042 "-" "Mozilla/5.0 (compatible; DotBot/1.2; +https://opensiteexplorer.org/dotbot; help@moz.com)"
216.244.66.230 - - [25/Jun/2026:20:41:38 +0300] "GET /haber/sketchup-ipad-uygulamasi-cikti-iste-ozellikleri-506648 HTTP/1.1" 200 14132 "-" "Mozilla/5.0 (compatible; DotBot/1.2; +https://opensiteexplorer.org/dotbot; help@moz.com)"
216.244.66.230 - - [25/Jun/2026:20:42:11 +0300] "GET /haber/uc-oneplus-modeline-daha-android-12-mujdesi-502211 HTTP/1.1" 200 14157 "-" "Mozilla/5.0 (compatible; DotBot/1.2; +https://opensiteexplorer.org/dotbot; help@moz.com)"
216.244.66.230 - - [25/Jun/2026:20:42:16 +0300] "GET /haber/ukraynada-ohal-ilan-edilecek-495427 HTTP/1.1" 200 13625 "-" "Mozilla/5.0 (compatible; DotBot/1.2; +https://opensiteexplorer.org/dotbot; help@moz.com)"
216.244.66.230 - - [25/Jun/2026:20:42:19 +0300] "GET /haber/willian-arao-fenerbahcede-526755 HTTP/1.1" 200 13454 "-" "Mozilla/5.0 (compatible; DotBot/1.2; +https://opensiteexplorer.org/dotbot; help@moz.com)"
216.244.66.230 - - [25/Jun/2026:20:42:22 +0300] "GET /haber/yarali-kara-leylek-kocaelide-koruma-altinda-526638 HTTP/1.1" 200 13813 "-" "Mozilla/5.0 (compatible; DotBot/1.2; +https://opensiteexplorer.org/dotbot; help@moz.com)"
216.244.66.230 - - [25/Jun/2026:20:42:25 +0300] "GET /haber/ymc-vinc-endustriyel-tasimanin-guvencesi-550490 HTTP/1.1" 200 13639 "-" "Mozilla/5.0 (compatible; DotBot/1.2; +https://opensiteexplorer.org/dotbot; help@moz.com)"
216.244.66.230 - - [25/Jun/2026:20:36:51 +0300] "GET /public/haber/will-trentin-2-sezonu-mart-ayi-boyunca-persembe-gunleri-2130da-fx-ekranlarinda-551516 HTTP/1.1" 200 13426 "-" "Mozilla/5.0 (compatible; DotBot/1.2; +https://opensiteexplorer.org/dotbot; help@moz.com)"
216.244.66.230 - - [25/Jun/2026:20:37:08 +0300] "GET /etiketler/esenyurt-haberleri HTTP/1.1" 200 6156 "-" "Mozilla/5.0 (compatible; DotBot/1.2; +https://opensiteexplorer.org/dotbot; help@moz.com)"
216.244.66.230 - - [25/Jun/2026:20:37:25 +0300] "GET /etiketler/mesleki-egitim-merkezleri-haberleri HTTP/1.1" 200 5927 "-" "Mozilla/5.0 (compatible; DotBot/1.2; +https://opensiteexplorer.org/dotbot; help@moz.com)"
216.244.66.230 - - [25/Jun/2026:20:38:09 +0300] "GET /haber/kilicdaroglu-emeklilere-sitem-etti-size-niye-milli-gelir-versinler-g-470941 HTTP/1.1" 200 13250 "-" "Mozilla/5.0 (compatible; DotBot/1.2; +https://opensiteexplorer.org/dotbot; help@moz.com)"
216.244.66.230 - - [25/Jun/2026:20:38:21 +0300] "GET /haber/rize-belediyesi-arac-parkurunu-gelistiriyor-524603 HTTP/1.1" 200 13750 "-" "Mozilla/5.0 (compatible; DotBot/1.2; +https://opensiteexplorer.org/dotbot; help@moz.com)"
185.25.103.212 - - [25/Jun/2026:20:38:25 +0300] "GET / HTTP/1.1" 200 17292 "-" "Mozilla/5.0 (Windows NT 6.1; WOW64; rv:7.0.1) Gecko/20100101 Firefox/7.0.1"
216.244.66.230 - - [25/Jun/2026:20:38:33 +0300] "GET /haber/aihmden-selahattin-demirtas-karari-481968 HTTP/1.1" 200 13535 "-" "Mozilla/5.0 (compatible; DotBot/1.2; +https://opensiteexplorer.org/dotbot; help@moz.com)"
216.244.66.230 - - [25/Jun/2026:20:38:43 +0300] "GET /haber/alkol-ve-sigaraya-orantisiz-zam-esnafi-bitirir-470806 HTTP/1.1" 200 13693 "-" "Mozilla/5.0 (compatible; DotBot/1.2; +https://opensiteexplorer.org/dotbot; help@moz.com)"
216.244.66.230 - - [25/Jun/2026:20:39:30 +0300] "GET /haber/bursa-yildirimin-sokaklarinda-bahar-temizligi-513015 HTTP/1.1" 200 14105 "-" "Mozilla/5.0 (compatible; DotBot/1.2; +https://opensiteexplorer.org/dotbot; help@moz.com)"
216.244.66.230 - - [25/Jun/2026:20:39:49 +0300] "GET /haber/covid-italyada-50-yas-uzerine-asi-zorunlulugu-471064 HTTP/1.1" 200 14817 "-" "Mozilla/5.0 (compatible; DotBot/1.2; +https://opensiteexplorer.org/dotbot; help@moz.com)"
216.244.66.230 - - [25/Jun/2026:20:40:30 +0300] "GET /haber/halkbank-3d-secure-nasil-kapatilirg-476789 HTTP/1.1" 200 13069 "-" "Mozilla/5.0 (compatible; DotBot/1.2; +https://opensiteexplorer.org/dotbot; help@moz.com)"
216.244.66.230 - - [25/Jun/2026:20:41:10 +0300] "GET /haber/odeabankin-yonetim-kuruluna-yeni-isim-507185 HTTP/1.1" 200 13851 "-" "Mozilla/5.0 (compatible; DotBot/1.2; +https://opensiteexplorer.org/dotbot; help@moz.com)"
216.244.66.230 - - [25/Jun/2026:20:41:25 +0300] "GET /haber/rusya-odessayi-hedef-aldi-503924 HTTP/1.1" 200 13926 "-" "Mozilla/5.0 (compatible; DotBot/1.2; +https://opensiteexplorer.org/dotbot; help@moz.com)"
216.244.66.230 - - [25/Jun/2026:20:41:30 +0300] "GET /haber/sinema-tiri-5-gunde-6-ilce-gezdi-540935 HTTP/1.1" 200 14150 "-" "Mozilla/5.0 (compatible; DotBot/1.2; +https://opensiteexplorer.org/dotbot; help@moz.com)"
216.244.66.230 - - [25/Jun/2026:20:41:47 +0300] "GET /haber/tasdelen-vatandaslarla-iftarda-bulustu-505286 HTTP/1.1" 200 13942 "-" "Mozilla/5.0 (compatible; DotBot/1.2; +https://opensiteexplorer.org/dotbot; help@moz.com)"
216.244.66.230 - - [25/Jun/2026:20:41:54 +0300] "GET /haber/thy-hentbol-milli-takimlarina-ana-sponsor-oldu-541537 HTTP/1.1" 200 13842 "-" "Mozilla/5.0 (compatible; DotBot/1.2; +https://opensiteexplorer.org/dotbot; help@moz.com)"
216.244.66.230 - - [25/Jun/2026:20:42:01 +0300] "GET /haber/tomtom-designhood-floralfest22-ile-cicek-acacak-514769 HTTP/1.1" 200 14373 "-" "Mozilla/5.0 (compatible; DotBot/1.2; +https://opensiteexplorer.org/dotbot; help@moz.com)"
216.244.66.230 - - [25/Jun/2026:20:42:07 +0300] "GET /haber/travmatik-olaylar-cocuklari-nasil-etkiliyor-546326 HTTP/1.1" 200 15509 "-" "Mozilla/5.0 (compatible; DotBot/1.2; +https://opensiteexplorer.org/dotbot; help@moz.com)"
216.244.66.230 - - [25/Jun/2026:21:01:25 +0300] "GET /haber/kremlin-putinle-macron-fransiz-liderin-pcr-testi-yaptirmamasi-yuzunden-birbirinden-uzakta-oturdu-489108 HTTP/1.1" 200 14775 "-" "Mozilla/5.0 (compatible; DotBot/1.2; +https://opensiteexplorer.org/dotbot; help@moz.com)"
216.244.66.230 - - [25/Jun/2026:21:01:48 +0300] "GET /haber/8-mayis-2025-gokyuzu-bugun-ne-soyluyor-iste-burclarinizin-nabzi-551631 HTTP/1.1" 200 14327 "-" "Mozilla/5.0 (compatible; DotBot/1.2; +https://opensiteexplorer.org/dotbot; help@moz.com)"
216.244.66.230 - - [25/Jun/2026:21:02:57 +0300] "GET /haber/son-dakika-mahkemeden-osman-kavala-karari-449993 HTTP/1.1" 302 219 "-" "Mozilla/5.0 (compatible; DotBot/1.2; +https://opensiteexplorer.org/dotbot; help@moz.com)"
216.109.160.231 - - [25/Jun/2026:21:03:44 +0300] "GET /sellers.json HTTP/1.1" 302 219 "-" "generic-rest-client"
216.244.66.230 - - [25/Jun/2026:21:04:25 +0300] "GET /haber/chpli-kaya-sarp-sinir-kapisindaki-sikintilari-gundeme-getirdi-524796 HTTP/1.1" 200 14654 "-" "Mozilla/5.0 (compatible; DotBot/1.2; +https://opensiteexplorer.org/dotbot; help@moz.com)"
216.244.66.230 - - [25/Jun/2026:21:05:31 +0300] "GET /haber/bu-videoyu-begendiniz-mig-465394 HTTP/1.1" 302 219 "-" "Mozilla/5.0 (compatible; DotBot/1.2; +https://opensiteexplorer.org/dotbot; help@moz.com)"
216.244.66.230 - - [25/Jun/2026:21:05:35 +0300] "GET /haber/emre-fel-deli-sevda-465329 HTTP/1.1" 302 219 "-" "Mozilla/5.0 (compatible; DotBot/1.2; +https://opensiteexplorer.org/dotbot; help@moz.com)"
216.244.66.230 - - [25/Jun/2026:21:05:36 +0300] "GET /haber/hepsinden-fazla-yok-olus-dinlendi-462477 HTTP/1.1" 302 219 "-" "Mozilla/5.0 (compatible; DotBot/1.2; +https://opensiteexplorer.org/dotbot; help@moz.com)"
216.244.66.230 - - [25/Jun/2026:21:05:37 +0300] "GET /haber/thermex-kombi-su-akitiyor-ne-yapmaliyim-454938 HTTP/1.1" 302 219 "-" "Mozilla/5.0 (compatible; DotBot/1.2; +https://opensiteexplorer.org/dotbot; help@moz.com)"
216.244.66.230 - - [25/Jun/2026:21:05:42 +0300] "GET /haber/aleyna-tilkinin-evine-zorla-girmeye-calisan-sahsin-ifadesi-ortaya-cikti-tel-orgulerden-gecerek-sitesine-girdim-468727 HTTP/1.1" 302 219 "-" "Mozilla/5.0 (compatible; DotBot/1.2; +https://opensiteexplorer.org/dotbot; help@moz.com)"
216.244.66.230 - - [25/Jun/2026:21:06:27 +0300] "GET /haber/kibrista-kac-tane-sehir-var-551506 HTTP/1.1" 200 13757 "-" "Mozilla/5.0 (compatible; DotBot/1.2; +https://opensiteexplorer.org/dotbot; help@moz.com)"
216.244.66.230 - - [25/Jun/2026:21:08:59 +0300] "GET /haber/salomon-cesme-maratonu-icin-geri-sayim-basladi-551622 HTTP/1.1" 200 13774 "-" "Mozilla/5.0 (compatible; DotBot/1.2; +https://opensiteexplorer.org/dotbot; help@moz.com)"
91.231.89.34 - - [25/Jun/2026:20:53:10 +0300] "GET / HTTP/1.1" 200 17375 "-" "Mozilla/5.0 (X11; Ubuntu; Linux x86_64; rv:134.0) Gecko/20100101 Firefox/134.0"
91.231.89.125 - - [25/Jun/2026:20:53:34 +0300] "GET / HTTP/1.1" 200 17291 "-" "Mozilla/5.0 (X11; Ubuntu; Linux x86_64; rv:134.0) Gecko/20100101 Firefox/134.0"
91.231.89.123 - - [25/Jun/2026:20:53:37 +0300] "GET / HTTP/1.1" 200 124 "-" "Mozilla/5.0 (X11; Ubuntu; Linux x86_64; rv:134.0) Gecko/20100101 Firefox/134.0"
10.8.6.24 - - [25/Jun/2026:20:56:51 +0300] "GET /public/haber/akpli-baskandan-ekonomi-yorumu-korkmayin-allah-bizimle-beraberdir-462949 HTTP/1.1" 302 225 "-" "Mozilla/5.0 AppleWebKit/537.36 (KHTML, like Gecko; compatible; ClaudeBot/1.0; +claudebot@anthropic.com)"
216.244.66.230 - - [25/Jun/2026:21:00:36 +0300] "GET /haber/cumhuriyet-sitesi-davasinda-gorevsizlik-ve-tutuklama-taleplerine-ret-489091 HTTP/1.1" 200 15627 "-" "Mozilla/5.0 (compatible; DotBot/1.2; +https://opensiteexplorer.org/dotbot; help@moz.com)"
216.244.66.230 - - [25/Jun/2026:21:05:32 +0300] "GET /haber/camdaki-kiz-26-bolum-468372 HTTP/1.1" 302 219 "-" "Mozilla/5.0 (compatible; DotBot/1.2; +https://opensiteexplorer.org/dotbot; help@moz.com)"
216.244.66.230 - - [25/Jun/2026:21:05:34 +0300] "GET /haber/dogalgaza-kademeli-tarife-mi-zam-mig-464940 HTTP/1.1" 302 219 "-" "Mozilla/5.0 (compatible; DotBot/1.2; +https://opensiteexplorer.org/dotbot; help@moz.com)"
216.244.66.230 - - [25/Jun/2026:21:07:11 +0300] "GET /haber/2025-yili-eczanelerde-gebelik-testi-kac-tl-551595 HTTP/1.1" 200 14075 "-" "Mozilla/5.0 (compatible; DotBot/1.2; +https://opensiteexplorer.org/dotbot; help@moz.com)"
216.244.66.230 - - [25/Jun/2026:21:07:12 +0300] "GET /haber/kibris-kuyumcular-carsisinda-son-durum-ne-1-mayis-2025-guncel-durum-551598 HTTP/1.1" 200 13020 "-" "Mozilla/5.0 (compatible; DotBot/1.2; +https://opensiteexplorer.org/dotbot; help@moz.com)"
216.244.66.230 - - [25/Jun/2026:21:08:28 +0300] "GET /haber/kas-ve-eklem-hastaliklarinda-ozon-tedavisinin-6-onemli-etkisi-551386 HTTP/1.1" 200 15354 "-" "Mozilla/5.0 (compatible; DotBot/1.2; +https://opensiteexplorer.org/dotbot; help@moz.com)"
216.244.66.230 - - [25/Jun/2026:21:12:07 +0300] "GET /haber/onlenebilir-isci-olumleri-i-her-yil-6-soma-katliami-dw-turkce-501820 HTTP/1.1" 200 13428 "-" "Mozilla/5.0 (compatible; DotBot/1.2; +https://opensiteexplorer.org/dotbot; help@moz.com)"
216.244.66.230 - - [25/Jun/2026:21:12:08 +0300] "GET /haber/tarikat-ve-cemaat-yurtlarinda-neler-oluyorg-nevsin-mengu-soruyor-474160 HTTP/1.1" 200 13258 "-" "Mozilla/5.0 (compatible; DotBot/1.2; +https://opensiteexplorer.org/dotbot; help@moz.com)"
216.244.66.230 - - [25/Jun/2026:21:13:12 +0300] "GET /haber/2022nin-ilk-yarisinda-13-milyon-kullanici-tarayici-uzantisi-tehditleriyle-karsilasti-534596 HTTP/1.1" 200 15965 "-" "Mozilla/5.0 (compatible; DotBot/1.2; +https://opensiteexplorer.org/dotbot; help@moz.com)"
216.244.66.230 - - [25/Jun/2026:21:13:14 +0300] "GET /haber/burs-kayirma-tez-asirma-489509 HTTP/1.1" 200 14544 "-" "Mozilla/5.0 (compatible; DotBot/1.2; +https://opensiteexplorer.org/dotbot; help@moz.com)"
216.244.66.230 - - [25/Jun/2026:21:13:17 +0300] "GET /haber/bursa-buyuksehirde-etkili-iletisim-anlatildi-525086 HTTP/1.1" 200 13911 "-" "Mozilla/5.0 (compatible; DotBot/1.2; +https://opensiteexplorer.org/dotbot; help@moz.com)"
216.244.66.230 - - [25/Jun/2026:21:13:21 +0300] "GET /haber/bursanin-fethine-coskulu-kutlama-504455 HTTP/1.1" 200 14511 "-" "Mozilla/5.0 (compatible; DotBot/1.2; +https://opensiteexplorer.org/dotbot; help@moz.com)"
216.244.66.230 - - [25/Jun/2026:21:14:11 +0300] "GET /haber/durup-ince-seyleri-anlamaya-vakti-olanlara-496954 HTTP/1.1" 200 14749 "-" "Mozilla/5.0 (compatible; DotBot/1.2; +https://opensiteexplorer.org/dotbot; help@moz.com)"
216.244.66.230 - - [25/Jun/2026:21:15:01 +0300] "GET /haber/herkes-yekta-saniyordu-yargi-21-bolum-oncesi-niyazi-ye-emri-veren-bakin-kim-cikti-490927 HTTP/1.1" 200 13133 "-" "Mozilla/5.0 (compatible; DotBot/1.2; +https://opensiteexplorer.org/dotbot; help@moz.com)"
216.244.66.230 - - [25/Jun/2026:21:16:02 +0300] "GET /haber/koruncuk-vakfi-basari-sart-mi-kampanyasiyla-iki-altin-effie-kazandi-551581 HTTP/1.1" 200 13704 "-" "Mozilla/5.0 (compatible; DotBot/1.2; +https://opensiteexplorer.org/dotbot; help@moz.com)"
216.244.66.230 - - [25/Jun/2026:21:16:11 +0300] "GET /haber/nufusun-yuzde-68i-koylerde-yasiyor-485252 HTTP/1.1" 200 14124 "-" "Mozilla/5.0 (compatible; DotBot/1.2; +https://opensiteexplorer.org/dotbot; help@moz.com)"
216.244.66.230 - - [25/Jun/2026:21:16:19 +0300] "GET /haber/okul-yetiskin-egitimi-ve-mesleki-egitim-akreditasyonu-acilis-toplantilarini-gerceklestirildi-512018 HTTP/1.1" 200 14133 "-" "Mozilla/5.0 (compatible; DotBot/1.2; +https://opensiteexplorer.org/dotbot; help@moz.com)"
216.244.66.230 - - [25/Jun/2026:21:16:27 +0300] "GET /haber/prof-dr-k-arzum-erdem-gursan-ulusal-ve-uluslararasi-bilimsel-komitelere-secilerek-yeni-bir-basariya-daha-imza-atti-522258 HTTP/1.1" 200 14472 "-" "Mozilla/5.0 (compatible; DotBot/1.2; +https://opensiteexplorer.org/dotbot; help@moz.com)"
216.244.66.230 - - [25/Jun/2026:21:16:33 +0300] "GET /haber/prof-dr-mustafa-cetiner-asisiz-olmak-el-bombasi-gibi-saatli-bomba-gibi-474845 HTTP/1.1" 200 13290 "-" "Mozilla/5.0 (compatible; DotBot/1.2; +https://opensiteexplorer.org/dotbot; help@moz.com)"
216.244.66.230 - - [25/Jun/2026:21:16:50 +0300] "GET /haber/satrancta-kocaeli-onemli-bir-organizasyona-daha-basariyla-ev-sahipligi-yapti-520656 HTTP/1.1" 200 14573 "-" "Mozilla/5.0 (compatible; DotBot/1.2; +https://opensiteexplorer.org/dotbot; help@moz.com)"
42.193.103.32 - - [25/Jun/2026:21:18:31 +0300] "GET /haber/selahattin-demirtasa-bir-ceza-daha-bu-kez-ahmet-davutogluna-hakaretten-477669 HTTP/1.1" 200 13921 "http://yeniistiklal.com/haber/selahattin-demirtasa-bir-ceza-daha-bu-kez-ahmet-davutogluna-hakaretten-477669" "Mozilla/5.0 (Windows NT 10.0; Win64; x64) AppleWebKit/537.36 (KHTML, like Gecko) Chrome/101.0.4951.64 Safari/537.36 Edg/101.0.1210.47"
216.244.66.230 - - [25/Jun/2026:21:12:05 +0300] "GET /haber/demet-ozdemir-kimdir-demet-ozdemir-kac-yasinda-489174 HTTP/1.1" 200 14138 "-" "Mozilla/5.0 (compatible; DotBot/1.2; +https://opensiteexplorer.org/dotbot; help@moz.com)"
216.244.66.230 - - [25/Jun/2026:21:13:13 +0300] "GET /haber/amerikada-yangin-sondurme-helikopteri-dustu-528303 HTTP/1.1" 200 13564 "-" "Mozilla/5.0 (compatible; DotBot/1.2; +https://opensiteexplorer.org/dotbot; help@moz.com)"
216.244.66.230 - - [25/Jun/2026:21:13:25 +0300] "GET /haber/canli-ismail-saymaz-ve-kadri-gursel-ile-konusmasak-olmaz-13-ocak-2022-halktv-474130 HTTP/1.1" 200 13508 "-" "Mozilla/5.0 (compatible; DotBot/1.2; +https://opensiteexplorer.org/dotbot; help@moz.com)"
216.244.66.230 - - [25/Jun/2026:21:13:34 +0300] "GET /haber/ceviz-ureticileri-dernegi-ile-bursa-uludag-universitesi-arasinda-akademik-is-birligi-525080 HTTP/1.1" 200 15226 "-" "Mozilla/5.0 (compatible; DotBot/1.2; +https://opensiteexplorer.org/dotbot; help@moz.com)"
216.244.66.230 - - [25/Jun/2026:21:13:53 +0300] "GET /haber/cilgin-sayisal-lotodan-toplam-5-milyon-lira-543438 HTTP/1.1" 200 13605 "-" "Mozilla/5.0 (compatible; DotBot/1.2; +https://opensiteexplorer.org/dotbot; help@moz.com)"
216.244.66.230 - - [25/Jun/2026:21:14:29 +0300] "GET /haber/enes-karanin-cemaat-yurdundaki-baskilari-anlattigi-videoya-yayin-yasagi-474233 HTTP/1.1" 200 14563 "-" "Mozilla/5.0 (compatible; DotBot/1.2; +https://opensiteexplorer.org/dotbot; help@moz.com)"
216.244.66.230 - - [25/Jun/2026:21:14:46 +0300] "GET /haber/erkeklerin-birlesme-partisi-yarisi-1-eleme-turu-survivor-all-star-2022-39-bolum-500035 HTTP/1.1" 200 13692 "-" "Mozilla/5.0 (compatible; DotBot/1.2; +https://opensiteexplorer.org/dotbot; help@moz.com)"
216.244.66.230 - - [25/Jun/2026:21:15:15 +0300] "GET /haber/iranda-covid-19un-omicron-varyantina-yakalanan-3-kisi-hayatini-kaybetti-475072 HTTP/1.1" 200 13277 "-" "Mozilla/5.0 (compatible; DotBot/1.2; +https://opensiteexplorer.org/dotbot; help@moz.com)"
216.244.66.230 - - [25/Jun/2026:21:15:28 +0300] "GET /haber/izzet-yildizhan-dan-sahne-kostumlerine-agir-elestiri-muge-ve-gulsen-le-2-sayfa-87-bolum-472952 HTTP/1.1" 200 13443 "-" "Mozilla/5.0 (compatible; DotBot/1.2; +https://opensiteexplorer.org/dotbot; help@moz.com)"
216.244.66.230 - - [25/Jun/2026:21:15:40 +0300] "GET /haber/kamu-gorevlisiyim-ucretsiz-iznimde-ek-is-olarak-bulasikcilik-yapiyorum-482237 HTTP/1.1" 200 14336 "-" "Mozilla/5.0 (compatible; DotBot/1.2; +https://opensiteexplorer.org/dotbot; help@moz.com)"
216.244.66.230 - - [25/Jun/2026:21:15:52 +0300] "GET /haber/kayseri-kocasinanda-lavanta-mutlulugu-528284 HTTP/1.1" 200 14116 "-" "Mozilla/5.0 (compatible; DotBot/1.2; +https://opensiteexplorer.org/dotbot; help@moz.com)"
216.244.66.230 - - [25/Jun/2026:21:16:38 +0300] "GET /haber/sahan-gokbakardan-baskan-buyukakina-tepki-100-yillik-hesaplasma-cumhuriyetle-mi-485358 HTTP/1.1" 200 13677 "-" "Mozilla/5.0 (compatible; DotBot/1.2; +https://opensiteexplorer.org/dotbot; help@moz.com)"
216.244.66.230 - - [25/Jun/2026:21:17:20 +0300] "GET /haber/sgk-uyardi-guncellemeyen-hizmet-alamayacak-499672 HTTP/1.1" 200 13780 "-" "Mozilla/5.0 (compatible; DotBot/1.2; +https://opensiteexplorer.org/dotbot; help@moz.com)"
216.244.66.230 - - [25/Jun/2026:21:17:50 +0300] "GET /haber/son-dakika-hazine-ve-maliye-bakani-nebatiden-londra-toplantisi-aciklamasi-486261 HTTP/1.1" 200 13338 "-" "Mozilla/5.0 (compatible; DotBot/1.2; +https://opensiteexplorer.org/dotbot; help@moz.com)"
216.244.66.230 - - [25/Jun/2026:21:18:19 +0300] "GET /haber/the-steve-group-ceosu-derya-turkerden-tether-ve-bitcoin-ile-ilgili-onemli-aciklamalar-517817 HTTP/1.1" 200 15120 "-" "Mozilla/5.0 (compatible; DotBot/1.2; +https://opensiteexplorer.org/dotbot; help@moz.com)"
216.244.66.230 - - [25/Jun/2026:21:19:13 +0300] "GET /haber/turkiyenin-en-buyuk-fifa-espor-organizasyonunda-heyecan-yeniden-basladi-534626 HTTP/1.1" 200 14927 "-" "Mozilla/5.0 (compatible; DotBot/1.2; +https://opensiteexplorer.org/dotbot; help@moz.com)"
216.244.66.230 - - [25/Jun/2026:21:18:46 +0300] "GET /haber/turk-telekom-sponsorlugunda-ilk-defa-turkiyede-efsane-yaris-santini-queens-of-the-aegean-marmariste-nefes-kesti-517366 HTTP/1.1" 200 14474 "-" "Mozilla/5.0 (compatible; DotBot/1.2; +https://opensiteexplorer.org/dotbot; help@moz.com)"
216.244.66.230 - - [25/Jun/2026:21:19:38 +0300] "GET /haber/yapi-kredi-bomontiada-world-akustik-serisinde-bu-hafta-deniz-sipahi-sahnede-530498 HTTP/1.1" 200 13955 "-" "Mozilla/5.0 (compatible; DotBot/1.2; +https://opensiteexplorer.org/dotbot; help@moz.com)"
216.244.66.230 - - [25/Jun/2026:21:20:03 +0300] "GET /haber/yelda-kircuval-ile-zuleyha-konuk-oluyor-muge-ve-gulsen-le-2-sayfa-95-bolum-477136 HTTP/1.1" 200 13391 "-" "Mozilla/5.0 (compatible; DotBot/1.2; +https://opensiteexplorer.org/dotbot; help@moz.com)"
216.244.66.230 - - [25/Jun/2026:21:20:49 +0300] "GET /haber/yilbasi-gecesi-2357de-isyan-ettiren-olay-osmangazi-koprusunu-kapattilar-469557 HTTP/1.1" 200 13314 "-" "Mozilla/5.0 (compatible; DotBot/1.2; +https://opensiteexplorer.org/dotbot; help@moz.com)"
216.244.66.230 - - [25/Jun/2026:21:21:11 +0300] "GET /haber/3-kogus-oyunu-nevsehire-geliyor-510769 HTTP/1.1" 200 13607 "-" "Mozilla/5.0 (compatible; DotBot/1.2; +https://opensiteexplorer.org/dotbot; help@moz.com)"
216.244.66.230 - - [25/Jun/2026:21:21:53 +0300] "GET /haber/7-aralik-2022-guncel-altin-kuru-548778 HTTP/1.1" 200 12802 "-" "Mozilla/5.0 (compatible; DotBot/1.2; +https://opensiteexplorer.org/dotbot; help@moz.com)"
216.244.66.230 - - [25/Jun/2026:21:22:12 +0300] "GET /haber/ali-babacan-istihdam-icin-hukuki-guvenlik-sart-508717 HTTP/1.1" 200 14273 "-" "Mozilla/5.0 (compatible; DotBot/1.2; +https://opensiteexplorer.org/dotbot; help@moz.com)"
216.244.66.230 - - [25/Jun/2026:21:23:09 +0300] "GET /haber/arzum-55inci-yasini-55-ayri-tasarimla-kutladi-540982 HTTP/1.1" 200 15377 "-" "Mozilla/5.0 (compatible; DotBot/1.2; +https://opensiteexplorer.org/dotbot; help@moz.com)"
216.244.66.230 - - [25/Jun/2026:21:23:40 +0300] "GET /haber/asus-z790-serisi-anakartlarini-tanitti-542144 HTTP/1.1" 200 15472 "-" "Mozilla/5.0 (compatible; DotBot/1.2; +https://opensiteexplorer.org/dotbot; help@moz.com)"
216.244.66.230 - - [25/Jun/2026:21:25:32 +0300] "GET /haber/borcu-borcla-kapatmaya-devam-473162 HTTP/1.1" 200 13423 "-" "Mozilla/5.0 (compatible; DotBot/1.2; +https://opensiteexplorer.org/dotbot; help@moz.com)"
216.244.66.230 - - [25/Jun/2026:21:26:02 +0300] "GET /haber/bu-proje-turkiyeye-ornek-olacak-513035 HTTP/1.1" 200 15109 "-" "Mozilla/5.0 (compatible; DotBot/1.2; +https://opensiteexplorer.org/dotbot; help@moz.com)"
216.244.66.230 - - [25/Jun/2026:21:26:27 +0300] "GET /haber/bursaya-bir-sehit-atesi-daha-dustu-524827 HTTP/1.1" 200 13670 "-" "Mozilla/5.0 (compatible; DotBot/1.2; +https://opensiteexplorer.org/dotbot; help@moz.com)"
216.244.66.230 - - [25/Jun/2026:21:20:26 +0300] "GET /haber/yeni-latitude-5000-serisi-dellin-bugune-kadar-urettigi-en-surdurulebilir-bilgisaraylar-509957 HTTP/1.1" 200 16723 "-" "Mozilla/5.0 (compatible; DotBot/1.2; +https://opensiteexplorer.org/dotbot; help@moz.com)"
216.244.66.230 - - [25/Jun/2026:21:21:31 +0300] "GET /haber/40-renk-40-dokunus-sergisi-aksmde-509299 HTTP/1.1" 200 13911 "-" "Mozilla/5.0 (compatible; DotBot/1.2; +https://opensiteexplorer.org/dotbot; help@moz.com)"
216.244.66.230 - - [25/Jun/2026:21:22:30 +0300] "GET /haber/ali-mahir-basarir-demiroren-grubu-batmis-472183 HTTP/1.1" 200 13473 "-" "Mozilla/5.0 (compatible; DotBot/1.2; +https://opensiteexplorer.org/dotbot; help@moz.com)"
216.244.66.230 - - [25/Jun/2026:21:22:46 +0300] "GET /haber/android-13-ilk-telefonlar-icin-kullanima-hazir-533169 HTTP/1.1" 200 14064 "-" "Mozilla/5.0 (compatible; DotBot/1.2; +https://opensiteexplorer.org/dotbot; help@moz.com)"
216.244.66.230 - - [25/Jun/2026:21:24:09 +0300] "GET /haber/baskan-kayalar-mahalle-ziyaretlerini-tamamladi-506636 HTTP/1.1" 200 13795 "-" "Mozilla/5.0 (compatible; DotBot/1.2; +https://opensiteexplorer.org/dotbot; help@moz.com)"
216.244.66.230 - - [25/Jun/2026:21:24:38 +0300] "GET /haber/baskan-topaloglundan-okullara-ziyaret-548393 HTTP/1.1" 200 13598 "-" "Mozilla/5.0 (compatible; DotBot/1.2; +https://opensiteexplorer.org/dotbot; help@moz.com)"
216.244.66.230 - - [25/Jun/2026:21:25:05 +0300] "GET /haber/bodrum-antika-esya-alanlar-550546 HTTP/1.1" 200 13958 "-" "Mozilla/5.0 (compatible; DotBot/1.2; +https://opensiteexplorer.org/dotbot; help@moz.com)"
216.244.66.230 - - [25/Jun/2026:21:27:35 +0300] "GET /haber/cumhurbaskani-erdogan-yurda-dondu-527871 HTTP/1.1" 200 13564 "-" "Mozilla/5.0 (compatible; DotBot/1.2; +https://opensiteexplorer.org/dotbot; help@moz.com)"
216.244.66.230 - - [25/Jun/2026:21:27:55 +0300] "GET /haber/cumhuriyet-bulvari-civil-civil-505443 HTTP/1.1" 200 13821 "-" "Mozilla/5.0 (compatible; DotBot/1.2; +https://opensiteexplorer.org/dotbot; help@moz.com)"
216.244.66.230 - - [25/Jun/2026:21:28:15 +0300] "GET /haber/destansi-mucadelenin-kareleri-fetih-muzesinde-527186 HTTP/1.1" 200 14602 "-" "Mozilla/5.0 (compatible; DotBot/1.2; +https://opensiteexplorer.org/dotbot; help@moz.com)"
216.244.66.230 - - [25/Jun/2026:21:29:25 +0300] "GET /haber/gemlikte-bayram-coskusu-alanlara-sigmadi-508820 HTTP/1.1" 200 15153 "-" "Mozilla/5.0 (compatible; DotBot/1.2; +https://opensiteexplorer.org/dotbot; help@moz.com)"
216.244.66.230 - - [25/Jun/2026:21:29:39 +0300] "GET /haber/geri-donusumde-milli-seferberlik-cagrisi-512907 HTTP/1.1" 200 13658 "-" "Mozilla/5.0 (compatible; DotBot/1.2; +https://opensiteexplorer.org/dotbot; help@moz.com)"
216.244.66.230 - - [25/Jun/2026:21:29:53 +0300] "GET /haber/gulumseten-oyuncaklar-cocuklara-teslim-edildi-508531 HTTP/1.1" 200 13665 "-" "Mozilla/5.0 (compatible; DotBot/1.2; +https://opensiteexplorer.org/dotbot; help@moz.com)"
216.244.66.230 - - [25/Jun/2026:21:30:18 +0300] "GET /haber/iranda-akaryakit-tankeri-devrildi-3-olu-471983 HTTP/1.1" 200 13328 "-" "Mozilla/5.0 (compatible; DotBot/1.2; +https://opensiteexplorer.org/dotbot; help@moz.com)"
216.244.66.230 - - [25/Jun/2026:21:30:38 +0300] "GET /haber/kinik-belediye-baskani-kaan-efe-oldu-508694 HTTP/1.1" 200 13975 "-" "Mozilla/5.0 (compatible; DotBot/1.2; +https://opensiteexplorer.org/dotbot; help@moz.com)"
216.244.66.230 - - [25/Jun/2026:21:31:02 +0300] "GET /haber/konakta-trafige-hayat-verecek-yeni-yol-hazir-506110 HTTP/1.1" 200 14356 "-" "Mozilla/5.0 (compatible; DotBot/1.2; +https://opensiteexplorer.org/dotbot; help@moz.com)"
216.244.66.230 - - [25/Jun/2026:21:31:12 +0300] "GET /haber/kuresel-gelismeler-buyumeyi-yavaslatiyor-514952 HTTP/1.1" 200 15443 "-" "Mozilla/5.0 (compatible; DotBot/1.2; +https://opensiteexplorer.org/dotbot; help@moz.com)"
216.244.66.230 - - [25/Jun/2026:21:31:17 +0300] "GET /haber/ladik-akyar-maden-sahasi-olmasin-cagrisi-474717 HTTP/1.1" 200 13377 "-" "Mozilla/5.0 (compatible; DotBot/1.2; +https://opensiteexplorer.org/dotbot; help@moz.com)"
216.244.66.230 - - [25/Jun/2026:21:31:20 +0300] "GET /haber/meclis-temmuz-ayinda-da-yogun-calisacak-522692 HTTP/1.1" 200 13462 "-" "Mozilla/5.0 (compatible; DotBot/1.2; +https://opensiteexplorer.org/dotbot; help@moz.com)"
216.244.66.230 - - [25/Jun/2026:21:31:23 +0300] "GET /haber/muhammed-askina-deyip-isyan-etti-500251 HTTP/1.1" 200 13775 "-" "Mozilla/5.0 (compatible; DotBot/1.2; +https://opensiteexplorer.org/dotbot; help@moz.com)"
216.244.66.230 - - [25/Jun/2026:21:31:26 +0300] "GET /haber/nihat-dogan-hdp-mazlum-bir-partidir-495679 HTTP/1.1" 200 13709 "-" "Mozilla/5.0 (compatible; DotBot/1.2; +https://opensiteexplorer.org/dotbot; help@moz.com)"
216.244.66.230 - - [25/Jun/2026:21:31:30 +0300] "GET /haber/renault-tum-modellerin-fiyatlarina-zam-yapti-530494 HTTP/1.1" 200 14213 "-" "Mozilla/5.0 (compatible; DotBot/1.2; +https://opensiteexplorer.org/dotbot; help@moz.com)"
216.244.66.230 - - [25/Jun/2026:21:31:36 +0300] "GET /haber/suleyman-soylu-nun-el-koydugu-dosyalar-471417 HTTP/1.1" 200 13430 "-" "Mozilla/5.0 (compatible; DotBot/1.2; +https://opensiteexplorer.org/dotbot; help@moz.com)"
216.244.66.230 - - [25/Jun/2026:21:31:37 +0300] "GET /haber/super-ligde-uc-haftalik-program-belli-oldu-476898 HTTP/1.1" 200 13829 "-" "Mozilla/5.0 (compatible; DotBot/1.2; +https://opensiteexplorer.org/dotbot; help@moz.com)"
216.244.66.230 - - [25/Jun/2026:21:31:38 +0300] "GET /haber/tabip-her-kesimden-buyuk-ilgi-goruyor-528529 HTTP/1.1" 200 13818 "-" "Mozilla/5.0 (compatible; DotBot/1.2; +https://opensiteexplorer.org/dotbot; help@moz.com)"
216.244.66.230 - - [25/Jun/2026:21:26:50 +0300] "GET /haber/bybit-grabpic-nft-platformunu-kullanima-acti-533503 HTTP/1.1" 200 14342 "-" "Mozilla/5.0 (compatible; DotBot/1.2; +https://opensiteexplorer.org/dotbot; help@moz.com)"
216.244.66.230 - - [25/Jun/2026:21:27:13 +0300] "GET /haber/cankayada-23-nisan-coskusu-suruyor-508636 HTTP/1.1" 200 15040 "-" "Mozilla/5.0 (compatible; DotBot/1.2; +https://opensiteexplorer.org/dotbot; help@moz.com)"
216.244.66.230 - - [25/Jun/2026:21:28:33 +0300] "GET /haber/deva-partisine-yeni-katilim-504523 HTTP/1.1" 200 13249 "-" "Mozilla/5.0 (compatible; DotBot/1.2; +https://opensiteexplorer.org/dotbot; help@moz.com)"
216.244.66.230 - - [25/Jun/2026:21:28:51 +0300] "GET /haber/ekrem-imamoglu-cildirdi-afise-edecegim-476548 HTTP/1.1" 200 13507 "-" "Mozilla/5.0 (compatible; DotBot/1.2; +https://opensiteexplorer.org/dotbot; help@moz.com)"
216.244.66.230 - - [25/Jun/2026:21:29:07 +0300] "GET /haber/fikret-bila-kilicdaroglu-buradan-galip-cikti-472197 HTTP/1.1" 200 13485 "-" "Mozilla/5.0 (compatible; DotBot/1.2; +https://opensiteexplorer.org/dotbot; help@moz.com)"
216.244.66.230 - - [25/Jun/2026:21:30:05 +0300] "GET /haber/instagram-ve-facebooka-3d-avatarlar-geliyor-481606 HTTP/1.1" 200 14217 "-" "Mozilla/5.0 (compatible; DotBot/1.2; +https://opensiteexplorer.org/dotbot; help@moz.com)"
43.143.175.202 - - [25/Jun/2026:21:30:22 +0300] "GET /haber/isig-cocuk-iscilik-yasaklanmali-520333 HTTP/1.1" 200 14517 "http://yeniistiklal.com/haber/isig-cocuk-iscilik-yasaklanmali-520333" "Mozilla/5.0 (Windows NT 10.0; Win64; x64) AppleWebKit/537.36 (KHTML, like Gecko) Chrome/101.0.4951.64 Safari/537.36 Edg/101.0.1210.47"
216.244.66.230 - - [25/Jun/2026:21:30:28 +0300] "GET /haber/kar-bu-hafta-adres-degistirdi-etkisi-surecek-481019 HTTP/1.1" 200 13961 "-" "Mozilla/5.0 (compatible; DotBot/1.2; +https://opensiteexplorer.org/dotbot; help@moz.com)"
216.244.66.230 - - [25/Jun/2026:21:30:47 +0300] "GET /haber/kocaeli-izmitte-ilk-koza-hasadi-yapildi-526259 HTTP/1.1" 200 13827 "-" "Mozilla/5.0 (compatible; DotBot/1.2; +https://opensiteexplorer.org/dotbot; help@moz.com)"
216.244.66.230 - - [25/Jun/2026:21:30:56 +0300] "GET /haber/kocaeli-izmitte-yuzde-100-hibeli-fide-514234 HTTP/1.1" 200 13996 "-" "Mozilla/5.0 (compatible; DotBot/1.2; +https://opensiteexplorer.org/dotbot; help@moz.com)"
216.244.66.230 - - [25/Jun/2026:21:31:08 +0300] "GET /haber/kurak-gunlerin-festival-afisi-yayinlandi-512768 HTTP/1.1" 200 14083 "-" "Mozilla/5.0 (compatible; DotBot/1.2; +https://opensiteexplorer.org/dotbot; help@moz.com)"
216.244.66.230 - - [25/Jun/2026:21:31:28 +0300] "GET /haber/niluferin-ekolojik-bugdayinda-hasat-basladi-528130 HTTP/1.1" 200 14181 "-" "Mozilla/5.0 (compatible; DotBot/1.2; +https://opensiteexplorer.org/dotbot; help@moz.com)"
192.250.229.24 - - [25/Jun/2026:21:31:30 +0300] "GET / HTTP/1.1" 200 17301 "https://www.google.com/" "Mozilla/5.0 (Windows NT 10.0; Win64; x64) AppleWebKit/537.36 (KHTML, like Gecko) Chrome/129.0.0.0 Safari/537.36"
216.244.66.230 - - [25/Jun/2026:21:31:32 +0300] "GET /haber/rusyaya-yaptirim-uygulayan-ulkeler-500480 HTTP/1.1" 200 13475 "-" "Mozilla/5.0 (compatible; DotBot/1.2; +https://opensiteexplorer.org/dotbot; help@moz.com)"
216.244.66.230 - - [25/Jun/2026:21:31:34 +0300] "GET /haber/sampiyon-sporculardan-baskan-atabaya-ziyaret-525681 HTTP/1.1" 200 13636 "-" "Mozilla/5.0 (compatible; DotBot/1.2; +https://opensiteexplorer.org/dotbot; help@moz.com)"
